Mar 02 11:40:56.191249 dv-cinder-822821-2-smb devstack@c-api.service[116506]: DEBUG cinder.api.middleware.request_id [req-338fadb0-0521-4272-9e10-be84d90cb703 req-5339f3e7-4ef8-4413-a17e-3f35c4bb66cc None None] RequestId filter calling following filter/app {{(pid=116506) _context_setter /opt/stack/cinder/cinder/api/middleware/request_id.py:62}}
Mar 02 11:40:56.197473 dv-cinder-822821-2-smb devstack@c-api.service[116506]: INFO cinder.api.openstack.wsgi [req-338fadb0-0521-4272-9e10-be84d90cb703 req-5339f3e7-4ef8-4413-a17e-3f35c4bb66cc tempest-DeleteServersTestJSON-2100057244 tempest-DeleteServersTestJSON-2100057244-project] DELETE http://10.222.0.73/volume/v3/d65c8980556348bca6380bbab45c0932/attachments/bf926892-d248-4f66-8905-75120bd73b33
Mar 02 11:40:56.197927 dv-cinder-822821-2-smb devstack@c-api.service[116506]: DEBUG cinder.api.openstack.wsgi [req-338fadb0-0521-4272-9e10-be84d90cb703 req-5339f3e7-4ef8-4413-a17e-3f35c4bb66cc tempest-DeleteServersTestJSON-2100057244 tempest-DeleteServersTestJSON-2100057244-project] Empty body provided in request {{(pid=116506) get_body /opt/stack/cinder/cinder/api/openstack/wsgi.py:715}}
Mar 02 11:40:56.198358 dv-cinder-822821-2-smb devstack@c-api.service[116506]: DEBUG cinder.api.openstack.wsgi [req-338fadb0-0521-4272-9e10-be84d90cb703 req-5339f3e7-4ef8-4413-a17e-3f35c4bb66cc tempest-DeleteServersTestJSON-2100057244 tempest-DeleteServersTestJSON-2100057244-project] Calling method 'version_select' {{(pid=116506) _process_stack /opt/stack/cinder/cinder/api/openstack/wsgi.py:868}}
Mar 02 11:40:56.211898 dv-cinder-822821-2-smb devstack@c-api.service[116506]: /usr/local/lib/python3.8/dist-packages/oslo_context/context.py:105: DeprecationWarning: Policy enforcement is depending on the value of is_admin. This key is deprecated. Please update your policy file to use the standard policy values.
Mar 02 11:40:56.211898 dv-cinder-822821-2-smb devstack@c-api.service[116506]: warnings.warn('Policy enforcement is depending on the value of '
Mar 02 11:40:56.388876 dv-cinder-822821-2-smb devstack@c-api.service[116505]: DEBUG cinder.api.middleware.request_id [None req-4346f521-b7db-4b47-82f1-341c491e34e6 None None] RequestId filter calling following filter/app {{(pid=116505) _context_setter /opt/stack/cinder/cinder/api/middleware/request_id.py:62}}
Mar 02 11:40:56.393771 dv-cinder-822821-2-smb devstack@c-api.service[116505]: INFO cinder.api.openstack.wsgi [None req-4346f521-b7db-4b47-82f1-341c491e34e6 tempest-VolumesListAdminTestJSON-1005308713 tempest-VolumesListAdminTestJSON-1005308713-project] GET http://10.222.0.73/volume/v3/ab2a0a7a738a4b8692c269051c133d23/volumes/57aae019-369a-45e1-ae19-0a43112b254a
Mar 02 11:40:56.394217 dv-cinder-822821-2-smb devstack@c-api.service[116505]: DEBUG cinder.api.openstack.wsgi [None req-4346f521-b7db-4b47-82f1-341c491e34e6 tempest-VolumesListAdminTestJSON-1005308713 tempest-VolumesListAdminTestJSON-1005308713-project] Empty body provided in request {{(pid=116505) get_body /opt/stack/cinder/cinder/api/openstack/wsgi.py:715}}
Mar 02 11:40:56.394802 dv-cinder-822821-2-smb devstack@c-api.service[116505]: DEBUG cinder.api.openstack.wsgi [None req-4346f521-b7db-4b47-82f1-341c491e34e6 tempest-VolumesListAdminTestJSON-1005308713 tempest-VolumesListAdminTestJSON-1005308713-project] Calling method 'show' {{(pid=116505) _process_stack /opt/stack/cinder/cinder/api/openstack/wsgi.py:868}}
Mar 02 11:40:56.409027 dv-cinder-822821-2-smb devstack@c-api.service[116506]: INFO cinder.api.openstack.wsgi [req-338fadb0-0521-4272-9e10-be84d90cb703 req-5339f3e7-4ef8-4413-a17e-3f35c4bb66cc tempest-DeleteServersTestJSON-2100057244 tempest-DeleteServersTestJSON-2100057244-project] http://10.222.0.73/volume/v3/d65c8980556348bca6380bbab45c0932/attachments/bf926892-d248-4f66-8905-75120bd73b33 returned with HTTP 200
Mar 02 11:40:56.410750 dv-cinder-822821-2-smb devstack@c-api.service[116506]: [pid: 116506|app: 0|req: 122/237] 10.222.0.74 () {62 vars in 1446 bytes} [Wed Mar 2 11:40:56 2022] DELETE /volume/v3/d65c8980556348bca6380bbab45c0932/attachments/bf926892-d248-4f66-8905-75120bd73b33 => generated 19 bytes in 221 msecs (HTTP/1.1 200) 7 headers in 285 bytes (1 switches on core 0)
Mar 02 11:40:56.412139 dv-cinder-822821-2-smb devstack@c-api.service[116505]: /usr/local/lib/python3.8/dist-packages/oslo_context/context.py:105: DeprecationWarning: Policy enforcement is depending on the value of is_admin. This key is deprecated. Please update your policy file to use the standard policy values.
Mar 02 11:40:56.412139 dv-cinder-822821-2-smb devstack@c-api.service[116505]: warnings.warn('Policy enforcement is depending on the value of '
Mar 02 11:40:56.419357 dv-cinder-822821-2-smb devstack@c-api.service[116505]: INFO cinder.volume.api [None req-4346f521-b7db-4b47-82f1-341c491e34e6 tempest-VolumesListAdminTestJSON-1005308713 tempest-VolumesListAdminTestJSON-1005308713-project] Volume info retrieved successfully.
Mar 02 11:40:56.432094 dv-cinder-822821-2-smb devstack@c-api.service[116505]: INFO cinder.api.openstack.wsgi [None req-4346f521-b7db-4b47-82f1-341c491e34e6 tempest-VolumesListAdminTestJSON-1005308713 tempest-VolumesListAdminTestJSON-1005308713-project] http://10.222.0.73/volume/v3/ab2a0a7a738a4b8692c269051c133d23/volumes/57aae019-369a-45e1-ae19-0a43112b254a returned with HTTP 200
Mar 02 11:40:56.432836 dv-cinder-822821-2-smb devstack@c-api.service[116505]: [pid: 116505|app: 0|req: 116/238] 10.222.0.73 () {58 vars in 1324 bytes} [Wed Mar 2 11:40:56 2022] GET /volume/v3/ab2a0a7a738a4b8692c269051c133d23/volumes/57aae019-369a-45e1-ae19-0a43112b254a => generated 916 bytes in 45 msecs (HTTP/1.1 200) 7 headers in 285 bytes (1 switches on core 0)
Mar 02 11:40:56.447843 dv-cinder-822821-2-smb devstack@c-api.service[116506]: DEBUG cinder.api.middleware.request_id [None req-83af8b71-1dc9-4d31-a2b0-932f6c68e333 None None] RequestId filter calling following filter/app {{(pid=116506) _context_setter /opt/stack/cinder/cinder/api/middleware/request_id.py:62}}
Mar 02 11:40:56.451980 dv-cinder-822821-2-smb devstack@c-api.service[116506]: INFO cinder.api.openstack.wsgi [None req-83af8b71-1dc9-4d31-a2b0-932f6c68e333 tempest-VolumesListAdminTestJSON-1005308713 tempest-VolumesListAdminTestJSON-1005308713-project] GET http://10.222.0.73/volume/v3/ab2a0a7a738a4b8692c269051c133d23/volumes/57aae019-369a-45e1-ae19-0a43112b254a
Mar 02 11:40:56.452515 dv-cinder-822821-2-smb devstack@c-api.service[116506]: DEBUG cinder.api.openstack.wsgi [None req-83af8b71-1dc9-4d31-a2b0-932f6c68e333 tempest-VolumesListAdminTestJSON-1005308713 tempest-VolumesListAdminTestJSON-1005308713-project] Empty body provided in request {{(pid=116506) get_body /opt/stack/cinder/cinder/api/openstack/wsgi.py:715}}
Mar 02 11:40:56.453251 dv-cinder-822821-2-smb devstack@c-api.service[116506]: DEBUG cinder.api.openstack.wsgi [None req-83af8b71-1dc9-4d31-a2b0-932f6c68e333 tempest-VolumesListAdminTestJSON-1005308713 tempest-VolumesListAdminTestJSON-1005308713-project] Calling method 'show' {{(pid=116506) _process_stack /opt/stack/cinder/cinder/api/openstack/wsgi.py:868}}
Mar 02 11:40:56.469977 dv-cinder-822821-2-smb devstack@c-api.service[116506]: /usr/local/lib/python3.8/dist-packages/oslo_context/context.py:105: DeprecationWarning: Policy enforcement is depending on the value of is_admin. This key is deprecated. Please update your policy file to use the standard policy values.
Mar 02 11:40:56.469977 dv-cinder-822821-2-smb devstack@c-api.service[116506]: warnings.warn('Policy enforcement is depending on the value of '
Mar 02 11:40:56.478241 dv-cinder-822821-2-smb devstack@c-api.service[116506]: INFO cinder.volume.api [None req-83af8b71-1dc9-4d31-a2b0-932f6c68e333 tempest-VolumesListAdminTestJSON-1005308713 tempest-VolumesListAdminTestJSON-1005308713-project] Volume info retrieved successfully.
Mar 02 11:40:56.490410 dv-cinder-822821-2-smb devstack@c-api.service[116506]: INFO cinder.api.openstack.wsgi [None req-83af8b71-1dc9-4d31-a2b0-932f6c68e333 tempest-VolumesListAdminTestJSON-1005308713 tempest-VolumesListAdminTestJSON-1005308713-project] http://10.222.0.73/volume/v3/ab2a0a7a738a4b8692c269051c133d23/volumes/57aae019-369a-45e1-ae19-0a43112b254a returned with HTTP 200
Mar 02 11:40:56.502431 dv-cinder-822821-2-smb devstack@c-api.service[116506]: [pid: 116506|app: 0|req: 123/239] 10.222.0.73 () {58 vars in 1324 bytes} [Wed Mar 2 11:40:56 2022] GET /volume/v3/ab2a0a7a738a4b8692c269051c133d23/volumes/57aae019-369a-45e1-ae19-0a43112b254a => generated 916 bytes in 47 msecs (HTTP/1.1 200) 7 headers in 285 bytes (1 switches on core 0)
Mar 02 11:40:56.505352 dv-cinder-822821-2-smb devstack@c-api.service[116505]: DEBUG cinder.api.middleware.request_id [None req-baf32ed9-570d-4073-93f8-0780a05d1476 None None] RequestId filter calling following filter/app {{(pid=116505) _context_setter /opt/stack/cinder/cinder/api/middleware/request_id.py:62}}
Mar 02 11:40:56.605896 dv-cinder-822821-2-smb devstack@c-api.service[116506]: DEBUG cinder.api.middleware.request_id [None req-28d94a7f-5731-47d4-a1b7-7f902b59cc59 None None] RequestId filter calling following filter/app {{(pid=116506) _context_setter /opt/stack/cinder/cinder/api/middleware/request_id.py:62}}
Mar 02 11:40:56.611809 dv-cinder-822821-2-smb devstack@c-api.service[116506]: INFO cinder.api.openstack.wsgi [None req-28d94a7f-5731-47d4-a1b7-7f902b59cc59 tempest-VolumesServicesTestJSON-909804827 tempest-VolumesServicesTestJSON-909804827-project] GET http://10.222.0.73/volume/v3/1b15c75afcbb44d5a359e10e3630037e/volumes/8bbcfed6-cab5-4ac3-bf9f-7dc8f6db1bdb
Mar 02 11:40:56.612500 dv-cinder-822821-2-smb devstack@c-api.service[116506]: DEBUG cinder.api.openstack.wsgi [None req-28d94a7f-5731-47d4-a1b7-7f902b59cc59 tempest-VolumesServicesTestJSON-909804827 tempest-VolumesServicesTestJSON-909804827-project] Empty body provided in request {{(pid=116506) get_body /opt/stack/cinder/cinder/api/openstack/wsgi.py:715}}
Mar 02 11:40:56.613225 dv-cinder-822821-2-smb devstack@c-api.service[116506]: DEBUG cinder.api.openstack.wsgi [None req-28d94a7f-5731-47d4-a1b7-7f902b59cc59 tempest-VolumesServicesTestJSON-909804827 tempest-VolumesServicesTestJSON-909804827-project] Calling method 'show' {{(pid=116506) _process_stack /opt/stack/cinder/cinder/api/openstack/wsgi.py:868}}
Mar 02 11:40:56.630646 dv-cinder-822821-2-smb devstack@c-api.service[116505]: INFO cinder.api.openstack.wsgi [None req-baf32ed9-570d-4073-93f8-0780a05d1476 tempest-VolumesListAdminTestJSON-1905374231 tempest-VolumesListAdminTestJSON-1905374231-project-admin] POST http://10.222.0.73/volume/v3/c8924a7b4ffa4ebfa90b22374477ddb6/volumes
Mar 02 11:40:56.631483 dv-cinder-822821-2-smb devstack@c-api.service[116505]: DEBUG cinder.api.openstack.wsgi [None req-baf32ed9-570d-4073-93f8-0780a05d1476 tempest-VolumesListAdminTestJSON-1905374231 tempest-VolumesListAdminTestJSON-1905374231-project-admin] Action: 'create', calling method: create, body: {"volume": {"size": 1}} {{(pid=116505) _process_stack /opt/stack/cinder/cinder/api/openstack/wsgi.py:866}}
Mar 02 11:40:56.632841 dv-cinder-822821-2-smb devstack@c-api.service[116505]: DEBUG cinder.api.v3.volumes [None req-baf32ed9-570d-4073-93f8-0780a05d1476 tempest-VolumesListAdminTestJSON-1905374231 tempest-VolumesListAdminTestJSON-1905374231-project-admin] Create volume request body: {'volume': {'size': 1}} {{(pid=116505) create /opt/stack/cinder/cinder/api/v3/volumes.py:298}}
Mar 02 11:40:56.633367 dv-cinder-822821-2-smb devstack@c-api.service[116505]: INFO cinder.api.v3.volumes [None req-baf32ed9-570d-4073-93f8-0780a05d1476 tempest-VolumesListAdminTestJSON-1905374231 tempest-VolumesListAdminTestJSON-1905374231-project-admin] Create volume of 1 GB
Mar 02 11:40:56.641798 dv-cinder-822821-2-smb devstack@c-api.service[116505]: INFO cinder.volume.api [None req-baf32ed9-570d-4073-93f8-0780a05d1476 tempest-VolumesListAdminTestJSON-1905374231 tempest-VolumesListAdminTestJSON-1905374231-project-admin] Availability Zones retrieved successfully.
Mar 02 11:40:56.658929 dv-cinder-822821-2-smb devstack@c-api.service[116505]: DEBUG cinder.volume.api [None req-baf32ed9-570d-4073-93f8-0780a05d1476 tempest-VolumesListAdminTestJSON-1905374231 tempest-VolumesListAdminTestJSON-1905374231-project-admin] Flow 'volume_create_api' (657c93c1-62c9-4e05-a9b8-a4bdcc117582) transitioned into state 'RUNNING' from state 'PENDING' {{(pid=116505) _flow_receiver /usr/local/lib/python3.8/dist-packages/taskflow/listeners/logging.py:141}}
Mar 02 11:40:56.661625 dv-cinder-822821-2-smb devstack@c-api.service[116506]: /usr/local/lib/python3.8/dist-packages/oslo_context/context.py:105: DeprecationWarning: Policy enforcement is depending on the value of is_admin. This key is deprecated. Please update your policy file to use the standard policy values.
Mar 02 11:40:56.661625 dv-cinder-822821-2-smb devstack@c-api.service[116506]: warnings.warn('Policy enforcement is depending on the value of '
Mar 02 11:40:56.662590 dv-cinder-822821-2-smb devstack@c-api.service[116505]: DEBUG cinder.volume.api [None req-baf32ed9-570d-4073-93f8-0780a05d1476 tempest-VolumesListAdminTestJSON-1905374231 tempest-VolumesListAdminTestJSON-1905374231-project-admin] Task 'cinder.volume.flows.api.create_volume.ExtractVolumeRequestTask;volume:create' (9f310f5b-ed4e-4db2-b439-42c195f20cf0) transitioned into state 'RUNNING' from state 'PENDING' {{(pid=116505) _task_receiver /usr/local/lib/python3.8/dist-packages/taskflow/listeners/logging.py:190}}
Mar 02 11:40:56.664979 dv-cinder-822821-2-smb devstack@c-api.service[116505]: DEBUG cinder.volume.flows.api.create_volume [None req-baf32ed9-570d-4073-93f8-0780a05d1476 tempest-VolumesListAdminTestJSON-1905374231 tempest-VolumesListAdminTestJSON-1905374231-project-admin] Validating volume size '1' using validate_int {{(pid=116505) _extract_size /opt/stack/cinder/cinder/volume/flows/api/create_volume.py:225}}
Mar 02 11:40:56.684168 dv-cinder-822821-2-smb devstack@c-api.service[116506]: INFO cinder.volume.api [None req-28d94a7f-5731-47d4-a1b7-7f902b59cc59 tempest-VolumesServicesTestJSON-909804827 tempest-VolumesServicesTestJSON-909804827-project] Volume info retrieved successfully.
Mar 02 11:40:56.704328 dv-cinder-822821-2-smb devstack@c-api.service[116506]: INFO cinder.api.openstack.wsgi [None req-28d94a7f-5731-47d4-a1b7-7f902b59cc59 tempest-VolumesServicesTestJSON-909804827 tempest-VolumesServicesTestJSON-909804827-project] http://10.222.0.73/volume/v3/1b15c75afcbb44d5a359e10e3630037e/volumes/8bbcfed6-cab5-4ac3-bf9f-7dc8f6db1bdb returned with HTTP 200
Mar 02 11:40:56.705855 dv-cinder-822821-2-smb devstack@c-api.service[116506]: [pid: 116506|app: 0|req: 124/240] 10.222.0.73 () {58 vars in 1324 bytes} [Wed Mar 2 11:40:56 2022] GET /volume/v3/1b15c75afcbb44d5a359e10e3630037e/volumes/8bbcfed6-cab5-4ac3-bf9f-7dc8f6db1bdb => generated 916 bytes in 102 msecs (HTTP/1.1 200) 7 headers in 285 bytes (1 switches on core 0)
Mar 02 11:40:56.707514 dv-cinder-822821-2-smb devstack@c-api.service[116505]: DEBUG cinder.volume.api [None req-baf32ed9-570d-4073-93f8-0780a05d1476 tempest-VolumesListAdminTestJSON-1905374231 tempest-VolumesListAdminTestJSON-1905374231-project-admin] Task 'cinder.volume.flows.api.create_volume.ExtractVolumeRequestTask;volume:create' (9f310f5b-ed4e-4db2-b439-42c195f20cf0) transitioned into state 'SUCCESS' from state 'RUNNING' with result '{'size': 1, 'snapshot_id': None, 'source_volid': None, 'volume_type': VolumeType(created_at=2022-03-02T11:30:09Z,deleted=False,deleted_at=None,description='Default Volume Type',extra_specs={},id=7c290b32-c902-4433-8d62-915a570c59c8,is_public=True,name='__DEFAULT__',projects=[],qos_specs=,qos_specs_id=None,updated_at=2022-03-02T11:30:09Z), 'volume_type_id': '7c290b32-c902-4433-8d62-915a570c59c8', 'encryption_key_id': None, 'qos_specs': None, 'consistencygroup_id': None, 'cgsnapshot_id': None, 'group_id': None, 'replication_status': 'disabled', 'refresh_az': False, 'backup_id': None, 'multiattach': False, 'availability_zones': ['nova']}' {{(pid=116505) _task_receiver /usr/local/lib/python3.8/dist-packages/taskflow/listeners/logging.py:178}}
Mar 02 11:40:56.710004 dv-cinder-822821-2-smb devstack@c-api.service[116505]: DEBUG cinder.volume.api [None req-baf32ed9-570d-4073-93f8-0780a05d1476 tempest-VolumesListAdminTestJSON-1905374231 tempest-VolumesListAdminTestJSON-1905374231-project-admin] Task 'cinder.volume.flows.api.create_volume.QuotaReserveTask;volume:create' (8cfa109c-d0e6-4781-96a4-6bf7646b5121) transitioned into state 'RUNNING' from state 'PENDING' {{(pid=116505) _task_receiver /usr/local/lib/python3.8/dist-packages/taskflow/listeners/logging.py:190}}
Mar 02 11:40:56.718440 dv-cinder-822821-2-smb devstack@c-api.service[116506]: DEBUG cinder.api.middleware.request_id [None req-da3b394c-d07a-4a44-be8a-e016ad57fb0a None None] RequestId filter calling following filter/app {{(pid=116506) _context_setter /opt/stack/cinder/cinder/api/middleware/request_id.py:62}}
Mar 02 11:40:56.723073 dv-cinder-822821-2-smb devstack@c-api.service[116506]: INFO cinder.api.openstack.wsgi [None req-da3b394c-d07a-4a44-be8a-e016ad57fb0a tempest-VolumesServicesTestJSON-854328089 tempest-VolumesServicesTestJSON-854328089-project-admin] GET http://10.222.0.73/volume/v3/e518313539a542f680a9a214000ee786/volumes/8bbcfed6-cab5-4ac3-bf9f-7dc8f6db1bdb
Mar 02 11:40:56.723615 dv-cinder-822821-2-smb devstack@c-api.service[116506]: DEBUG cinder.api.openstack.wsgi [None req-da3b394c-d07a-4a44-be8a-e016ad57fb0a tempest-VolumesServicesTestJSON-854328089 tempest-VolumesServicesTestJSON-854328089-project-admin] Empty body provided in request {{(pid=116506) get_body /opt/stack/cinder/cinder/api/openstack/wsgi.py:715}}
Mar 02 11:40:56.724164 dv-cinder-822821-2-smb devstack@c-api.service[116506]: DEBUG cinder.api.openstack.wsgi [None req-da3b394c-d07a-4a44-be8a-e016ad57fb0a tempest-VolumesServicesTestJSON-854328089 tempest-VolumesServicesTestJSON-854328089-project-admin] Calling method 'show' {{(pid=116506) _process_stack /opt/stack/cinder/cinder/api/openstack/wsgi.py:868}}
Mar 02 11:40:56.746121 dv-cinder-822821-2-smb devstack@c-api.service[116506]: /usr/local/lib/python3.8/dist-packages/oslo_context/context.py:105: DeprecationWarning: Policy enforcement is depending on the value of is_admin. This key is deprecated. Please update your policy file to use the standard policy values.
Mar 02 11:40:56.746121 dv-cinder-822821-2-smb devstack@c-api.service[116506]: warnings.warn('Policy enforcement is depending on the value of '
Mar 02 11:40:56.755728 dv-cinder-822821-2-smb devstack@c-api.service[116506]: INFO cinder.volume.api [None req-da3b394c-d07a-4a44-be8a-e016ad57fb0a tempest-VolumesServicesTestJSON-854328089 tempest-VolumesServicesTestJSON-854328089-project-admin] Volume info retrieved successfully.
Mar 02 11:40:56.764530 dv-cinder-822821-2-smb devstack@c-api.service[116506]: INFO cinder.api.openstack.wsgi [None req-da3b394c-d07a-4a44-be8a-e016ad57fb0a tempest-VolumesServicesTestJSON-854328089 tempest-VolumesServicesTestJSON-854328089-project-admin] http://10.222.0.73/volume/v3/e518313539a542f680a9a214000ee786/volumes/8bbcfed6-cab5-4ac3-bf9f-7dc8f6db1bdb returned with HTTP 200
Mar 02 11:40:56.765268 dv-cinder-822821-2-smb devstack@c-api.service[116506]: [pid: 116506|app: 0|req: 125/241] 10.222.0.73 () {58 vars in 1324 bytes} [Wed Mar 2 11:40:56 2022] GET /volume/v3/e518313539a542f680a9a214000ee786/volumes/8bbcfed6-cab5-4ac3-bf9f-7dc8f6db1bdb => generated 1082 bytes in 48 msecs (HTTP/1.1 200) 7 headers in 286 bytes (1 switches on core 0)
Mar 02 11:40:56.779918 dv-cinder-822821-2-smb devstack@c-api.service[116506]: DEBUG cinder.api.middleware.request_id [None req-6468b388-ae6c-4d8a-8220-f1e54fed1fe3 None None] RequestId filter calling following filter/app {{(pid=116506) _context_setter /opt/stack/cinder/cinder/api/middleware/request_id.py:62}}
Mar 02 11:40:56.787442 dv-cinder-822821-2-smb devstack@c-api.service[116506]: INFO cinder.api.openstack.wsgi [None req-6468b388-ae6c-4d8a-8220-f1e54fed1fe3 tempest-VolumesServicesTestJSON-854328089 tempest-VolumesServicesTestJSON-854328089-project-admin] GET http://10.222.0.73/volume/v3/e518313539a542f680a9a214000ee786/os-services?host=hv-cinder-82282&binary=cinder-volume
Mar 02 11:40:56.788460 dv-cinder-822821-2-smb devstack@c-api.service[116506]: DEBUG cinder.api.openstack.wsgi [None req-6468b388-ae6c-4d8a-8220-f1e54fed1fe3 tempest-VolumesServicesTestJSON-854328089 tempest-VolumesServicesTestJSON-854328089-project-admin] Empty body provided in request {{(pid=116506) get_body /opt/stack/cinder/cinder/api/openstack/wsgi.py:715}}
Mar 02 11:40:56.789078 dv-cinder-822821-2-smb devstack@c-api.service[116506]: DEBUG cinder.api.openstack.wsgi [None req-6468b388-ae6c-4d8a-8220-f1e54fed1fe3 tempest-VolumesServicesTestJSON-854328089 tempest-VolumesServicesTestJSON-854328089-project-admin] Calling method 'index' {{(pid=116506) _process_stack /opt/stack/cinder/cinder/api/openstack/wsgi.py:868}}
Mar 02 11:40:56.808148 dv-cinder-822821-2-smb devstack@c-api.service[116506]: INFO cinder.api.openstack.wsgi [None req-6468b388-ae6c-4d8a-8220-f1e54fed1fe3 tempest-VolumesServicesTestJSON-854328089 tempest-VolumesServicesTestJSON-854328089-project-admin] http://10.222.0.73/volume/v3/e518313539a542f680a9a214000ee786/os-services?host=hv-cinder-82282&binary=cinder-volume returned with HTTP 200
Mar 02 11:40:56.809473 dv-cinder-822821-2-smb devstack@c-api.service[116506]: [pid: 116506|app: 0|req: 126/242] 10.222.0.73 () {58 vars in 1308 bytes} [Wed Mar 2 11:40:56 2022] GET /volume/v3/e518313539a542f680a9a214000ee786/os-services?host=hv-cinder-82282&binary=cinder-volume => generated 276 bytes in 31 msecs (HTTP/1.1 200) 7 headers in 285 bytes (1 switches on core 0)
Mar 02 11:40:56.819573 dv-cinder-822821-2-smb devstack@c-api.service[116505]: DEBUG cinder.quota [None req-baf32ed9-570d-4073-93f8-0780a05d1476 tempest-VolumesListAdminTestJSON-1905374231 tempest-VolumesListAdminTestJSON-1905374231-project-admin] Created reservations ['8f4f70d0-255e-47fa-8d31-0741aaef4691', '39050061-0450-4290-8cc8-535f85124770', '1111623e-e6c5-43ed-84d6-ef1bb397c0c8', '4081a5ad-1af4-408c-b47d-acf3784df3c0'] {{(pid=116505) reserve /opt/stack/cinder/cinder/quota.py:755}}
Mar 02 11:40:56.821588 dv-cinder-822821-2-smb devstack@c-api.service[116505]: DEBUG cinder.volume.api [None req-baf32ed9-570d-4073-93f8-0780a05d1476 tempest-VolumesListAdminTestJSON-1905374231 tempest-VolumesListAdminTestJSON-1905374231-project-admin] Task 'cinder.volume.flows.api.create_volume.QuotaReserveTask;volume:create' (8cfa109c-d0e6-4781-96a4-6bf7646b5121) transitioned into state 'SUCCESS' from state 'RUNNING' with result '{'reservations': ['8f4f70d0-255e-47fa-8d31-0741aaef4691', '39050061-0450-4290-8cc8-535f85124770', '1111623e-e6c5-43ed-84d6-ef1bb397c0c8', '4081a5ad-1af4-408c-b47d-acf3784df3c0']}' {{(pid=116505) _task_receiver /usr/local/lib/python3.8/dist-packages/taskflow/listeners/logging.py:178}}
Mar 02 11:40:56.823208 dv-cinder-822821-2-smb devstack@c-api.service[116506]: DEBUG cinder.api.middleware.request_id [None req-12002399-c7f6-497b-a60e-714851424610 None None] RequestId filter calling following filter/app {{(pid=116506) _context_setter /opt/stack/cinder/cinder/api/middleware/request_id.py:62}}
Mar 02 11:40:56.827918 dv-cinder-822821-2-smb devstack@c-api.service[116505]: DEBUG cinder.volume.api [None req-baf32ed9-570d-4073-93f8-0780a05d1476 tempest-VolumesListAdminTestJSON-1905374231 tempest-VolumesListAdminTestJSON-1905374231-project-admin] Task 'cinder.volume.flows.api.create_volume.EntryCreateTask;volume:create' (66045ed2-db7d-447f-9af6-8849473615b5) transitioned into state 'RUNNING' from state 'PENDING' {{(pid=116505) _task_receiver /usr/local/lib/python3.8/dist-packages/taskflow/listeners/logging.py:190}}
Mar 02 11:40:56.828043 dv-cinder-822821-2-smb devstack@c-api.service[116506]: INFO cinder.api.openstack.wsgi [None req-12002399-c7f6-497b-a60e-714851424610 tempest-VolumesServicesTestJSON-854328089 tempest-VolumesServicesTestJSON-854328089-project-admin] GET http://10.222.0.73/volume/v3/e518313539a542f680a9a214000ee786/os-services
Mar 02 11:40:56.828530 dv-cinder-822821-2-smb devstack@c-api.service[116506]: DEBUG cinder.api.openstack.wsgi [None req-12002399-c7f6-497b-a60e-714851424610 tempest-VolumesServicesTestJSON-854328089 tempest-VolumesServicesTestJSON-854328089-project-admin] Empty body provided in request {{(pid=116506) get_body /opt/stack/cinder/cinder/api/openstack/wsgi.py:715}}
Mar 02 11:40:56.829065 dv-cinder-822821-2-smb devstack@c-api.service[116506]: DEBUG cinder.api.openstack.wsgi [None req-12002399-c7f6-497b-a60e-714851424610 tempest-VolumesServicesTestJSON-854328089 tempest-VolumesServicesTestJSON-854328089-project-admin] Calling method 'index' {{(pid=116506) _process_stack /opt/stack/cinder/cinder/api/openstack/wsgi.py:868}}
Mar 02 11:40:56.835831 dv-cinder-822821-2-smb devstack@c-api.service[116506]: INFO cinder.api.openstack.wsgi [None req-12002399-c7f6-497b-a60e-714851424610 tempest-VolumesServicesTestJSON-854328089 tempest-VolumesServicesTestJSON-854328089-project-admin] http://10.222.0.73/volume/v3/e518313539a542f680a9a214000ee786/os-services returned with HTTP 200
Mar 02 11:40:56.837003 dv-cinder-822821-2-smb devstack@c-api.service[116506]: [pid: 116506|app: 0|req: 127/243] 10.222.0.73 () {58 vars in 1225 bytes} [Wed Mar 2 11:40:56 2022] GET /volume/v3/e518313539a542f680a9a214000ee786/os-services => generated 640 bytes in 15 msecs (HTTP/1.1 200) 7 headers in 285 bytes (1 switches on core 0)
Mar 02 11:40:56.845058 dv-cinder-822821-2-smb devstack@c-api.service[116506]: DEBUG cinder.api.middleware.request_id [None req-dd60c4cc-b40d-4d07-8293-0ec255047eb0 None None] RequestId filter calling following filter/app {{(pid=116506) _context_setter /opt/stack/cinder/cinder/api/middleware/request_id.py:62}}
Mar 02 11:40:56.849445 dv-cinder-822821-2-smb devstack@c-api.service[116506]: INFO cinder.api.openstack.wsgi [None req-dd60c4cc-b40d-4d07-8293-0ec255047eb0 tempest-VolumesServicesTestJSON-909804827 tempest-VolumesServicesTestJSON-909804827-project] DELETE http://10.222.0.73/volume/v3/1b15c75afcbb44d5a359e10e3630037e/volumes/8bbcfed6-cab5-4ac3-bf9f-7dc8f6db1bdb
Mar 02 11:40:56.850054 dv-cinder-822821-2-smb devstack@c-api.service[116506]: DEBUG cinder.api.openstack.wsgi [None req-dd60c4cc-b40d-4d07-8293-0ec255047eb0 tempest-VolumesServicesTestJSON-909804827 tempest-VolumesServicesTestJSON-909804827-project] Empty body provided in request {{(pid=116506) get_body /opt/stack/cinder/cinder/api/openstack/wsgi.py:715}}
Mar 02 11:40:56.850659 dv-cinder-822821-2-smb devstack@c-api.service[116506]: DEBUG cinder.api.openstack.wsgi [None req-dd60c4cc-b40d-4d07-8293-0ec255047eb0 tempest-VolumesServicesTestJSON-909804827 tempest-VolumesServicesTestJSON-909804827-project] Calling method 'delete' {{(pid=116506) _process_stack /opt/stack/cinder/cinder/api/openstack/wsgi.py:868}}
Mar 02 11:40:56.851401 dv-cinder-822821-2-smb devstack@c-api.service[116506]: INFO cinder.api.v3.volumes [None req-dd60c4cc-b40d-4d07-8293-0ec255047eb0 tempest-VolumesServicesTestJSON-909804827 tempest-VolumesServicesTestJSON-909804827-project] Delete volume with id: 8bbcfed6-cab5-4ac3-bf9f-7dc8f6db1bdb
Mar 02 11:40:56.866945 dv-cinder-822821-2-smb devstack@c-api.service[116505]: DEBUG cinder.volume.api [None req-baf32ed9-570d-4073-93f8-0780a05d1476 tempest-VolumesListAdminTestJSON-1905374231 tempest-VolumesListAdminTestJSON-1905374231-project-admin] Task 'cinder.volume.flows.api.create_volume.EntryCreateTask;volume:create' (66045ed2-db7d-447f-9af6-8849473615b5) transitioned into state 'SUCCESS' from state 'RUNNING' with result '{'volume_id': 'f77bbeba-097e-49c7-8cbe-37eb2ac863b8', 'volume_properties': VolumeProperties(attach_status='detached',availability_zone='nova',cgsnapshot_id=None,consistencygroup_id=None,display_description=None,display_name=None,encryption_key_id=None,group_id=None,group_type_id=,metadata={},multiattach=False,project_id='c8924a7b4ffa4ebfa90b22374477ddb6',qos_specs=None,replication_status=,reservations=['8f4f70d0-255e-47fa-8d31-0741aaef4691','39050061-0450-4290-8cc8-535f85124770','1111623e-e6c5-43ed-84d6-ef1bb397c0c8','4081a5ad-1af4-408c-b47d-acf3784df3c0'],size=1,snapshot_id=None,source_replicaid=,source_volid=None,status='creating',user_id='85778a7122714edd9aa89eea50a72b0e',volume_type_id=7c290b32-c902-4433-8d62-915a570c59c8), 'volume': Volume(_name_id=None,admin_metadata={},attach_status='detached',availability_zone='nova',bootable=False,cluster=,cluster_name=None,consistencygroup=,consistencygroup_id=None,created_at=2022-03-02T11:40:56Z,deleted=False,deleted_at=None,display_description=None,display_name=None,ec2_id=None,encryption_key_id=None,glance_metadata=,group=,group_id=None,host=None,id=f77bbeba-097e-49c7-8cbe-37eb2ac863b8,launched_at=None,metadata={},migration_status=None,multiattach=False,previous_status=None,project_id='c8924a7b4ffa4ebfa90b22374477ddb6',provider_auth=None,provider_geometry=None,provider_id=None,provider_location=None,replication_driver_data=None,replication_extended_status=None,replication_status=None,scheduled_at=None,service_uuid=None,shared_targets=True,size=1,snapshot_id=None,snapshots=,source_volid=None,status='creating',terminated_at=None,updated_at=None,use_quota=True,user_id='85778a7122714edd9aa89eea50a72b0e',volume_attachment=VolumeAttachmentList,volume_type=VolumeType(7c290b32-c902-4433-8d62-915a570c59c8),volume_type_id=7c290b32-c902-4433-8d62-915a570c59c8)}' {{(pid=116505) _task_receiver /usr/local/lib/python3.8/dist-packages/taskflow/listeners/logging.py:178}}
Mar 02 11:40:56.871016 dv-cinder-822821-2-smb devstack@c-api.service[116505]: DEBUG cinder.volume.api [None req-baf32ed9-570d-4073-93f8-0780a05d1476 tempest-VolumesListAdminTestJSON-1905374231 tempest-VolumesListAdminTestJSON-1905374231-project-admin] Task 'cinder.volume.flows.api.create_volume.QuotaCommitTask;volume:create' (be61379e-e790-40ab-97b0-d7cbd3ca0d72) transitioned into state 'RUNNING' from state 'PENDING' {{(pid=116505) _task_receiver /usr/local/lib/python3.8/dist-packages/taskflow/listeners/logging.py:190}}
Mar 02 11:40:56.877295 dv-cinder-822821-2-smb devstack@c-api.service[116506]: /usr/local/lib/python3.8/dist-packages/oslo_context/context.py:105: DeprecationWarning: Policy enforcement is depending on the value of is_admin. This key is deprecated. Please update your policy file to use the standard policy values.
Mar 02 11:40:56.877295 dv-cinder-822821-2-smb devstack@c-api.service[116506]: warnings.warn('Policy enforcement is depending on the value of '
Mar 02 11:40:56.878512 dv-cinder-822821-2-smb devstack@c-api.service[116506]: INFO cinder.volume.api [None req-dd60c4cc-b40d-4d07-8293-0ec255047eb0 tempest-VolumesServicesTestJSON-909804827 tempest-VolumesServicesTestJSON-909804827-project] Volume info retrieved successfully.
Mar 02 11:40:56.905125 dv-cinder-822821-2-smb devstack@c-api.service[116505]: DEBUG cinder.volume.api [None req-baf32ed9-570d-4073-93f8-0780a05d1476 tempest-VolumesListAdminTestJSON-1905374231 tempest-VolumesListAdminTestJSON-1905374231-project-admin] Task 'cinder.volume.flows.api.create_volume.QuotaCommitTask;volume:create' (be61379e-e790-40ab-97b0-d7cbd3ca0d72) transitioned into state 'SUCCESS' from state 'RUNNING' with result '{'volume_properties': VolumeProperties(attach_status='detached',availability_zone='nova',cgsnapshot_id=None,consistencygroup_id=None,display_description=None,display_name=None,encryption_key_id=None,group_id=None,group_type_id=,metadata={},multiattach=False,project_id='c8924a7b4ffa4ebfa90b22374477ddb6',qos_specs=None,replication_status=,reservations=['8f4f70d0-255e-47fa-8d31-0741aaef4691','39050061-0450-4290-8cc8-535f85124770','1111623e-e6c5-43ed-84d6-ef1bb397c0c8','4081a5ad-1af4-408c-b47d-acf3784df3c0'],size=1,snapshot_id=None,source_replicaid=,source_volid=None,status='creating',user_id='85778a7122714edd9aa89eea50a72b0e',volume_type_id=7c290b32-c902-4433-8d62-915a570c59c8)}' {{(pid=116505) _task_receiver /usr/local/lib/python3.8/dist-packages/taskflow/listeners/logging.py:178}}
Mar 02 11:40:56.907304 dv-cinder-822821-2-smb devstack@c-api.service[116505]: DEBUG cinder.volume.api [None req-baf32ed9-570d-4073-93f8-0780a05d1476 tempest-VolumesListAdminTestJSON-1905374231 tempest-VolumesListAdminTestJSON-1905374231-project-admin] Task 'cinder.volume.flows.api.create_volume.VolumeCastTask;volume:create' (c8ff41ae-577e-44d7-a269-6483d3d32344) transitioned into state 'RUNNING' from state 'PENDING' {{(pid=116505) _task_receiver /usr/local/lib/python3.8/dist-packages/taskflow/listeners/logging.py:190}}
Mar 02 11:40:56.928793 dv-cinder-822821-2-smb devstack@c-api.service[116505]: DEBUG cinder.volume.api [None req-baf32ed9-570d-4073-93f8-0780a05d1476 tempest-VolumesListAdminTestJSON-1905374231 tempest-VolumesListAdminTestJSON-1905374231-project-admin] Task 'cinder.volume.flows.api.create_volume.VolumeCastTask;volume:create' (c8ff41ae-577e-44d7-a269-6483d3d32344) transitioned into state 'SUCCESS' from state 'RUNNING' with result 'None' {{(pid=116505) _task_receiver /usr/local/lib/python3.8/dist-packages/taskflow/listeners/logging.py:178}}
Mar 02 11:40:56.931615 dv-cinder-822821-2-smb devstack@c-api.service[116505]: DEBUG cinder.volume.api [None req-baf32ed9-570d-4073-93f8-0780a05d1476 tempest-VolumesListAdminTestJSON-1905374231 tempest-VolumesListAdminTestJSON-1905374231-project-admin] Flow 'volume_create_api' (657c93c1-62c9-4e05-a9b8-a4bdcc117582) transitioned into state 'SUCCESS' from state 'RUNNING' {{(pid=116505) _flow_receiver /usr/local/lib/python3.8/dist-packages/taskflow/listeners/logging.py:141}}
Mar 02 11:40:56.932597 dv-cinder-822821-2-smb devstack@c-api.service[116505]: INFO cinder.volume.api [None req-baf32ed9-570d-4073-93f8-0780a05d1476 tempest-VolumesListAdminTestJSON-1905374231 tempest-VolumesListAdminTestJSON-1905374231-project-admin] Create volume request issued successfully.
Mar 02 11:40:56.934195 dv-cinder-822821-2-smb devstack@c-api.service[116505]: INFO cinder.api.openstack.wsgi [None req-baf32ed9-570d-4073-93f8-0780a05d1476 tempest-VolumesListAdminTestJSON-1905374231 tempest-VolumesListAdminTestJSON-1905374231-project-admin] http://10.222.0.73/volume/v3/c8924a7b4ffa4ebfa90b22374477ddb6/volumes returned with HTTP 202
Mar 02 11:40:56.935751 dv-cinder-822821-2-smb devstack@c-api.service[116505]: [pid: 116505|app: 0|req: 117/244] 10.222.0.73 () {60 vars in 1234 bytes} [Wed Mar 2 11:40:56 2022] POST /volume/v3/c8924a7b4ffa4ebfa90b22374477ddb6/volumes => generated 802 bytes in 433 msecs (HTTP/1.1 202) 7 headers in 291 bytes (2 switches on core 0)
Mar 02 11:40:56.936008 dv-cinder-822821-2-smb devstack@c-api.service[116506]: INFO cinder.volume.api [None req-dd60c4cc-b40d-4d07-8293-0ec255047eb0 tempest-VolumesServicesTestJSON-909804827 tempest-VolumesServicesTestJSON-909804827-project] Delete volume request issued successfully.
Mar 02 11:40:56.936542 dv-cinder-822821-2-smb devstack@c-api.service[116506]: INFO cinder.api.openstack.wsgi [None req-dd60c4cc-b40d-4d07-8293-0ec255047eb0 tempest-VolumesServicesTestJSON-909804827 tempest-VolumesServicesTestJSON-909804827-project] http://10.222.0.73/volume/v3/1b15c75afcbb44d5a359e10e3630037e/volumes/8bbcfed6-cab5-4ac3-bf9f-7dc8f6db1bdb returned with HTTP 202
Mar 02 11:40:56.937696 dv-cinder-822821-2-smb devstack@c-api.service[116506]: [pid: 116506|app: 0|req: 128/245] 10.222.0.73 () {58 vars in 1327 bytes} [Wed Mar 2 11:40:56 2022] DELETE /volume/v3/1b15c75afcbb44d5a359e10e3630037e/volumes/8bbcfed6-cab5-4ac3-bf9f-7dc8f6db1bdb => generated 0 bytes in 94 msecs (HTTP/1.1 202) 6 headers in 233 bytes (2 switches on core 0)
Mar 02 11:40:56.942625 dv-cinder-822821-2-smb devstack@c-api.service[116505]: DEBUG cinder.api.middleware.request_id [None req-6accfe74-0cd3-4317-bc90-6d22d95d07b9 None None] RequestId filter calling following filter/app {{(pid=116505) _context_setter /opt/stack/cinder/cinder/api/middleware/request_id.py:62}}
Mar 02 11:40:56.946395 dv-cinder-822821-2-smb devstack@c-api.service[116505]: INFO cinder.api.openstack.wsgi [None req-6accfe74-0cd3-4317-bc90-6d22d95d07b9 tempest-VolumesServicesTestJSON-909804827 tempest-VolumesServicesTestJSON-909804827-project] GET http://10.222.0.73/volume/v3/1b15c75afcbb44d5a359e10e3630037e/volumes/8bbcfed6-cab5-4ac3-bf9f-7dc8f6db1bdb
Mar 02 11:40:56.947345 dv-cinder-822821-2-smb devstack@c-api.service[116506]: DEBUG cinder.api.middleware.request_id [None req-17446c35-eee5-40fd-b0bd-c7a9b9b6b0c0 None None] RequestId filter calling following filter/app {{(pid=116506) _context_setter /opt/stack/cinder/cinder/api/middleware/request_id.py:62}}
Mar 02 11:40:56.947615 dv-cinder-822821-2-smb devstack@c-api.service[116505]: DEBUG cinder.api.openstack.wsgi [None req-6accfe74-0cd3-4317-bc90-6d22d95d07b9 tempest-VolumesServicesTestJSON-909804827 tempest-VolumesServicesTestJSON-909804827-project] Empty body provided in request {{(pid=116505) get_body /opt/stack/cinder/cinder/api/openstack/wsgi.py:715}}
Mar 02 11:40:56.948395 dv-cinder-822821-2-smb devstack@c-api.service[116505]: DEBUG cinder.api.openstack.wsgi [None req-6accfe74-0cd3-4317-bc90-6d22d95d07b9 tempest-VolumesServicesTestJSON-909804827 tempest-VolumesServicesTestJSON-909804827-project] Calling method 'show' {{(pid=116505) _process_stack /opt/stack/cinder/cinder/api/openstack/wsgi.py:868}}
Mar 02 11:40:56.954641 dv-cinder-822821-2-smb devstack@c-api.service[116506]: INFO cinder.api.openstack.wsgi [None req-17446c35-eee5-40fd-b0bd-c7a9b9b6b0c0 tempest-VolumesListAdminTestJSON-1905374231 tempest-VolumesListAdminTestJSON-1905374231-project-admin] GET http://10.222.0.73/volume/v3/c8924a7b4ffa4ebfa90b22374477ddb6/volumes/f77bbeba-097e-49c7-8cbe-37eb2ac863b8
Mar 02 11:40:56.954641 dv-cinder-822821-2-smb devstack@c-api.service[116506]: DEBUG cinder.api.openstack.wsgi [None req-17446c35-eee5-40fd-b0bd-c7a9b9b6b0c0 tempest-VolumesListAdminTestJSON-1905374231 tempest-VolumesListAdminTestJSON-1905374231-project-admin] Empty body provided in request {{(pid=116506) get_body /opt/stack/cinder/cinder/api/openstack/wsgi.py:715}}
Mar 02 11:40:56.954641 dv-cinder-822821-2-smb devstack@c-api.service[116506]: DEBUG cinder.api.openstack.wsgi [None req-17446c35-eee5-40fd-b0bd-c7a9b9b6b0c0 tempest-VolumesListAdminTestJSON-1905374231 tempest-VolumesListAdminTestJSON-1905374231-project-admin] Calling method 'show' {{(pid=116506) _process_stack /opt/stack/cinder/cinder/api/openstack/wsgi.py:868}}
Mar 02 11:40:56.966770 dv-cinder-822821-2-smb devstack@c-api.service[116505]: /usr/local/lib/python3.8/dist-packages/oslo_context/context.py:105: DeprecationWarning: Policy enforcement is depending on the value of is_admin. This key is deprecated. Please update your policy file to use the standard policy values.
Mar 02 11:40:56.966770 dv-cinder-822821-2-smb devstack@c-api.service[116505]: warnings.warn('Policy enforcement is depending on the value of '
Mar 02 11:40:56.976446 dv-cinder-822821-2-smb devstack@c-api.service[116505]: INFO cinder.volume.api [None req-6accfe74-0cd3-4317-bc90-6d22d95d07b9 tempest-VolumesServicesTestJSON-909804827 tempest-VolumesServicesTestJSON-909804827-project] Volume info retrieved successfully.
Mar 02 11:40:56.981862 dv-cinder-822821-2-smb devstack@c-api.service[116506]: /usr/local/lib/python3.8/dist-packages/oslo_context/context.py:105: DeprecationWarning: Policy enforcement is depending on the value of is_admin. This key is deprecated. Please update your policy file to use the standard policy values.
Mar 02 11:40:56.981862 dv-cinder-822821-2-smb devstack@c-api.service[116506]: warnings.warn('Policy enforcement is depending on the value of '
Mar 02 11:40:56.987194 dv-cinder-822821-2-smb devstack@c-api.service[116505]: INFO cinder.api.openstack.wsgi [None req-6accfe74-0cd3-4317-bc90-6d22d95d07b9 tempest-VolumesServicesTestJSON-909804827 tempest-VolumesServicesTestJSON-909804827-project] http://10.222.0.73/volume/v3/1b15c75afcbb44d5a359e10e3630037e/volumes/8bbcfed6-cab5-4ac3-bf9f-7dc8f6db1bdb returned with HTTP 200
Mar 02 11:40:56.996925 dv-cinder-822821-2-smb devstack@c-api.service[116505]: [pid: 116505|app: 0|req: 118/246] 10.222.0.73 () {58 vars in 1324 bytes} [Wed Mar 2 11:40:56 2022] GET /volume/v3/1b15c75afcbb44d5a359e10e3630037e/volumes/8bbcfed6-cab5-4ac3-bf9f-7dc8f6db1bdb => generated 915 bytes in 56 msecs (HTTP/1.1 200) 7 headers in 285 bytes (1 switches on core 0)
Mar 02 11:40:57.003572 dv-cinder-822821-2-smb devstack@c-api.service[116506]: INFO cinder.volume.api [None req-17446c35-eee5-40fd-b0bd-c7a9b9b6b0c0 tempest-VolumesListAdminTestJSON-1905374231 tempest-VolumesListAdminTestJSON-1905374231-project-admin] Volume info retrieved successfully.
Mar 02 11:40:57.018104 dv-cinder-822821-2-smb devstack@c-api.service[116506]: INFO cinder.api.openstack.wsgi [None req-17446c35-eee5-40fd-b0bd-c7a9b9b6b0c0 tempest-VolumesListAdminTestJSON-1905374231 tempest-VolumesListAdminTestJSON-1905374231-project-admin] http://10.222.0.73/volume/v3/c8924a7b4ffa4ebfa90b22374477ddb6/volumes/f77bbeba-097e-49c7-8cbe-37eb2ac863b8 returned with HTTP 200
Mar 02 11:40:57.019515 dv-cinder-822821-2-smb devstack@c-api.service[116506]: [pid: 116506|app: 0|req: 129/247] 10.222.0.73 () {58 vars in 1324 bytes} [Wed Mar 2 11:40:56 2022] GET /volume/v3/c8924a7b4ffa4ebfa90b22374477ddb6/volumes/f77bbeba-097e-49c7-8cbe-37eb2ac863b8 => generated 981 bytes in 73 msecs (HTTP/1.1 200) 7 headers in 285 bytes (1 switches on core 0)
Mar 02 11:40:57.024209 dv-cinder-822821-2-smb devstack@c-api.service[116505]: DEBUG cinder.api.middleware.request_id [None req-204014d9-cadf-4873-aa07-609c4d4a20e7 None None] RequestId filter calling following filter/app {{(pid=116505) _context_setter /opt/stack/cinder/cinder/api/middleware/request_id.py:62}}
Mar 02 11:40:57.034038 dv-cinder-822821-2-smb devstack@c-api.service[116505]: INFO cinder.api.openstack.wsgi [None req-204014d9-cadf-4873-aa07-609c4d4a20e7 tempest-VolumesDeleteCascade-1406225361 tempest-VolumesDeleteCascade-1406225361-project] GET http://10.222.0.73/volume/v3/b7edf7dc623045fd8aed78d40a19734c/volumes/6716a43f-920a-4aa3-b44f-e5cd5c8d9da7
Mar 02 11:40:57.034685 dv-cinder-822821-2-smb devstack@c-api.service[116505]: DEBUG cinder.api.openstack.wsgi [None req-204014d9-cadf-4873-aa07-609c4d4a20e7 tempest-VolumesDeleteCascade-1406225361 tempest-VolumesDeleteCascade-1406225361-project] Empty body provided in request {{(pid=116505) get_body /opt/stack/cinder/cinder/api/openstack/wsgi.py:715}}
Mar 02 11:40:57.035202 dv-cinder-822821-2-smb devstack@c-api.service[116505]: DEBUG cinder.api.openstack.wsgi [None req-204014d9-cadf-4873-aa07-609c4d4a20e7 tempest-VolumesDeleteCascade-1406225361 tempest-VolumesDeleteCascade-1406225361-project] Calling method 'show' {{(pid=116505) _process_stack /opt/stack/cinder/cinder/api/openstack/wsgi.py:868}}
Mar 02 11:40:57.069848 dv-cinder-822821-2-smb devstack@c-api.service[116505]: /usr/local/lib/python3.8/dist-packages/oslo_context/context.py:105: DeprecationWarning: Policy enforcement is depending on the value of is_admin. This key is deprecated. Please update your policy file to use the standard policy values.
Mar 02 11:40:57.069848 dv-cinder-822821-2-smb devstack@c-api.service[116505]: warnings.warn('Policy enforcement is depending on the value of '
Mar 02 11:40:57.081469 dv-cinder-822821-2-smb devstack@c-api.service[116505]: INFO cinder.volume.api [None req-204014d9-cadf-4873-aa07-609c4d4a20e7 tempest-VolumesDeleteCascade-1406225361 tempest-VolumesDeleteCascade-1406225361-project] Volume info retrieved successfully.
Mar 02 11:40:57.096095 dv-cinder-822821-2-smb devstack@c-api.service[116505]: INFO cinder.api.openstack.wsgi [None req-204014d9-cadf-4873-aa07-609c4d4a20e7 tempest-VolumesDeleteCascade-1406225361 tempest-VolumesDeleteCascade-1406225361-project] http://10.222.0.73/volume/v3/b7edf7dc623045fd8aed78d40a19734c/volumes/6716a43f-920a-4aa3-b44f-e5cd5c8d9da7 returned with HTTP 200
Mar 02 11:40:57.097687 dv-cinder-822821-2-smb devstack@c-api.service[116505]: [pid: 116505|app: 0|req: 119/248] 10.222.0.73 () {58 vars in 1324 bytes} [Wed Mar 2 11:40:57 2022] GET /volume/v3/b7edf7dc623045fd8aed78d40a19734c/volumes/6716a43f-920a-4aa3-b44f-e5cd5c8d9da7 => generated 946 bytes in 75 msecs (HTTP/1.1 200) 7 headers in 285 bytes (1 switches on core 0)
Mar 02 11:40:57.109414 dv-cinder-822821-2-smb devstack@c-api.service[116506]: DEBUG cinder.api.middleware.request_id [None req-3a8ce76e-d8d6-4421-9fb8-9cee9a6ec1c0 None None] RequestId filter calling following filter/app {{(pid=116506) _context_setter /opt/stack/cinder/cinder/api/middleware/request_id.py:62}}
Mar 02 11:40:57.134252 dv-cinder-822821-2-smb devstack@c-api.service[116506]: INFO cinder.api.openstack.wsgi [None req-3a8ce76e-d8d6-4421-9fb8-9cee9a6ec1c0 tempest-VolumesDeleteCascade-1406225361 tempest-VolumesDeleteCascade-1406225361-project] GET http://10.222.0.73/volume/v3/b7edf7dc623045fd8aed78d40a19734c/volumes/6716a43f-920a-4aa3-b44f-e5cd5c8d9da7
Mar 02 11:40:57.134765 dv-cinder-822821-2-smb devstack@c-api.service[116506]: DEBUG cinder.api.openstack.wsgi [None req-3a8ce76e-d8d6-4421-9fb8-9cee9a6ec1c0 tempest-VolumesDeleteCascade-1406225361 tempest-VolumesDeleteCascade-1406225361-project] Empty body provided in request {{(pid=116506) get_body /opt/stack/cinder/cinder/api/openstack/wsgi.py:715}}
Mar 02 11:40:57.135188 dv-cinder-822821-2-smb devstack@c-api.service[116506]: DEBUG cinder.api.openstack.wsgi [None req-3a8ce76e-d8d6-4421-9fb8-9cee9a6ec1c0 tempest-VolumesDeleteCascade-1406225361 tempest-VolumesDeleteCascade-1406225361-project] Calling method 'show' {{(pid=116506) _process_stack /opt/stack/cinder/cinder/api/openstack/wsgi.py:868}}
Mar 02 11:40:57.177756 dv-cinder-822821-2-smb devstack@c-api.service[116506]: /usr/local/lib/python3.8/dist-packages/oslo_context/context.py:105: DeprecationWarning: Policy enforcement is depending on the value of is_admin. This key is deprecated. Please update your policy file to use the standard policy values.
Mar 02 11:40:57.177756 dv-cinder-822821-2-smb devstack@c-api.service[116506]: warnings.warn('Policy enforcement is depending on the value of '
Mar 02 11:40:57.193364 dv-cinder-822821-2-smb devstack@c-api.service[116506]: INFO cinder.volume.api [None req-3a8ce76e-d8d6-4421-9fb8-9cee9a6ec1c0 tempest-VolumesDeleteCascade-1406225361 tempest-VolumesDeleteCascade-1406225361-project] Volume info retrieved successfully.
Mar 02 11:40:57.203888 dv-cinder-822821-2-smb devstack@c-api.service[116506]: INFO cinder.api.openstack.wsgi [None req-3a8ce76e-d8d6-4421-9fb8-9cee9a6ec1c0 tempest-VolumesDeleteCascade-1406225361 tempest-VolumesDeleteCascade-1406225361-project] http://10.222.0.73/volume/v3/b7edf7dc623045fd8aed78d40a19734c/volumes/6716a43f-920a-4aa3-b44f-e5cd5c8d9da7 returned with HTTP 200
Mar 02 11:40:57.204727 dv-cinder-822821-2-smb devstack@c-api.service[116506]: [pid: 116506|app: 0|req: 130/249] 10.222.0.73 () {58 vars in 1324 bytes} [Wed Mar 2 11:40:57 2022] GET /volume/v3/b7edf7dc623045fd8aed78d40a19734c/volumes/6716a43f-920a-4aa3-b44f-e5cd5c8d9da7 => generated 946 bytes in 97 msecs (HTTP/1.1 200) 7 headers in 285 bytes (1 switches on core 0)
Mar 02 11:40:57.218539 dv-cinder-822821-2-smb devstack@c-api.service[116505]: DEBUG cinder.api.middleware.request_id [None req-2d83bb52-9746-4177-8ecd-eed71e362075 None None] RequestId filter calling following filter/app {{(pid=116505) _context_setter /opt/stack/cinder/cinder/api/middleware/request_id.py:62}}
Mar 02 11:40:57.226011 dv-cinder-822821-2-smb devstack@c-api.service[116505]: INFO cinder.api.openstack.wsgi [None req-2d83bb52-9746-4177-8ecd-eed71e362075 tempest-VolumesDeleteCascade-1406225361 tempest-VolumesDeleteCascade-1406225361-project] DELETE http://10.222.0.73/volume/v3/b7edf7dc623045fd8aed78d40a19734c/volumes/10af2949-2053-4375-9d24-9a77bf5b1160?cascade=True
Mar 02 11:40:57.226927 dv-cinder-822821-2-smb devstack@c-api.service[116505]: DEBUG cinder.api.openstack.wsgi [None req-2d83bb52-9746-4177-8ecd-eed71e362075 tempest-VolumesDeleteCascade-1406225361 tempest-VolumesDeleteCascade-1406225361-project] Empty body provided in request {{(pid=116505) get_body /opt/stack/cinder/cinder/api/openstack/wsgi.py:715}}
Mar 02 11:40:57.227692 dv-cinder-822821-2-smb devstack@c-api.service[116505]: DEBUG cinder.api.openstack.wsgi [None req-2d83bb52-9746-4177-8ecd-eed71e362075 tempest-VolumesDeleteCascade-1406225361 tempest-VolumesDeleteCascade-1406225361-project] Calling method 'delete' {{(pid=116505) _process_stack /opt/stack/cinder/cinder/api/openstack/wsgi.py:868}}
Mar 02 11:40:57.228202 dv-cinder-822821-2-smb devstack@c-api.service[116505]: INFO cinder.api.v3.volumes [None req-2d83bb52-9746-4177-8ecd-eed71e362075 tempest-VolumesDeleteCascade-1406225361 tempest-VolumesDeleteCascade-1406225361-project] Delete volume with id: 10af2949-2053-4375-9d24-9a77bf5b1160
Mar 02 11:40:57.247808 dv-cinder-822821-2-smb devstack@c-api.service[116505]: /usr/local/lib/python3.8/dist-packages/oslo_context/context.py:105: DeprecationWarning: Policy enforcement is depending on the value of is_admin. This key is deprecated. Please update your policy file to use the standard policy values.
Mar 02 11:40:57.247808 dv-cinder-822821-2-smb devstack@c-api.service[116505]: warnings.warn('Policy enforcement is depending on the value of '
Mar 02 11:40:57.249616 dv-cinder-822821-2-smb devstack@c-api.service[116505]: INFO cinder.volume.api [None req-2d83bb52-9746-4177-8ecd-eed71e362075 tempest-VolumesDeleteCascade-1406225361 tempest-VolumesDeleteCascade-1406225361-project] Volume info retrieved successfully.
Mar 02 11:40:57.323612 dv-cinder-822821-2-smb devstack@c-api.service[116505]: INFO cinder.volume.api [None req-2d83bb52-9746-4177-8ecd-eed71e362075 tempest-VolumesDeleteCascade-1406225361 tempest-VolumesDeleteCascade-1406225361-project] Delete volume request issued successfully.
