Feb 04 18:07:08.200152 dv-cinder-822768-3-smb devstack@c-api.service[110448]: INFO cinder.api.v3.volumes [None req-530c7f08-7281-47b7-a2c6-b18d52984130 tempest-VolumeSnapshotQuotasNegativeTestJSON-988795258 tempest-VolumeSnapshotQuotasNegativeTestJSON-988795258-project] Create volume of 1 GB
Feb 04 18:07:08.200406 dv-cinder-822768-3-smb devstack@c-api.service[110449]: INFO cinder.api.v3.groups [None req-1e6b2b42-3f48-4283-879d-924936e4e4c4 tempest-GroupSnapshotsTest-2032868605 tempest-GroupSnapshotsTest-2032868605-project] Creating group tempest-GroupSnapshotsTest-Group-1594681225.
Feb 04 18:07:08.209709 dv-cinder-822768-3-smb devstack@c-api.service[110448]: INFO cinder.volume.api [None req-530c7f08-7281-47b7-a2c6-b18d52984130 tempest-VolumeSnapshotQuotasNegativeTestJSON-988795258 tempest-VolumeSnapshotQuotasNegativeTestJSON-988795258-project] Availability Zones retrieved successfully.
Feb 04 18:07:08.224122 dv-cinder-822768-3-smb devstack@c-api.service[110449]: INFO cinder.volume.api [None req-1e6b2b42-3f48-4283-879d-924936e4e4c4 tempest-GroupSnapshotsTest-2032868605 tempest-GroupSnapshotsTest-2032868605-project] Availability Zones retrieved successfully.
Feb 04 18:07:08.229711 dv-cinder-822768-3-smb devstack@c-api.service[110448]: DEBUG cinder.volume.api [None req-530c7f08-7281-47b7-a2c6-b18d52984130 tempest-VolumeSnapshotQuotasNegativeTestJSON-988795258 tempest-VolumeSnapshotQuotasNegativeTestJSON-988795258-project] Flow 'volume_create_api' (67ca61ef-613e-4f6d-8b76-5bdd4c4b5f92) transitioned into state 'RUNNING' from state 'PENDING' {{(pid=110448) _flow_receiver /usr/local/lib/python3.8/dist-packages/taskflow/listeners/logging.py:141}}
Feb 04 18:07:08.233029 dv-cinder-822768-3-smb devstack@c-api.service[110448]: DEBUG cinder.volume.api [None req-530c7f08-7281-47b7-a2c6-b18d52984130 tempest-VolumeSnapshotQuotasNegativeTestJSON-988795258 tempest-VolumeSnapshotQuotasNegativeTestJSON-988795258-project] Task 'cinder.volume.flows.api.create_volume.ExtractVolumeRequestTask;volume:create' (43acffdc-c071-4ac0-a18a-b0f8a72318eb) transitioned into state 'RUNNING' from state 'PENDING' {{(pid=110448) _task_receiver /usr/local/lib/python3.8/dist-packages/taskflow/listeners/logging.py:190}}
Feb 04 18:07:08.235726 dv-cinder-822768-3-smb devstack@c-api.service[110448]: DEBUG cinder.volume.flows.api.create_volume [None req-530c7f08-7281-47b7-a2c6-b18d52984130 tempest-VolumeSnapshotQuotasNegativeTestJSON-988795258 tempest-VolumeSnapshotQuotasNegativeTestJSON-988795258-project] Validating volume size '1' using validate_int {{(pid=110448) _extract_size /opt/stack/cinder/cinder/volume/flows/api/create_volume.py:225}}
Feb 04 18:07:08.281890 dv-cinder-822768-3-smb devstack@c-api.service[110448]: DEBUG cinder.volume.api [None req-530c7f08-7281-47b7-a2c6-b18d52984130 tempest-VolumeSnapshotQuotasNegativeTestJSON-988795258 tempest-VolumeSnapshotQuotasNegativeTestJSON-988795258-project] Task 'cinder.volume.flows.api.create_volume.ExtractVolumeRequestTask;volume:create' (43acffdc-c071-4ac0-a18a-b0f8a72318eb) transitioned into state 'SUCCESS' from state 'RUNNING' with result '{'size': 1, 'snapshot_id': None, 'source_volid': None, 'volume_type': VolumeType(created_at=2022-02-04T17:50:52Z,deleted=False,deleted_at=None,description='Default Volume Type',extra_specs={},id=d443ffd1-1557-4677-aab7-fa56058b7020,is_public=True,name='__DEFAULT__',projects=[],qos_specs=,qos_specs_id=None,updated_at=2022-02-04T17:50:52Z), 'volume_type_id': 'd443ffd1-1557-4677-aab7-fa56058b7020', 'encryption_key_id': None, 'qos_specs': None, 'consistencygroup_id': None, 'cgsnapshot_id': None, 'group_id': None, 'replication_status': 'disabled', 'refresh_az': False, 'backup_id': None, 'multiattach': False, 'availability_zones': ['nova']}' {{(pid=110448) _task_receiver /usr/local/lib/python3.8/dist-packages/taskflow/listeners/logging.py:178}}
Feb 04 18:07:08.285237 dv-cinder-822768-3-smb devstack@c-api.service[110448]: DEBUG cinder.volume.api [None req-530c7f08-7281-47b7-a2c6-b18d52984130 tempest-VolumeSnapshotQuotasNegativeTestJSON-988795258 tempest-VolumeSnapshotQuotasNegativeTestJSON-988795258-project] Task 'cinder.volume.flows.api.create_volume.QuotaReserveTask;volume:create' (726cc61f-3d8c-44bf-b45b-b7af4ff81b5f) transitioned into state 'RUNNING' from state 'PENDING' {{(pid=110448) _task_receiver /usr/local/lib/python3.8/dist-packages/taskflow/listeners/logging.py:190}}
Feb 04 18:07:08.455506 dv-cinder-822768-3-smb devstack@c-api.service[110449]: DEBUG cinder.quota [None req-1e6b2b42-3f48-4283-879d-924936e4e4c4 tempest-GroupSnapshotsTest-2032868605 tempest-GroupSnapshotsTest-2032868605-project] Created reservations ['95f42c6b-fb48-4b89-bbc3-4365e8f11d0e'] {{(pid=110449) reserve /opt/stack/cinder/cinder/quota.py:755}}
Feb 04 18:07:08.545222 dv-cinder-822768-3-smb devstack@c-api.service[110448]: DEBUG cinder.quota [None req-530c7f08-7281-47b7-a2c6-b18d52984130 tempest-VolumeSnapshotQuotasNegativeTestJSON-988795258 tempest-VolumeSnapshotQuotasNegativeTestJSON-988795258-project] Created reservations ['1ad7b053-a884-4201-b053-734b46fad2b2', '08217bae-c4b6-4923-9673-40bedc57dc78', '45a0227b-4f02-46d7-852d-0ec76f57ef52', '96100036-35c2-48e5-8b07-617d0d80e159'] {{(pid=110448) reserve /opt/stack/cinder/cinder/quota.py:755}}
Feb 04 18:07:08.549761 dv-cinder-822768-3-smb devstack@c-api.service[110448]: DEBUG cinder.volume.api [None req-530c7f08-7281-47b7-a2c6-b18d52984130 tempest-VolumeSnapshotQuotasNegativeTestJSON-988795258 tempest-VolumeSnapshotQuotasNegativeTestJSON-988795258-project] Task 'cinder.volume.flows.api.create_volume.QuotaReserveTask;volume:create' (726cc61f-3d8c-44bf-b45b-b7af4ff81b5f) transitioned into state 'SUCCESS' from state 'RUNNING' with result '{'reservations': ['1ad7b053-a884-4201-b053-734b46fad2b2', '08217bae-c4b6-4923-9673-40bedc57dc78', '45a0227b-4f02-46d7-852d-0ec76f57ef52', '96100036-35c2-48e5-8b07-617d0d80e159']}' {{(pid=110448) _task_receiver /usr/local/lib/python3.8/dist-packages/taskflow/listeners/logging.py:178}}
Feb 04 18:07:08.549761 dv-cinder-822768-3-smb devstack@c-api.service[110448]: DEBUG cinder.volume.api [None req-530c7f08-7281-47b7-a2c6-b18d52984130 tempest-VolumeSnapshotQuotasNegativeTestJSON-988795258 tempest-VolumeSnapshotQuotasNegativeTestJSON-988795258-project] Task 'cinder.volume.flows.api.create_volume.EntryCreateTask;volume:create' (ba781b17-c7d3-47da-a9d0-f8eaa4904152) transitioned into state 'RUNNING' from state 'PENDING' {{(pid=110448) _task_receiver /usr/local/lib/python3.8/dist-packages/taskflow/listeners/logging.py:190}}
Feb 04 18:07:08.682151 dv-cinder-822768-3-smb devstack@c-api.service[110449]: INFO cinder.api.openstack.wsgi [None req-1e6b2b42-3f48-4283-879d-924936e4e4c4 tempest-GroupSnapshotsTest-2032868605 tempest-GroupSnapshotsTest-2032868605-project] http://10.222.0.87/volume/v3/13ea4a35acb146a2b81f18bbbda7700e/groups returned with HTTP 202
Feb 04 18:07:08.689788 dv-cinder-822768-3-smb devstack@c-api.service[110449]: [pid: 110449|app: 0|req: 144/252] 10.222.0.87 () {62 vars in 1273 bytes} [Fri Feb 4 18:07:08 2022] POST /volume/v3/13ea4a35acb146a2b81f18bbbda7700e/groups => generated 112 bytes in 504 msecs (HTTP/1.1 202) 7 headers in 292 bytes (1 switches on core 0)
Feb 04 18:07:08.691322 dv-cinder-822768-3-smb devstack@c-api.service[110448]: DEBUG cinder.volume.api [None req-530c7f08-7281-47b7-a2c6-b18d52984130 tempest-VolumeSnapshotQuotasNegativeTestJSON-988795258 tempest-VolumeSnapshotQuotasNegativeTestJSON-988795258-project] Task 'cinder.volume.flows.api.create_volume.EntryCreateTask;volume:create' (ba781b17-c7d3-47da-a9d0-f8eaa4904152) transitioned into state 'SUCCESS' from state 'RUNNING' with result '{'volume_id': '530f50bb-730d-4cad-a0d9-0b1bd3b20def', 'volume_properties': VolumeProperties(attach_status='detached',availability_zone='nova',cgsnapshot_id=None,consistencygroup_id=None,display_description=None,display_name='tempest-VolumeSnapshotQuotasNegativeTestJSON-Volume-116880307',encryption_key_id=None,group_id=None,group_type_id=,metadata={},multiattach=False,project_id='c8bc95e8291f417e8aba12732bd7a605',qos_specs=None,replication_status=,reservations=['1ad7b053-a884-4201-b053-734b46fad2b2','08217bae-c4b6-4923-9673-40bedc57dc78','45a0227b-4f02-46d7-852d-0ec76f57ef52','96100036-35c2-48e5-8b07-617d0d80e159'],size=1,snapshot_id=None,source_replicaid=,source_volid=None,status='creating',user_id='aefc969191664b829af8aeff21416bcb',volume_type_id=d443ffd1-1557-4677-aab7-fa56058b7020), 'volume': Volume(_name_id=None,admin_metadata=,attach_status='detached',availability_zone='nova',bootable=False,cluster=,cluster_name=None,consistencygroup=,consistencygroup_id=None,created_at=2022-02-04T18:07:08Z,deleted=False,deleted_at=None,display_description=None,display_name='tempest-VolumeSnapshotQuotasNegativeTestJSON-Volume-116880307',ec2_id=None,encryption_key_id=None,glance_metadata=,group=,group_id=None,host=None,id=530f50bb-730d-4cad-a0d9-0b1bd3b20def,launched_at=None,metadata={},migration_status=None,multiattach=False,previous_status=None,project_id='c8bc95e8291f417e8aba12732bd7a605',provider_auth=None,provider_geometry=None,provider_id=None,provider_location=None,replication_driver_data=None,replication_extended_status=None,replication_status=None,scheduled_at=None,service_uuid=None,shared_targets=True,size=1,snapshot_id=None,snapshots=,source_volid=None,status='creating',terminated_at=None,updated_at=None,use_quota=True,user_id='aefc969191664b829af8aeff21416bcb',volume_attachment=VolumeAttachmentList,volume_type=VolumeType(d443ffd1-1557-4677-aab7-fa56058b7020),volume_type_id=d443ffd1-1557-4677-aab7-fa56058b7020)}' {{(pid=110448) _task_receiver /usr/local/lib/python3.8/dist-packages/taskflow/listeners/logging.py:178}}
Feb 04 18:07:08.695645 dv-cinder-822768-3-smb devstack@c-api.service[110449]: INFO cinder.api.openstack.wsgi [None req-e82b0a27-fe38-4085-8aec-6ddb5a27df96 tempest-VolumesImageMetadata-1024634557 tempest-VolumesImageMetadata-1024634557-project] GET http://10.222.0.87/volume/v3/e3d3cd74dfa541beb9b7372dc8f61447/volumes/f4eb34ae-ad0a-4638-8504-8d2f1079412c
Feb 04 18:07:08.696295 dv-cinder-822768-3-smb devstack@c-api.service[110449]: DEBUG cinder.api.openstack.wsgi [None req-e82b0a27-fe38-4085-8aec-6ddb5a27df96 tempest-VolumesImageMetadata-1024634557 tempest-VolumesImageMetadata-1024634557-project] Empty body provided in request {{(pid=110449) get_body /opt/stack/cinder/cinder/api/openstack/wsgi.py:715}}
Feb 04 18:07:08.697190 dv-cinder-822768-3-smb devstack@c-api.service[110448]: DEBUG cinder.volume.api [None req-530c7f08-7281-47b7-a2c6-b18d52984130 tempest-VolumeSnapshotQuotasNegativeTestJSON-988795258 tempest-VolumeSnapshotQuotasNegativeTestJSON-988795258-project] Task 'cinder.volume.flows.api.create_volume.QuotaCommitTask;volume:create' (b65bc39b-c0d1-4589-8b3a-2f01dcba2398) transitioned into state 'RUNNING' from state 'PENDING' {{(pid=110448) _task_receiver /usr/local/lib/python3.8/dist-packages/taskflow/listeners/logging.py:190}}
Feb 04 18:07:08.697379 dv-cinder-822768-3-smb devstack@c-api.service[110449]: DEBUG cinder.api.openstack.wsgi [None req-e82b0a27-fe38-4085-8aec-6ddb5a27df96 tempest-VolumesImageMetadata-1024634557 tempest-VolumesImageMetadata-1024634557-project] Calling method 'show' {{(pid=110449) _process_stack /opt/stack/cinder/cinder/api/openstack/wsgi.py:868}}
Feb 04 18:07:08.734555 dv-cinder-822768-3-smb devstack@c-api.service[110449]: /usr/local/lib/python3.8/dist-packages/oslo_context/context.py:105: DeprecationWarning: Policy enforcement is depending on the value of is_admin. This key is deprecated. Please update your policy file to use the standard policy values.
Feb 04 18:07:08.734555 dv-cinder-822768-3-smb devstack@c-api.service[110449]: warnings.warn('Policy enforcement is depending on the value of '
Feb 04 18:07:08.748171 dv-cinder-822768-3-smb devstack@c-api.service[110449]: INFO cinder.volume.api [None req-e82b0a27-fe38-4085-8aec-6ddb5a27df96 tempest-VolumesImageMetadata-1024634557 tempest-VolumesImageMetadata-1024634557-project] Volume info retrieved successfully.
Feb 04 18:07:08.760772 dv-cinder-822768-3-smb devstack@c-api.service[110449]: INFO cinder.api.openstack.wsgi [None req-e82b0a27-fe38-4085-8aec-6ddb5a27df96 tempest-VolumesImageMetadata-1024634557 tempest-VolumesImageMetadata-1024634557-project] http://10.222.0.87/volume/v3/e3d3cd74dfa541beb9b7372dc8f61447/volumes/f4eb34ae-ad0a-4638-8504-8d2f1079412c returned with HTTP 200
Feb 04 18:07:08.771242 dv-cinder-822768-3-smb devstack@c-api.service[110449]: [pid: 110449|app: 0|req: 145/253] 10.222.0.87 () {58 vars in 1324 bytes} [Fri Feb 4 18:07:08 2022] GET /volume/v3/e3d3cd74dfa541beb9b7372dc8f61447/volumes/f4eb34ae-ad0a-4638-8504-8d2f1079412c => generated 910 bytes in 80 msecs (HTTP/1.1 200) 7 headers in 285 bytes (1 switches on core 0)
Feb 04 18:07:08.778314 dv-cinder-822768-3-smb devstack@c-api.service[110449]: INFO cinder.api.openstack.wsgi [None req-a6c2a12f-a8eb-4985-b11a-5d025bb25b48 tempest-GroupSnapshotsTest-2032868605 tempest-GroupSnapshotsTest-2032868605-project] GET http://10.222.0.87/volume/v3/13ea4a35acb146a2b81f18bbbda7700e/groups/0005b743-6814-4906-8174-d70e66820204
Feb 04 18:07:08.779416 dv-cinder-822768-3-smb devstack@c-api.service[110449]: DEBUG cinder.api.openstack.wsgi [None req-a6c2a12f-a8eb-4985-b11a-5d025bb25b48 tempest-GroupSnapshotsTest-2032868605 tempest-GroupSnapshotsTest-2032868605-project] Empty body provided in request {{(pid=110449) get_body /opt/stack/cinder/cinder/api/openstack/wsgi.py:715}}
Feb 04 18:07:08.781358 dv-cinder-822768-3-smb devstack@c-api.service[110449]: DEBUG cinder.api.openstack.wsgi [None req-a6c2a12f-a8eb-4985-b11a-5d025bb25b48 tempest-GroupSnapshotsTest-2032868605 tempest-GroupSnapshotsTest-2032868605-project] Calling method 'version_select' {{(pid=110449) _process_stack /opt/stack/cinder/cinder/api/openstack/wsgi.py:868}}
Feb 04 18:07:08.781922 dv-cinder-822768-3-smb devstack@c-api.service[110449]: DEBUG cinder.api.v3.groups [None req-a6c2a12f-a8eb-4985-b11a-5d025bb25b48 tempest-GroupSnapshotsTest-2032868605 tempest-GroupSnapshotsTest-2032868605-project] show called for member 0005b743-6814-4906-8174-d70e66820204 {{(pid=110449) show /opt/stack/cinder/cinder/api/v3/groups.py:58}}
Feb 04 18:07:08.787827 dv-cinder-822768-3-smb devstack@c-api.service[110449]: /usr/local/lib/python3.8/dist-packages/oslo_context/context.py:105: DeprecationWarning: Policy enforcement is depending on the value of is_admin. This key is deprecated. Please update your policy file to use the standard policy values.
Feb 04 18:07:08.787827 dv-cinder-822768-3-smb devstack@c-api.service[110449]: warnings.warn('Policy enforcement is depending on the value of '
Feb 04 18:07:08.806349 dv-cinder-822768-3-smb devstack@c-api.service[110449]: INFO cinder.api.openstack.wsgi [None req-a6c2a12f-a8eb-4985-b11a-5d025bb25b48 tempest-GroupSnapshotsTest-2032868605 tempest-GroupSnapshotsTest-2032868605-project] http://10.222.0.87/volume/v3/13ea4a35acb146a2b81f18bbbda7700e/groups/0005b743-6814-4906-8174-d70e66820204 returned with HTTP 200
Feb 04 18:07:08.808598 dv-cinder-822768-3-smb devstack@c-api.service[110449]: [pid: 110449|app: 0|req: 146/254] 10.222.0.87 () {60 vars in 1362 bytes} [Fri Feb 4 18:07:08 2022] GET /volume/v3/13ea4a35acb146a2b81f18bbbda7700e/groups/0005b743-6814-4906-8174-d70e66820204 => generated 392 bytes in 37 msecs (HTTP/1.1 200) 7 headers in 286 bytes (1 switches on core 0)
Feb 04 18:07:08.840293 dv-cinder-822768-3-smb devstack@c-api.service[110448]: DEBUG cinder.volume.api [None req-530c7f08-7281-47b7-a2c6-b18d52984130 tempest-VolumeSnapshotQuotasNegativeTestJSON-988795258 tempest-VolumeSnapshotQuotasNegativeTestJSON-988795258-project] Task 'cinder.volume.flows.api.create_volume.QuotaCommitTask;volume:create' (b65bc39b-c0d1-4589-8b3a-2f01dcba2398) transitioned into state 'SUCCESS' from state 'RUNNING' with result '{'volume_properties': VolumeProperties(attach_status='detached',availability_zone='nova',cgsnapshot_id=None,consistencygroup_id=None,display_description=None,display_name='tempest-VolumeSnapshotQuotasNegativeTestJSON-Volume-116880307',encryption_key_id=None,group_id=None,group_type_id=,metadata={},multiattach=False,project_id='c8bc95e8291f417e8aba12732bd7a605',qos_specs=None,replication_status=,reservations=['1ad7b053-a884-4201-b053-734b46fad2b2','08217bae-c4b6-4923-9673-40bedc57dc78','45a0227b-4f02-46d7-852d-0ec76f57ef52','96100036-35c2-48e5-8b07-617d0d80e159'],size=1,snapshot_id=None,source_replicaid=,source_volid=None,status='creating',user_id='aefc969191664b829af8aeff21416bcb',volume_type_id=d443ffd1-1557-4677-aab7-fa56058b7020)}' {{(pid=110448) _task_receiver /usr/local/lib/python3.8/dist-packages/taskflow/listeners/logging.py:178}}
Feb 04 18:07:08.842276 dv-cinder-822768-3-smb devstack@c-api.service[110448]: DEBUG cinder.volume.api [None req-530c7f08-7281-47b7-a2c6-b18d52984130 tempest-VolumeSnapshotQuotasNegativeTestJSON-988795258 tempest-VolumeSnapshotQuotasNegativeTestJSON-988795258-project] Task 'cinder.volume.flows.api.create_volume.VolumeCastTask;volume:create' (4af30076-880b-4f43-98b2-c1fae02bdf6e) transitioned into state 'RUNNING' from state 'PENDING' {{(pid=110448) _task_receiver /usr/local/lib/python3.8/dist-packages/taskflow/listeners/logging.py:190}}
Feb 04 18:07:08.960139 dv-cinder-822768-3-smb devstack@c-api.service[110448]: DEBUG cinder.volume.api [None req-530c7f08-7281-47b7-a2c6-b18d52984130 tempest-VolumeSnapshotQuotasNegativeTestJSON-988795258 tempest-VolumeSnapshotQuotasNegativeTestJSON-988795258-project] Task 'cinder.volume.flows.api.create_volume.VolumeCastTask;volume:create' (4af30076-880b-4f43-98b2-c1fae02bdf6e) transitioned into state 'SUCCESS' from state 'RUNNING' with result 'None' {{(pid=110448) _task_receiver /usr/local/lib/python3.8/dist-packages/taskflow/listeners/logging.py:178}}
Feb 04 18:07:08.969037 dv-cinder-822768-3-smb devstack@c-api.service[110448]: DEBUG cinder.volume.api [None req-530c7f08-7281-47b7-a2c6-b18d52984130 tempest-VolumeSnapshotQuotasNegativeTestJSON-988795258 tempest-VolumeSnapshotQuotasNegativeTestJSON-988795258-project] Flow 'volume_create_api' (67ca61ef-613e-4f6d-8b76-5bdd4c4b5f92) transitioned into state 'SUCCESS' from state 'RUNNING' {{(pid=110448) _flow_receiver /usr/local/lib/python3.8/dist-packages/taskflow/listeners/logging.py:141}}
Feb 04 18:07:08.972417 dv-cinder-822768-3-smb devstack@c-api.service[110448]: INFO cinder.volume.api [None req-530c7f08-7281-47b7-a2c6-b18d52984130 tempest-VolumeSnapshotQuotasNegativeTestJSON-988795258 tempest-VolumeSnapshotQuotasNegativeTestJSON-988795258-project] Create volume request issued successfully.
Feb 04 18:07:08.974091 dv-cinder-822768-3-smb devstack@c-api.service[110448]: INFO cinder.api.openstack.wsgi [None req-530c7f08-7281-47b7-a2c6-b18d52984130 tempest-VolumeSnapshotQuotasNegativeTestJSON-988795258 tempest-VolumeSnapshotQuotasNegativeTestJSON-988795258-project] http://10.222.0.87/volume/v3/c8bc95e8291f417e8aba12732bd7a605/volumes returned with HTTP 202
Feb 04 18:07:08.975372 dv-cinder-822768-3-smb devstack@c-api.service[110448]: [pid: 110448|app: 0|req: 109/255] 10.222.0.87 () {60 vars in 1234 bytes} [Fri Feb 4 18:07:08 2022] POST /volume/v3/c8bc95e8291f417e8aba12732bd7a605/volumes => generated 835 bytes in 931 msecs (HTTP/1.1 202) 7 headers in 291 bytes (1 switches on core 0)
Feb 04 18:07:08.990950 dv-cinder-822768-3-smb devstack@c-api.service[110449]: INFO cinder.api.openstack.wsgi [None req-cc6f9657-c201-4571-a71e-994f13e6843a tempest-VolumeSnapshotQuotasNegativeTestJSON-988795258 tempest-VolumeSnapshotQuotasNegativeTestJSON-988795258-project] GET http://10.222.0.87/volume/v3/c8bc95e8291f417e8aba12732bd7a605/volumes/530f50bb-730d-4cad-a0d9-0b1bd3b20def
Feb 04 18:07:08.990950 dv-cinder-822768-3-smb devstack@c-api.service[110449]: DEBUG cinder.api.openstack.wsgi [None req-cc6f9657-c201-4571-a71e-994f13e6843a tempest-VolumeSnapshotQuotasNegativeTestJSON-988795258 tempest-VolumeSnapshotQuotasNegativeTestJSON-988795258-project] Empty body provided in request {{(pid=110449) get_body /opt/stack/cinder/cinder/api/openstack/wsgi.py:715}}
Feb 04 18:07:08.990950 dv-cinder-822768-3-smb devstack@c-api.service[110449]: DEBUG cinder.api.openstack.wsgi [None req-cc6f9657-c201-4571-a71e-994f13e6843a tempest-VolumeSnapshotQuotasNegativeTestJSON-988795258 tempest-VolumeSnapshotQuotasNegativeTestJSON-988795258-project] Calling method 'show' {{(pid=110449) _process_stack /opt/stack/cinder/cinder/api/openstack/wsgi.py:868}}
Feb 04 18:07:09.006917 dv-cinder-822768-3-smb devstack@c-api.service[110449]: /usr/local/lib/python3.8/dist-packages/oslo_context/context.py:105: DeprecationWarning: Policy enforcement is depending on the value of is_admin. This key is deprecated. Please update your policy file to use the standard policy values.
Feb 04 18:07:09.006917 dv-cinder-822768-3-smb devstack@c-api.service[110449]: warnings.warn('Policy enforcement is depending on the value of '
Feb 04 18:07:09.017489 dv-cinder-822768-3-smb devstack@c-api.service[110449]: INFO cinder.volume.api [None req-cc6f9657-c201-4571-a71e-994f13e6843a tempest-VolumeSnapshotQuotasNegativeTestJSON-988795258 tempest-VolumeSnapshotQuotasNegativeTestJSON-988795258-project] Volume info retrieved successfully.
Feb 04 18:07:09.028506 dv-cinder-822768-3-smb devstack@c-api.service[110448]: INFO cinder.api.openstack.wsgi [None req-ea7a25be-a028-4fd6-aec4-3aeb48bfc1dd tempest-DeleteServersTestJSON-738865948 tempest-DeleteServersTestJSON-738865948-project] GET http://10.222.0.87/volume/v3/bc16ff508cd0420ab58f9178b231ac09/volumes/75e982c4-6155-464b-a1f5-5c92331c97f7
Feb 04 18:07:09.029054 dv-cinder-822768-3-smb devstack@c-api.service[110449]: INFO cinder.api.openstack.wsgi [None req-cc6f9657-c201-4571-a71e-994f13e6843a tempest-VolumeSnapshotQuotasNegativeTestJSON-988795258 tempest-VolumeSnapshotQuotasNegativeTestJSON-988795258-project] http://10.222.0.87/volume/v3/c8bc95e8291f417e8aba12732bd7a605/volumes/530f50bb-730d-4cad-a0d9-0b1bd3b20def returned with HTTP 200
Feb 04 18:07:09.029518 dv-cinder-822768-3-smb devstack@c-api.service[110448]: DEBUG cinder.api.openstack.wsgi [None req-ea7a25be-a028-4fd6-aec4-3aeb48bfc1dd tempest-DeleteServersTestJSON-738865948 tempest-DeleteServersTestJSON-738865948-project] Empty body provided in request {{(pid=110448) get_body /opt/stack/cinder/cinder/api/openstack/wsgi.py:715}}
Feb 04 18:07:09.029876 dv-cinder-822768-3-smb devstack@c-api.service[110449]: [pid: 110449|app: 0|req: 147/256] 10.222.0.87 () {58 vars in 1324 bytes} [Fri Feb 4 18:07:08 2022] GET /volume/v3/c8bc95e8291f417e8aba12732bd7a605/volumes/530f50bb-730d-4cad-a0d9-0b1bd3b20def => generated 903 bytes in 44 msecs (HTTP/1.1 200) 7 headers in 285 bytes (2 switches on core 0)
Feb 04 18:07:09.038255 dv-cinder-822768-3-smb devstack@c-api.service[110448]: DEBUG cinder.api.openstack.wsgi [None req-ea7a25be-a028-4fd6-aec4-3aeb48bfc1dd tempest-DeleteServersTestJSON-738865948 tempest-DeleteServersTestJSON-738865948-project] Calling method 'show' {{(pid=110448) _process_stack /opt/stack/cinder/cinder/api/openstack/wsgi.py:868}}
Feb 04 18:07:09.047881 dv-cinder-822768-3-smb devstack@c-api.service[110448]: /usr/local/lib/python3.8/dist-packages/oslo_context/context.py:105: DeprecationWarning: Policy enforcement is depending on the value of is_admin. This key is deprecated. Please update your policy file to use the standard policy values.
Feb 04 18:07:09.047881 dv-cinder-822768-3-smb devstack@c-api.service[110448]: warnings.warn('Policy enforcement is depending on the value of '
Feb 04 18:07:09.056646 dv-cinder-822768-3-smb devstack@c-api.service[110448]: INFO cinder.volume.api [None req-ea7a25be-a028-4fd6-aec4-3aeb48bfc1dd tempest-DeleteServersTestJSON-738865948 tempest-DeleteServersTestJSON-738865948-project] Volume info retrieved successfully.
Feb 04 18:07:09.068632 dv-cinder-822768-3-smb devstack@c-api.service[110448]: INFO cinder.api.openstack.wsgi [None req-ea7a25be-a028-4fd6-aec4-3aeb48bfc1dd tempest-DeleteServersTestJSON-738865948 tempest-DeleteServersTestJSON-738865948-project] http://10.222.0.87/volume/v3/bc16ff508cd0420ab58f9178b231ac09/volumes/75e982c4-6155-464b-a1f5-5c92331c97f7 returned with HTTP 200
Feb 04 18:07:09.070309 dv-cinder-822768-3-smb devstack@c-api.service[110448]: [pid: 110448|app: 0|req: 110/257] 10.222.0.87 () {58 vars in 1324 bytes} [Fri Feb 4 18:07:09 2022] GET /volume/v3/bc16ff508cd0420ab58f9178b231ac09/volumes/75e982c4-6155-464b-a1f5-5c92331c97f7 => generated 913 bytes in 47 msecs (HTTP/1.1 200) 7 headers in 285 bytes (2 switches on core 0)
Feb 04 18:07:09.180645 dv-cinder-822768-3-smb devstack@c-api.service[110449]: INFO cinder.api.openstack.wsgi [req-14a94f08-5509-4cba-9d5e-d4cf799e80a2 req-fcfe0141-72ff-49aa-be4e-66b877e878b6 tempest-DeleteServersTestJSON-738865948 tempest-DeleteServersTestJSON-738865948-project] GET http://10.222.0.87/volume/v3/bc16ff508cd0420ab58f9178b231ac09/volumes/75e982c4-6155-464b-a1f5-5c92331c97f7
Feb 04 18:07:09.181170 dv-cinder-822768-3-smb devstack@c-api.service[110449]: DEBUG cinder.api.openstack.wsgi [req-14a94f08-5509-4cba-9d5e-d4cf799e80a2 req-fcfe0141-72ff-49aa-be4e-66b877e878b6 tempest-DeleteServersTestJSON-738865948 tempest-DeleteServersTestJSON-738865948-project] Empty body provided in request {{(pid=110449) get_body /opt/stack/cinder/cinder/api/openstack/wsgi.py:715}}
Feb 04 18:07:09.181634 dv-cinder-822768-3-smb devstack@c-api.service[110449]: DEBUG cinder.api.openstack.wsgi [req-14a94f08-5509-4cba-9d5e-d4cf799e80a2 req-fcfe0141-72ff-49aa-be4e-66b877e878b6 tempest-DeleteServersTestJSON-738865948 tempest-DeleteServersTestJSON-738865948-project] Calling method 'show' {{(pid=110449) _process_stack /opt/stack/cinder/cinder/api/openstack/wsgi.py:868}}
Feb 04 18:07:09.202844 dv-cinder-822768-3-smb devstack@c-api.service[110449]: /usr/local/lib/python3.8/dist-packages/oslo_context/context.py:105: DeprecationWarning: Policy enforcement is depending on the value of is_admin. This key is deprecated. Please update your policy file to use the standard policy values.
Feb 04 18:07:09.202844 dv-cinder-822768-3-smb devstack@c-api.service[110449]: warnings.warn('Policy enforcement is depending on the value of '
Feb 04 18:07:09.211084 dv-cinder-822768-3-smb devstack@c-api.service[110449]: INFO cinder.volume.api [req-14a94f08-5509-4cba-9d5e-d4cf799e80a2 req-fcfe0141-72ff-49aa-be4e-66b877e878b6 tempest-DeleteServersTestJSON-738865948 tempest-DeleteServersTestJSON-738865948-project] Volume info retrieved successfully.
Feb 04 18:07:09.233218 dv-cinder-822768-3-smb devstack@c-api.service[110449]: INFO cinder.api.openstack.wsgi [req-14a94f08-5509-4cba-9d5e-d4cf799e80a2 req-fcfe0141-72ff-49aa-be4e-66b877e878b6 tempest-DeleteServersTestJSON-738865948 tempest-DeleteServersTestJSON-738865948-project] http://10.222.0.87/volume/v3/bc16ff508cd0420ab58f9178b231ac09/volumes/75e982c4-6155-464b-a1f5-5c92331c97f7 returned with HTTP 200
Feb 04 18:07:09.234443 dv-cinder-822768-3-smb devstack@c-api.service[110449]: [pid: 110449|app: 0|req: 148/258] 10.222.0.87 () {60 vars in 1578 bytes} [Fri Feb 4 18:07:09 2022] GET /volume/v3/bc16ff508cd0420ab58f9178b231ac09/volumes/75e982c4-6155-464b-a1f5-5c92331c97f7 => generated 913 bytes in 59 msecs (HTTP/1.1 200) 7 headers in 285 bytes (1 switches on core 0)
Feb 04 18:07:09.543083 dv-cinder-822768-3-smb devstack@c-api.service[110448]: INFO cinder.api.openstack.wsgi [None req-ea7a25be-a028-4fd6-aec4-3aeb48bfc1dd tempest-DeleteServersTestJSON-738865948 tempest-DeleteServersTestJSON-738865948-project] GET http://10.222.0.87/volume//
Feb 04 18:07:09.544224 dv-cinder-822768-3-smb devstack@c-api.service[110448]: DEBUG cinder.api.openstack.wsgi [None req-ea7a25be-a028-4fd6-aec4-3aeb48bfc1dd tempest-DeleteServersTestJSON-738865948 tempest-DeleteServersTestJSON-738865948-project] Empty body provided in request {{(pid=110448) get_body /opt/stack/cinder/cinder/api/openstack/wsgi.py:715}}
Feb 04 18:07:09.546082 dv-cinder-822768-3-smb devstack@c-api.service[110448]: DEBUG cinder.api.openstack.wsgi [None req-ea7a25be-a028-4fd6-aec4-3aeb48bfc1dd tempest-DeleteServersTestJSON-738865948 tempest-DeleteServersTestJSON-738865948-project] Calling method 'all' {{(pid=110448) _process_stack /opt/stack/cinder/cinder/api/openstack/wsgi.py:868}}
Feb 04 18:07:09.547476 dv-cinder-822768-3-smb devstack@c-api.service[110448]: INFO cinder.api.openstack.wsgi [None req-ea7a25be-a028-4fd6-aec4-3aeb48bfc1dd tempest-DeleteServersTestJSON-738865948 tempest-DeleteServersTestJSON-738865948-project] http://10.222.0.87/volume// returned with HTTP 300
Feb 04 18:07:09.548414 dv-cinder-822768-3-smb devstack@c-api.service[110448]: [pid: 110448|app: 0|req: 111/259] 10.222.0.87 () {58 vars in 1299 bytes} [Fri Feb 4 18:07:09 2022] GET /volume/ => generated 386 bytes in 7 msecs (HTTP/1.1 300) 5 headers in 169 bytes (1 switches on core 0)
Feb 04 18:07:09.564529 dv-cinder-822768-3-smb devstack@c-api.service[110449]: INFO cinder.api.openstack.wsgi [req-14a94f08-5509-4cba-9d5e-d4cf799e80a2 req-795005bd-480f-47f7-ba49-369b72a41bec tempest-DeleteServersTestJSON-738865948 tempest-DeleteServersTestJSON-738865948-project] POST http://10.222.0.87/volume/v3/bc16ff508cd0420ab58f9178b231ac09/attachments
Feb 04 18:07:09.567712 dv-cinder-822768-3-smb devstack@c-api.service[110449]: DEBUG cinder.api.openstack.wsgi [req-14a94f08-5509-4cba-9d5e-d4cf799e80a2 req-795005bd-480f-47f7-ba49-369b72a41bec tempest-DeleteServersTestJSON-738865948 tempest-DeleteServersTestJSON-738865948-project] Action: 'create', calling method: version_select, body: {"attachment": {"volume_uuid": "75e982c4-6155-464b-a1f5-5c92331c97f7", "connector": null, "instance_uuid": "e90b3253-b5ca-4d08-a046-ebf124a51a86"}} {{(pid=110449) _process_stack /opt/stack/cinder/cinder/api/openstack/wsgi.py:866}}
Feb 04 18:07:09.584745 dv-cinder-822768-3-smb devstack@c-api.service[110449]: /usr/local/lib/python3.8/dist-packages/oslo_context/context.py:105: DeprecationWarning: Policy enforcement is depending on the value of is_admin. This key is deprecated. Please update your policy file to use the standard policy values.
Feb 04 18:07:09.584745 dv-cinder-822768-3-smb devstack@c-api.service[110449]: warnings.warn('Policy enforcement is depending on the value of '
Feb 04 18:07:09.777120 dv-cinder-822768-3-smb devstack@c-api.service[110448]: INFO cinder.api.openstack.wsgi [None req-4bc355f0-e607-472f-b71d-c69d85a6d3f4 tempest-VolumesImageMetadata-1024634557 tempest-VolumesImageMetadata-1024634557-project] GET http://10.222.0.87/volume/v3/e3d3cd74dfa541beb9b7372dc8f61447/volumes/f4eb34ae-ad0a-4638-8504-8d2f1079412c
Feb 04 18:07:09.777499 dv-cinder-822768-3-smb devstack@c-api.service[110448]: DEBUG cinder.api.openstack.wsgi [None req-4bc355f0-e607-472f-b71d-c69d85a6d3f4 tempest-VolumesImageMetadata-1024634557 tempest-VolumesImageMetadata-1024634557-project] Empty body provided in request {{(pid=110448) get_body /opt/stack/cinder/cinder/api/openstack/wsgi.py:715}}
Feb 04 18:07:09.778315 dv-cinder-822768-3-smb devstack@c-api.service[110448]: DEBUG cinder.api.openstack.wsgi [None req-4bc355f0-e607-472f-b71d-c69d85a6d3f4 tempest-VolumesImageMetadata-1024634557 tempest-VolumesImageMetadata-1024634557-project] Calling method 'show' {{(pid=110448) _process_stack /opt/stack/cinder/cinder/api/openstack/wsgi.py:868}}
Feb 04 18:07:09.797752 dv-cinder-822768-3-smb devstack@c-api.service[110448]: /usr/local/lib/python3.8/dist-packages/oslo_context/context.py:105: DeprecationWarning: Policy enforcement is depending on the value of is_admin. This key is deprecated. Please update your policy file to use the standard policy values.
Feb 04 18:07:09.797752 dv-cinder-822768-3-smb devstack@c-api.service[110448]: warnings.warn('Policy enforcement is depending on the value of '
Feb 04 18:07:09.807976 dv-cinder-822768-3-smb devstack@c-api.service[110448]: INFO cinder.volume.api [None req-4bc355f0-e607-472f-b71d-c69d85a6d3f4 tempest-VolumesImageMetadata-1024634557 tempest-VolumesImageMetadata-1024634557-project] Volume info retrieved successfully.
Feb 04 18:07:09.819512 dv-cinder-822768-3-smb devstack@c-api.service[110448]: INFO cinder.api.openstack.wsgi [None req-4bc355f0-e607-472f-b71d-c69d85a6d3f4 tempest-VolumesImageMetadata-1024634557 tempest-VolumesImageMetadata-1024634557-project] http://10.222.0.87/volume/v3/e3d3cd74dfa541beb9b7372dc8f61447/volumes/f4eb34ae-ad0a-4638-8504-8d2f1079412c returned with HTTP 200
Feb 04 18:07:09.821343 dv-cinder-822768-3-smb devstack@c-api.service[110448]: [pid: 110448|app: 0|req: 112/260] 10.222.0.87 () {58 vars in 1324 bytes} [Fri Feb 4 18:07:09 2022] GET /volume/v3/e3d3cd74dfa541beb9b7372dc8f61447/volumes/f4eb34ae-ad0a-4638-8504-8d2f1079412c => generated 910 bytes in 48 msecs (HTTP/1.1 200) 7 headers in 285 bytes (2 switches on core 0)
Feb 04 18:07:09.851662 dv-cinder-822768-3-smb devstack@c-api.service[110448]: INFO cinder.api.openstack.wsgi [None req-f2f9ba31-8739-4e9e-8505-a686a7167046 tempest-GroupSnapshotsTest-2032868605 tempest-GroupSnapshotsTest-2032868605-project] GET http://10.222.0.87/volume/v3/13ea4a35acb146a2b81f18bbbda7700e/groups/0005b743-6814-4906-8174-d70e66820204
Feb 04 18:07:09.853206 dv-cinder-822768-3-smb devstack@c-api.service[110448]: DEBUG cinder.api.openstack.wsgi [None req-f2f9ba31-8739-4e9e-8505-a686a7167046 tempest-GroupSnapshotsTest-2032868605 tempest-GroupSnapshotsTest-2032868605-project] Empty body provided in request {{(pid=110448) get_body /opt/stack/cinder/cinder/api/openstack/wsgi.py:715}}
Feb 04 18:07:09.855761 dv-cinder-822768-3-smb devstack@c-api.service[110448]: DEBUG cinder.api.openstack.wsgi [None req-f2f9ba31-8739-4e9e-8505-a686a7167046 tempest-GroupSnapshotsTest-2032868605 tempest-GroupSnapshotsTest-2032868605-project] Calling method 'version_select' {{(pid=110448) _process_stack /opt/stack/cinder/cinder/api/openstack/wsgi.py:868}}
Feb 04 18:07:09.856507 dv-cinder-822768-3-smb devstack@c-api.service[110448]: DEBUG cinder.api.v3.groups [None req-f2f9ba31-8739-4e9e-8505-a686a7167046 tempest-GroupSnapshotsTest-2032868605 tempest-GroupSnapshotsTest-2032868605-project] show called for member 0005b743-6814-4906-8174-d70e66820204 {{(pid=110448) show /opt/stack/cinder/cinder/api/v3/groups.py:58}}
Feb 04 18:07:09.864170 dv-cinder-822768-3-smb devstack@c-api.service[110448]: /usr/local/lib/python3.8/dist-packages/oslo_context/context.py:105: DeprecationWarning: Policy enforcement is depending on the value of is_admin. This key is deprecated. Please update your policy file to use the standard policy values.
Feb 04 18:07:09.864170 dv-cinder-822768-3-smb devstack@c-api.service[110448]: warnings.warn('Policy enforcement is depending on the value of '
Feb 04 18:07:09.884074 dv-cinder-822768-3-smb devstack@c-api.service[110448]: INFO cinder.api.openstack.wsgi [None req-f2f9ba31-8739-4e9e-8505-a686a7167046 tempest-GroupSnapshotsTest-2032868605 tempest-GroupSnapshotsTest-2032868605-project] http://10.222.0.87/volume/v3/13ea4a35acb146a2b81f18bbbda7700e/groups/0005b743-6814-4906-8174-d70e66820204 returned with HTTP 200
Feb 04 18:07:09.888998 dv-cinder-822768-3-smb devstack@c-api.service[110448]: [pid: 110448|app: 0|req: 113/261] 10.222.0.87 () {60 vars in 1362 bytes} [Fri Feb 4 18:07:09 2022] GET /volume/v3/13ea4a35acb146a2b81f18bbbda7700e/groups/0005b743-6814-4906-8174-d70e66820204 => generated 393 bytes in 63 msecs (HTTP/1.1 200) 7 headers in 286 bytes (1 switches on core 0)
Feb 04 18:07:09.895195 dv-cinder-822768-3-smb devstack@c-api.service[110448]: INFO cinder.api.openstack.wsgi [None req-1f9f9617-cd2e-4923-82c7-9415c9c37a15 tempest-GroupSnapshotsTest-2032868605 tempest-GroupSnapshotsTest-2032868605-project] POST http://10.222.0.87/volume/v3/13ea4a35acb146a2b81f18bbbda7700e/volumes
Feb 04 18:07:09.896263 dv-cinder-822768-3-smb devstack@c-api.service[110448]: DEBUG cinder.api.openstack.wsgi [None req-1f9f9617-cd2e-4923-82c7-9415c9c37a15 tempest-GroupSnapshotsTest-2032868605 tempest-GroupSnapshotsTest-2032868605-project] Action: 'create', calling method: create, body: {"volume": {"volume_type": "d0c874ed-50e7-469c-a827-e6cee8f89cd4", "group_id": "0005b743-6814-4906-8174-d70e66820204", "size": 1, "name": "tempest-GroupSnapshotsTest-Volume-595329331"}} {{(pid=110448) _process_stack /opt/stack/cinder/cinder/api/openstack/wsgi.py:866}}
Feb 04 18:07:09.897472 dv-cinder-822768-3-smb devstack@c-api.service[110448]: DEBUG cinder.api.v3.volumes [None req-1f9f9617-cd2e-4923-82c7-9415c9c37a15 tempest-GroupSnapshotsTest-2032868605 tempest-GroupSnapshotsTest-2032868605-project] Create volume request body: {'volume': {'volume_type': 'd0c874ed-50e7-469c-a827-e6cee8f89cd4', 'group_id': '0005b743-6814-4906-8174-d70e66820204', 'size': 1, 'name': 'tempest-GroupSnapshotsTest-Volume-595329331'}} {{(pid=110448) create /opt/stack/cinder/cinder/api/v3/volumes.py:298}}
Feb 04 18:07:09.924147 dv-cinder-822768-3-smb devstack@c-api.service[110448]: /usr/local/lib/python3.8/dist-packages/oslo_context/context.py:105: DeprecationWarning: Policy enforcement is depending on the value of is_admin. This key is deprecated. Please update your policy file to use the standard policy values.
Feb 04 18:07:09.924147 dv-cinder-822768-3-smb devstack@c-api.service[110448]: warnings.warn('Policy enforcement is depending on the value of '
Feb 04 18:07:09.925810 dv-cinder-822768-3-smb devstack@c-api.service[110448]: INFO cinder.api.v3.volumes [None req-1f9f9617-cd2e-4923-82c7-9415c9c37a15 tempest-GroupSnapshotsTest-2032868605 tempest-GroupSnapshotsTest-2032868605-project] Create volume of 1 GB
Feb 04 18:07:09.930099 dv-cinder-822768-3-smb devstack@c-api.service[110449]: INFO cinder.api.openstack.wsgi [req-14a94f08-5509-4cba-9d5e-d4cf799e80a2 req-795005bd-480f-47f7-ba49-369b72a41bec tempest-DeleteServersTestJSON-738865948 tempest-DeleteServersTestJSON-738865948-project] http://10.222.0.87/volume/v3/bc16ff508cd0420ab58f9178b231ac09/attachments returned with HTTP 200
Feb 04 18:07:09.931070 dv-cinder-822768-3-smb devstack@c-api.service[110449]: [pid: 110449|app: 0|req: 149/262] 10.222.0.87 () {66 vars in 1574 bytes} [Fri Feb 4 18:07:09 2022] POST /volume/v3/bc16ff508cd0420ab58f9178b231ac09/attachments => generated 273 bytes in 375 msecs (HTTP/1.1 200) 7 headers in 286 bytes (1 switches on core 0)
Feb 04 18:07:09.943080 dv-cinder-822768-3-smb devstack@c-api.service[110448]: INFO cinder.volume.api [None req-1f9f9617-cd2e-4923-82c7-9415c9c37a15 tempest-GroupSnapshotsTest-2032868605 tempest-GroupSnapshotsTest-2032868605-project] Availability Zones retrieved successfully.
Feb 04 18:07:09.960184 dv-cinder-822768-3-smb devstack@c-api.service[110448]: DEBUG cinder.volume.api [None req-1f9f9617-cd2e-4923-82c7-9415c9c37a15 tempest-GroupSnapshotsTest-2032868605 tempest-GroupSnapshotsTest-2032868605-project] Flow 'volume_create_api' (2a56c548-2b51-4d10-9521-c150f0d95473) transitioned into state 'RUNNING' from state 'PENDING' {{(pid=110448) _flow_receiver /usr/local/lib/python3.8/dist-packages/taskflow/listeners/logging.py:141}}
Feb 04 18:07:09.963716 dv-cinder-822768-3-smb devstack@c-api.service[110448]: DEBUG cinder.volume.api [None req-1f9f9617-cd2e-4923-82c7-9415c9c37a15 tempest-GroupSnapshotsTest-2032868605 tempest-GroupSnapshotsTest-2032868605-project] Task 'cinder.volume.flows.api.create_volume.ExtractVolumeRequestTask;volume:create' (8bd471cc-5916-4803-8530-acdba86ff557) transitioned into state 'RUNNING' from state 'PENDING' {{(pid=110448) _task_receiver /usr/local/lib/python3.8/dist-packages/taskflow/listeners/logging.py:190}}
Feb 04 18:07:09.965870 dv-cinder-822768-3-smb devstack@c-api.service[110448]: /usr/local/lib/python3.8/dist-packages/oslo_context/context.py:105: DeprecationWarning: Policy enforcement is depending on the value of is_admin. This key is deprecated. Please update your policy file to use the standard policy values.
Feb 04 18:07:09.965870 dv-cinder-822768-3-smb devstack@c-api.service[110448]: warnings.warn('Policy enforcement is depending on the value of '
Feb 04 18:07:09.966928 dv-cinder-822768-3-smb devstack@c-api.service[110448]: DEBUG cinder.volume.flows.api.create_volume [None req-1f9f9617-cd2e-4923-82c7-9415c9c37a15 tempest-GroupSnapshotsTest-2032868605 tempest-GroupSnapshotsTest-2032868605-project] Validating volume size '1' using validate_int {{(pid=110448) _extract_size /opt/stack/cinder/cinder/volume/flows/api/create_volume.py:225}}
Feb 04 18:07:09.992713 dv-cinder-822768-3-smb devstack@c-api.service[110448]: DEBUG cinder.volume.api [None req-1f9f9617-cd2e-4923-82c7-9415c9c37a15 tempest-GroupSnapshotsTest-2032868605 tempest-GroupSnapshotsTest-2032868605-project] Task 'cinder.volume.flows.api.create_volume.ExtractVolumeRequestTask;volume:create' (8bd471cc-5916-4803-8530-acdba86ff557) transitioned into state 'SUCCESS' from state 'RUNNING' with result '{'size': 1, 'snapshot_id': None, 'source_volid': None, 'volume_type': VolumeType(created_at=2022-02-04T18:07:08Z,deleted=False,deleted_at=None,description=None,extra_specs={},id=d0c874ed-50e7-469c-a827-e6cee8f89cd4,is_public=True,name='tempest-GroupSnapshotsTest-volume-type-1071142612',projects=[],qos_specs=,qos_specs_id=None,updated_at=None), 'volume_type_id': 'd0c874ed-50e7-469c-a827-e6cee8f89cd4', 'encryption_key_id': None, 'qos_specs': None, 'consistencygroup_id': None, 'cgsnapshot_id': None, 'group_id': '0005b743-6814-4906-8174-d70e66820204', 'replication_status': 'disabled', 'refresh_az': False, 'backup_id': None, 'multiattach': False, 'availability_zones': ['nova']}' {{(pid=110448) _task_receiver /usr/local/lib/python3.8/dist-packages/taskflow/listeners/logging.py:178}}
Feb 04 18:07:09.995081 dv-cinder-822768-3-smb devstack@c-api.service[110448]: DEBUG cinder.volume.api [None req-1f9f9617-cd2e-4923-82c7-9415c9c37a15 tempest-GroupSnapshotsTest-2032868605 tempest-GroupSnapshotsTest-2032868605-project] Task 'cinder.volume.flows.api.create_volume.QuotaReserveTask;volume:create' (cc44ea6a-7ab4-40cd-8e63-383e6123d353) transitioned into state 'RUNNING' from state 'PENDING' {{(pid=110448) _task_receiver /usr/local/lib/python3.8/dist-packages/taskflow/listeners/logging.py:190}}
Feb 04 18:07:10.047743 dv-cinder-822768-3-smb devstack@c-api.service[110449]: INFO cinder.api.openstack.wsgi [None req-76c3c096-a470-48e0-9f53-a6461982b82c tempest-VolumeSnapshotQuotasNegativeTestJSON-988795258 tempest-VolumeSnapshotQuotasNegativeTestJSON-988795258-project] GET http://10.222.0.87/volume/v3/c8bc95e8291f417e8aba12732bd7a605/volumes/530f50bb-730d-4cad-a0d9-0b1bd3b20def
Feb 04 18:07:10.048209 dv-cinder-822768-3-smb devstack@c-api.service[110449]: DEBUG cinder.api.openstack.wsgi [None req-76c3c096-a470-48e0-9f53-a6461982b82c tempest-VolumeSnapshotQuotasNegativeTestJSON-988795258 tempest-VolumeSnapshotQuotasNegativeTestJSON-988795258-project] Empty body provided in request {{(pid=110449) get_body /opt/stack/cinder/cinder/api/openstack/wsgi.py:715}}
Feb 04 18:07:10.048674 dv-cinder-822768-3-smb devstack@c-api.service[110449]: DEBUG cinder.api.openstack.wsgi [None req-76c3c096-a470-48e0-9f53-a6461982b82c tempest-VolumeSnapshotQuotasNegativeTestJSON-988795258 tempest-VolumeSnapshotQuotasNegativeTestJSON-988795258-project] Calling method 'show' {{(pid=110449) _process_stack /opt/stack/cinder/cinder/api/openstack/wsgi.py:868}}
Feb 04 18:07:10.049576 dv-cinder-822768-3-smb devstack@c-api.service[110448]: WARNING cinder.quota [None req-1f9f9617-cd2e-4923-82c7-9415c9c37a15 tempest-GroupSnapshotsTest-2032868605 tempest-GroupSnapshotsTest-2032868605-project] Deprecated: Default quota for resource: volumes_tempest-GroupSnapshotsTest-volume-type-1071142612 is set by the default quota flag: quota_volumes_tempest-GroupSnapshotsTest-volume-type-1071142612, it is now deprecated. Please use the default quota class for default quota.
Feb 04 18:07:10.050387 dv-cinder-822768-3-smb devstack@c-api.service[110448]: WARNING cinder.quota [None req-1f9f9617-cd2e-4923-82c7-9415c9c37a15 tempest-GroupSnapshotsTest-2032868605 tempest-GroupSnapshotsTest-2032868605-project] Deprecated: Default quota for resource: gigabytes_tempest-GroupSnapshotsTest-volume-type-1071142612 is set by the default quota flag: quota_gigabytes_tempest-GroupSnapshotsTest-volume-type-1071142612, it is now deprecated. Please use the default quota class for default quota.
Feb 04 18:07:10.066497 dv-cinder-822768-3-smb devstack@c-api.service[110449]: /usr/local/lib/python3.8/dist-packages/oslo_context/context.py:105: DeprecationWarning: Policy enforcement is depending on the value of is_admin. This key is deprecated. Please update your policy file to use the standard policy values.
Feb 04 18:07:10.066497 dv-cinder-822768-3-smb devstack@c-api.service[110449]: warnings.warn('Policy enforcement is depending on the value of '
Feb 04 18:07:10.077111 dv-cinder-822768-3-smb devstack@c-api.service[110449]: INFO cinder.volume.api [None req-76c3c096-a470-48e0-9f53-a6461982b82c tempest-VolumeSnapshotQuotasNegativeTestJSON-988795258 tempest-VolumeSnapshotQuotasNegativeTestJSON-988795258-project] Volume info retrieved successfully.
Feb 04 18:07:10.092632 dv-cinder-822768-3-smb devstack@c-api.service[110449]: INFO cinder.api.openstack.wsgi [None req-76c3c096-a470-48e0-9f53-a6461982b82c tempest-VolumeSnapshotQuotasNegativeTestJSON-988795258 tempest-VolumeSnapshotQuotasNegativeTestJSON-988795258-project] http://10.222.0.87/volume/v3/c8bc95e8291f417e8aba12732bd7a605/volumes/530f50bb-730d-4cad-a0d9-0b1bd3b20def returned with HTTP 200
Feb 04 18:07:10.094008 dv-cinder-822768-3-smb devstack@c-api.service[110449]: [pid: 110449|app: 0|req: 150/263] 10.222.0.87 () {58 vars in 1324 bytes} [Fri Feb 4 18:07:10 2022] GET /volume/v3/c8bc95e8291f417e8aba12732bd7a605/volumes/530f50bb-730d-4cad-a0d9-0b1bd3b20def => generated 928 bytes in 52 msecs (HTTP/1.1 200) 7 headers in 285 bytes (2 switches on core 0)
Feb 04 18:07:10.114562 dv-cinder-822768-3-smb devstack@c-api.service[110449]: INFO cinder.api.openstack.wsgi [None req-70f3b410-f1ad-4787-aeb3-4f0e87e61e34 tempest-VolumeSnapshotQuotasNegativeTestJSON-988795258 tempest-VolumeSnapshotQuotasNegativeTestJSON-988795258-project] POST http://10.222.0.87/volume/v3/c8bc95e8291f417e8aba12732bd7a605/snapshots
Feb 04 18:07:10.121697 dv-cinder-822768-3-smb devstack@c-api.service[110449]: DEBUG cinder.api.openstack.wsgi [None req-70f3b410-f1ad-4787-aeb3-4f0e87e61e34 tempest-VolumeSnapshotQuotasNegativeTestJSON-988795258 tempest-VolumeSnapshotQuotasNegativeTestJSON-988795258-project] Action: 'create', calling method: create, body: {"snapshot": {"volume_id": "530f50bb-730d-4cad-a0d9-0b1bd3b20def", "name": "tempest-VolumeSnapshotQuotasNegativeTestJSON-Snapshot-246037586"}} {{(pid=110449) _process_stack /opt/stack/cinder/cinder/api/openstack/wsgi.py:866}}
Feb 04 18:07:10.162447 dv-cinder-822768-3-smb devstack@c-api.service[110449]: /usr/local/lib/python3.8/dist-packages/oslo_context/context.py:105: DeprecationWarning: Policy enforcement is depending on the value of is_admin. This key is deprecated. Please update your policy file to use the standard policy values.
Feb 04 18:07:10.162447 dv-cinder-822768-3-smb devstack@c-api.service[110449]: warnings.warn('Policy enforcement is depending on the value of '
Feb 04 18:07:10.163508 dv-cinder-822768-3-smb devstack@c-api.service[110449]: INFO cinder.volume.api [None req-70f3b410-f1ad-4787-aeb3-4f0e87e61e34 tempest-VolumeSnapshotQuotasNegativeTestJSON-988795258 tempest-VolumeSnapshotQuotasNegativeTestJSON-988795258-project] Volume info retrieved successfully.
Feb 04 18:07:10.163816 dv-cinder-822768-3-smb devstack@c-api.service[110449]: INFO cinder.api.v3.snapshots [None req-70f3b410-f1ad-4787-aeb3-4f0e87e61e34 tempest-VolumeSnapshotQuotasNegativeTestJSON-988795258 tempest-VolumeSnapshotQuotasNegativeTestJSON-988795258-project] Create snapshot from volume 530f50bb-730d-4cad-a0d9-0b1bd3b20def
Feb 04 18:07:10.453844 dv-cinder-822768-3-smb devstack@c-api.service[110448]: DEBUG cinder.quota [None req-1f9f9617-cd2e-4923-82c7-9415c9c37a15 tempest-GroupSnapshotsTest-2032868605 tempest-GroupSnapshotsTest-2032868605-project] Created reservations ['7105b5a1-8038-4df6-81b2-c2cbe09028aa', 'dfe76c34-7a5e-4cff-b21b-bbc59797a3bb', 'f5aa364c-b3d5-40c2-93b2-75ed87b8eae9', '4ddfeb16-25d5-41c2-b1f3-6dfab434824c'] {{(pid=110448) reserve /opt/stack/cinder/cinder/quota.py:755}}
Feb 04 18:07:10.455718 dv-cinder-822768-3-smb devstack@c-api.service[110448]: DEBUG cinder.volume.api [None req-1f9f9617-cd2e-4923-82c7-9415c9c37a15 tempest-GroupSnapshotsTest-2032868605 tempest-GroupSnapshotsTest-2032868605-project] Task 'cinder.volume.flows.api.create_volume.QuotaReserveTask;volume:create' (cc44ea6a-7ab4-40cd-8e63-383e6123d353) transitioned into state 'SUCCESS' from state 'RUNNING' with result '{'reservations': ['7105b5a1-8038-4df6-81b2-c2cbe09028aa', 'dfe76c34-7a5e-4cff-b21b-bbc59797a3bb', 'f5aa364c-b3d5-40c2-93b2-75ed87b8eae9', '4ddfeb16-25d5-41c2-b1f3-6dfab434824c']}' {{(pid=110448) _task_receiver /usr/local/lib/python3.8/dist-packages/taskflow/listeners/logging.py:178}}
Feb 04 18:07:10.458037 dv-cinder-822768-3-smb devstack@c-api.service[110448]: DEBUG cinder.volume.api [None req-1f9f9617-cd2e-4923-82c7-9415c9c37a15 tempest-GroupSnapshotsTest-2032868605 tempest-GroupSnapshotsTest-2032868605-project] Task 'cinder.volume.flows.api.create_volume.EntryCreateTask;volume:create' (519fe00f-194e-4572-aa51-3f9de579f9da) transitioned into state 'RUNNING' from state 'PENDING' {{(pid=110448) _task_receiver /usr/local/lib/python3.8/dist-packages/taskflow/listeners/logging.py:190}}
Feb 04 18:07:10.542671 dv-cinder-822768-3-smb devstack@c-api.service[110449]: DEBUG cinder.quota [None req-70f3b410-f1ad-4787-aeb3-4f0e87e61e34 tempest-VolumeSnapshotQuotasNegativeTestJSON-988795258 tempest-VolumeSnapshotQuotasNegativeTestJSON-988795258-project] Created reservations ['793f4480-2327-4f61-8485-5f79dca26161', '40d50ca8-b8bd-478b-9313-10becf295d79', '60b325fc-b4ce-4e30-a7b0-4c5e7f1af928', '4554ae32-45b9-4c67-b794-4df8eca7b9ef'] {{(pid=110449) reserve /opt/stack/cinder/cinder/quota.py:755}}
