Dec 16 14:39:03.783685 dv-cinder-821893-3-smb neutron-server[82861]: DEBUG oslo_concurrency.lockutils [None req-8a654903-5c5f-452c-be40-4bd2c2d69dab admin admin] Lock "event-dispatch" released by "neutron.plugins.ml2.ovo_rpc._ObjectChangeHandler.dispatch_events" :: held 0.266s {{(pid=82861) inner /usr/local/lib/python3.8/dist-packages/oslo_concurrency/lockutils.py:367}}
Dec 16 14:39:03.844615 dv-cinder-821893-3-smb neutron-server[82861]: DEBUG neutron.db.db_base_plugin_v2 [None req-a8edddfa-a2e1-4acc-8704-47b6497de029 admin admin] Deleting subnet b6d746b6-9334-4d08-8506-05f2a4e20adb {{(pid=82861) delete_subnet /opt/stack/neutron/neutron/db/db_base_plugin_v2.py:1047}}
Dec 16 14:39:03.870708 dv-cinder-821893-3-smb neutron-server[82861]: DEBUG neutron_lib.callbacks.manager [None req-a8edddfa-a2e1-4acc-8704-47b6497de029 admin admin] Notify callbacks [] for subnet, before_delete {{(pid=82861) _notify_loop /usr/local/lib/python3.8/dist-packages/neutron_lib/callbacks/manager.py:192}}
Dec 16 14:39:03.944363 dv-cinder-821893-3-smb neutron-server[82860]: DEBUG neutron_lib.callbacks.manager [None req-883b9670-03af-4a3a-b038-2d5f45dc6f3a admin admin] Notify callbacks [] for security_group, precommit_delete {{(pid=82860) _notify_loop /usr/local/lib/python3.8/dist-packages/neutron_lib/callbacks/manager.py:192}}
Dec 16 14:39:03.962235 dv-cinder-821893-3-smb neutron-server[82862]: DEBUG neutron.db.provisioning_blocks [None req-f6229732-0e41-43f5-a49f-d6435ea1c5df None None] Provisioning complete for port a21f931e-7100-4891-b059-8208d9a7fb39 triggered by entity DHCP. {{(pid=82862) provisioning_complete /opt/stack/neutron/neutron/db/provisioning_blocks.py:139}}
Dec 16 14:39:03.962710 dv-cinder-821893-3-smb neutron-server[82862]: DEBUG neutron_lib.callbacks.manager [None req-f6229732-0e41-43f5-a49f-d6435ea1c5df None None] Notify callbacks ['neutron.plugins.ml2.plugin.Ml2Plugin._port_provisioned-3404829'] for port, provisioning_complete {{(pid=82862) _notify_loop /usr/local/lib/python3.8/dist-packages/neutron_lib/callbacks/manager.py:192}}
Dec 16 14:39:04.046834 dv-cinder-821893-3-smb neutron-server[82861]: DEBUG neutron_lib.callbacks.manager [None req-a8edddfa-a2e1-4acc-8704-47b6497de029 admin admin] Notify callbacks ['neutron.services.segments.plugin.Plugin._validate_auto_address_subnet_delete-855980'] for subnet, precommit_delete_associations {{(pid=82861) _notify_loop /usr/local/lib/python3.8/dist-packages/neutron_lib/callbacks/manager.py:192}}
Dec 16 14:39:04.162763 dv-cinder-821893-3-smb neutron-server[82860]: DEBUG neutron_lib.callbacks.manager [None req-3e9feb87-053e-4a67-b19a-393ec0a5f20b admin admin] Notify callbacks [] for port, precommit_create {{(pid=82860) _notify_loop /usr/local/lib/python3.8/dist-packages/neutron_lib/callbacks/manager.py:192}}
Dec 16 14:39:04.164192 dv-cinder-821893-3-smb neutron-server[82861]: DEBUG neutron_lib.callbacks.manager [None req-a8edddfa-a2e1-4acc-8704-47b6497de029 admin admin] Notify callbacks ['neutron.plugins.ml2.plugin.Ml2Plugin._subnet_delete_precommit_handler-3375631'] for subnet, precommit_delete {{(pid=82861) _notify_loop /usr/local/lib/python3.8/dist-packages/neutron_lib/callbacks/manager.py:192}}
Dec 16 14:39:04.167068 dv-cinder-821893-3-smb neutron-server[82862]: DEBUG neutron.plugins.ml2.rpc [None req-25d38245-7659-4da7-8a4c-cf38a6bff27e None None] Device a21f931e-7100-4891-b059-8208d9a7fb39 up at agent ovs-agent-dv-cinder-821893-3-smb {{(pid=82862) update_device_up /opt/stack/neutron/neutron/plugins/ml2/rpc.py:278}}
Dec 16 14:39:04.234643 dv-cinder-821893-3-smb neutron-server[82861]: DEBUG neutron.wsgi [-] (82861) accepted ('10.222.0.44', 55604) {{(pid=82861) server /usr/local/lib/python3.8/dist-packages/eventlet/wsgi.py:992}}
Dec 16 14:39:04.331134 dv-cinder-821893-3-smb neutron-server[82861]: DEBUG neutron_lib.callbacks.manager [None req-a8edddfa-a2e1-4acc-8704-47b6497de029 admin admin] Notify callbacks ['neutron.plugins.ml2.plugin.Ml2Plugin._subnet_delete_after_delete_handler-3375616', 'neutron.plugins.ml2.ovo_rpc._ObjectChangeHandler.handle_event-119128', 'neutron.api.rpc.agentnotifiers.dhcp_rpc_agent_api.DhcpAgentNotifyAPI._native_event_send_dhcp_notification-3563812', 'neutron.services.segments.plugin.NovaSegmentNotifier._notify_subnet_deleted-3754695', 'neutron.services.segments.plugin.SegmentHostRoutes.host_routes_after_delete-1404220'] for subnet, after_delete {{(pid=82861) _notify_loop /usr/local/lib/python3.8/dist-packages/neutron_lib/callbacks/manager.py:192}}
Dec 16 14:39:04.353709 dv-cinder-821893-3-smb neutron-server[82861]: DEBUG oslo_concurrency.lockutils [-] Lock "event-dispatch" acquired by "neutron.plugins.ml2.ovo_rpc._ObjectChangeHandler.dispatch_events" :: waited 0.000s {{(pid=82861) inner /usr/local/lib/python3.8/dist-packages/oslo_concurrency/lockutils.py:355}}
Dec 16 14:39:04.357775 dv-cinder-821893-3-smb neutron-server[82862]: DEBUG neutron.db.provisioning_blocks [None req-25d38245-7659-4da7-8a4c-cf38a6bff27e None None] Provisioning complete for port a21f931e-7100-4891-b059-8208d9a7fb39 triggered by entity L2. {{(pid=82862) provisioning_complete /opt/stack/neutron/neutron/db/provisioning_blocks.py:139}}
Dec 16 14:39:04.358253 dv-cinder-821893-3-smb neutron-server[82862]: DEBUG neutron_lib.callbacks.manager [None req-25d38245-7659-4da7-8a4c-cf38a6bff27e None None] Notify callbacks ['neutron.plugins.ml2.plugin.Ml2Plugin._port_provisioned-3404829'] for port, provisioning_complete {{(pid=82862) _notify_loop /usr/local/lib/python3.8/dist-packages/neutron_lib/callbacks/manager.py:192}}
Dec 16 14:39:04.365847 dv-cinder-821893-3-smb neutron-server[82860]: DEBUG neutron_lib.callbacks.manager [None req-883b9670-03af-4a3a-b038-2d5f45dc6f3a admin admin] Notify callbacks ['neutron.plugins.ml2.ovo_rpc._ObjectChangeHandler.handle_event-356858'] for security_group, after_delete {{(pid=82860) _notify_loop /usr/local/lib/python3.8/dist-packages/neutron_lib/callbacks/manager.py:192}}
Dec 16 14:39:04.372470 dv-cinder-821893-3-smb neutron-server[82860]: INFO neutron.wsgi [req-732441de-bf1e-4a7c-9e0c-6f0dc31b92e7 req-7b9c949b-6da9-4fdd-bc67-d25f4c06661f service neutron] 10.222.0.44 "GET /v2.0/networks/e900d275-1369-493b-b34b-2714373cc1d9?fields=segments HTTP/1.1" status: 200 len: 212 time: 0.9119761
Dec 16 14:39:04.386986 dv-cinder-821893-3-smb neutron-server[82860]: DEBUG oslo_concurrency.lockutils [None req-18325d03-f589-4a29-aa81-edd77f43b0b2 admin admin] Lock "event-dispatch" acquired by "neutron.plugins.ml2.ovo_rpc._ObjectChangeHandler.dispatch_events" :: waited 0.000s {{(pid=82860) inner /usr/local/lib/python3.8/dist-packages/oslo_concurrency/lockutils.py:355}}
Dec 16 14:39:04.433256 dv-cinder-821893-3-smb neutron-server[82861]: DEBUG neutron.api.rpc.handlers.resources_rpc [None req-a8edddfa-a2e1-4acc-8704-47b6497de029 admin admin] Pushing event deleted for resources: {'Subnet': ['ID=b6d746b6-9334-4d08-8506-05f2a4e20adb,revision_number=None']} {{(pid=82861) push /opt/stack/neutron/neutron/api/rpc/handlers/resources_rpc.py:237}}
Dec 16 14:39:04.441490 dv-cinder-821893-3-smb neutron-server[82861]: DEBUG oslo_concurrency.lockutils [None req-a8edddfa-a2e1-4acc-8704-47b6497de029 admin admin] Lock "event-dispatch" released by "neutron.plugins.ml2.ovo_rpc._ObjectChangeHandler.dispatch_events" :: held 0.091s {{(pid=82861) inner /usr/local/lib/python3.8/dist-packages/oslo_concurrency/lockutils.py:367}}
Dec 16 14:39:04.442959 dv-cinder-821893-3-smb neutron-server[82861]: DEBUG neutron_lib.callbacks.manager [None req-a8edddfa-a2e1-4acc-8704-47b6497de029 admin admin] Notify callbacks ['neutron.api.rpc.agentnotifiers.dhcp_rpc_agent_api.DhcpAgentNotifyAPI._send_dhcp_notification-3564024'] for subnet, before_response {{(pid=82861) _notify_loop /usr/local/lib/python3.8/dist-packages/neutron_lib/callbacks/manager.py:192}}
Dec 16 14:39:04.468745 dv-cinder-821893-3-smb neutron-server[82861]: INFO neutron.wsgi [None req-a8edddfa-a2e1-4acc-8704-47b6497de029 admin admin] 10.222.0.44 "DELETE /v2.0/subnets/b6d746b6-9334-4d08-8506-05f2a4e20adb HTTP/1.1" status: 204 len: 168 time: 0.8093297
Dec 16 14:39:04.468745 dv-cinder-821893-3-smb neutron-server[82861]: DEBUG neutron.wsgi [-] (82861) accepted ('10.222.0.44', 55612) {{(pid=82861) server /usr/local/lib/python3.8/dist-packages/eventlet/wsgi.py:992}}
Dec 16 14:39:04.469727 dv-cinder-821893-3-smb neutron-server[82860]: DEBUG neutron.api.rpc.handlers.resources_rpc [None req-883b9670-03af-4a3a-b038-2d5f45dc6f3a admin admin] Pushing event deleted for resources: {'SecurityGroup': ['ID=780b0119-690b-4025-9d4d-5d90d855efb9,revision_number=None']} {{(pid=82860) push /opt/stack/neutron/neutron/api/rpc/handlers/resources_rpc.py:237}}
Dec 16 14:39:04.483980 dv-cinder-821893-3-smb neutron-server[82860]: DEBUG oslo_concurrency.lockutils [None req-883b9670-03af-4a3a-b038-2d5f45dc6f3a admin admin] Lock "event-dispatch" released by "neutron.plugins.ml2.ovo_rpc._ObjectChangeHandler.dispatch_events" :: held 0.097s {{(pid=82860) inner /usr/local/lib/python3.8/dist-packages/oslo_concurrency/lockutils.py:367}}
Dec 16 14:39:04.662160 dv-cinder-821893-3-smb neutron-server[82860]: DEBUG neutron_lib.callbacks.manager [None req-3e9feb87-053e-4a67-b19a-393ec0a5f20b admin admin] Notify callbacks ['neutron.plugins.ml2.plugin.SecurityGroupServerNotifierRpcMixin.notify_sg_on_port_change-3383624', 'neutron.plugins.ml2.ovo_rpc._ObjectChangeHandler.handle_event-119111', 'neutron.api.rpc.agentnotifiers.dhcp_rpc_agent_api.DhcpAgentNotifyAPI._native_event_send_dhcp_notification-3563812', 'neutron.db.l3_dvrscheduler_db._notify_l3_agent_new_port-8775664128633'] for port, after_create {{(pid=82860) _notify_loop /usr/local/lib/python3.8/dist-packages/neutron_lib/callbacks/manager.py:192}}
Dec 16 14:39:04.663644 dv-cinder-821893-3-smb neutron-server[82860]: DEBUG neutron_lib.callbacks.manager [None req-883b9670-03af-4a3a-b038-2d5f45dc6f3a admin admin] Notify callbacks [] for security_group, before_response {{(pid=82860) _notify_loop /usr/local/lib/python3.8/dist-packages/neutron_lib/callbacks/manager.py:192}}
Dec 16 14:39:04.665393 dv-cinder-821893-3-smb neutron-server[82860]: INFO neutron.wsgi [None req-883b9670-03af-4a3a-b038-2d5f45dc6f3a admin admin] 10.222.0.44 "DELETE /v2.0/security-groups/780b0119-690b-4025-9d4d-5d90d855efb9 HTTP/1.1" status: 204 len: 168 time: 2.4005921
Dec 16 14:39:04.688303 dv-cinder-821893-3-smb neutron-server[82860]: DEBUG oslo_concurrency.lockutils [-] Lock "event-dispatch" acquired by "neutron.plugins.ml2.ovo_rpc._ObjectChangeHandler.dispatch_events" :: waited 0.000s {{(pid=82860) inner /usr/local/lib/python3.8/dist-packages/oslo_concurrency/lockutils.py:355}}
Dec 16 14:39:04.736365 dv-cinder-821893-3-smb neutron-server[82861]: DEBUG neutron_lib.callbacks.manager [None req-7bb34cf8-5693-4592-af86-f7ec5c7d58cf admin admin] Notify callbacks [] for security_group, before_create {{(pid=82861) _notify_loop /usr/local/lib/python3.8/dist-packages/neutron_lib/callbacks/manager.py:192}}
Dec 16 14:39:04.838302 dv-cinder-821893-3-smb neutron-server[82861]: DEBUG neutron_lib.callbacks.manager [None req-29956918-5bcd-4b28-a1a5-791881a5718b admin admin] Notify callbacks ['neutron.plugins.ml2.plugin.External_net_db_mixin._before_network_delete_handler-3222799'] for network, before_delete {{(pid=82861) _notify_loop /usr/local/lib/python3.8/dist-packages/neutron_lib/callbacks/manager.py:192}}
Dec 16 14:39:04.856462 dv-cinder-821893-3-smb neutron-server[82861]: DEBUG neutron.db.quota.driver [None req-7bb34cf8-5693-4592-af86-f7ec5c7d58cf admin admin] Resources subnetpool have unlimited quota limit. It is not required to calculate headroom {{(pid=82861) make_reservation /opt/stack/neutron/neutron/db/quota/driver.py:219}}
Dec 16 14:39:04.868047 dv-cinder-821893-3-smb neutron-server[82860]: DEBUG neutron.scheduler.dhcp_agent_scheduler [None req-3e9feb87-053e-4a67-b19a-393ec0a5f20b admin admin] Network 186f29a2-e581-4978-89ea-e3da95ffad7e is already hosted by enough agents. {{(pid=82860) _get_dhcp_agents_hosting_network /opt/stack/neutron/neutron/scheduler/dhcp_agent_scheduler.py:275}}
Dec 16 14:39:04.870509 dv-cinder-821893-3-smb neutron-server[82861]: DEBUG neutron.quota.resource [None req-7bb34cf8-5693-4592-af86-f7ec5c7d58cf admin admin] Usage tracker for resource:security_group_rule and tenant:440e3b17e55e4e00a9f53e17ed02b065 is out of sync, need to count used quota {{(pid=82861) count_used /opt/stack/neutron/neutron/quota/resource.py:270}}
Dec 16 14:39:04.884030 dv-cinder-821893-3-smb neutron-server[82860]: DEBUG neutron.scheduler.base_scheduler [None req-3e9feb87-053e-4a67-b19a-393ec0a5f20b admin admin] Resources bound (agent type, host, resource id): {{(pid=82860) schedule /opt/stack/neutron/neutron/scheduler/base_scheduler.py:57}}
Dec 16 14:39:04.888720 dv-cinder-821893-3-smb neutron-server[82860]: DEBUG neutron.db.l3_dvrscheduler_db [None req-3e9feb87-053e-4a67-b19a-393ec0a5f20b admin admin] Received port after_create {{(pid=82860) _notify_l3_agent_new_port /opt/stack/neutron/neutron/db/l3_dvrscheduler_db.py:535}}
Dec 16 14:39:04.921533 dv-cinder-821893-3-smb neutron-server[82861]: DEBUG neutron.quota.resource [None req-7bb34cf8-5693-4592-af86-f7ec5c7d58cf admin admin] Quota usage for security_group_rule was recalculated. Used quota:0. {{(pid=82861) count_used /opt/stack/neutron/neutron/quota/resource.py:290}}
Dec 16 14:39:04.942541 dv-cinder-821893-3-smb neutron-server[82861]: DEBUG neutron.db.quota.driver [None req-7bb34cf8-5693-4592-af86-f7ec5c7d58cf admin admin] Attempting to reserve 4 items for resource security_group_rule. Total usage: 0; quota limit: 100; headroom:100 {{(pid=82861) make_reservation /opt/stack/neutron/neutron/db/quota/driver.py:246}}
Dec 16 14:39:04.959413 dv-cinder-821893-3-smb neutron-server[82860]: INFO neutron.wsgi [req-732441de-bf1e-4a7c-9e0c-6f0dc31b92e7 req-f1ca5685-bd53-4671-8405-c59a7ab4063c service neutron] 10.222.0.44 "GET /v2.0/networks/e900d275-1369-493b-b34b-2714373cc1d9?fields=provider%3Aphysical_network&fields=provider%3Anetwork_type HTTP/1.1" status: 200 len: 281 time: 0.5520997
Dec 16 14:39:04.972766 dv-cinder-821893-3-smb neutron-server[82860]: DEBUG neutron.api.rpc.handlers.resources_rpc [None req-3e9feb87-053e-4a67-b19a-393ec0a5f20b admin admin] Pushing event updated for resources: {'Port': ['ID=832a0ca9-57af-47a2-8a3a-1e60130fdcc1,revision_number=1']} {{(pid=82860) push /opt/stack/neutron/neutron/api/rpc/handlers/resources_rpc.py:237}}
Dec 16 14:39:04.996832 dv-cinder-821893-3-smb neutron-server[82863]: DEBUG neutron_lib.callbacks.manager [None req-d4ed0c76-5305-4f99-9e78-67976a758d3c None None] Notify callbacks [] for port, precommit_update {{(pid=82863) _notify_loop /usr/local/lib/python3.8/dist-packages/neutron_lib/callbacks/manager.py:192}}
Dec 16 14:39:05.029051 dv-cinder-821893-3-smb neutron-server[82863]: DEBUG neutron.db.provisioning_blocks [None req-d4ed0c76-5305-4f99-9e78-67976a758d3c None None] Transition to ACTIVE for port object 9d3d0ab2-3349-4452-b45e-c0ea7efb778f will not be triggered until provisioned by entity L2. {{(pid=82863) add_provisioning_component /opt/stack/neutron/neutron/db/provisioning_blocks.py:73}}
Dec 16 14:39:05.044144 dv-cinder-821893-3-smb neutron-server[82863]: DEBUG neutron_lib.callbacks.manager [None req-d4ed0c76-5305-4f99-9e78-67976a758d3c None None] Notify callbacks ['neutron.plugins.ml2.plugin.SecurityGroupServerNotifierRpcMixin.notify_sg_on_port_change-3383624', 'neutron.plugins.ml2.ovo_rpc._ObjectChangeHandler.handle_event-119111', 'neutron.api.rpc.agentnotifiers.dhcp_rpc_agent_api.DhcpAgentNotifyAPI._native_event_send_dhcp_notification-3563812', 'neutron.db.l3_db.L3RpcNotifierMixin._notify_gateway_port_ip_changed-8775664506125', 'neutron.db.l3_dvrscheduler_db._notify_l3_agent_port_update-8775664128651', 'neutron.db.l3_hascheduler_db._notify_l3_agent_ha_port_update-8775664128696'] for port, after_update {{(pid=82863) _notify_loop /usr/local/lib/python3.8/dist-packages/neutron_lib/callbacks/manager.py:192}}
Dec 16 14:39:05.062247 dv-cinder-821893-3-smb neutron-server[82863]: DEBUG oslo_concurrency.lockutils [-] Lock "event-dispatch" acquired by "neutron.plugins.ml2.ovo_rpc._ObjectChangeHandler.dispatch_events" :: waited 0.000s {{(pid=82863) inner /usr/local/lib/python3.8/dist-packages/oslo_concurrency/lockutils.py:355}}
Dec 16 14:39:05.083246 dv-cinder-821893-3-smb neutron-server[82860]: DEBUG oslo_concurrency.lockutils [None req-3e9feb87-053e-4a67-b19a-393ec0a5f20b admin admin] Lock "event-dispatch" released by "neutron.plugins.ml2.ovo_rpc._ObjectChangeHandler.dispatch_events" :: held 0.395s {{(pid=82860) inner /usr/local/lib/python3.8/dist-packages/oslo_concurrency/lockutils.py:367}}
Dec 16 14:39:05.213528 dv-cinder-821893-3-smb neutron-server[82861]: DEBUG neutron_lib.callbacks.manager [None req-29956918-5bcd-4b28-a1a5-791881a5718b admin admin] Notify callbacks ['neutron.plugins.ml2.plugin.Ml2Plugin._network_delete_precommit_handler-3377296', 'neutron.services.segments.db._delete_segments_for_network-8775664583123'] for network, precommit_delete {{(pid=82861) _notify_loop /usr/local/lib/python3.8/dist-packages/neutron_lib/callbacks/manager.py:192}}
Dec 16 14:39:05.312133 dv-cinder-821893-3-smb neutron-server[82861]: DEBUG neutron.services.segments.db [None req-29956918-5bcd-4b28-a1a5-791881a5718b admin admin] neutron.services.segments.plugin.Plugin method get_segments called with arguments (,) {'filters': {'network_id': ['9607c9dc-81f3-416e-83f7-8492c8d9a11d']}} {{(pid=82861) wrapper /usr/local/lib/python3.8/dist-packages/oslo_log/helpers.py:65}}
Dec 16 14:39:05.370019 dv-cinder-821893-3-smb neutron-server[82861]: DEBUG neutron.services.segments.db [None req-29956918-5bcd-4b28-a1a5-791881a5718b admin admin] neutron.services.segments.plugin.Plugin method delete_segment called with arguments (, 'fae2fa2c-a657-4ce3-b523-b72f4655859f') {'for_net_delete': True} {{(pid=82861) wrapper /usr/local/lib/python3.8/dist-packages/oslo_log/helpers.py:65}}
Dec 16 14:39:05.370457 dv-cinder-821893-3-smb neutron-server[82861]: DEBUG neutron.services.segments.db [None req-29956918-5bcd-4b28-a1a5-791881a5718b admin admin] neutron.services.segments.plugin.Plugin method get_segment called with arguments (, 'fae2fa2c-a657-4ce3-b523-b72f4655859f') {} {{(pid=82861) wrapper /usr/local/lib/python3.8/dist-packages/oslo_log/helpers.py:65}}
Dec 16 14:39:05.434473 dv-cinder-821893-3-smb neutron-server[82861]: DEBUG neutron_lib.callbacks.manager [None req-29956918-5bcd-4b28-a1a5-791881a5718b admin admin] Notify callbacks ['neutron.plugins.ml2.db._prevent_segment_delete_with_port_bound-8775664586478', 'neutron.services.segments.plugin.Plugin._prevent_segment_delete_with_subnet_associated-855989'] for segment, before_delete {{(pid=82861) _notify_loop /usr/local/lib/python3.8/dist-packages/neutron_lib/callbacks/manager.py:192}}
Dec 16 14:39:05.473146 dv-cinder-821893-3-smb neutron-server[82863]: DEBUG neutron.plugins.ml2.managers [None req-d4ed0c76-5305-4f99-9e78-67976a758d3c None None] Attempting to bind port 9d3d0ab2-3349-4452-b45e-c0ea7efb778f on host dv-cinder-821893-3-smb for vnic_type normal with profile {{(pid=82863) bind_port /opt/stack/neutron/neutron/plugins/ml2/managers.py:790}}
Dec 16 14:39:05.473621 dv-cinder-821893-3-smb neutron-server[82863]: DEBUG neutron.plugins.ml2.managers [None req-d4ed0c76-5305-4f99-9e78-67976a758d3c None None] Attempting to bind port 9d3d0ab2-3349-4452-b45e-c0ea7efb778f by drivers openvswitch,hyperv on host dv-cinder-821893-3-smb at level 0 using segments [{'id': '4f5dda31-b5b1-4742-b2db-5b9a26752cae', 'network_type': 'flat', 'physical_network': 'physnet1', 'segmentation_id': None, 'network_id': '186f29a2-e581-4978-89ea-e3da95ffad7e'}] {{(pid=82863) _bind_port_level /opt/stack/neutron/neutron/plugins/ml2/managers.py:815}}
Dec 16 14:39:05.473960 dv-cinder-821893-3-smb neutron-server[82863]: DEBUG neutron.plugins.ml2.drivers.mech_agent [None req-d4ed0c76-5305-4f99-9e78-67976a758d3c None None] Attempting to bind port 9d3d0ab2-3349-4452-b45e-c0ea7efb778f on network 186f29a2-e581-4978-89ea-e3da95ffad7e {{(pid=82863) bind_port /opt/stack/neutron/neutron/plugins/ml2/drivers/mech_agent.py:85}}
Dec 16 14:39:05.496494 dv-cinder-821893-3-smb neutron-server[82863]: DEBUG neutron.api.rpc.handlers.resources_rpc [None req-90ec582d-dcb5-4d51-aac4-c843512ffdcd None None] Pushing event updated for resources: {'Port': ['ID=9d3d0ab2-3349-4452-b45e-c0ea7efb778f,revision_number=2']} {{(pid=82863) push /opt/stack/neutron/neutron/api/rpc/handlers/resources_rpc.py:237}}
Dec 16 14:39:05.532222 dv-cinder-821893-3-smb neutron-server[82863]: DEBUG neutron.plugins.ml2.drivers.mech_agent [None req-d4ed0c76-5305-4f99-9e78-67976a758d3c None None] Checking agent: {'id': '5fa9648c-092b-4732-8cb9-4096e942c6ca', 'agent_type': 'Open vSwitch agent', 'binary': 'neutron-openvswitch-agent', 'topic': 'N/A', 'host': 'dv-cinder-821893-3-smb', 'admin_state_up': True, 'created_at': datetime.datetime(2021, 12, 16, 14, 30, 11), 'started_at': datetime.datetime(2021, 12, 16, 14, 30, 41), 'heartbeat_timestamp': datetime.datetime(2021, 12, 16, 14, 38, 41), 'description': None, 'resources_synced': None, 'availability_zone': None, 'alive': True, 'configurations': {'arp_responder_enabled': False, 'baremetal_smartnic': False, 'bridge_mappings': {'physnet1': 'br-data'}, 'datapath_type': 'system', 'devices': 0, 'enable_distributed_routing': False, 'extensions': [], 'in_distributed_mode': False, 'integration_bridge': 'br-int', 'l2_population': False, 'log_agent_heartbeats': False, 'ovs_capabilities': {'datapath_types': ['netdev', 'system'], 'iface_types': ['erspan', 'geneve', 'gre', 'internal', 'ip6erspan', 'ip6gre', 'lisp', 'patch', 'stt', 'system', 'tap', 'vxlan']}, 'ovs_hybrid_plug': False, 'resource_provider_bandwidths': {}, 'resource_provider_hypervisors': {'br-data': 'dv-cinder-821893-3-smb'}, 'resource_provider_inventory_defaults': {'allocation_ratio': 1.0, 'min_unit': 1, 'step_size': 1, 'reserved': 0}, 'tunnel_types': [], 'tunneling_ip': None, 'vhostuser_socket_dir': '/var/run/openvswitch'}, 'resource_versions': {'ConntrackHelper': '1.0', 'Log': '1.0', 'Network': '1.1', 'Port': '1.5', 'PortForwarding': '1.2', 'QosPolicy': '1.8', 'SecurityGroup': '1.2', 'SecurityGroupRule': '1.0', 'SubPort': '1.0', 'Subnet': '1.1', 'Trunk': '1.1'}} {{(pid=82863) bind_port /opt/stack/neutron/neutron/plugins/ml2/drivers/mech_agent.py:104}}
Dec 16 14:39:05.533222 dv-cinder-821893-3-smb neutron-server[82861]: DEBUG neutron_lib.callbacks.manager [None req-29956918-5bcd-4b28-a1a5-791881a5718b admin admin] Notify callbacks ['neutron.plugins.ml2.plugin.Ml2Plugin._handle_segment_change-3381947'] for segment, precommit_delete {{(pid=82861) _notify_loop /usr/local/lib/python3.8/dist-packages/neutron_lib/callbacks/manager.py:192}}
Dec 16 14:39:05.540265 dv-cinder-821893-3-smb neutron-server[82863]: DEBUG neutron.plugins.ml2.drivers.mech_agent [None req-d4ed0c76-5305-4f99-9e78-67976a758d3c None None] Checking segment: {'id': '4f5dda31-b5b1-4742-b2db-5b9a26752cae', 'network_type': 'flat', 'physical_network': 'physnet1', 'segmentation_id': None, 'network_id': '186f29a2-e581-4978-89ea-e3da95ffad7e'} for mappings: {'physnet1': 'br-data'} with network types: ['local', 'flat', 'vlan'] {{(pid=82863) check_segment_for_agent /opt/stack/neutron/neutron/plugins/ml2/drivers/mech_agent.py:340}}
Dec 16 14:39:05.542816 dv-cinder-821893-3-smb neutron-server[82863]: DEBUG neutron_lib.callbacks.manager [None req-d4ed0c76-5305-4f99-9e78-67976a758d3c None None] Notify callbacks [] for ovs_bridge_name, before_read {{(pid=82863) _notify_loop /usr/local/lib/python3.8/dist-packages/neutron_lib/callbacks/manager.py:192}}
Dec 16 14:39:05.544009 dv-cinder-821893-3-smb neutron-server[82863]: DEBUG neutron.plugins.ml2.drivers.mech_agent [None req-d4ed0c76-5305-4f99-9e78-67976a758d3c None None] Bound using segment: {'id': '4f5dda31-b5b1-4742-b2db-5b9a26752cae', 'network_type': 'flat', 'physical_network': 'physnet1', 'segmentation_id': None, 'network_id': '186f29a2-e581-4978-89ea-e3da95ffad7e'} {{(pid=82863) bind_port /opt/stack/neutron/neutron/plugins/ml2/drivers/mech_agent.py:114}}
Dec 16 14:39:05.547714 dv-cinder-821893-3-smb neutron-server[82863]: DEBUG neutron.plugins.ml2.managers [None req-d4ed0c76-5305-4f99-9e78-67976a758d3c None None] Bound port: 9d3d0ab2-3349-4452-b45e-c0ea7efb778f, host: dv-cinder-821893-3-smb, vif_type: ovs, vif_details: {"connectivity": "l2", "port_filter": true, "ovs_hybrid_plug": false, "datapath_type": "system", "bridge_name": "br-int"}, binding_levels: [{'bound_driver': 'openvswitch', 'bound_segment': {'id': '4f5dda31-b5b1-4742-b2db-5b9a26752cae', 'network_type': 'flat', 'physical_network': 'physnet1', 'segmentation_id': None, 'network_id': '186f29a2-e581-4978-89ea-e3da95ffad7e'}}] {{(pid=82863) _bind_port_level /opt/stack/neutron/neutron/plugins/ml2/managers.py:928}}
Dec 16 14:39:05.549313 dv-cinder-821893-3-smb neutron-server[82863]: DEBUG neutron_lib.callbacks.manager [None req-d4ed0c76-5305-4f99-9e78-67976a758d3c None None] Notify callbacks ['neutron.plugins.ml2.plugin.SecurityGroupDbMixin._ensure_default_security_group_handler-3390680'] for port, before_update {{(pid=82863) _notify_loop /usr/local/lib/python3.8/dist-packages/neutron_lib/callbacks/manager.py:192}}
Dec 16 14:39:05.575334 dv-cinder-821893-3-smb neutron-server[82861]: DEBUG neutron.plugins.ml2.drivers.type_vlan [None req-29956918-5bcd-4b28-a1a5-791881a5718b admin admin] Releasing vlan 747 on physical network physnet1 to pool {{(pid=82861) release_segment /opt/stack/neutron/neutron/plugins/ml2/drivers/type_vlan.py:310}}
Dec 16 14:39:05.576130 dv-cinder-821893-3-smb neutron-server[82861]: DEBUG neutron_lib.callbacks.manager [None req-29956918-5bcd-4b28-a1a5-791881a5718b admin admin] Notify callbacks ['neutron.plugins.ml2.plugin.Ml2Plugin._handle_after_delete_segment_change-3381890', 'neutron.services.segments.plugin.NovaSegmentNotifier._notify_segment_deleted-3754089'] for segment, after_delete {{(pid=82861) _notify_loop /usr/local/lib/python3.8/dist-packages/neutron_lib/callbacks/manager.py:192}}
Dec 16 14:39:05.589291 dv-cinder-821893-3-smb neutron-server[82860]: INFO neutron.wsgi [req-1ad90ab7-0911-4902-a36e-70e8351af1e7 req-629aa1c4-80fa-49ef-bf63-e4950b1ed982 tempest-DeleteServersTestJSON-498798826 tempest-DeleteServersTestJSON-498798826-project] 10.222.0.44 "GET /v2.0/ports?device_id=04fa7bc8-1b98-4acd-be8b-5d225c128499 HTTP/1.1" status: 200 len: 210 time: 0.0577035
Dec 16 14:39:05.714983 dv-cinder-821893-3-smb neutron-server[82863]: DEBUG neutron.api.rpc.callbacks.version_manager [None req-90ec582d-dcb5-4d51-aac4-c843512ffdcd None None] Version for resource type ConntrackHelper changed None to 1.0 on consumer Open vSwitch agent@dv-cinder-821893-3-smb {{(pid=82863) _set_version /opt/stack/neutron/neutron/api/rpc/callbacks/version_manager.py:113}}
Dec 16 14:39:05.715325 dv-cinder-821893-3-smb neutron-server[82863]: DEBUG neutron.api.rpc.callbacks.version_manager [None req-90ec582d-dcb5-4d51-aac4-c843512ffdcd None None] Version for resource type Log changed None to 1.0 on consumer Open vSwitch agent@dv-cinder-821893-3-smb {{(pid=82863) _set_version /opt/stack/neutron/neutron/api/rpc/callbacks/version_manager.py:113}}
Dec 16 14:39:05.715724 dv-cinder-821893-3-smb neutron-server[82863]: DEBUG neutron.api.rpc.callbacks.version_manager [None req-90ec582d-dcb5-4d51-aac4-c843512ffdcd None None] Version for resource type Network changed None to 1.1 on consumer Open vSwitch agent@dv-cinder-821893-3-smb {{(pid=82863) _set_version /opt/stack/neutron/neutron/api/rpc/callbacks/version_manager.py:113}}
Dec 16 14:39:05.716057 dv-cinder-821893-3-smb neutron-server[82863]: DEBUG neutron.api.rpc.callbacks.version_manager [None req-90ec582d-dcb5-4d51-aac4-c843512ffdcd None None] Version for resource type Port changed None to 1.5 on consumer Open vSwitch agent@dv-cinder-821893-3-smb {{(pid=82863) _set_version /opt/stack/neutron/neutron/api/rpc/callbacks/version_manager.py:113}}
Dec 16 14:39:05.716391 dv-cinder-821893-3-smb neutron-server[82863]: DEBUG neutron.api.rpc.callbacks.version_manager [None req-90ec582d-dcb5-4d51-aac4-c843512ffdcd None None] Version for resource type PortForwarding changed None to 1.2 on consumer Open vSwitch agent@dv-cinder-821893-3-smb {{(pid=82863) _set_version /opt/stack/neutron/neutron/api/rpc/callbacks/version_manager.py:113}}
Dec 16 14:39:05.716780 dv-cinder-821893-3-smb neutron-server[82863]: DEBUG neutron.api.rpc.callbacks.version_manager [None req-90ec582d-dcb5-4d51-aac4-c843512ffdcd None None] Version for resource type QosPolicy changed None to 1.8 on consumer Open vSwitch agent@dv-cinder-821893-3-smb {{(pid=82863) _set_version /opt/stack/neutron/neutron/api/rpc/callbacks/version_manager.py:113}}
Dec 16 14:39:05.717059 dv-cinder-821893-3-smb neutron-server[82863]: DEBUG neutron.api.rpc.callbacks.version_manager [None req-90ec582d-dcb5-4d51-aac4-c843512ffdcd None None] Version for resource type SecurityGroup changed None to 1.2 on consumer Open vSwitch agent@dv-cinder-821893-3-smb {{(pid=82863) _set_version /opt/stack/neutron/neutron/api/rpc/callbacks/version_manager.py:113}}
Dec 16 14:39:05.717318 dv-cinder-821893-3-smb neutron-server[82863]: DEBUG neutron.api.rpc.callbacks.version_manager [None req-90ec582d-dcb5-4d51-aac4-c843512ffdcd None None] Version for resource type SecurityGroupRule changed None to 1.0 on consumer Open vSwitch agent@dv-cinder-821893-3-smb {{(pid=82863) _set_version /opt/stack/neutron/neutron/api/rpc/callbacks/version_manager.py:113}}
Dec 16 14:39:05.717632 dv-cinder-821893-3-smb neutron-server[82863]: DEBUG neutron.api.rpc.callbacks.version_manager [None req-90ec582d-dcb5-4d51-aac4-c843512ffdcd None None] Version for resource type SubPort changed None to 1.0 on consumer Open vSwitch agent@dv-cinder-821893-3-smb {{(pid=82863) _set_version /opt/stack/neutron/neutron/api/rpc/callbacks/version_manager.py:113}}
Dec 16 14:39:05.718081 dv-cinder-821893-3-smb neutron-server[82863]: DEBUG neutron.api.rpc.callbacks.version_manager [None req-90ec582d-dcb5-4d51-aac4-c843512ffdcd None None] Version for resource type Subnet changed None to 1.1 on consumer Open vSwitch agent@dv-cinder-821893-3-smb {{(pid=82863) _set_version /opt/stack/neutron/neutron/api/rpc/callbacks/version_manager.py:113}}
Dec 16 14:39:05.718431 dv-cinder-821893-3-smb neutron-server[82863]: DEBUG neutron.api.rpc.callbacks.version_manager [None req-90ec582d-dcb5-4d51-aac4-c843512ffdcd None None] Version for resource type Trunk changed None to 1.1 on consumer Open vSwitch agent@dv-cinder-821893-3-smb {{(pid=82863) _set_version /opt/stack/neutron/neutron/api/rpc/callbacks/version_manager.py:113}}
Dec 16 14:39:05.719503 dv-cinder-821893-3-smb neutron-server[82863]: DEBUG neutron.api.rpc.callbacks.version_manager [None req-90ec582d-dcb5-4d51-aac4-c843512ffdcd None None] Tracked resource versions report:
Dec 16 14:39:05.719503 dv-cinder-821893-3-smb neutron-server[82863]: pushed versions:
Dec 16 14:39:05.719503 dv-cinder-821893-3-smb neutron-server[82863]: { 'ConntrackHelper': {'1.0'},
Dec 16 14:39:05.719503 dv-cinder-821893-3-smb neutron-server[82863]: 'Log': {'1.0'},
Dec 16 14:39:05.719503 dv-cinder-821893-3-smb neutron-server[82863]: 'Network': {'1.1'},
Dec 16 14:39:05.719503 dv-cinder-821893-3-smb neutron-server[82863]: 'Port': {'1.5'},
Dec 16 14:39:05.719503 dv-cinder-821893-3-smb neutron-server[82863]: 'PortForwarding': {'1.2'},
Dec 16 14:39:05.719503 dv-cinder-821893-3-smb neutron-server[82863]: 'QosPolicy': {'1.8'},
Dec 16 14:39:05.719503 dv-cinder-821893-3-smb neutron-server[82863]: 'SecurityGroup': {'1.2'},
Dec 16 14:39:05.719503 dv-cinder-821893-3-smb neutron-server[82863]: 'SecurityGroupRule': {'1.0'},
Dec 16 14:39:05.719503 dv-cinder-821893-3-smb neutron-server[82863]: 'SubPort': {'1.0'},
Dec 16 14:39:05.719503 dv-cinder-821893-3-smb neutron-server[82863]: 'Subnet': {'1.1'},
Dec 16 14:39:05.719503 dv-cinder-821893-3-smb neutron-server[82863]: 'Trunk': {'1.1'}}
Dec 16 14:39:05.719503 dv-cinder-821893-3-smb neutron-server[82863]: consumer versions:
Dec 16 14:39:05.719503 dv-cinder-821893-3-smb neutron-server[82863]: { DHCP agent@dv-cinder-821893-3-smb: {},
Dec 16 14:39:05.719503 dv-cinder-821893-3-smb neutron-server[82863]: HyperV agent@hv-cinder-82189: {},
Dec 16 14:39:05.719503 dv-cinder-821893-3-smb neutron-server[82863]: L3 agent@dv-cinder-821893-3-smb: {},
Dec 16 14:39:05.719503 dv-cinder-821893-3-smb neutron-server[82863]: Metadata agent@dv-cinder-821893-3-smb: {},
Dec 16 14:39:05.719503 dv-cinder-821893-3-smb neutron-server[82863]: Metering agent@dv-cinder-821893-3-smb: {},
Dec 16 14:39:05.719503 dv-cinder-821893-3-smb neutron-server[82863]: Open vSwitch agent@dv-cinder-821893-3-smb: { 'ConntrackHelper': '1.0',
Dec 16 14:39:05.719503 dv-cinder-821893-3-smb neutron-server[82863]: 'Log': '1.0',
Dec 16 14:39:05.719503 dv-cinder-821893-3-smb neutron-server[82863]: 'Network': '1.1',
Dec 16 14:39:05.719503 dv-cinder-821893-3-smb neutron-server[82863]: 'Port': '1.5',
Dec 16 14:39:05.719503 dv-cinder-821893-3-smb neutron-server[82863]: 'PortForwarding': '1.2',
Dec 16 14:39:05.719503 dv-cinder-821893-3-smb neutron-server[82863]: 'QosPolicy': '1.8',
Dec 16 14:39:05.719503 dv-cinder-821893-3-smb neutron-server[82863]: 'SecurityGroup': '1.2',
Dec 16 14:39:05.719503 dv-cinder-821893-3-smb neutron-server[82863]: 'SecurityGroupRule': '1.0',
Dec 16 14:39:05.719503 dv-cinder-821893-3-smb neutron-server[82863]: 'SubPort': '1.0',
Dec 16 14:39:05.719503 dv-cinder-821893-3-smb neutron-server[82863]: 'Subnet': '1.1',
Dec 16 14:39:05.719503 dv-cinder-821893-3-smb neutron-server[82863]: 'Trunk': '1.1'}}
Dec 16 14:39:05.719503 dv-cinder-821893-3-smb neutron-server[82863]: {{(pid=82863) report /opt/stack/neutron/neutron/api/rpc/callbacks/version_manager.py:175}}
Dec 16 14:39:05.747398 dv-cinder-821893-3-smb neutron-server[82863]: DEBUG oslo_concurrency.lockutils [None req-90ec582d-dcb5-4d51-aac4-c843512ffdcd None None] Lock "event-dispatch" released by "neutron.plugins.ml2.ovo_rpc._ObjectChangeHandler.dispatch_events" :: held 0.687s {{(pid=82863) inner /usr/local/lib/python3.8/dist-packages/oslo_concurrency/lockutils.py:367}}
Dec 16 14:39:05.755062 dv-cinder-821893-3-smb neutron-server[82861]: Traceback (most recent call last):
Dec 16 14:39:05.755062 dv-cinder-821893-3-smb neutron-server[82861]: File "/usr/local/lib/python3.8/dist-packages/eventlet/hubs/hub.py", line 461, in fire_timers
Dec 16 14:39:05.755062 dv-cinder-821893-3-smb neutron-server[82861]: timer()
Dec 16 14:39:05.755062 dv-cinder-821893-3-smb neutron-server[82861]: File "/usr/local/lib/python3.8/dist-packages/eventlet/hubs/timer.py", line 59, in __call__
Dec 16 14:39:05.755062 dv-cinder-821893-3-smb neutron-server[82861]: cb(*args, **kw)
Dec 16 14:39:05.755062 dv-cinder-821893-3-smb neutron-server[82861]: File "/opt/stack/neutron/neutron/common/utils.py", line 905, in wrapper
Dec 16 14:39:05.755062 dv-cinder-821893-3-smb neutron-server[82861]: return func(*args, **kwargs)
Dec 16 14:39:05.755062 dv-cinder-821893-3-smb neutron-server[82861]: File "/opt/stack/neutron/neutron/notifiers/batch_notifier.py", line 58, in synced_send
Dec 16 14:39:05.755062 dv-cinder-821893-3-smb neutron-server[82861]: self._notify()
Dec 16 14:39:05.755062 dv-cinder-821893-3-smb neutron-server[82861]: File "/opt/stack/neutron/neutron/notifiers/batch_notifier.py", line 69, in _notify
Dec 16 14:39:05.755062 dv-cinder-821893-3-smb neutron-server[82861]: self.callback(batched_events)
Dec 16 14:39:05.755062 dv-cinder-821893-3-smb neutron-server[82861]: File "/opt/stack/neutron/neutron/services/segments/plugin.py", line 211, in _send_notifications
Dec 16 14:39:05.755062 dv-cinder-821893-3-smb neutron-server[82861]: event.method(event)
Dec 16 14:39:05.755062 dv-cinder-821893-3-smb neutron-server[82861]: File "/opt/stack/neutron/neutron/services/segments/plugin.py", line 379, in _delete_nova_inventory
Dec 16 14:39:05.755062 dv-cinder-821893-3-smb neutron-server[82861]: aggregate_id = self._get_aggregate_id(event.segment_id)
Dec 16 14:39:05.755062 dv-cinder-821893-3-smb neutron-server[82861]: File "/opt/stack/neutron/neutron/services/segments/plugin.py", line 366, in _get_aggregate_id
Dec 16 14:39:05.755062 dv-cinder-821893-3-smb neutron-server[82861]: aggregate_uuid = self.p_client.list_aggregates(
Dec 16 14:39:05.755062 dv-cinder-821893-3-smb neutron-server[82861]: File "/usr/local/lib/python3.8/dist-packages/neutron_lib/placement/client.py", line 57, in wrapper
Dec 16 14:39:05.755062 dv-cinder-821893-3-smb neutron-server[82861]: return f(self, *a, **k)
Dec 16 14:39:05.755062 dv-cinder-821893-3-smb neutron-server[82861]: File "/usr/local/lib/python3.8/dist-packages/neutron_lib/placement/client.py", line 554, in list_aggregates
Dec 16 14:39:05.755062 dv-cinder-821893-3-smb neutron-server[82861]: return self._get(url).json()
Dec 16 14:39:05.755062 dv-cinder-821893-3-smb neutron-server[82861]: File "/usr/local/lib/python3.8/dist-packages/neutron_lib/placement/client.py", line 190, in _get
Dec 16 14:39:05.755062 dv-cinder-821893-3-smb neutron-server[82861]: return self._client.get(url, endpoint_filter=self._ks_filter,
Dec 16 14:39:05.755062 dv-cinder-821893-3-smb neutron-server[82861]: File "/usr/local/lib/python3.8/dist-packages/keystoneauth1/session.py", line 1131, in get
Dec 16 14:39:05.755062 dv-cinder-821893-3-smb neutron-server[82861]: return self.request(url, 'GET', **kwargs)
Dec 16 14:39:05.755062 dv-cinder-821893-3-smb neutron-server[82861]: File "/usr/local/lib/python3.8/dist-packages/keystoneauth1/session.py", line 801, in request
Dec 16 14:39:05.755062 dv-cinder-821893-3-smb neutron-server[82861]: base_url = self.get_endpoint(auth, allow=allow,
Dec 16 14:39:05.755062 dv-cinder-821893-3-smb neutron-server[82861]: File "/usr/local/lib/python3.8/dist-packages/keystoneauth1/session.py", line 1231, in get_endpoint
Dec 16 14:39:05.755062 dv-cinder-821893-3-smb neutron-server[82861]: auth = self._auth_required(auth, 'determine endpoint URL')
Dec 16 14:39:05.755062 dv-cinder-821893-3-smb neutron-server[82861]: File "/usr/local/lib/python3.8/dist-packages/keystoneauth1/session.py", line 1171, in _auth_required
Dec 16 14:39:05.755062 dv-cinder-821893-3-smb neutron-server[82861]: raise exceptions.MissingAuthPlugin(msg_fmt % msg)
Dec 16 14:39:05.755062 dv-cinder-821893-3-smb neutron-server[82861]: keystoneauth1.exceptions.auth_plugins.MissingAuthPlugin: An auth plugin is required to determine endpoint URL
Dec 16 14:39:05.760212 dv-cinder-821893-3-smb neutron-server[82861]: DEBUG neutron.wsgi [-] (82861) accepted ('10.222.0.44', 55650) {{(pid=82861) server /usr/local/lib/python3.8/dist-packages/eventlet/wsgi.py:992}}
Dec 16 14:39:05.805455 dv-cinder-821893-3-smb neutron-server[82861]: DEBUG neutron_lib.callbacks.manager [None req-061af711-b7eb-41b1-b7a9-3296ea1c0f8c admin admin] Notify callbacks [] for security_group, before_create {{(pid=82861) _notify_loop /usr/local/lib/python3.8/dist-packages/neutron_lib/callbacks/manager.py:192}}
Dec 16 14:39:05.899273 dv-cinder-821893-3-smb neutron-server[82863]: DEBUG neutron.plugins.ml2.db [None req-d4ed0c76-5305-4f99-9e78-67976a758d3c None None] For port 9d3d0ab2-3349-4452-b45e-c0ea7efb778f, host dv-cinder-821893-3-smb, cleared binding levels {{(pid=82863) clear_binding_levels /opt/stack/neutron/neutron/plugins/ml2/db.py:87}}
Dec 16 14:39:05.912509 dv-cinder-821893-3-smb neutron-server[82860]: DEBUG neutron_lib.callbacks.manager [None req-3e9feb87-053e-4a67-b19a-393ec0a5f20b admin admin] Notify callbacks [] for router_gateway, after_create {{(pid=82860) _notify_loop /usr/local/lib/python3.8/dist-packages/neutron_lib/callbacks/manager.py:192}}
Dec 16 14:39:05.913829 dv-cinder-821893-3-smb neutron-server[82860]: DEBUG neutron_lib.callbacks.manager [None req-3e9feb87-053e-4a67-b19a-393ec0a5f20b admin admin] Notify callbacks ['neutron.services.l3_router.l3_router_plugin.L3_HA_NAT_db_mixin._after_router_create-424618', 'neutron.services.l3_router.l3_router_plugin.DVRResourceOperationHandler._create_snat_interfaces_after_change-377801'] for router, after_create {{(pid=82860) _notify_loop /usr/local/lib/python3.8/dist-packages/neutron_lib/callbacks/manager.py:192}}
Dec 16 14:39:05.916340 dv-cinder-821893-3-smb neutron-server[82861]: DEBUG neutron.db.quota.driver [None req-061af711-b7eb-41b1-b7a9-3296ea1c0f8c admin admin] Resources subnetpool have unlimited quota limit. It is not required to calculate headroom {{(pid=82861) make_reservation /opt/stack/neutron/neutron/db/quota/driver.py:219}}
Dec 16 14:39:05.933034 dv-cinder-821893-3-smb neutron-server[82861]: DEBUG neutron.quota.resource [None req-061af711-b7eb-41b1-b7a9-3296ea1c0f8c admin admin] Usage tracker for resource:security_group_rule and tenant:08871daeb01b452aba9b7d57e3a972ff is out of sync, need to count used quota {{(pid=82861) count_used /opt/stack/neutron/neutron/quota/resource.py:270}}
Dec 16 14:39:05.938665 dv-cinder-821893-3-smb neutron-server[82863]: DEBUG neutron.plugins.ml2.db [None req-d4ed0c76-5305-4f99-9e78-67976a758d3c None None] For port 9d3d0ab2-3349-4452-b45e-c0ea7efb778f, host dv-cinder-821893-3-smb, set binding levels [PortBindingLevel(driver='openvswitch',host='dv-cinder-821893-3-smb',level=0,port_id=9d3d0ab2-3349-4452-b45e-c0ea7efb778f,segment=NetworkSegment(4f5dda31-b5b1-4742-b2db-5b9a26752cae),segment_id=4f5dda31-b5b1-4742-b2db-5b9a26752cae)] {{(pid=82863) set_binding_levels /opt/stack/neutron/neutron/plugins/ml2/db.py:59}}
Dec 16 14:39:05.950626 dv-cinder-821893-3-smb neutron-server[82863]: DEBUG neutron_lib.callbacks.manager [None req-d4ed0c76-5305-4f99-9e78-67976a758d3c None None] Notify callbacks ['neutron.plugins.ml2.plugin.SecurityGroupServerNotifierRpcMixin.notify_sg_on_port_change-3383624', 'neutron.plugins.ml2.ovo_rpc._ObjectChangeHandler.handle_event-119111', 'neutron.api.rpc.agentnotifiers.dhcp_rpc_agent_api.DhcpAgentNotifyAPI._native_event_send_dhcp_notification-3563812', 'neutron.db.l3_db.L3RpcNotifierMixin._notify_gateway_port_ip_changed-8775664506125', 'neutron.db.l3_dvrscheduler_db._notify_l3_agent_port_update-8775664128651', 'neutron.db.l3_hascheduler_db._notify_l3_agent_ha_port_update-8775664128696'] for port, after_update {{(pid=82863) _notify_loop /usr/local/lib/python3.8/dist-packages/neutron_lib/callbacks/manager.py:192}}
Dec 16 14:39:05.979626 dv-cinder-821893-3-smb neutron-server[82863]: DEBUG oslo_concurrency.lockutils [None req-5c4f3014-162d-4ae5-a74b-855513f03c78 None None] Lock "event-dispatch" acquired by "neutron.plugins.ml2.ovo_rpc._ObjectChangeHandler.dispatch_events" :: waited 0.000s {{(pid=82863) inner /usr/local/lib/python3.8/dist-packages/oslo_concurrency/lockutils.py:355}}
Dec 16 14:39:05.983968 dv-cinder-821893-3-smb neutron-server[82861]: DEBUG neutron_lib.callbacks.manager [None req-29956918-5bcd-4b28-a1a5-791881a5718b admin admin] Notify callbacks ['neutron.plugins.ml2.plugin.Ml2Plugin._network_delete_after_delete_handler-3377289', 'neutron.plugins.ml2.ovo_rpc._ObjectChangeHandler.handle_event-356737', 'neutron.api.rpc.agentnotifiers.dhcp_rpc_agent_api.DhcpAgentNotifyAPI._native_event_send_dhcp_notification-3563812', 'neutron.services.l3_router.l3_router_plugin.DVRResourceOperationHandler.delete_fip_namespaces_for_ext_net-377742'] for network, after_delete {{(pid=82861) _notify_loop /usr/local/lib/python3.8/dist-packages/neutron_lib/callbacks/manager.py:192}}
Dec 16 14:39:05.992459 dv-cinder-821893-3-smb neutron-server[82861]: DEBUG neutron.quota.resource [None req-061af711-b7eb-41b1-b7a9-3296ea1c0f8c admin admin] Quota usage for security_group_rule was recalculated. Used quota:0. {{(pid=82861) count_used /opt/stack/neutron/neutron/quota/resource.py:290}}
Dec 16 14:39:06.071496 dv-cinder-821893-3-smb neutron-server[82861]: DEBUG neutron_lib.callbacks.manager [None req-7bb34cf8-5693-4592-af86-f7ec5c7d58cf admin admin] Notify callbacks [] for security_group, precommit_create {{(pid=82861) _notify_loop /usr/local/lib/python3.8/dist-packages/neutron_lib/callbacks/manager.py:192}}
Dec 16 14:39:06.099280 dv-cinder-821893-3-smb neutron-server[82861]: DEBUG neutron_lib.callbacks.manager [None req-29956918-5bcd-4b28-a1a5-791881a5718b admin admin] Notify callbacks ['neutron.api.rpc.agentnotifiers.dhcp_rpc_agent_api.DhcpAgentNotifyAPI._send_dhcp_notification-3564024'] for network, before_response {{(pid=82861) _notify_loop /usr/local/lib/python3.8/dist-packages/neutron_lib/callbacks/manager.py:192}}
Dec 16 14:39:06.108165 dv-cinder-821893-3-smb neutron-server[82861]: DEBUG neutron.db.quota.driver [None req-061af711-b7eb-41b1-b7a9-3296ea1c0f8c admin admin] Attempting to reserve 4 items for resource security_group_rule. Total usage: 0; quota limit: 100; headroom:100 {{(pid=82861) make_reservation /opt/stack/neutron/neutron/db/quota/driver.py:246}}
Dec 16 14:39:06.121971 dv-cinder-821893-3-smb neutron-server[82863]: DEBUG neutron.api.rpc.handlers.resources_rpc [None req-90ec582d-dcb5-4d51-aac4-c843512ffdcd None None] Pushing event updated for resources: {'Port': ['ID=9d3d0ab2-3349-4452-b45e-c0ea7efb778f,revision_number=3']} {{(pid=82863) push /opt/stack/neutron/neutron/api/rpc/handlers/resources_rpc.py:237}}
Dec 16 14:39:06.127555 dv-cinder-821893-3-smb neutron-server[82863]: DEBUG oslo_concurrency.lockutils [None req-90ec582d-dcb5-4d51-aac4-c843512ffdcd None None] Lock "event-dispatch" released by "neutron.plugins.ml2.ovo_rpc._ObjectChangeHandler.dispatch_events" :: held 0.148s {{(pid=82863) inner /usr/local/lib/python3.8/dist-packages/oslo_concurrency/lockutils.py:367}}
Dec 16 14:39:06.151165 dv-cinder-821893-3-smb neutron-server[82861]: DEBUG oslo_concurrency.lockutils [None req-bf0b8a4f-d8eb-4d4b-9f17-e2d864c9b973 admin admin] Lock "event-dispatch" acquired by "neutron.plugins.ml2.ovo_rpc._ObjectChangeHandler.dispatch_events" :: waited 0.000s {{(pid=82861) inner /usr/local/lib/python3.8/dist-packages/oslo_concurrency/lockutils.py:355}}
Dec 16 14:39:06.183625 dv-cinder-821893-3-smb neutron-server[82863]: DEBUG neutron.db.l3_dvrscheduler_db [None req-d4ed0c76-5305-4f99-9e78-67976a758d3c None None] Routers {'0aa52b8a-4e5e-442f-8e96-005b89dad427'} bound to L3 agent in host dv-cinder-821893-3-smb {{(pid=82863) _get_router_ids_for_agent /opt/stack/neutron/neutron/db/l3_dvrscheduler_db.py:420}}
Dec 16 14:39:06.184580 dv-cinder-821893-3-smb neutron-server[82863]: DEBUG neutron.db.l3_hamode_db [None req-d4ed0c76-5305-4f99-9e78-67976a758d3c None None] neutron.services.l3_router.l3_router_plugin.L3RouterPlugin method get_ha_sync_data_for_host called with arguments (, 'dv-cinder-821893-3-smb', Agent(admin_state_up=True,agent_type='L3 agent',availability_zone='nova',binary='neutron-l3-agent',configurations={"agent_mode": "legacy", "ex_gw_ports": 1, "extensions": [], "floating_ips": 0, "handle_internal_only_routers": true, "interface_driver": "openvswitch", "interfaces": 1, "log_agent_heartbeats": false, "routers": 1},created_at=2021-12-16T14:30:10Z,description=,heartbeat_timestamp=2021-12-16T14:38:40Z,host='dv-cinder-821893-3-smb',id=65a2623a-a483-444d-a80a-6d63c951d9bc,load=0,resource_versions=,resources_synced=,started_at=2021-12-16T14:30:10Z,topic='l3_agent')) {'router_ids': ['0aa52b8a-4e5e-442f-8e96-005b89dad427'], 'active': True} {{(pid=82863) wrapper /usr/local/lib/python3.8/dist-packages/oslo_log/helpers.py:65}}
Dec 16 14:39:06.202228 dv-cinder-821893-3-smb neutron-server[82861]: INFO neutron.wsgi [None req-29956918-5bcd-4b28-a1a5-791881a5718b admin admin] 10.222.0.44 "DELETE /v2.0/networks/9607c9dc-81f3-416e-83f7-8492c8d9a11d HTTP/1.1" status: 204 len: 168 time: 1.7265267
Dec 16 14:39:06.245346 dv-cinder-821893-3-smb neutron-server[82861]: DEBUG neutron.api.rpc.handlers.resources_rpc [None req-29956918-5bcd-4b28-a1a5-791881a5718b admin admin] Pushing event deleted for resources: {'Network': ['ID=9607c9dc-81f3-416e-83f7-8492c8d9a11d,revision_number=None']} {{(pid=82861) push /opt/stack/neutron/neutron/api/rpc/handlers/resources_rpc.py:237}}
Dec 16 14:39:06.254254 dv-cinder-821893-3-smb neutron-server[82861]: DEBUG neutron_lib.callbacks.manager [None req-7bb34cf8-5693-4592-af86-f7ec5c7d58cf admin admin] Notify callbacks ['neutron.plugins.ml2.ovo_rpc._ObjectChangeHandler.handle_event-356858'] for security_group, after_create {{(pid=82861) _notify_loop /usr/local/lib/python3.8/dist-packages/neutron_lib/callbacks/manager.py:192}}
Dec 16 14:39:06.261512 dv-cinder-821893-3-smb neutron-server[82861]: DEBUG oslo_concurrency.lockutils [None req-29956918-5bcd-4b28-a1a5-791881a5718b admin admin] Lock "event-dispatch" released by "neutron.plugins.ml2.ovo_rpc._ObjectChangeHandler.dispatch_events" :: held 0.111s {{(pid=82861) inner /usr/local/lib/python3.8/dist-packages/oslo_concurrency/lockutils.py:367}}
Dec 16 14:39:06.339320 dv-cinder-821893-3-smb neutron-server[82861]: DEBUG oslo_concurrency.lockutils [None req-51acd9e2-34a1-4eb6-bdb3-e5cf5377f36e admin admin] Lock "event-dispatch" acquired by "neutron.plugins.ml2.ovo_rpc._ObjectChangeHandler.dispatch_events" :: waited 0.000s {{(pid=82861) inner /usr/local/lib/python3.8/dist-packages/oslo_concurrency/lockutils.py:355}}
Dec 16 14:39:06.381339 dv-cinder-821893-3-smb neutron-server[82861]: INFO neutron.wsgi [None req-7bb34cf8-5693-4592-af86-f7ec5c7d58cf admin admin] 10.222.0.44 "GET /v2.0/security-groups?tenant_id=440e3b17e55e4e00a9f53e17ed02b065&name=default HTTP/1.1" status: 200 len: 2647 time: 2.1435673
Dec 16 14:39:06.383711 dv-cinder-821893-3-smb neutron-server[82861]: DEBUG neutron.wsgi [-] (82861) accepted ('10.222.0.44', 55670) {{(pid=82861) server /usr/local/lib/python3.8/dist-packages/eventlet/wsgi.py:992}}
Dec 16 14:39:06.467641 dv-cinder-821893-3-smb neutron-server[82861]: DEBUG neutron.api.rpc.handlers.resources_rpc [None req-7bb34cf8-5693-4592-af86-f7ec5c7d58cf admin admin] Pushing event updated for resources: {'SecurityGroup': ['ID=eb2afa2f-9fe8-4867-b880-1788ae0ddfb5,revision_number=1']} {{(pid=82861) push /opt/stack/neutron/neutron/api/rpc/handlers/resources_rpc.py:237}}
