Dec 15 20:55:54.172093 dv-cinder-821892-1-iscsi neutron-server[86858]: DEBUG neutron_lib.callbacks.manager [req-6de6524d-82dc-4f6b-a53f-74bf71fb2226 req-bfb23b1e-9e48-4959-bc59-1ba305184555 tempest-AttachVolumeNegativeTest-1977724789 tempest-AttachVolumeNegativeTest-1977724789-project] Notify callbacks ['neutron.plugins.ml2.plugin.SecurityGroupDbMixin._ensure_default_security_group_handler-16025697'] for port, before_create {{(pid=86858) _notify_loop /usr/local/lib/python3.8/dist-packages/neutron_lib/callbacks/manager.py:192}}
Dec 15 20:55:54.268097 dv-cinder-821892-1-iscsi neutron-server[86859]: INFO neutron.wsgi [req-559607ce-c19b-467b-b3e6-c6eb0d199305 req-8134a982-f791-4831-b92c-11519c07dc8d tempest-AttachVolumeNegativeTest-1977724789 tempest-AttachVolumeNegativeTest-1977724789-project] 10.222.0.49 "GET /v2.0/ports?device_id=408593d0-5942-458b-b385-ca50a9bba9e8 HTTP/1.1" status: 200 len: 210 time: 0.0589166
Dec 15 20:55:54.364774 dv-cinder-821892-1-iscsi neutron-server[86858]: DEBUG neutron.db.db_base_plugin_common [req-6de6524d-82dc-4f6b-a53f-74bf71fb2226 req-bfb23b1e-9e48-4959-bc59-1ba305184555 tempest-AttachVolumeNegativeTest-1977724789 tempest-AttachVolumeNegativeTest-1977724789-project] Allocated IP 172.20.0.12 (80313551-4978-4263-bd6f-c5ef8342b2b0/2f5c8b39-f31f-4f68-b491-bed600bd6785/3738a568-4309-4f12-b542-09b2242a8a4f) {{(pid=86858) _store_ip_allocation /opt/stack/neutron/neutron/db/db_base_plugin_common.py:131}}
Dec 15 20:55:54.611513 dv-cinder-821892-1-iscsi neutron-server[86858]: DEBUG neutron_lib.callbacks.manager [req-6de6524d-82dc-4f6b-a53f-74bf71fb2226 req-bfb23b1e-9e48-4959-bc59-1ba305184555 tempest-AttachVolumeNegativeTest-1977724789 tempest-AttachVolumeNegativeTest-1977724789-project] Notify callbacks [] for port, precommit_create {{(pid=86858) _notify_loop /usr/local/lib/python3.8/dist-packages/neutron_lib/callbacks/manager.py:192}}
Dec 15 20:55:54.655478 dv-cinder-821892-1-iscsi neutron-server[86858]: DEBUG neutron_lib.callbacks.manager [req-6de6524d-82dc-4f6b-a53f-74bf71fb2226 req-bfb23b1e-9e48-4959-bc59-1ba305184555 tempest-AttachVolumeNegativeTest-1977724789 tempest-AttachVolumeNegativeTest-1977724789-project] Notify callbacks ['neutron.plugins.ml2.plugin.SecurityGroupServerNotifierRpcMixin.notify_sg_on_port_change-16025634', 'neutron.plugins.ml2.ovo_rpc._ObjectChangeHandler.handle_event-188659', 'neutron.api.rpc.agentnotifiers.dhcp_rpc_agent_api.DhcpAgentNotifyAPI._native_event_send_dhcp_notification-1627719', 'neutron.db.l3_dvrscheduler_db._notify_l3_agent_new_port-8767327366193'] for port, after_create {{(pid=86858) _notify_loop /usr/local/lib/python3.8/dist-packages/neutron_lib/callbacks/manager.py:192}}
Dec 15 20:55:54.662853 dv-cinder-821892-1-iscsi neutron-server[86858]: DEBUG oslo_concurrency.lockutils [None req-d6f2b315-4918-4d8b-89ab-6bbea10c591b service neutron] Lock "event-dispatch" acquired by "neutron.plugins.ml2.ovo_rpc._ObjectChangeHandler.dispatch_events" :: waited 0.000s {{(pid=86858) inner /usr/local/lib/python3.8/dist-packages/oslo_concurrency/lockutils.py:355}}
Dec 15 20:55:54.682575 dv-cinder-821892-1-iscsi neutron-server[86860]: DEBUG neutron.plugins.ml2.db [None req-624b97e1-7b11-4fef-a367-e57d926a62f1 None None] get_ports_and_sgs() called for port_ids ['7ba761fd-f599-4ab4-9445-2bd2f228ac1a'] {{(pid=86860) get_ports_and_sgs /opt/stack/neutron/neutron/plugins/ml2/db.py:164}}
Dec 15 20:55:54.725160 dv-cinder-821892-1-iscsi neutron-server[86859]: DEBUG neutron.pecan_wsgi.hooks.policy_enforcement [req-2621fc4d-7c19-4a31-9488-f3ec192b0c09 req-3e4ba9c6-66f2-4f57-adbc-786c057de205 tempest-ServerRescueNegativeTestJSON-1801593253 tempest-ServerRescueNegativeTestJSON-1801593253-project] Attributes excluded by policy engine: ['standard_attr_id', 'binding:profile', 'binding:host_id', 'binding:vif_type', 'binding:vif_details'] {{(pid=86859) _exclude_attributes_by_policy /opt/stack/neutron/neutron/pecan_wsgi/hooks/policy_enforcement.py:255}}
Dec 15 20:55:54.728246 dv-cinder-821892-1-iscsi neutron-server[86859]: INFO neutron.wsgi [req-2621fc4d-7c19-4a31-9488-f3ec192b0c09 req-3e4ba9c6-66f2-4f57-adbc-786c057de205 tempest-ServerRescueNegativeTestJSON-1801593253 tempest-ServerRescueNegativeTestJSON-1801593253-project] 10.222.0.49 "GET /v2.0/ports?device_id=4bcffede-b59f-4852-9a04-508eef0a1953 HTTP/1.1" status: 200 len: 945 time: 0.0876219
Dec 15 20:55:54.743715 dv-cinder-821892-1-iscsi neutron-server[86858]: DEBUG neutron.scheduler.dhcp_agent_scheduler [req-6de6524d-82dc-4f6b-a53f-74bf71fb2226 req-bfb23b1e-9e48-4959-bc59-1ba305184555 tempest-AttachVolumeNegativeTest-1977724789 tempest-AttachVolumeNegativeTest-1977724789-project] Network 80313551-4978-4263-bd6f-c5ef8342b2b0 is already hosted by enough agents. {{(pid=86858) _get_dhcp_agents_hosting_network /opt/stack/neutron/neutron/scheduler/dhcp_agent_scheduler.py:275}}
Dec 15 20:55:54.748379 dv-cinder-821892-1-iscsi neutron-server[86858]: DEBUG neutron.scheduler.base_scheduler [req-6de6524d-82dc-4f6b-a53f-74bf71fb2226 req-bfb23b1e-9e48-4959-bc59-1ba305184555 tempest-AttachVolumeNegativeTest-1977724789 tempest-AttachVolumeNegativeTest-1977724789-project] Resources bound (agent type, host, resource id): {{(pid=86858) schedule /opt/stack/neutron/neutron/scheduler/base_scheduler.py:57}}
Dec 15 20:55:54.753119 dv-cinder-821892-1-iscsi neutron-server[86858]: DEBUG neutron.db.l3_dvrscheduler_db [req-6de6524d-82dc-4f6b-a53f-74bf71fb2226 req-bfb23b1e-9e48-4959-bc59-1ba305184555 tempest-AttachVolumeNegativeTest-1977724789 tempest-AttachVolumeNegativeTest-1977724789-project] Received port after_create {{(pid=86858) _notify_l3_agent_new_port /opt/stack/neutron/neutron/db/l3_dvrscheduler_db.py:537}}
Dec 15 20:55:54.760804 dv-cinder-821892-1-iscsi neutron-server[86858]: DEBUG neutron.pecan_wsgi.hooks.policy_enforcement [req-6de6524d-82dc-4f6b-a53f-74bf71fb2226 req-bfb23b1e-9e48-4959-bc59-1ba305184555 tempest-AttachVolumeNegativeTest-1977724789 tempest-AttachVolumeNegativeTest-1977724789-project] Attributes excluded by policy engine: ['standard_attr_id', 'binding:profile', 'binding:host_id', 'binding:vif_type', 'binding:vif_details', 'network'] {{(pid=86858) _exclude_attributes_by_policy /opt/stack/neutron/neutron/pecan_wsgi/hooks/policy_enforcement.py:255}}
Dec 15 20:55:54.761886 dv-cinder-821892-1-iscsi neutron-server[86858]: DEBUG neutron_lib.callbacks.manager [req-6de6524d-82dc-4f6b-a53f-74bf71fb2226 req-bfb23b1e-9e48-4959-bc59-1ba305184555 tempest-AttachVolumeNegativeTest-1977724789 tempest-AttachVolumeNegativeTest-1977724789-project] Notify callbacks ['neutron.notifiers.nova.Notifier._send_nova_notification-113577', 'neutron.api.rpc.agentnotifiers.dhcp_rpc_agent_api.DhcpAgentNotifyAPI._send_dhcp_notification-1627753'] for port, before_response {{(pid=86858) _notify_loop /usr/local/lib/python3.8/dist-packages/neutron_lib/callbacks/manager.py:192}}
Dec 15 20:55:54.787958 dv-cinder-821892-1-iscsi neutron-server[86858]: DEBUG neutron.api.rpc.handlers.resources_rpc [None req-bfb23b1e-9e48-4959-bc59-1ba305184555 tempest-AttachVolumeNegativeTest-1977724789 tempest-AttachVolumeNegativeTest-1977724789-project] Pushing event updated for resources: {'Port': ['ID=3738a568-4309-4f12-b542-09b2242a8a4f,revision_number=1']} {{(pid=86858) push /opt/stack/neutron/neutron/api/rpc/handlers/resources_rpc.py:237}}
Dec 15 20:55:54.793527 dv-cinder-821892-1-iscsi neutron-server[86858]: DEBUG oslo_concurrency.lockutils [None req-bfb23b1e-9e48-4959-bc59-1ba305184555 tempest-AttachVolumeNegativeTest-1977724789 tempest-AttachVolumeNegativeTest-1977724789-project] Lock "event-dispatch" released by "neutron.plugins.ml2.ovo_rpc._ObjectChangeHandler.dispatch_events" :: held 0.131s {{(pid=86858) inner /usr/local/lib/python3.8/dist-packages/oslo_concurrency/lockutils.py:367}}
Dec 15 20:55:54.804053 dv-cinder-821892-1-iscsi neutron-server[86858]: INFO neutron.wsgi [req-6de6524d-82dc-4f6b-a53f-74bf71fb2226 req-bfb23b1e-9e48-4959-bc59-1ba305184555 tempest-AttachVolumeNegativeTest-1977724789 tempest-AttachVolumeNegativeTest-1977724789-project] 10.222.0.41 "POST /v2.0/ports HTTP/1.1" status: 201 len: 934 time: 0.8749754
Dec 15 20:55:54.804358 dv-cinder-821892-1-iscsi neutron-server[86859]: INFO neutron.wsgi [req-2621fc4d-7c19-4a31-9488-f3ec192b0c09 req-7c764984-f3da-4cd9-b698-38e018a95a8f tempest-ServerRescueNegativeTestJSON-1801593253 tempest-ServerRescueNegativeTestJSON-1801593253-project] 10.222.0.49 "GET /v2.0/security-groups?id=d49fb3dc-8bff-47db-a372-ecc19bcd8971&fields=id&fields=name HTTP/1.1" status: 200 len: 286 time: 0.0706398
Dec 15 20:55:54.825935 dv-cinder-821892-1-iscsi neutron-server[86858]: DEBUG neutron.api.v2.base [req-6de6524d-82dc-4f6b-a53f-74bf71fb2226 req-1d6a8c05-fef8-4475-8e48-71fda93fbf6c service neutron] Request body: {'port': {'device_id': '408593d0-5942-458b-b385-ca50a9bba9e8', 'device_owner': 'compute:nova', 'binding:host_id': 'hv-cinder-82189'}} {{(pid=86858) prepare_request_body /opt/stack/neutron/neutron/api/v2/base.py:729}}
Dec 15 20:55:55.016657 dv-cinder-821892-1-iscsi neutron-server[86858]: DEBUG neutron_lib.callbacks.manager [req-6de6524d-82dc-4f6b-a53f-74bf71fb2226 req-1d6a8c05-fef8-4475-8e48-71fda93fbf6c service neutron] Notify callbacks ['neutron.plugins.ml2.plugin.SecurityGroupDbMixin._ensure_default_security_group_handler-16025697'] for port, before_update {{(pid=86858) _notify_loop /usr/local/lib/python3.8/dist-packages/neutron_lib/callbacks/manager.py:192}}
Dec 15 20:55:55.436943 dv-cinder-821892-1-iscsi neutron-server[86858]: DEBUG neutron.notifiers.nova [req-6de6524d-82dc-4f6b-a53f-74bf71fb2226 req-1d6a8c05-fef8-4475-8e48-71fda93fbf6c service neutron] Ignoring state change previous_port_status: DOWN current_port_status: DOWN port_id 3738a568-4309-4f12-b542-09b2242a8a4f {{(pid=86858) record_port_status_changed /opt/stack/neutron/neutron/notifiers/nova.py:224}}
Dec 15 20:55:55.444633 dv-cinder-821892-1-iscsi neutron-server[86858]: DEBUG neutron_lib.callbacks.manager [req-6de6524d-82dc-4f6b-a53f-74bf71fb2226 req-1d6a8c05-fef8-4475-8e48-71fda93fbf6c service neutron] Notify callbacks [] for port, precommit_update {{(pid=86858) _notify_loop /usr/local/lib/python3.8/dist-packages/neutron_lib/callbacks/manager.py:192}}
Dec 15 20:55:55.459979 dv-cinder-821892-1-iscsi neutron-server[86859]: DEBUG neutron.pecan_wsgi.hooks.policy_enforcement [req-856c3aa6-cfe3-452e-a54b-11359c1de35c req-ef59d31f-c4f5-4956-8812-9afad4887358 tempest-AttachVolumeNegativeTest-1977724789 tempest-AttachVolumeNegativeTest-1977724789-project] Attributes excluded by policy engine: ['standard_attr_id', 'binding:profile', 'binding:host_id', 'binding:vif_type', 'binding:vif_details'] {{(pid=86859) _exclude_attributes_by_policy /opt/stack/neutron/neutron/pecan_wsgi/hooks/policy_enforcement.py:255}}
Dec 15 20:55:55.460708 dv-cinder-821892-1-iscsi neutron-server[86858]: DEBUG neutron.db.provisioning_blocks [req-6de6524d-82dc-4f6b-a53f-74bf71fb2226 req-1d6a8c05-fef8-4475-8e48-71fda93fbf6c service neutron] Transition to ACTIVE for port object 3738a568-4309-4f12-b542-09b2242a8a4f will not be triggered until provisioned by entity L2. {{(pid=86858) add_provisioning_component /opt/stack/neutron/neutron/db/provisioning_blocks.py:73}}
Dec 15 20:55:55.461753 dv-cinder-821892-1-iscsi neutron-server[86859]: INFO neutron.wsgi [req-856c3aa6-cfe3-452e-a54b-11359c1de35c req-ef59d31f-c4f5-4956-8812-9afad4887358 tempest-AttachVolumeNegativeTest-1977724789 tempest-AttachVolumeNegativeTest-1977724789-project] 10.222.0.49 "GET /v2.0/ports?device_id=408593d0-5942-458b-b385-ca50a9bba9e8 HTTP/1.1" status: 200 len: 932 time: 0.0875082
Dec 15 20:55:55.468812 dv-cinder-821892-1-iscsi neutron-server[86858]: DEBUG neutron_lib.callbacks.manager [req-6de6524d-82dc-4f6b-a53f-74bf71fb2226 req-1d6a8c05-fef8-4475-8e48-71fda93fbf6c service neutron] Notify callbacks ['neutron.plugins.ml2.plugin.SecurityGroupServerNotifierRpcMixin.notify_sg_on_port_change-16025634', 'neutron.plugins.ml2.ovo_rpc._ObjectChangeHandler.handle_event-188659', 'neutron.api.rpc.agentnotifiers.dhcp_rpc_agent_api.DhcpAgentNotifyAPI._native_event_send_dhcp_notification-1627719', 'neutron.db.l3_db.L3RpcNotifierMixin._notify_gateway_port_ip_changed-8767327913786', 'neutron.db.l3_dvrscheduler_db._notify_l3_agent_port_update-8767327366211', 'neutron.db.l3_hascheduler_db._notify_l3_agent_ha_port_update-8767327366256'] for port, after_update {{(pid=86858) _notify_loop /usr/local/lib/python3.8/dist-packages/neutron_lib/callbacks/manager.py:192}}
Dec 15 20:55:55.478192 dv-cinder-821892-1-iscsi neutron-server[86858]: DEBUG oslo_concurrency.lockutils [-] Lock "event-dispatch" acquired by "neutron.plugins.ml2.ovo_rpc._ObjectChangeHandler.dispatch_events" :: waited 0.000s {{(pid=86858) inner /usr/local/lib/python3.8/dist-packages/oslo_concurrency/lockutils.py:355}}
Dec 15 20:55:55.512762 dv-cinder-821892-1-iscsi neutron-server[86859]: INFO neutron.wsgi [req-856c3aa6-cfe3-452e-a54b-11359c1de35c req-945123ad-1b49-4df1-8ea1-896658171392 tempest-AttachVolumeNegativeTest-1977724789 tempest-AttachVolumeNegativeTest-1977724789-project] 10.222.0.49 "GET /v2.0/security-groups?id=1a7768db-a9f2-4b90-a41a-96617fcfff28&fields=id&fields=name HTTP/1.1" status: 200 len: 286 time: 0.0440848
Dec 15 20:55:55.678941 dv-cinder-821892-1-iscsi neutron-server[86861]: DEBUG neutron.db.agents_db [None req-1c3f19fd-69c6-4c59-9237-3e076387e612 None None] Agent healthcheck: found 6 active agents {{(pid=86861) agent_health_check /opt/stack/neutron/neutron/db/agents_db.py:328}}
Dec 15 20:55:55.767233 dv-cinder-821892-1-iscsi neutron-server[86858]: DEBUG neutron.api.rpc.handlers.resources_rpc [None req-1d6a8c05-fef8-4475-8e48-71fda93fbf6c service neutron] Pushing event updated for resources: {'Port': ['ID=3738a568-4309-4f12-b542-09b2242a8a4f,revision_number=2']} {{(pid=86858) push /opt/stack/neutron/neutron/api/rpc/handlers/resources_rpc.py:237}}
Dec 15 20:55:55.770689 dv-cinder-821892-1-iscsi neutron-server[86858]: DEBUG oslo_concurrency.lockutils [None req-1d6a8c05-fef8-4475-8e48-71fda93fbf6c service neutron] Lock "event-dispatch" released by "neutron.plugins.ml2.ovo_rpc._ObjectChangeHandler.dispatch_events" :: held 0.293s {{(pid=86858) inner /usr/local/lib/python3.8/dist-packages/oslo_concurrency/lockutils.py:367}}
Dec 15 20:55:55.771480 dv-cinder-821892-1-iscsi neutron-server[86858]: DEBUG neutron.plugins.ml2.managers [req-6de6524d-82dc-4f6b-a53f-74bf71fb2226 req-1d6a8c05-fef8-4475-8e48-71fda93fbf6c service neutron] Attempting to bind port 3738a568-4309-4f12-b542-09b2242a8a4f on host hv-cinder-82189 for vnic_type normal with profile {{(pid=86858) bind_port /opt/stack/neutron/neutron/plugins/ml2/managers.py:790}}
Dec 15 20:55:55.771802 dv-cinder-821892-1-iscsi neutron-server[86858]: DEBUG neutron.plugins.ml2.managers [req-6de6524d-82dc-4f6b-a53f-74bf71fb2226 req-1d6a8c05-fef8-4475-8e48-71fda93fbf6c service neutron] Attempting to bind port 3738a568-4309-4f12-b542-09b2242a8a4f by drivers openvswitch,hyperv on host hv-cinder-82189 at level 0 using segments [{'id': 'ae6fa0f6-5b60-452f-8239-ffb398b012d3', 'network_type': 'vlan', 'physical_network': 'physnet1', 'segmentation_id': 152, 'network_id': '80313551-4978-4263-bd6f-c5ef8342b2b0'}] {{(pid=86858) _bind_port_level /opt/stack/neutron/neutron/plugins/ml2/managers.py:815}}
Dec 15 20:55:55.772122 dv-cinder-821892-1-iscsi neutron-server[86858]: DEBUG neutron.plugins.ml2.drivers.mech_agent [req-6de6524d-82dc-4f6b-a53f-74bf71fb2226 req-1d6a8c05-fef8-4475-8e48-71fda93fbf6c service neutron] Attempting to bind port 3738a568-4309-4f12-b542-09b2242a8a4f on network 80313551-4978-4263-bd6f-c5ef8342b2b0 {{(pid=86858) bind_port /opt/stack/neutron/neutron/plugins/ml2/drivers/mech_agent.py:86}}
Dec 15 20:55:55.776841 dv-cinder-821892-1-iscsi neutron-server[86858]: DEBUG neutron.plugins.ml2.drivers.mech_agent [req-6de6524d-82dc-4f6b-a53f-74bf71fb2226 req-1d6a8c05-fef8-4475-8e48-71fda93fbf6c service neutron] Port 3738a568-4309-4f12-b542-09b2242a8a4f on network 80313551-4978-4263-bd6f-c5ef8342b2b0 not bound, no agent of type Open vSwitch agent registered on host hv-cinder-82189 {{(pid=86858) bind_port /opt/stack/neutron/neutron/plugins/ml2/drivers/mech_agent.py:98}}
Dec 15 20:55:55.777155 dv-cinder-821892-1-iscsi neutron-server[86858]: DEBUG neutron.plugins.ml2.drivers.mech_agent [req-6de6524d-82dc-4f6b-a53f-74bf71fb2226 req-1d6a8c05-fef8-4475-8e48-71fda93fbf6c service neutron] Attempting to bind port 3738a568-4309-4f12-b542-09b2242a8a4f on network 80313551-4978-4263-bd6f-c5ef8342b2b0 {{(pid=86858) bind_port /opt/stack/neutron/neutron/plugins/ml2/drivers/mech_agent.py:86}}
Dec 15 20:55:55.782240 dv-cinder-821892-1-iscsi neutron-server[86858]: DEBUG neutron.plugins.ml2.drivers.mech_agent [req-6de6524d-82dc-4f6b-a53f-74bf71fb2226 req-1d6a8c05-fef8-4475-8e48-71fda93fbf6c service neutron] Checking agent: {'id': '725a3879-ffa9-43b4-b39f-ace0d62390f9', 'agent_type': 'HyperV agent', 'binary': 'neutron-hyperv-agent', 'topic': 'N/A', 'host': 'hv-cinder-82189', 'admin_state_up': True, 'created_at': datetime.datetime(2021, 12, 15, 20, 52, 47), 'started_at': datetime.datetime(2021, 12, 15, 20, 52, 47), 'heartbeat_timestamp': datetime.datetime(2021, 12, 15, 20, 55, 47), 'description': None, 'resources_synced': None, 'availability_zone': None, 'alive': True, 'configurations': {'vswitch_mappings': {'physnet1$': 'br-data'}}, 'resource_versions': {}} {{(pid=86858) bind_port /opt/stack/neutron/neutron/plugins/ml2/drivers/mech_agent.py:105}}
Dec 15 20:55:55.782568 dv-cinder-821892-1-iscsi neutron-server[86858]: DEBUG neutron.plugins.ml2.drivers.mech_agent [req-6de6524d-82dc-4f6b-a53f-74bf71fb2226 req-1d6a8c05-fef8-4475-8e48-71fda93fbf6c service neutron] Checking segment: {'id': 'ae6fa0f6-5b60-452f-8239-ffb398b012d3', 'network_type': 'vlan', 'physical_network': 'physnet1', 'segmentation_id': 152, 'network_id': '80313551-4978-4263-bd6f-c5ef8342b2b0'} for mappings: {'physnet1$': 'br-data'} with network types: ['local', 'flat', 'vlan'] {{(pid=86858) check_segment_for_agent /opt/stack/neutron/neutron/plugins/ml2/drivers/mech_agent.py:341}}
Dec 15 20:55:55.782938 dv-cinder-821892-1-iscsi neutron-server[86858]: DEBUG neutron.plugins.ml2.drivers.mech_agent [req-6de6524d-82dc-4f6b-a53f-74bf71fb2226 req-1d6a8c05-fef8-4475-8e48-71fda93fbf6c service neutron] Bound using segment: {'id': 'ae6fa0f6-5b60-452f-8239-ffb398b012d3', 'network_type': 'vlan', 'physical_network': 'physnet1', 'segmentation_id': 152, 'network_id': '80313551-4978-4263-bd6f-c5ef8342b2b0'} {{(pid=86858) bind_port /opt/stack/neutron/neutron/plugins/ml2/drivers/mech_agent.py:115}}
Dec 15 20:55:55.783352 dv-cinder-821892-1-iscsi neutron-server[86858]: DEBUG neutron.plugins.ml2.managers [req-6de6524d-82dc-4f6b-a53f-74bf71fb2226 req-1d6a8c05-fef8-4475-8e48-71fda93fbf6c service neutron] Bound port: 3738a568-4309-4f12-b542-09b2242a8a4f, host: hv-cinder-82189, vif_type: hyperv, vif_details: {"connectivity": "legacy", "port_filter": false}, binding_levels: [{'bound_driver': 'hyperv', 'bound_segment': {'id': 'ae6fa0f6-5b60-452f-8239-ffb398b012d3', 'network_type': 'vlan', 'physical_network': 'physnet1', 'segmentation_id': 152, 'network_id': '80313551-4978-4263-bd6f-c5ef8342b2b0'}}] {{(pid=86858) _bind_port_level /opt/stack/neutron/neutron/plugins/ml2/managers.py:928}}
Dec 15 20:55:55.783691 dv-cinder-821892-1-iscsi neutron-server[86858]: DEBUG neutron_lib.callbacks.manager [req-6de6524d-82dc-4f6b-a53f-74bf71fb2226 req-1d6a8c05-fef8-4475-8e48-71fda93fbf6c service neutron] Notify callbacks ['neutron.plugins.ml2.plugin.SecurityGroupDbMixin._ensure_default_security_group_handler-16025697'] for port, before_update {{(pid=86858) _notify_loop /usr/local/lib/python3.8/dist-packages/neutron_lib/callbacks/manager.py:192}}
Dec 15 20:55:55.895543 dv-cinder-821892-1-iscsi neutron-server[86858]: DEBUG neutron.plugins.ml2.db [req-6de6524d-82dc-4f6b-a53f-74bf71fb2226 req-1d6a8c05-fef8-4475-8e48-71fda93fbf6c service neutron] For port 3738a568-4309-4f12-b542-09b2242a8a4f, host hv-cinder-82189, cleared binding levels {{(pid=86858) clear_binding_levels /opt/stack/neutron/neutron/plugins/ml2/db.py:88}}
Dec 15 20:55:55.899930 dv-cinder-821892-1-iscsi neutron-server[86858]: DEBUG neutron.plugins.ml2.db [req-6de6524d-82dc-4f6b-a53f-74bf71fb2226 req-1d6a8c05-fef8-4475-8e48-71fda93fbf6c service neutron] For port 3738a568-4309-4f12-b542-09b2242a8a4f, host hv-cinder-82189, set binding levels [PortBindingLevel(driver='hyperv',host='hv-cinder-82189',level=0,port_id=3738a568-4309-4f12-b542-09b2242a8a4f,segment=NetworkSegment(ae6fa0f6-5b60-452f-8239-ffb398b012d3),segment_id=ae6fa0f6-5b60-452f-8239-ffb398b012d3)] {{(pid=86858) set_binding_levels /opt/stack/neutron/neutron/plugins/ml2/db.py:60}}
Dec 15 20:55:55.906160 dv-cinder-821892-1-iscsi neutron-server[86858]: DEBUG neutron_lib.callbacks.manager [req-6de6524d-82dc-4f6b-a53f-74bf71fb2226 req-1d6a8c05-fef8-4475-8e48-71fda93fbf6c service neutron] Notify callbacks ['neutron.plugins.ml2.plugin.SecurityGroupServerNotifierRpcMixin.notify_sg_on_port_change-16025634', 'neutron.plugins.ml2.ovo_rpc._ObjectChangeHandler.handle_event-188659', 'neutron.api.rpc.agentnotifiers.dhcp_rpc_agent_api.DhcpAgentNotifyAPI._native_event_send_dhcp_notification-1627719', 'neutron.db.l3_db.L3RpcNotifierMixin._notify_gateway_port_ip_changed-8767327913786', 'neutron.db.l3_dvrscheduler_db._notify_l3_agent_port_update-8767327366211', 'neutron.db.l3_hascheduler_db._notify_l3_agent_ha_port_update-8767327366256'] for port, after_update {{(pid=86858) _notify_loop /usr/local/lib/python3.8/dist-packages/neutron_lib/callbacks/manager.py:192}}
Dec 15 20:55:55.917227 dv-cinder-821892-1-iscsi neutron-server[86858]: DEBUG oslo_concurrency.lockutils [-] Lock "event-dispatch" acquired by "neutron.plugins.ml2.ovo_rpc._ObjectChangeHandler.dispatch_events" :: waited 0.000s {{(pid=86858) inner /usr/local/lib/python3.8/dist-packages/oslo_concurrency/lockutils.py:355}}
Dec 15 20:55:55.998496 dv-cinder-821892-1-iscsi neutron-server[86858]: DEBUG neutron.pecan_wsgi.hooks.policy_enforcement [req-6de6524d-82dc-4f6b-a53f-74bf71fb2226 req-1d6a8c05-fef8-4475-8e48-71fda93fbf6c service neutron] Attributes excluded by policy engine: ['standard_attr_id'] {{(pid=86858) _exclude_attributes_by_policy /opt/stack/neutron/neutron/pecan_wsgi/hooks/policy_enforcement.py:255}}
Dec 15 20:55:55.999257 dv-cinder-821892-1-iscsi neutron-server[86858]: DEBUG neutron_lib.callbacks.manager [req-6de6524d-82dc-4f6b-a53f-74bf71fb2226 req-1d6a8c05-fef8-4475-8e48-71fda93fbf6c service neutron] Notify callbacks ['neutron.notifiers.nova.Notifier._send_nova_notification-113577', 'neutron.api.rpc.agentnotifiers.dhcp_rpc_agent_api.DhcpAgentNotifyAPI._send_dhcp_notification-1627753'] for port, before_response {{(pid=86858) _notify_loop /usr/local/lib/python3.8/dist-packages/neutron_lib/callbacks/manager.py:192}}
Dec 15 20:55:56.001251 dv-cinder-821892-1-iscsi neutron-server[86858]: INFO neutron.wsgi [req-6de6524d-82dc-4f6b-a53f-74bf71fb2226 req-1d6a8c05-fef8-4475-8e48-71fda93fbf6c service neutron] 10.222.0.41 "PUT /v2.0/ports/3738a568-4309-4f12-b542-09b2242a8a4f HTTP/1.1" status: 200 len: 1094 time: 1.1876895
Dec 15 20:55:56.004156 dv-cinder-821892-1-iscsi neutron-server[86858]: DEBUG neutron.notifiers.nova [-] Sending events: [{'name': 'network-changed', 'server_uuid': '408593d0-5942-458b-b385-ca50a9bba9e8', 'tag': '3738a568-4309-4f12-b542-09b2242a8a4f'}] {{(pid=86858) send_events /opt/stack/neutron/neutron/notifiers/nova.py:262}}
Dec 15 20:55:56.013946 dv-cinder-821892-1-iscsi neutron-server[86858]: DEBUG neutron.api.rpc.handlers.resources_rpc [None req-1d6a8c05-fef8-4475-8e48-71fda93fbf6c service neutron] Pushing event updated for resources: {'Port': ['ID=3738a568-4309-4f12-b542-09b2242a8a4f,revision_number=3']} {{(pid=86858) push /opt/stack/neutron/neutron/api/rpc/handlers/resources_rpc.py:237}}
Dec 15 20:55:56.017394 dv-cinder-821892-1-iscsi neutron-server[86858]: DEBUG oslo_concurrency.lockutils [None req-1d6a8c05-fef8-4475-8e48-71fda93fbf6c service neutron] Lock "event-dispatch" released by "neutron.plugins.ml2.ovo_rpc._ObjectChangeHandler.dispatch_events" :: held 0.100s {{(pid=86858) inner /usr/local/lib/python3.8/dist-packages/oslo_concurrency/lockutils.py:367}}
Dec 15 20:55:56.084847 dv-cinder-821892-1-iscsi neutron-server[86859]: DEBUG neutron.pecan_wsgi.hooks.policy_enforcement [req-9f70c887-7b26-4db8-8474-e1449f2cc2ae req-00ef4147-d6ba-4bf3-8db4-5e07d076da3e tempest-ServerRescueNegativeTestJSON-1801593253 tempest-ServerRescueNegativeTestJSON-1801593253-project] Attributes excluded by policy engine: ['standard_attr_id', 'binding:profile', 'binding:host_id', 'binding:vif_type', 'binding:vif_details'] {{(pid=86859) _exclude_attributes_by_policy /opt/stack/neutron/neutron/pecan_wsgi/hooks/policy_enforcement.py:255}}
Dec 15 20:55:56.086284 dv-cinder-821892-1-iscsi neutron-server[86859]: INFO neutron.wsgi [req-9f70c887-7b26-4db8-8474-e1449f2cc2ae req-00ef4147-d6ba-4bf3-8db4-5e07d076da3e tempest-ServerRescueNegativeTestJSON-1801593253 tempest-ServerRescueNegativeTestJSON-1801593253-project] 10.222.0.49 "GET /v2.0/ports?device_id=4bcffede-b59f-4852-9a04-508eef0a1953 HTTP/1.1" status: 200 len: 945 time: 0.1486092
Dec 15 20:55:56.094938 dv-cinder-821892-1-iscsi neutron-server[86859]: DEBUG neutron.pecan_wsgi.hooks.policy_enforcement [req-ae376bfc-150e-4b9e-8704-6ece3a6ec178 req-f74b577a-b3da-4b5b-ae69-53baed4e575d tempest-DeleteServersTestJSON-1482200093 tempest-DeleteServersTestJSON-1482200093-project] Attributes excluded by policy engine: ['standard_attr_id', 'binding:profile', 'binding:host_id', 'binding:vif_type', 'binding:vif_details'] {{(pid=86859) _exclude_attributes_by_policy /opt/stack/neutron/neutron/pecan_wsgi/hooks/policy_enforcement.py:255}}
Dec 15 20:55:56.096288 dv-cinder-821892-1-iscsi neutron-server[86859]: INFO neutron.wsgi [req-ae376bfc-150e-4b9e-8704-6ece3a6ec178 req-f74b577a-b3da-4b5b-ae69-53baed4e575d tempest-DeleteServersTestJSON-1482200093 tempest-DeleteServersTestJSON-1482200093-project] 10.222.0.49 "GET /v2.0/ports?device_id=052f4aab-0856-42fd-ac28-f7430a1a96ec HTTP/1.1" status: 200 len: 945 time: 0.1188791
Dec 15 20:55:56.162945 dv-cinder-821892-1-iscsi neutron-server[86859]: INFO neutron.wsgi [req-9f70c887-7b26-4db8-8474-e1449f2cc2ae req-52e454bc-ffb6-4285-810f-34a3c6a7a9b9 tempest-ServerRescueNegativeTestJSON-1801593253 tempest-ServerRescueNegativeTestJSON-1801593253-project] 10.222.0.49 "GET /v2.0/security-groups?id=d49fb3dc-8bff-47db-a372-ecc19bcd8971&fields=id&fields=name HTTP/1.1" status: 200 len: 286 time: 0.0657399
Dec 15 20:55:56.167323 dv-cinder-821892-1-iscsi neutron-server[86859]: INFO neutron.wsgi [req-ae376bfc-150e-4b9e-8704-6ece3a6ec178 req-a9dcd980-220f-429f-9b17-f3d3dd032a23 tempest-DeleteServersTestJSON-1482200093 tempest-DeleteServersTestJSON-1482200093-project] 10.222.0.49 "GET /v2.0/security-groups?id=583162b2-4385-4fd7-bb54-1fcfe1879543&fields=id&fields=name HTTP/1.1" status: 200 len: 286 time: 0.0573337
Dec 15 20:55:56.218382 dv-cinder-821892-1-iscsi neutron-server[86858]: INFO neutron.notifiers.nova [-] Nova event response: {'name': 'network-changed', 'server_uuid': '408593d0-5942-458b-b385-ca50a9bba9e8', 'tag': '3738a568-4309-4f12-b542-09b2242a8a4f', 'status': 'completed', 'code': 200}
Dec 15 20:55:58.593057 dv-cinder-821892-1-iscsi neutron-server[86858]: DEBUG neutron.pecan_wsgi.hooks.policy_enforcement [req-b0be6d94-206d-4044-bd29-d986d4400a13 req-ecb921cb-a1bf-4189-a507-d0d4971d11ca service neutron] Attributes excluded by policy engine: ['standard_attr_id'] {{(pid=86858) _exclude_attributes_by_policy /opt/stack/neutron/neutron/pecan_wsgi/hooks/policy_enforcement.py:255}}
Dec 15 20:55:58.594584 dv-cinder-821892-1-iscsi neutron-server[86858]: INFO neutron.wsgi [req-b0be6d94-206d-4044-bd29-d986d4400a13 req-ecb921cb-a1bf-4189-a507-d0d4971d11ca service neutron] 10.222.0.41 "GET /v2.0/ports?tenant_id=aebf296e7f8d40f19e8c30faf01d3e7d&device_id=408593d0-5942-458b-b385-ca50a9bba9e8 HTTP/1.1" status: 200 len: 1097 time: 0.0991614
Dec 15 20:55:58.744708 dv-cinder-821892-1-iscsi neutron-server[86858]: DEBUG neutron.pecan_wsgi.hooks.policy_enforcement [req-b0be6d94-206d-4044-bd29-d986d4400a13 req-a8327a91-4c74-4d11-a07e-cbab7f23d407 service neutron] Attributes excluded by policy engine: ['standard_attr_id', 'vlan_transparent'] {{(pid=86858) _exclude_attributes_by_policy /opt/stack/neutron/neutron/pecan_wsgi/hooks/policy_enforcement.py:255}}
Dec 15 20:55:58.746103 dv-cinder-821892-1-iscsi neutron-server[86858]: INFO neutron.wsgi [req-b0be6d94-206d-4044-bd29-d986d4400a13 req-a8327a91-4c74-4d11-a07e-cbab7f23d407 service neutron] 10.222.0.41 "GET /v2.0/networks?tenant_id=aebf296e7f8d40f19e8c30faf01d3e7d&shared=False HTTP/1.1" status: 200 len: 916 time: 0.1349411
Dec 15 20:55:58.780385 dv-cinder-821892-1-iscsi neutron-server[86859]: DEBUG neutron.pecan_wsgi.hooks.policy_enforcement [req-555ac5f8-e099-4658-ab2d-c7d3cd0320dc req-0e0976a7-32a9-4217-b292-ead3a765ee32 tempest-AttachVolumeNegativeTest-1977724789 tempest-AttachVolumeNegativeTest-1977724789-project] Attributes excluded by policy engine: ['standard_attr_id', 'binding:profile', 'binding:host_id', 'binding:vif_type', 'binding:vif_details'] {{(pid=86859) _exclude_attributes_by_policy /opt/stack/neutron/neutron/pecan_wsgi/hooks/policy_enforcement.py:255}}
Dec 15 20:55:58.781858 dv-cinder-821892-1-iscsi neutron-server[86859]: INFO neutron.wsgi [req-555ac5f8-e099-4658-ab2d-c7d3cd0320dc req-0e0976a7-32a9-4217-b292-ead3a765ee32 tempest-AttachVolumeNegativeTest-1977724789 tempest-AttachVolumeNegativeTest-1977724789-project] 10.222.0.49 "GET /v2.0/ports?device_id=408593d0-5942-458b-b385-ca50a9bba9e8 HTTP/1.1" status: 200 len: 944 time: 0.1470411
Dec 15 20:55:58.793489 dv-cinder-821892-1-iscsi neutron-server[86859]: DEBUG neutron.pecan_wsgi.hooks.policy_enforcement [req-a8e2a3e2-c7f6-45d3-a8a1-b56e733b5318 req-cd5946c8-b228-4d0b-95ee-a3624dde2100 tempest-ServerRescueNegativeTestJSON-1801593253 tempest-ServerRescueNegativeTestJSON-1801593253-project] Attributes excluded by policy engine: ['standard_attr_id', 'binding:profile', 'binding:host_id', 'binding:vif_type', 'binding:vif_details'] {{(pid=86859) _exclude_attributes_by_policy /opt/stack/neutron/neutron/pecan_wsgi/hooks/policy_enforcement.py:255}}
Dec 15 20:55:58.794873 dv-cinder-821892-1-iscsi neutron-server[86859]: INFO neutron.wsgi [req-a8e2a3e2-c7f6-45d3-a8a1-b56e733b5318 req-cd5946c8-b228-4d0b-95ee-a3624dde2100 tempest-ServerRescueNegativeTestJSON-1801593253 tempest-ServerRescueNegativeTestJSON-1801593253-project] 10.222.0.49 "GET /v2.0/ports?device_id=4bcffede-b59f-4852-9a04-508eef0a1953 HTTP/1.1" status: 200 len: 945 time: 0.1128244
Dec 15 20:55:58.884912 dv-cinder-821892-1-iscsi neutron-server[86858]: DEBUG neutron.pecan_wsgi.hooks.policy_enforcement [req-b0be6d94-206d-4044-bd29-d986d4400a13 req-6ea0fd31-ebf5-4a4f-bae8-c051ab3f9618 service neutron] Attributes excluded by policy engine: ['standard_attr_id', 'vlan_transparent'] {{(pid=86858) _exclude_attributes_by_policy /opt/stack/neutron/neutron/pecan_wsgi/hooks/policy_enforcement.py:255}}
Dec 15 20:55:58.886642 dv-cinder-821892-1-iscsi neutron-server[86858]: INFO neutron.wsgi [req-b0be6d94-206d-4044-bd29-d986d4400a13 req-6ea0fd31-ebf5-4a4f-bae8-c051ab3f9618 service neutron] 10.222.0.41 "GET /v2.0/networks?shared=True HTTP/1.1" status: 200 len: 870 time: 0.1326931
Dec 15 20:55:58.953116 dv-cinder-821892-1-iscsi neutron-server[86859]: INFO neutron.wsgi [req-555ac5f8-e099-4658-ab2d-c7d3cd0320dc req-faf2e1fe-11dd-4ff9-a7ae-92678af8930e tempest-AttachVolumeNegativeTest-1977724789 tempest-AttachVolumeNegativeTest-1977724789-project] 10.222.0.49 "GET /v2.0/security-groups?id=1a7768db-a9f2-4b90-a41a-96617fcfff28&fields=id&fields=name HTTP/1.1" status: 200 len: 286 time: 0.1572478
Dec 15 20:55:58.976354 dv-cinder-821892-1-iscsi neutron-server[86859]: INFO neutron.wsgi [req-a8e2a3e2-c7f6-45d3-a8a1-b56e733b5318 req-6f853829-0b14-46b9-91a7-7d04cf7f63f0 tempest-ServerRescueNegativeTestJSON-1801593253 tempest-ServerRescueNegativeTestJSON-1801593253-project] 10.222.0.49 "GET /v2.0/security-groups?id=d49fb3dc-8bff-47db-a372-ecc19bcd8971&fields=id&fields=name HTTP/1.1" status: 200 len: 286 time: 0.1683319
Dec 15 20:55:59.023004 dv-cinder-821892-1-iscsi neutron-server[86858]: DEBUG neutron.pecan_wsgi.hooks.policy_enforcement [req-6de6524d-82dc-4f6b-a53f-74bf71fb2226 req-198ce85d-a652-4319-8c9b-41b4697f1efe service neutron] Attributes excluded by policy engine: ['standard_attr_id'] {{(pid=86858) _exclude_attributes_by_policy /opt/stack/neutron/neutron/pecan_wsgi/hooks/policy_enforcement.py:255}}
Dec 15 20:55:59.024463 dv-cinder-821892-1-iscsi neutron-server[86858]: INFO neutron.wsgi [req-6de6524d-82dc-4f6b-a53f-74bf71fb2226 req-198ce85d-a652-4319-8c9b-41b4697f1efe service neutron] 10.222.0.41 "GET /v2.0/ports?tenant_id=aebf296e7f8d40f19e8c30faf01d3e7d&device_id=408593d0-5942-458b-b385-ca50a9bba9e8 HTTP/1.1" status: 200 len: 1097 time: 0.0868642
Dec 15 20:55:59.107134 dv-cinder-821892-1-iscsi neutron-server[86858]: INFO neutron.wsgi [req-6de6524d-82dc-4f6b-a53f-74bf71fb2226 req-50574098-2131-4dda-a9bc-2f97daef19ba service neutron] 10.222.0.41 "GET /v2.0/floatingips?fixed_ip_address=172.20.0.12&port_id=3738a568-4309-4f12-b542-09b2242a8a4f HTTP/1.1" status: 200 len: 217 time: 0.0725105
Dec 15 20:55:59.140823 dv-cinder-821892-1-iscsi neutron-server[86859]: DEBUG neutron.pecan_wsgi.hooks.policy_enforcement [req-332cd667-34c6-4688-972d-400667da1b73 req-35bdc5e5-d7c3-41bc-9cb9-9b05948a9d64 tempest-DeleteServersTestJSON-1482200093 tempest-DeleteServersTestJSON-1482200093-project] Attributes excluded by policy engine: ['standard_attr_id', 'binding:profile', 'binding:host_id', 'binding:vif_type', 'binding:vif_details'] {{(pid=86859) _exclude_attributes_by_policy /opt/stack/neutron/neutron/pecan_wsgi/hooks/policy_enforcement.py:255}}
Dec 15 20:55:59.142510 dv-cinder-821892-1-iscsi neutron-server[86859]: INFO neutron.wsgi [req-332cd667-34c6-4688-972d-400667da1b73 req-35bdc5e5-d7c3-41bc-9cb9-9b05948a9d64 tempest-DeleteServersTestJSON-1482200093 tempest-DeleteServersTestJSON-1482200093-project] 10.222.0.49 "GET /v2.0/ports?device_id=052f4aab-0856-42fd-ac28-f7430a1a96ec HTTP/1.1" status: 200 len: 945 time: 0.0936677
Dec 15 20:55:59.191100 dv-cinder-821892-1-iscsi neutron-server[86858]: DEBUG neutron.pecan_wsgi.hooks.policy_enforcement [req-6de6524d-82dc-4f6b-a53f-74bf71fb2226 req-6ff8b643-124e-4eff-bfd2-21a7edb9d59e service neutron] Attributes excluded by policy engine: ['standard_attr_id', 'shared'] {{(pid=86858) _exclude_attributes_by_policy /opt/stack/neutron/neutron/pecan_wsgi/hooks/policy_enforcement.py:255}}
Dec 15 20:55:59.192690 dv-cinder-821892-1-iscsi neutron-server[86858]: INFO neutron.wsgi [req-6de6524d-82dc-4f6b-a53f-74bf71fb2226 req-6ff8b643-124e-4eff-bfd2-21a7edb9d59e service neutron] 10.222.0.41 "GET /v2.0/subnets?id=2f5c8b39-f31f-4f68-b491-bed600bd6785 HTTP/1.1" status: 200 len: 855 time: 0.0758388
Dec 15 20:55:59.195348 dv-cinder-821892-1-iscsi neutron-server[86859]: INFO neutron.wsgi [req-332cd667-34c6-4688-972d-400667da1b73 req-da15a83a-31ac-427f-8db0-04a076eeb0a0 tempest-DeleteServersTestJSON-1482200093 tempest-DeleteServersTestJSON-1482200093-project] 10.222.0.49 "GET /v2.0/security-groups?id=583162b2-4385-4fd7-bb54-1fcfe1879543&fields=id&fields=name HTTP/1.1" status: 200 len: 286 time: 0.0463643
Dec 15 20:55:59.254432 dv-cinder-821892-1-iscsi neutron-server[86858]: INFO neutron.wsgi [req-6de6524d-82dc-4f6b-a53f-74bf71fb2226 req-c93c5eac-0f06-4e4d-b3ba-596a2ff49343 service neutron] 10.222.0.41 "GET /v2.0/ports?network_id=80313551-4978-4263-bd6f-c5ef8342b2b0&device_owner=network%3Adhcp HTTP/1.1" status: 200 len: 210 time: 0.0512788
Dec 15 20:55:59.392864 dv-cinder-821892-1-iscsi neutron-server[86858]: INFO neutron.wsgi [req-6de6524d-82dc-4f6b-a53f-74bf71fb2226 req-04bfa52b-0046-48be-99c1-50791ce24e74 service neutron] 10.222.0.41 "GET /v2.0/networks/80313551-4978-4263-bd6f-c5ef8342b2b0?fields=segments HTTP/1.1" status: 200 len: 212 time: 0.1293833
Dec 15 20:55:59.519270 dv-cinder-821892-1-iscsi neutron-server[86858]: INFO neutron.wsgi [req-6de6524d-82dc-4f6b-a53f-74bf71fb2226 req-d5ecf39c-9423-4268-ad9b-65148b0bc81e service neutron] 10.222.0.41 "GET /v2.0/networks/80313551-4978-4263-bd6f-c5ef8342b2b0?fields=provider%3Aphysical_network&fields=provider%3Anetwork_type HTTP/1.1" status: 200 len: 281 time: 0.1195905
Dec 15 20:56:00.187513 dv-cinder-821892-1-iscsi neutron-server[86859]: DEBUG neutron.pecan_wsgi.hooks.policy_enforcement [req-4cee91c1-2d73-4c38-bae8-6c1787453f72 req-ed4e9d4e-e954-40c2-a5c9-614586f86797 tempest-AttachVolumeNegativeTest-1977724789 tempest-AttachVolumeNegativeTest-1977724789-project] Attributes excluded by policy engine: ['standard_attr_id', 'binding:profile', 'binding:host_id', 'binding:vif_type', 'binding:vif_details'] {{(pid=86859) _exclude_attributes_by_policy /opt/stack/neutron/neutron/pecan_wsgi/hooks/policy_enforcement.py:255}}
Dec 15 20:56:00.189350 dv-cinder-821892-1-iscsi neutron-server[86859]: INFO neutron.wsgi [req-4cee91c1-2d73-4c38-bae8-6c1787453f72 req-ed4e9d4e-e954-40c2-a5c9-614586f86797 tempest-AttachVolumeNegativeTest-1977724789 tempest-AttachVolumeNegativeTest-1977724789-project] 10.222.0.49 "GET /v2.0/ports?device_id=408593d0-5942-458b-b385-ca50a9bba9e8 HTTP/1.1" status: 200 len: 944 time: 0.1091423
Dec 15 20:56:00.236855 dv-cinder-821892-1-iscsi neutron-server[86859]: INFO neutron.wsgi [req-4cee91c1-2d73-4c38-bae8-6c1787453f72 req-53eee664-5036-439b-b00e-9cf4c4c4bfe4 tempest-AttachVolumeNegativeTest-1977724789 tempest-AttachVolumeNegativeTest-1977724789-project] 10.222.0.49 "GET /v2.0/security-groups?id=1a7768db-a9f2-4b90-a41a-96617fcfff28&fields=id&fields=name HTTP/1.1" status: 200 len: 286 time: 0.0422130
Dec 15 20:56:00.439030 dv-cinder-821892-1-iscsi neutron-server[86859]: DEBUG neutron.pecan_wsgi.hooks.policy_enforcement [req-2f5b8e50-e898-4b6f-999e-7acc292844db req-495ccb6d-6e1a-48fc-855b-867c90aec03a tempest-ServerRescueNegativeTestJSON-1801593253 tempest-ServerRescueNegativeTestJSON-1801593253-project] Attributes excluded by policy engine: ['standard_attr_id', 'binding:profile', 'binding:host_id', 'binding:vif_type', 'binding:vif_details'] {{(pid=86859) _exclude_attributes_by_policy /opt/stack/neutron/neutron/pecan_wsgi/hooks/policy_enforcement.py:255}}
Dec 15 20:56:00.440489 dv-cinder-821892-1-iscsi neutron-server[86859]: INFO neutron.wsgi [req-2f5b8e50-e898-4b6f-999e-7acc292844db req-495ccb6d-6e1a-48fc-855b-867c90aec03a tempest-ServerRescueNegativeTestJSON-1801593253 tempest-ServerRescueNegativeTestJSON-1801593253-project] 10.222.0.49 "GET /v2.0/ports?device_id=4bcffede-b59f-4852-9a04-508eef0a1953 HTTP/1.1" status: 200 len: 945 time: 0.1528213
Dec 15 20:56:00.460919 dv-cinder-821892-1-iscsi neutron-server[86859]: DEBUG neutron.pecan_wsgi.hooks.policy_enforcement [req-6b6bea15-ff9d-4d21-84d5-3bac1970774f req-19761147-709c-44ac-9984-f0b966c992c3 tempest-DeleteServersTestJSON-1482200093 tempest-DeleteServersTestJSON-1482200093-project] Attributes excluded by policy engine: ['standard_attr_id', 'binding:profile', 'binding:host_id', 'binding:vif_type', 'binding:vif_details'] {{(pid=86859) _exclude_attributes_by_policy /opt/stack/neutron/neutron/pecan_wsgi/hooks/policy_enforcement.py:255}}
Dec 15 20:56:00.462347 dv-cinder-821892-1-iscsi neutron-server[86859]: INFO neutron.wsgi [req-6b6bea15-ff9d-4d21-84d5-3bac1970774f req-19761147-709c-44ac-9984-f0b966c992c3 tempest-DeleteServersTestJSON-1482200093 tempest-DeleteServersTestJSON-1482200093-project] 10.222.0.49 "GET /v2.0/ports?device_id=052f4aab-0856-42fd-ac28-f7430a1a96ec HTTP/1.1" status: 200 len: 945 time: 0.1103652
Dec 15 20:56:00.528273 dv-cinder-821892-1-iscsi neutron-server[86859]: INFO neutron.wsgi [req-2f5b8e50-e898-4b6f-999e-7acc292844db req-90694bdc-ae2c-44a6-91e3-fd3df775f77d tempest-ServerRescueNegativeTestJSON-1801593253 tempest-ServerRescueNegativeTestJSON-1801593253-project] 10.222.0.49 "GET /v2.0/security-groups?id=d49fb3dc-8bff-47db-a372-ecc19bcd8971&fields=id&fields=name HTTP/1.1" status: 200 len: 286 time: 0.0649889
Dec 15 20:56:00.536063 dv-cinder-821892-1-iscsi neutron-server[86859]: INFO neutron.wsgi [req-6b6bea15-ff9d-4d21-84d5-3bac1970774f req-3eda05cd-ca85-41d2-a134-023adfa1af4f tempest-DeleteServersTestJSON-1482200093 tempest-DeleteServersTestJSON-1482200093-project] 10.222.0.49 "GET /v2.0/security-groups?id=583162b2-4385-4fd7-bb54-1fcfe1879543&fields=id&fields=name HTTP/1.1" status: 200 len: 286 time: 0.0589755
Dec 15 20:56:01.258753 dv-cinder-821892-1-iscsi neutron-server[86858]: DEBUG neutron.pecan_wsgi.hooks.policy_enforcement [req-71e7645c-36b1-47eb-85b8-3a58ff440635 req-f7dea017-d9df-419d-a940-fbf9b7aaca52 tempest-DeleteServersTestJSON-1482200093 tempest-DeleteServersTestJSON-1482200093-project] Attributes excluded by policy engine: ['standard_attr_id', 'binding:profile', 'binding:host_id', 'binding:vif_type', 'binding:vif_details'] {{(pid=86858) _exclude_attributes_by_policy /opt/stack/neutron/neutron/pecan_wsgi/hooks/policy_enforcement.py:255}}
Dec 15 20:56:01.259892 dv-cinder-821892-1-iscsi neutron-server[86858]: DEBUG neutron.quota.resource [req-71e7645c-36b1-47eb-85b8-3a58ff440635 req-f7dea017-d9df-419d-a940-fbf9b7aaca52 tempest-DeleteServersTestJSON-1482200093 tempest-DeleteServersTestJSON-1482200093-project] Synchronizing usage tracker for tenant:16b1dbbad41a4f00a832b86ea2999591 on resource:port {{(pid=86858) resync /opt/stack/neutron/neutron/quota/resource.py:241}}
Dec 15 20:56:01.280384 dv-cinder-821892-1-iscsi neutron-server[86858]: DEBUG neutron.quota.resource [req-71e7645c-36b1-47eb-85b8-3a58ff440635 req-f7dea017-d9df-419d-a940-fbf9b7aaca52 tempest-DeleteServersTestJSON-1482200093 tempest-DeleteServersTestJSON-1482200093-project] Unset dirty status for tenant:16b1dbbad41a4f00a832b86ea2999591 on resource:port {{(pid=86858) _resync /opt/stack/neutron/neutron/quota/resource.py:233}}
Dec 15 20:56:01.281780 dv-cinder-821892-1-iscsi neutron-server[86858]: INFO neutron.wsgi [req-71e7645c-36b1-47eb-85b8-3a58ff440635 req-f7dea017-d9df-419d-a940-fbf9b7aaca52 tempest-DeleteServersTestJSON-1482200093 tempest-DeleteServersTestJSON-1482200093-project] 10.222.0.41 "GET /v2.0/ports?device_id=052f4aab-0856-42fd-ac28-f7430a1a96ec HTTP/1.1" status: 200 len: 945 time: 0.1006100
Dec 15 20:56:01.341703 dv-cinder-821892-1-iscsi neutron-server[86860]: DEBUG neutron.plugins.ml2.rpc [None req-624b97e1-7b11-4fef-a367-e57d926a62f1 None None] Device 3738a568-4309-4f12-b542-09b2242a8a4f details requested by agent hyperv_hv-cinder-82189 with host hv-cinder-82189 {{(pid=86860) get_device_details /opt/stack/neutron/neutron/plugins/ml2/rpc.py:88}}
Dec 15 20:56:01.366858 dv-cinder-821892-1-iscsi neutron-server[86858]: DEBUG neutron.plugins.ml2.plugin [req-71e7645c-36b1-47eb-85b8-3a58ff440635 req-3e0c6b7b-2ec2-4662-91c5-c4625159a1f1 tempest-DeleteServersTestJSON-1482200093 tempest-DeleteServersTestJSON-1482200093-project] Deleting port 8ea06233-674f-4338-a53a-ff5825d7e115 {{(pid=86858) _pre_delete_port /opt/stack/neutron/neutron/plugins/ml2/plugin.py:1892}}
Dec 15 20:56:01.367437 dv-cinder-821892-1-iscsi neutron-server[86858]: DEBUG neutron_lib.callbacks.manager [req-71e7645c-36b1-47eb-85b8-3a58ff440635 req-3e0c6b7b-2ec2-4662-91c5-c4625159a1f1 tempest-DeleteServersTestJSON-1482200093 tempest-DeleteServersTestJSON-1482200093-project] Notify callbacks ['neutron.db.l3_db.L3_NAT_dbonly_mixin._prevent_l3_port_delete_callback-8767327910849'] for port, before_delete {{(pid=86858) _notify_loop /usr/local/lib/python3.8/dist-packages/neutron_lib/callbacks/manager.py:192}}
Dec 15 20:56:01.453249 dv-cinder-821892-1-iscsi neutron-server[86859]: DEBUG neutron.pecan_wsgi.hooks.policy_enforcement [req-26cd414d-7973-4d3b-8b1f-0f6f19762727 req-e18e9f5e-7722-4bf9-99bf-da8a2627e46d tempest-AttachVolumeNegativeTest-1977724789 tempest-AttachVolumeNegativeTest-1977724789-project] Attributes excluded by policy engine: ['standard_attr_id', 'binding:profile', 'binding:host_id', 'binding:vif_type', 'binding:vif_details'] {{(pid=86859) _exclude_attributes_by_policy /opt/stack/neutron/neutron/pecan_wsgi/hooks/policy_enforcement.py:255}}
Dec 15 20:56:01.455520 dv-cinder-821892-1-iscsi neutron-server[86859]: INFO neutron.wsgi [req-26cd414d-7973-4d3b-8b1f-0f6f19762727 req-e18e9f5e-7722-4bf9-99bf-da8a2627e46d tempest-AttachVolumeNegativeTest-1977724789 tempest-AttachVolumeNegativeTest-1977724789-project] 10.222.0.49 "GET /v2.0/ports?device_id=408593d0-5942-458b-b385-ca50a9bba9e8 HTTP/1.1" status: 200 len: 944 time: 0.0991166
Dec 15 20:56:01.483756 dv-cinder-821892-1-iscsi neutron-server[86860]: DEBUG neutron.plugins.ml2.db [None req-624b97e1-7b11-4fef-a367-e57d926a62f1 None None] For port 3738a568-4309-4f12-b542-09b2242a8a4f, host hv-cinder-82189, got binding levels [PortBindingLevel(driver='hyperv',host='hv-cinder-82189',level=0,port_id=3738a568-4309-4f12-b542-09b2242a8a4f,segment=NetworkSegment(ae6fa0f6-5b60-452f-8239-ffb398b012d3),segment_id=ae6fa0f6-5b60-452f-8239-ffb398b012d3)] {{(pid=86860) get_binding_level_objs /opt/stack/neutron/neutron/plugins/ml2/db.py:75}}
Dec 15 20:56:01.498130 dv-cinder-821892-1-iscsi neutron-server[86860]: DEBUG neutron.plugins.ml2.rpc [None req-624b97e1-7b11-4fef-a367-e57d926a62f1 None None] Returning: {'device': '3738a568-4309-4f12-b542-09b2242a8a4f', 'network_id': '80313551-4978-4263-bd6f-c5ef8342b2b0', 'port_id': '3738a568-4309-4f12-b542-09b2242a8a4f', 'mac_address': 'fa:16:3e:f8:eb:ce', 'admin_state_up': True, 'network_type': 'vlan', 'segmentation_id': 152, 'physical_network': 'physnet1', 'mtu': 1500, 'fixed_ips': [{'subnet_id': '2f5c8b39-f31f-4f68-b491-bed600bd6785', 'ip_address': '172.20.0.12'}], 'device_owner': 'compute:nova', 'allowed_address_pairs': [], 'port_security_enabled': True, 'qos_policy_id': None, 'network_qos_policy_id': None, 'profile': {}, 'propagate_uplink_status': False} {{(pid=86860) _get_device_details /opt/stack/neutron/neutron/plugins/ml2/rpc.py:168}}
Dec 15 20:56:01.529471 dv-cinder-821892-1-iscsi neutron-server[86859]: INFO neutron.wsgi [req-26cd414d-7973-4d3b-8b1f-0f6f19762727 req-917af082-8ea5-49b3-ac91-cf141262d996 tempest-AttachVolumeNegativeTest-1977724789 tempest-AttachVolumeNegativeTest-1977724789-project] 10.222.0.49 "GET /v2.0/security-groups?id=1a7768db-a9f2-4b90-a41a-96617fcfff28&fields=id&fields=name HTTP/1.1" status: 200 len: 286 time: 0.0642853
Dec 15 20:56:01.583865 dv-cinder-821892-1-iscsi neutron-server[86860]: DEBUG neutron_lib.callbacks.manager [None req-624b97e1-7b11-4fef-a367-e57d926a62f1 None None] Notify callbacks ['neutron.plugins.ml2.plugin.SecurityGroupDbMixin._ensure_default_security_group_handler-16025697'] for port, before_update {{(pid=86860) _notify_loop /usr/local/lib/python3.8/dist-packages/neutron_lib/callbacks/manager.py:192}}
Dec 15 20:56:01.612926 dv-cinder-821892-1-iscsi neutron-server[86860]: DEBUG neutron.notifiers.nova [None req-624b97e1-7b11-4fef-a367-e57d926a62f1 None None] Ignoring state change previous_port_status: DOWN current_port_status: BUILD port_id 3738a568-4309-4f12-b542-09b2242a8a4f {{(pid=86860) record_port_status_changed /opt/stack/neutron/neutron/notifiers/nova.py:224}}
Dec 15 20:56:01.629965 dv-cinder-821892-1-iscsi neutron-server[86860]: DEBUG neutron.plugins.ml2.db [None req-624b97e1-7b11-4fef-a367-e57d926a62f1 None None] For port 3738a568-4309-4f12-b542-09b2242a8a4f, host hv-cinder-82189, got binding levels [PortBindingLevel(driver='hyperv',host='hv-cinder-82189',level=0,port_id=3738a568-4309-4f12-b542-09b2242a8a4f,segment=NetworkSegment(ae6fa0f6-5b60-452f-8239-ffb398b012d3),segment_id=ae6fa0f6-5b60-452f-8239-ffb398b012d3)] {{(pid=86860) get_binding_level_objs /opt/stack/neutron/neutron/plugins/ml2/db.py:75}}
Dec 15 20:56:01.645101 dv-cinder-821892-1-iscsi neutron-server[86860]: DEBUG neutron_lib.callbacks.manager [None req-624b97e1-7b11-4fef-a367-e57d926a62f1 None None] Notify callbacks ['neutron.plugins.ml2.plugin.SecurityGroupServerNotifierRpcMixin.notify_sg_on_port_change-16025634', 'neutron.plugins.ml2.ovo_rpc._ObjectChangeHandler.handle_event-188659', 'neutron.api.rpc.agentnotifiers.dhcp_rpc_agent_api.DhcpAgentNotifyAPI._native_event_send_dhcp_notification-1627719', 'neutron.db.l3_db.L3RpcNotifierMixin._notify_gateway_port_ip_changed-8767327913786', 'neutron.db.l3_dvrscheduler_db._notify_l3_agent_port_update-8767327366211', 'neutron.db.l3_hascheduler_db._notify_l3_agent_ha_port_update-8767327366256'] for port, after_update {{(pid=86860) _notify_loop /usr/local/lib/python3.8/dist-packages/neutron_lib/callbacks/manager.py:192}}
Dec 15 20:56:01.651263 dv-cinder-821892-1-iscsi neutron-server[86860]: DEBUG oslo_concurrency.lockutils [None req-ff706b18-6764-4372-9837-238ff36c5877 None None] Lock "event-dispatch" acquired by "neutron.plugins.ml2.ovo_rpc._ObjectChangeHandler.dispatch_events" :: waited 0.000s {{(pid=86860) inner /usr/local/lib/python3.8/dist-packages/oslo_concurrency/lockutils.py:355}}
Dec 15 20:56:01.727383 dv-cinder-821892-1-iscsi neutron-server[86858]: DEBUG neutron.plugins.ml2.db [req-71e7645c-36b1-47eb-85b8-3a58ff440635 req-3e0c6b7b-2ec2-4662-91c5-c4625159a1f1 tempest-DeleteServersTestJSON-1482200093 tempest-DeleteServersTestJSON-1482200093-project] For port 8ea06233-674f-4338-a53a-ff5825d7e115, host hv-cinder-82189, got binding levels [PortBindingLevel(driver='hyperv',host='hv-cinder-82189',level=0,port_id=8ea06233-674f-4338-a53a-ff5825d7e115,segment=NetworkSegment(ae68ac1e-e1ad-482b-960a-97d6ac5da630),segment_id=ae68ac1e-e1ad-482b-960a-97d6ac5da630)] {{(pid=86858) get_binding_level_objs /opt/stack/neutron/neutron/plugins/ml2/db.py:75}}
