Mar 08 11:46:16.421931 dv-cinder-821824-3-iscsi devstack@c-api.service[121768]: DEBUG cinder.volume.api [None req-4e59183c-c5c5-4d48-a17d-f83f5c5f061a tempest-GroupSnapshotsTest-433879006 tempest-GroupSnapshotsTest-433879006-project] Task 'cinder.volume.flows.api.create_volume.EntryCreateTask;volume:create' (2ae198a1-49f5-4e78-873f-c810ebf4f525) transitioned into state 'SUCCESS' from state 'RUNNING' with result '{'volume_id': 'a9314042-af7e-4729-8ad0-c538da011b1b', 'volume_properties': VolumeProperties(attach_status='detached',availability_zone='nova',cgsnapshot_id=None,consistencygroup_id=None,display_description=None,display_name='tempest-GroupSnapshotsTest-Volume-61502170',encryption_key_id=None,group_id=51824f37-8413-4b3d-9728-13903149aab2,group_type_id=,metadata={},multiattach=False,project_id='dc1a1fd1d5964340a58129e30acf22f0',qos_specs=None,replication_status=,reservations=['9edf9010-7e5b-47b5-9ab2-f69a8db4c5a5','e600f812-507e-4018-a4fe-499465a2f7b9','a6e31164-edfb-4f49-8751-b5e70d3a26c7','9ce76bfc-abf1-4119-bc0d-ad86055dc780'],size=1,snapshot_id=None,source_replicaid=,source_volid=None,status='creating',user_id='2e35434e2c2d420da3af6a007505c332',volume_type_id=d7518c40-0d62-48d6-b987-36f8ff627d58), 'volume': Volume(_name_id=None,admin_metadata=,attach_status='detached',availability_zone='nova',bootable=False,cluster=,cluster_name=None,consistencygroup=,consistencygroup_id=None,created_at=2022-03-08T11:46:16Z,deleted=False,deleted_at=None,display_description=None,display_name='tempest-GroupSnapshotsTest-Volume-61502170',ec2_id=None,encryption_key_id=None,glance_metadata=,group=,group_id=51824f37-8413-4b3d-9728-13903149aab2,host=None,id=a9314042-af7e-4729-8ad0-c538da011b1b,launched_at=None,metadata={},migration_status=None,multiattach=False,previous_status=None,project_id='dc1a1fd1d5964340a58129e30acf22f0',provider_auth=None,provider_geometry=None,provider_id=None,provider_location=None,replication_driver_data=None,replication_extended_status=None,replication_status=None,scheduled_at=None,service_uuid=None,shared_targets=True,size=1,snapshot_id=None,snapshots=,source_volid=None,status='creating',terminated_at=None,updated_at=None,use_quota=True,user_id='2e35434e2c2d420da3af6a007505c332',volume_attachment=VolumeAttachmentList,volume_type=VolumeType(d7518c40-0d62-48d6-b987-36f8ff627d58),volume_type_id=d7518c40-0d62-48d6-b987-36f8ff627d58)}' {{(pid=121768) _task_receiver /usr/local/lib/python3.8/dist-packages/taskflow/listeners/logging.py:178}}
Mar 08 11:46:16.425176 dv-cinder-821824-3-iscsi devstack@c-api.service[121768]: DEBUG cinder.volume.api [None req-4e59183c-c5c5-4d48-a17d-f83f5c5f061a tempest-GroupSnapshotsTest-433879006 tempest-GroupSnapshotsTest-433879006-project] Task 'cinder.volume.flows.api.create_volume.QuotaCommitTask;volume:create' (f017fdd7-efd0-45f1-a548-f35c1f1f224b) transitioned into state 'RUNNING' from state 'PENDING' {{(pid=121768) _task_receiver /usr/local/lib/python3.8/dist-packages/taskflow/listeners/logging.py:190}}
Mar 08 11:46:16.457147 dv-cinder-821824-3-iscsi devstack@c-api.service[121767]: /usr/local/lib/python3.8/dist-packages/oslo_context/context.py:100: DeprecationWarning: Policy enforcement is depending on the value of is_admin. This key is deprecated. Please update your policy file to use the standard policy values.
Mar 08 11:46:16.457147 dv-cinder-821824-3-iscsi devstack@c-api.service[121767]: warnings.warn('Policy enforcement is depending on the value of '
Mar 08 11:46:16.458272 dv-cinder-821824-3-iscsi devstack@c-api.service[121767]: INFO cinder.api.v3.volumes [None req-722dfb00-3199-41c6-a540-3f05f01f1891 tempest-GroupsTest-1478732958 tempest-GroupsTest-1478732958-project] Create volume of 1 GB
Mar 08 11:46:16.478249 dv-cinder-821824-3-iscsi devstack@c-api.service[121767]: INFO cinder.volume.api [None req-722dfb00-3199-41c6-a540-3f05f01f1891 tempest-GroupsTest-1478732958 tempest-GroupsTest-1478732958-project] Availability Zones retrieved successfully.
Mar 08 11:46:16.484580 dv-cinder-821824-3-iscsi devstack@c-api.service[121768]: DEBUG cinder.volume.api [None req-4e59183c-c5c5-4d48-a17d-f83f5c5f061a tempest-GroupSnapshotsTest-433879006 tempest-GroupSnapshotsTest-433879006-project] Task 'cinder.volume.flows.api.create_volume.QuotaCommitTask;volume:create' (f017fdd7-efd0-45f1-a548-f35c1f1f224b) transitioned into state 'SUCCESS' from state 'RUNNING' with result '{'volume_properties': VolumeProperties(attach_status='detached',availability_zone='nova',cgsnapshot_id=None,consistencygroup_id=None,display_description=None,display_name='tempest-GroupSnapshotsTest-Volume-61502170',encryption_key_id=None,group_id=51824f37-8413-4b3d-9728-13903149aab2,group_type_id=,metadata={},multiattach=False,project_id='dc1a1fd1d5964340a58129e30acf22f0',qos_specs=None,replication_status=,reservations=['9edf9010-7e5b-47b5-9ab2-f69a8db4c5a5','e600f812-507e-4018-a4fe-499465a2f7b9','a6e31164-edfb-4f49-8751-b5e70d3a26c7','9ce76bfc-abf1-4119-bc0d-ad86055dc780'],size=1,snapshot_id=None,source_replicaid=,source_volid=None,status='creating',user_id='2e35434e2c2d420da3af6a007505c332',volume_type_id=d7518c40-0d62-48d6-b987-36f8ff627d58)}' {{(pid=121768) _task_receiver /usr/local/lib/python3.8/dist-packages/taskflow/listeners/logging.py:178}}
Mar 08 11:46:16.487942 dv-cinder-821824-3-iscsi devstack@c-api.service[121768]: DEBUG cinder.volume.api [None req-4e59183c-c5c5-4d48-a17d-f83f5c5f061a tempest-GroupSnapshotsTest-433879006 tempest-GroupSnapshotsTest-433879006-project] Task 'cinder.volume.flows.api.create_volume.VolumeCastTask;volume:create' (6fd045f9-e42f-4701-ae2e-812a67e1bf50) transitioned into state 'RUNNING' from state 'PENDING' {{(pid=121768) _task_receiver /usr/local/lib/python3.8/dist-packages/taskflow/listeners/logging.py:190}}
Mar 08 11:46:16.519113 dv-cinder-821824-3-iscsi devstack@c-api.service[121767]: DEBUG cinder.volume.api [None req-722dfb00-3199-41c6-a540-3f05f01f1891 tempest-GroupsTest-1478732958 tempest-GroupsTest-1478732958-project] Flow 'volume_create_api' (ff266f13-9a1b-4dfe-a142-0411ea8edf25) transitioned into state 'RUNNING' from state 'PENDING' {{(pid=121767) _flow_receiver /usr/local/lib/python3.8/dist-packages/taskflow/listeners/logging.py:141}}
Mar 08 11:46:16.522768 dv-cinder-821824-3-iscsi devstack@c-api.service[121767]: DEBUG cinder.volume.api [None req-722dfb00-3199-41c6-a540-3f05f01f1891 tempest-GroupsTest-1478732958 tempest-GroupsTest-1478732958-project] Task 'cinder.volume.flows.api.create_volume.ExtractVolumeRequestTask;volume:create' (4b42c52b-08bc-48e0-aca6-b8e07035d706) transitioned into state 'RUNNING' from state 'PENDING' {{(pid=121767) _task_receiver /usr/local/lib/python3.8/dist-packages/taskflow/listeners/logging.py:190}}
Mar 08 11:46:16.526627 dv-cinder-821824-3-iscsi devstack@c-api.service[121767]: /usr/local/lib/python3.8/dist-packages/oslo_context/context.py:100: DeprecationWarning: Policy enforcement is depending on the value of is_admin. This key is deprecated. Please update your policy file to use the standard policy values.
Mar 08 11:46:16.526627 dv-cinder-821824-3-iscsi devstack@c-api.service[121767]: warnings.warn('Policy enforcement is depending on the value of '
Mar 08 11:46:16.527974 dv-cinder-821824-3-iscsi devstack@c-api.service[121767]: DEBUG cinder.volume.flows.api.create_volume [None req-722dfb00-3199-41c6-a540-3f05f01f1891 tempest-GroupsTest-1478732958 tempest-GroupsTest-1478732958-project] Validating volume size '1' using validate_int {{(pid=121767) _extract_size /opt/stack/cinder/cinder/volume/flows/api/create_volume.py:225}}
Mar 08 11:46:16.549406 dv-cinder-821824-3-iscsi devstack@c-api.service[121768]: DEBUG cinder.volume.api [None req-4e59183c-c5c5-4d48-a17d-f83f5c5f061a tempest-GroupSnapshotsTest-433879006 tempest-GroupSnapshotsTest-433879006-project] Task 'cinder.volume.flows.api.create_volume.VolumeCastTask;volume:create' (6fd045f9-e42f-4701-ae2e-812a67e1bf50) transitioned into state 'SUCCESS' from state 'RUNNING' with result 'None' {{(pid=121768) _task_receiver /usr/local/lib/python3.8/dist-packages/taskflow/listeners/logging.py:178}}
Mar 08 11:46:16.557487 dv-cinder-821824-3-iscsi devstack@c-api.service[121768]: DEBUG cinder.volume.api [None req-4e59183c-c5c5-4d48-a17d-f83f5c5f061a tempest-GroupSnapshotsTest-433879006 tempest-GroupSnapshotsTest-433879006-project] Flow 'volume_create_api' (fc7edd94-c6e4-4da7-9b07-a0bd779d55a0) transitioned into state 'SUCCESS' from state 'RUNNING' {{(pid=121768) _flow_receiver /usr/local/lib/python3.8/dist-packages/taskflow/listeners/logging.py:141}}
Mar 08 11:46:16.558939 dv-cinder-821824-3-iscsi devstack@c-api.service[121768]: INFO cinder.volume.api [None req-4e59183c-c5c5-4d48-a17d-f83f5c5f061a tempest-GroupSnapshotsTest-433879006 tempest-GroupSnapshotsTest-433879006-project] Create volume request issued successfully.
Mar 08 11:46:16.560848 dv-cinder-821824-3-iscsi devstack@c-api.service[121768]: WARNING stevedore.named [None req-4e59183c-c5c5-4d48-a17d-f83f5c5f061a tempest-GroupSnapshotsTest-433879006 tempest-GroupSnapshotsTest-433879006-project] Could not load cinder.keymgr.conf_key_mgr.ConfKeyManager
Mar 08 11:46:16.561533 dv-cinder-821824-3-iscsi devstack@c-api.service[121768]: WARNING castellan.key_manager [None req-4e59183c-c5c5-4d48-a17d-f83f5c5f061a tempest-GroupSnapshotsTest-433879006 tempest-GroupSnapshotsTest-433879006-project] Deprecation Warning : cinder.keymgr.conf_key_mgr.ConfKeyManager is not a stevedore based driver, trying to load it as a class: stevedore.exception.NoMatches: No 'castellan.drivers' driver found, looking for 'cinder.keymgr.conf_key_mgr.ConfKeyManager'
Mar 08 11:46:16.571497 dv-cinder-821824-3-iscsi devstack@c-api.service[121768]: DEBUG oslo_db.sqlalchemy.engines [None req-4e59183c-c5c5-4d48-a17d-f83f5c5f061a tempest-GroupSnapshotsTest-433879006 tempest-GroupSnapshotsTest-433879006-project] MySQL server mode set to STRICT_TRANS_TABLES,STRICT_ALL_TABLES,NO_ZERO_IN_DATE,NO_ZERO_DATE,ERROR_FOR_DIVISION_BY_ZERO,TRADITIONAL,NO_ENGINE_SUBSTITUTION {{(pid=121768) _check_effective_sql_mode /usr/local/lib/python3.8/dist-packages/oslo_db/sqlalchemy/engines.py:314}}
Mar 08 11:46:16.581830 dv-cinder-821824-3-iscsi devstack@c-api.service[121768]: /usr/local/lib/python3.8/dist-packages/oslo_context/context.py:100: DeprecationWarning: Policy enforcement is depending on the value of is_admin. This key is deprecated. Please update your policy file to use the standard policy values.
Mar 08 11:46:16.581830 dv-cinder-821824-3-iscsi devstack@c-api.service[121768]: warnings.warn('Policy enforcement is depending on the value of '
Mar 08 11:46:16.584698 dv-cinder-821824-3-iscsi devstack@c-api.service[121767]: DEBUG cinder.volume.api [None req-722dfb00-3199-41c6-a540-3f05f01f1891 tempest-GroupsTest-1478732958 tempest-GroupsTest-1478732958-project] Task 'cinder.volume.flows.api.create_volume.ExtractVolumeRequestTask;volume:create' (4b42c52b-08bc-48e0-aca6-b8e07035d706) transitioned into state 'SUCCESS' from state 'RUNNING' with result '{'size': 1, 'snapshot_id': None, 'source_volid': None, 'volume_type': VolumeType(created_at=2022-03-08T11:46:13Z,deleted=False,deleted_at=None,description=None,extra_specs={},id=50959926-e39c-4666-ae18-7b4d10033ba1,is_public=True,name='tempest-GroupsTest-volume-type-1495235389',projects=[],qos_specs=,qos_specs_id=None,updated_at=None), 'volume_type_id': '50959926-e39c-4666-ae18-7b4d10033ba1', 'encryption_key_id': None, 'qos_specs': None, 'consistencygroup_id': None, 'cgsnapshot_id': None, 'group_id': '6cb084ab-e847-4d23-922e-f2fcbafa9560', 'replication_status': 'disabled', 'refresh_az': False, 'backup_id': None, 'multiattach': False, 'availability_zones': ['nova']}' {{(pid=121767) _task_receiver /usr/local/lib/python3.8/dist-packages/taskflow/listeners/logging.py:178}}
Mar 08 11:46:16.592520 dv-cinder-821824-3-iscsi devstack@c-api.service[121767]: DEBUG cinder.volume.api [None req-722dfb00-3199-41c6-a540-3f05f01f1891 tempest-GroupsTest-1478732958 tempest-GroupsTest-1478732958-project] Task 'cinder.volume.flows.api.create_volume.QuotaReserveTask;volume:create' (8154a498-13ad-4ae0-abda-ac2b5615ffd5) transitioned into state 'RUNNING' from state 'PENDING' {{(pid=121767) _task_receiver /usr/local/lib/python3.8/dist-packages/taskflow/listeners/logging.py:190}}
Mar 08 11:46:16.601461 dv-cinder-821824-3-iscsi devstack@c-api.service[121768]: INFO cinder.api.openstack.wsgi [None req-4e59183c-c5c5-4d48-a17d-f83f5c5f061a tempest-GroupSnapshotsTest-433879006 tempest-GroupSnapshotsTest-433879006-project] http://10.222.0.42/volume/v3/dc1a1fd1d5964340a58129e30acf22f0/volumes returned with HTTP 202
Mar 08 11:46:16.608062 dv-cinder-821824-3-iscsi devstack@c-api.service[121768]: [pid: 121768|app: 0|req: 34/71] 10.222.0.42 () {62 vars in 1276 bytes} [Tue Mar 8 11:46:15 2022] POST /volume/v3/dc1a1fd1d5964340a58129e30acf22f0/volumes => generated 905 bytes in 1131 msecs (HTTP/1.1 202) 7 headers in 292 bytes (1 switches on core 0)
Mar 08 11:46:16.612563 dv-cinder-821824-3-iscsi devstack@c-api.service[121768]: DEBUG cinder.api.middleware.request_id [req-992830a9-ea37-4521-b89d-ff72d38e4a3d req-090b6d03-1785-4ea6-bfcb-71d44e97a424 None None] RequestId filter calling following filter/app {{(pid=121768) _context_setter /opt/stack/cinder/cinder/api/middleware/request_id.py:62}}
Mar 08 11:46:16.623498 dv-cinder-821824-3-iscsi devstack@c-api.service[121768]: INFO cinder.api.openstack.wsgi [req-992830a9-ea37-4521-b89d-ff72d38e4a3d req-090b6d03-1785-4ea6-bfcb-71d44e97a424 tempest-VolumesSnapshotsTestJSON-2048737728 tempest-VolumesSnapshotsTestJSON-2048737728-project] GET http://10.222.0.42/volume/v3/443bff6d6320498aa8539fa9edc6d861/volumes/2995a7a6-a993-4a01-988f-7d2404ae5fff
Mar 08 11:46:16.624608 dv-cinder-821824-3-iscsi devstack@c-api.service[121768]: DEBUG cinder.api.openstack.wsgi [req-992830a9-ea37-4521-b89d-ff72d38e4a3d req-090b6d03-1785-4ea6-bfcb-71d44e97a424 tempest-VolumesSnapshotsTestJSON-2048737728 tempest-VolumesSnapshotsTestJSON-2048737728-project] Empty body provided in request {{(pid=121768) get_body /opt/stack/cinder/cinder/api/openstack/wsgi.py:715}}
Mar 08 11:46:16.625083 dv-cinder-821824-3-iscsi devstack@c-api.service[121768]: DEBUG cinder.api.openstack.wsgi [req-992830a9-ea37-4521-b89d-ff72d38e4a3d req-090b6d03-1785-4ea6-bfcb-71d44e97a424 tempest-VolumesSnapshotsTestJSON-2048737728 tempest-VolumesSnapshotsTestJSON-2048737728-project] Calling method 'show' {{(pid=121768) _process_stack /opt/stack/cinder/cinder/api/openstack/wsgi.py:868}}
Mar 08 11:46:16.648733 dv-cinder-821824-3-iscsi devstack@c-api.service[121768]: INFO cinder.api.openstack.wsgi [req-992830a9-ea37-4521-b89d-ff72d38e4a3d req-090b6d03-1785-4ea6-bfcb-71d44e97a424 tempest-VolumesSnapshotsTestJSON-2048737728 tempest-VolumesSnapshotsTestJSON-2048737728-project] http://10.222.0.42/volume/v3/443bff6d6320498aa8539fa9edc6d861/volumes/2995a7a6-a993-4a01-988f-7d2404ae5fff returned with HTTP 404
Mar 08 11:46:16.651742 dv-cinder-821824-3-iscsi devstack@c-api.service[121768]: [pid: 121768|app: 0|req: 35/72] 10.222.0.42 () {60 vars in 1578 bytes} [Tue Mar 8 11:46:16 2022] GET /volume/v3/443bff6d6320498aa8539fa9edc6d861/volumes/2995a7a6-a993-4a01-988f-7d2404ae5fff => generated 109 bytes in 43 msecs (HTTP/1.1 404) 7 headers in 292 bytes (1 switches on core 0)
Mar 08 11:46:16.657776 dv-cinder-821824-3-iscsi devstack@c-api.service[121768]: DEBUG cinder.api.middleware.request_id [None req-54e01eab-f5ae-4fb2-9e0c-c30c6a5bdd24 None None] RequestId filter calling following filter/app {{(pid=121768) _context_setter /opt/stack/cinder/cinder/api/middleware/request_id.py:62}}
Mar 08 11:46:16.669582 dv-cinder-821824-3-iscsi devstack@c-api.service[121768]: INFO cinder.api.openstack.wsgi [None req-54e01eab-f5ae-4fb2-9e0c-c30c6a5bdd24 tempest-GroupSnapshotsV319Test-1527559779 tempest-GroupSnapshotsV319Test-1527559779-project] GET http://10.222.0.42/volume/v3/a249c9f92480490d8c6e95c92eab6dc4/volumes/detail
Mar 08 11:46:16.670474 dv-cinder-821824-3-iscsi devstack@c-api.service[121768]: DEBUG cinder.api.openstack.wsgi [None req-54e01eab-f5ae-4fb2-9e0c-c30c6a5bdd24 tempest-GroupSnapshotsV319Test-1527559779 tempest-GroupSnapshotsV319Test-1527559779-project] Empty body provided in request {{(pid=121768) get_body /opt/stack/cinder/cinder/api/openstack/wsgi.py:715}}
Mar 08 11:46:16.671316 dv-cinder-821824-3-iscsi devstack@c-api.service[121768]: DEBUG cinder.api.openstack.wsgi [None req-54e01eab-f5ae-4fb2-9e0c-c30c6a5bdd24 tempest-GroupSnapshotsV319Test-1527559779 tempest-GroupSnapshotsV319Test-1527559779-project] Calling method 'detail' {{(pid=121768) _process_stack /opt/stack/cinder/cinder/api/openstack/wsgi.py:868}}
Mar 08 11:46:16.675335 dv-cinder-821824-3-iscsi devstack@c-api.service[121768]: DEBUG cinder.api.api_utils [None req-54e01eab-f5ae-4fb2-9e0c-c30c6a5bdd24 tempest-GroupSnapshotsV319Test-1527559779 tempest-GroupSnapshotsV319Test-1527559779-project] Removing options '' from query. {{(pid=121768) remove_invalid_filter_options /opt/stack/cinder/cinder/api/api_utils.py:73}}
Mar 08 11:46:16.678519 dv-cinder-821824-3-iscsi devstack@c-api.service[121768]: DEBUG cinder.volume.api [None req-54e01eab-f5ae-4fb2-9e0c-c30c6a5bdd24 tempest-GroupSnapshotsV319Test-1527559779 tempest-GroupSnapshotsV319Test-1527559779-project] Searching by: MultiDict([('no_migration_targets', True)]). {{(pid=121768) get_all /opt/stack/cinder/cinder/volume/api.py:662}}
Mar 08 11:46:16.684725 dv-cinder-821824-3-iscsi devstack@c-api.service[121767]: WARNING cinder.quota [None req-722dfb00-3199-41c6-a540-3f05f01f1891 tempest-GroupsTest-1478732958 tempest-GroupsTest-1478732958-project] Deprecated: Default quota for resource: volumes_tempest-GroupsTest-volume-type-1495235389 is set by the default quota flag: quota_volumes_tempest-GroupsTest-volume-type-1495235389, it is now deprecated. Please use the default quota class for default quota.
Mar 08 11:46:16.685509 dv-cinder-821824-3-iscsi devstack@c-api.service[121767]: WARNING cinder.quota [None req-722dfb00-3199-41c6-a540-3f05f01f1891 tempest-GroupsTest-1478732958 tempest-GroupsTest-1478732958-project] Deprecated: Default quota for resource: gigabytes_tempest-GroupsTest-volume-type-1495235389 is set by the default quota flag: quota_gigabytes_tempest-GroupsTest-volume-type-1495235389, it is now deprecated. Please use the default quota class for default quota.
Mar 08 11:46:16.777597 dv-cinder-821824-3-iscsi devstack@c-api.service[121767]: DEBUG cinder.quota [None req-722dfb00-3199-41c6-a540-3f05f01f1891 tempest-GroupsTest-1478732958 tempest-GroupsTest-1478732958-project] Created reservations ['c85d9980-d7ac-4236-83d2-15c81a19c879', '5f7a34ff-5f29-4d71-99b8-2713d86cd633', 'fd2d6e52-a80f-4574-ab46-806e351afba9', 'b74091ab-fa6d-47e2-875d-edabbb6a30f1'] {{(pid=121767) reserve /opt/stack/cinder/cinder/quota.py:755}}
Mar 08 11:46:16.779929 dv-cinder-821824-3-iscsi devstack@c-api.service[121767]: DEBUG cinder.volume.api [None req-722dfb00-3199-41c6-a540-3f05f01f1891 tempest-GroupsTest-1478732958 tempest-GroupsTest-1478732958-project] Task 'cinder.volume.flows.api.create_volume.QuotaReserveTask;volume:create' (8154a498-13ad-4ae0-abda-ac2b5615ffd5) transitioned into state 'SUCCESS' from state 'RUNNING' with result '{'reservations': ['c85d9980-d7ac-4236-83d2-15c81a19c879', '5f7a34ff-5f29-4d71-99b8-2713d86cd633', 'fd2d6e52-a80f-4574-ab46-806e351afba9', 'b74091ab-fa6d-47e2-875d-edabbb6a30f1']}' {{(pid=121767) _task_receiver /usr/local/lib/python3.8/dist-packages/taskflow/listeners/logging.py:178}}
Mar 08 11:46:16.784433 dv-cinder-821824-3-iscsi devstack@c-api.service[121767]: DEBUG cinder.volume.api [None req-722dfb00-3199-41c6-a540-3f05f01f1891 tempest-GroupsTest-1478732958 tempest-GroupsTest-1478732958-project] Task 'cinder.volume.flows.api.create_volume.EntryCreateTask;volume:create' (3b6338b1-0d61-4c06-a642-d4431e51060e) transitioned into state 'RUNNING' from state 'PENDING' {{(pid=121767) _task_receiver /usr/local/lib/python3.8/dist-packages/taskflow/listeners/logging.py:190}}
Mar 08 11:46:16.818402 dv-cinder-821824-3-iscsi devstack@c-api.service[121768]: INFO cinder.volume.api [None req-54e01eab-f5ae-4fb2-9e0c-c30c6a5bdd24 tempest-GroupSnapshotsV319Test-1527559779 tempest-GroupSnapshotsV319Test-1527559779-project] Get all volumes completed successfully.
Mar 08 11:46:16.820630 dv-cinder-821824-3-iscsi devstack@c-api.service[121768]: WARNING stevedore.named [None req-54e01eab-f5ae-4fb2-9e0c-c30c6a5bdd24 tempest-GroupSnapshotsV319Test-1527559779 tempest-GroupSnapshotsV319Test-1527559779-project] Could not load cinder.keymgr.conf_key_mgr.ConfKeyManager
Mar 08 11:46:16.821361 dv-cinder-821824-3-iscsi devstack@c-api.service[121768]: WARNING castellan.key_manager [None req-54e01eab-f5ae-4fb2-9e0c-c30c6a5bdd24 tempest-GroupSnapshotsV319Test-1527559779 tempest-GroupSnapshotsV319Test-1527559779-project] Deprecation Warning : cinder.keymgr.conf_key_mgr.ConfKeyManager is not a stevedore based driver, trying to load it as a class: stevedore.exception.NoMatches: No 'castellan.drivers' driver found, looking for 'cinder.keymgr.conf_key_mgr.ConfKeyManager'
Mar 08 11:46:16.830327 dv-cinder-821824-3-iscsi devstack@c-api.service[121768]: DEBUG oslo_db.sqlalchemy.engines [None req-54e01eab-f5ae-4fb2-9e0c-c30c6a5bdd24 tempest-GroupSnapshotsV319Test-1527559779 tempest-GroupSnapshotsV319Test-1527559779-project] MySQL server mode set to STRICT_TRANS_TABLES,STRICT_ALL_TABLES,NO_ZERO_IN_DATE,NO_ZERO_DATE,ERROR_FOR_DIVISION_BY_ZERO,TRADITIONAL,NO_ENGINE_SUBSTITUTION {{(pid=121768) _check_effective_sql_mode /usr/local/lib/python3.8/dist-packages/oslo_db/sqlalchemy/engines.py:314}}
Mar 08 11:46:16.836315 dv-cinder-821824-3-iscsi devstack@c-api.service[121768]: /usr/local/lib/python3.8/dist-packages/oslo_context/context.py:100: DeprecationWarning: Policy enforcement is depending on the value of is_admin. This key is deprecated. Please update your policy file to use the standard policy values.
Mar 08 11:46:16.836315 dv-cinder-821824-3-iscsi devstack@c-api.service[121768]: warnings.warn('Policy enforcement is depending on the value of '
Mar 08 11:46:16.846325 dv-cinder-821824-3-iscsi devstack@c-api.service[121767]: DEBUG cinder.volume.api [None req-722dfb00-3199-41c6-a540-3f05f01f1891 tempest-GroupsTest-1478732958 tempest-GroupsTest-1478732958-project] Task 'cinder.volume.flows.api.create_volume.EntryCreateTask;volume:create' (3b6338b1-0d61-4c06-a642-d4431e51060e) transitioned into state 'SUCCESS' from state 'RUNNING' with result '{'volume_id': '99d6431e-b4dc-4395-8680-98594c286720', 'volume_properties': VolumeProperties(attach_status='detached',availability_zone='nova',cgsnapshot_id=None,consistencygroup_id=None,display_description=None,display_name='tempest-volume-906914342',encryption_key_id=None,group_id=6cb084ab-e847-4d23-922e-f2fcbafa9560,group_type_id=,metadata={},multiattach=False,project_id='6cd4fececab541b49224f79d6c31f016',qos_specs=None,replication_status=,reservations=['c85d9980-d7ac-4236-83d2-15c81a19c879','5f7a34ff-5f29-4d71-99b8-2713d86cd633','fd2d6e52-a80f-4574-ab46-806e351afba9','b74091ab-fa6d-47e2-875d-edabbb6a30f1'],size=1,snapshot_id=None,source_replicaid=,source_volid=None,status='creating',user_id='702fabfae50c4105b2a348bbdf3ed056',volume_type_id=50959926-e39c-4666-ae18-7b4d10033ba1), 'volume': Volume(_name_id=None,admin_metadata=,attach_status='detached',availability_zone='nova',bootable=False,cluster=,cluster_name=None,consistencygroup=,consistencygroup_id=None,created_at=2022-03-08T11:46:16Z,deleted=False,deleted_at=None,display_description=None,display_name='tempest-volume-906914342',ec2_id=None,encryption_key_id=None,glance_metadata=,group=,group_id=6cb084ab-e847-4d23-922e-f2fcbafa9560,host=None,id=99d6431e-b4dc-4395-8680-98594c286720,launched_at=None,metadata={},migration_status=None,multiattach=False,previous_status=None,project_id='6cd4fececab541b49224f79d6c31f016',provider_auth=None,provider_geometry=None,provider_id=None,provider_location=None,replication_driver_data=None,replication_extended_status=None,replication_status=None,scheduled_at=None,service_uuid=None,shared_targets=True,size=1,snapshot_id=None,snapshots=,source_volid=None,status='creating',terminated_at=None,updated_at=None,use_quota=True,user_id='702fabfae50c4105b2a348bbdf3ed056',volume_attachment=VolumeAttachmentList,volume_type=VolumeType(50959926-e39c-4666-ae18-7b4d10033ba1),volume_type_id=50959926-e39c-4666-ae18-7b4d10033ba1)}' {{(pid=121767) _task_receiver /usr/local/lib/python3.8/dist-packages/taskflow/listeners/logging.py:178}}
Mar 08 11:46:16.851584 dv-cinder-821824-3-iscsi devstack@c-api.service[121767]: DEBUG cinder.volume.api [None req-722dfb00-3199-41c6-a540-3f05f01f1891 tempest-GroupsTest-1478732958 tempest-GroupsTest-1478732958-project] Task 'cinder.volume.flows.api.create_volume.QuotaCommitTask;volume:create' (e59cf2de-dc02-41e7-80cb-bff8040daf7a) transitioned into state 'RUNNING' from state 'PENDING' {{(pid=121767) _task_receiver /usr/local/lib/python3.8/dist-packages/taskflow/listeners/logging.py:190}}
Mar 08 11:46:16.853636 dv-cinder-821824-3-iscsi devstack@c-api.service[121768]: INFO cinder.api.openstack.wsgi [None req-54e01eab-f5ae-4fb2-9e0c-c30c6a5bdd24 tempest-GroupSnapshotsV319Test-1527559779 tempest-GroupSnapshotsV319Test-1527559779-project] http://10.222.0.42/volume/v3/a249c9f92480490d8c6e95c92eab6dc4/volumes/detail returned with HTTP 200
Mar 08 11:46:16.854759 dv-cinder-821824-3-iscsi devstack@c-api.service[121768]: [pid: 121768|app: 0|req: 36/73] 10.222.0.42 () {60 vars in 1275 bytes} [Tue Mar 8 11:46:16 2022] GET /volume/v3/a249c9f92480490d8c6e95c92eab6dc4/volumes/detail => generated 1010 bytes in 202 msecs (HTTP/1.1 200) 7 headers in 287 bytes (1 switches on core 0)
Mar 08 11:46:16.856098 dv-cinder-821824-3-iscsi devstack@c-api.service[121768]: DEBUG cinder.api.middleware.request_id [None req-efba6f93-fdc0-4c32-8c35-a261363817da None None] RequestId filter calling following filter/app {{(pid=121768) _context_setter /opt/stack/cinder/cinder/api/middleware/request_id.py:62}}
Mar 08 11:46:16.861087 dv-cinder-821824-3-iscsi devstack@c-api.service[121768]: INFO cinder.api.openstack.wsgi [None req-efba6f93-fdc0-4c32-8c35-a261363817da tempest-GroupSnapshotsTest-433879006 tempest-GroupSnapshotsTest-433879006-project] GET http://10.222.0.42/volume/v3/dc1a1fd1d5964340a58129e30acf22f0/volumes/a9314042-af7e-4729-8ad0-c538da011b1b
Mar 08 11:46:16.861809 dv-cinder-821824-3-iscsi devstack@c-api.service[121768]: DEBUG cinder.api.openstack.wsgi [None req-efba6f93-fdc0-4c32-8c35-a261363817da tempest-GroupSnapshotsTest-433879006 tempest-GroupSnapshotsTest-433879006-project] Empty body provided in request {{(pid=121768) get_body /opt/stack/cinder/cinder/api/openstack/wsgi.py:715}}
Mar 08 11:46:16.862465 dv-cinder-821824-3-iscsi devstack@c-api.service[121768]: DEBUG cinder.api.openstack.wsgi [None req-efba6f93-fdc0-4c32-8c35-a261363817da tempest-GroupSnapshotsTest-433879006 tempest-GroupSnapshotsTest-433879006-project] Calling method 'show' {{(pid=121768) _process_stack /opt/stack/cinder/cinder/api/openstack/wsgi.py:868}}
Mar 08 11:46:16.878344 dv-cinder-821824-3-iscsi devstack@c-api.service[121768]: /usr/local/lib/python3.8/dist-packages/oslo_context/context.py:100: DeprecationWarning: Policy enforcement is depending on the value of is_admin. This key is deprecated. Please update your policy file to use the standard policy values.
Mar 08 11:46:16.878344 dv-cinder-821824-3-iscsi devstack@c-api.service[121768]: warnings.warn('Policy enforcement is depending on the value of '
Mar 08 11:46:16.889905 dv-cinder-821824-3-iscsi devstack@c-api.service[121768]: INFO cinder.volume.api [None req-efba6f93-fdc0-4c32-8c35-a261363817da tempest-GroupSnapshotsTest-433879006 tempest-GroupSnapshotsTest-433879006-project] Volume info retrieved successfully.
Mar 08 11:46:16.892373 dv-cinder-821824-3-iscsi devstack@c-api.service[121768]: WARNING stevedore.named [None req-efba6f93-fdc0-4c32-8c35-a261363817da tempest-GroupSnapshotsTest-433879006 tempest-GroupSnapshotsTest-433879006-project] Could not load cinder.keymgr.conf_key_mgr.ConfKeyManager
Mar 08 11:46:16.893236 dv-cinder-821824-3-iscsi devstack@c-api.service[121768]: WARNING castellan.key_manager [None req-efba6f93-fdc0-4c32-8c35-a261363817da tempest-GroupSnapshotsTest-433879006 tempest-GroupSnapshotsTest-433879006-project] Deprecation Warning : cinder.keymgr.conf_key_mgr.ConfKeyManager is not a stevedore based driver, trying to load it as a class: stevedore.exception.NoMatches: No 'castellan.drivers' driver found, looking for 'cinder.keymgr.conf_key_mgr.ConfKeyManager'
Mar 08 11:46:16.903118 dv-cinder-821824-3-iscsi devstack@c-api.service[121768]: DEBUG oslo_db.sqlalchemy.engines [None req-efba6f93-fdc0-4c32-8c35-a261363817da tempest-GroupSnapshotsTest-433879006 tempest-GroupSnapshotsTest-433879006-project] MySQL server mode set to STRICT_TRANS_TABLES,STRICT_ALL_TABLES,NO_ZERO_IN_DATE,NO_ZERO_DATE,ERROR_FOR_DIVISION_BY_ZERO,TRADITIONAL,NO_ENGINE_SUBSTITUTION {{(pid=121768) _check_effective_sql_mode /usr/local/lib/python3.8/dist-packages/oslo_db/sqlalchemy/engines.py:314}}
Mar 08 11:46:16.909511 dv-cinder-821824-3-iscsi devstack@c-api.service[121768]: /usr/local/lib/python3.8/dist-packages/oslo_context/context.py:100: DeprecationWarning: Policy enforcement is depending on the value of is_admin. This key is deprecated. Please update your policy file to use the standard policy values.
Mar 08 11:46:16.909511 dv-cinder-821824-3-iscsi devstack@c-api.service[121768]: warnings.warn('Policy enforcement is depending on the value of '
Mar 08 11:46:16.923096 dv-cinder-821824-3-iscsi devstack@c-api.service[121767]: DEBUG cinder.volume.api [None req-722dfb00-3199-41c6-a540-3f05f01f1891 tempest-GroupsTest-1478732958 tempest-GroupsTest-1478732958-project] Task 'cinder.volume.flows.api.create_volume.QuotaCommitTask;volume:create' (e59cf2de-dc02-41e7-80cb-bff8040daf7a) transitioned into state 'SUCCESS' from state 'RUNNING' with result '{'volume_properties': VolumeProperties(attach_status='detached',availability_zone='nova',cgsnapshot_id=None,consistencygroup_id=None,display_description=None,display_name='tempest-volume-906914342',encryption_key_id=None,group_id=6cb084ab-e847-4d23-922e-f2fcbafa9560,group_type_id=,metadata={},multiattach=False,project_id='6cd4fececab541b49224f79d6c31f016',qos_specs=None,replication_status=,reservations=['c85d9980-d7ac-4236-83d2-15c81a19c879','5f7a34ff-5f29-4d71-99b8-2713d86cd633','fd2d6e52-a80f-4574-ab46-806e351afba9','b74091ab-fa6d-47e2-875d-edabbb6a30f1'],size=1,snapshot_id=None,source_replicaid=,source_volid=None,status='creating',user_id='702fabfae50c4105b2a348bbdf3ed056',volume_type_id=50959926-e39c-4666-ae18-7b4d10033ba1)}' {{(pid=121767) _task_receiver /usr/local/lib/python3.8/dist-packages/taskflow/listeners/logging.py:178}}
Mar 08 11:46:16.924813 dv-cinder-821824-3-iscsi devstack@c-api.service[121767]: DEBUG cinder.volume.api [None req-722dfb00-3199-41c6-a540-3f05f01f1891 tempest-GroupsTest-1478732958 tempest-GroupsTest-1478732958-project] Task 'cinder.volume.flows.api.create_volume.VolumeCastTask;volume:create' (290a1f4a-3f01-47b9-83b3-6480d194a6fd) transitioned into state 'RUNNING' from state 'PENDING' {{(pid=121767) _task_receiver /usr/local/lib/python3.8/dist-packages/taskflow/listeners/logging.py:190}}
Mar 08 11:46:16.940168 dv-cinder-821824-3-iscsi devstack@c-api.service[121768]: INFO cinder.api.openstack.wsgi [None req-efba6f93-fdc0-4c32-8c35-a261363817da tempest-GroupSnapshotsTest-433879006 tempest-GroupSnapshotsTest-433879006-project] http://10.222.0.42/volume/v3/dc1a1fd1d5964340a58129e30acf22f0/volumes/a9314042-af7e-4729-8ad0-c538da011b1b returned with HTTP 200
Mar 08 11:46:16.941170 dv-cinder-821824-3-iscsi devstack@c-api.service[121768]: [pid: 121768|app: 0|req: 37/74] 10.222.0.42 () {60 vars in 1365 bytes} [Tue Mar 8 11:46:16 2022] GET /volume/v3/dc1a1fd1d5964340a58129e30acf22f0/volumes/a9314042-af7e-4729-8ad0-c538da011b1b => generated 973 bytes in 86 msecs (HTTP/1.1 200) 7 headers in 286 bytes (1 switches on core 0)
Mar 08 11:46:16.942892 dv-cinder-821824-3-iscsi devstack@c-api.service[121768]: DEBUG cinder.api.middleware.request_id [req-f0e38dc8-d637-46b5-9222-85aeb624c44d req-41e129cd-b807-4423-b253-df2c4745fe10 None None] RequestId filter calling following filter/app {{(pid=121768) _context_setter /opt/stack/cinder/cinder/api/middleware/request_id.py:62}}
Mar 08 11:46:16.956493 dv-cinder-821824-3-iscsi devstack@c-api.service[121768]: INFO cinder.api.openstack.wsgi [req-f0e38dc8-d637-46b5-9222-85aeb624c44d req-41e129cd-b807-4423-b253-df2c4745fe10 tempest-VolumesSnapshotsTestJSON-2048737728 tempest-VolumesSnapshotsTestJSON-2048737728-project] DELETE http://10.222.0.42/volume/v3/443bff6d6320498aa8539fa9edc6d861/volumes/2995a7a6-a993-4a01-988f-7d2404ae5fff
Mar 08 11:46:16.957156 dv-cinder-821824-3-iscsi devstack@c-api.service[121768]: DEBUG cinder.api.openstack.wsgi [req-f0e38dc8-d637-46b5-9222-85aeb624c44d req-41e129cd-b807-4423-b253-df2c4745fe10 tempest-VolumesSnapshotsTestJSON-2048737728 tempest-VolumesSnapshotsTestJSON-2048737728-project] Empty body provided in request {{(pid=121768) get_body /opt/stack/cinder/cinder/api/openstack/wsgi.py:715}}
Mar 08 11:46:16.957775 dv-cinder-821824-3-iscsi devstack@c-api.service[121768]: DEBUG cinder.api.openstack.wsgi [req-f0e38dc8-d637-46b5-9222-85aeb624c44d req-41e129cd-b807-4423-b253-df2c4745fe10 tempest-VolumesSnapshotsTestJSON-2048737728 tempest-VolumesSnapshotsTestJSON-2048737728-project] Calling method 'delete' {{(pid=121768) _process_stack /opt/stack/cinder/cinder/api/openstack/wsgi.py:868}}
Mar 08 11:46:16.958375 dv-cinder-821824-3-iscsi devstack@c-api.service[121768]: INFO cinder.api.v3.volumes [req-f0e38dc8-d637-46b5-9222-85aeb624c44d req-41e129cd-b807-4423-b253-df2c4745fe10 tempest-VolumesSnapshotsTestJSON-2048737728 tempest-VolumesSnapshotsTestJSON-2048737728-project] Delete volume with id: 2995a7a6-a993-4a01-988f-7d2404ae5fff
Mar 08 11:46:16.976549 dv-cinder-821824-3-iscsi devstack@c-api.service[121768]: INFO cinder.api.openstack.wsgi [req-f0e38dc8-d637-46b5-9222-85aeb624c44d req-41e129cd-b807-4423-b253-df2c4745fe10 tempest-VolumesSnapshotsTestJSON-2048737728 tempest-VolumesSnapshotsTestJSON-2048737728-project] http://10.222.0.42/volume/v3/443bff6d6320498aa8539fa9edc6d861/volumes/2995a7a6-a993-4a01-988f-7d2404ae5fff returned with HTTP 404
Mar 08 11:46:16.977011 dv-cinder-821824-3-iscsi devstack@c-api.service[121767]: DEBUG cinder.volume.api [None req-722dfb00-3199-41c6-a540-3f05f01f1891 tempest-GroupsTest-1478732958 tempest-GroupsTest-1478732958-project] Task 'cinder.volume.flows.api.create_volume.VolumeCastTask;volume:create' (290a1f4a-3f01-47b9-83b3-6480d194a6fd) transitioned into state 'SUCCESS' from state 'RUNNING' with result 'None' {{(pid=121767) _task_receiver /usr/local/lib/python3.8/dist-packages/taskflow/listeners/logging.py:178}}
Mar 08 11:46:16.977528 dv-cinder-821824-3-iscsi devstack@c-api.service[121768]: [pid: 121768|app: 0|req: 38/75] 10.222.0.42 () {62 vars in 1600 bytes} [Tue Mar 8 11:46:16 2022] DELETE /volume/v3/443bff6d6320498aa8539fa9edc6d861/volumes/2995a7a6-a993-4a01-988f-7d2404ae5fff => generated 109 bytes in 36 msecs (HTTP/1.1 404) 7 headers in 292 bytes (1 switches on core 0)
Mar 08 11:46:16.979897 dv-cinder-821824-3-iscsi devstack@c-api.service[121768]: DEBUG cinder.api.middleware.request_id [None req-778c439d-42c8-485d-b9d3-3cb7833adace None None] RequestId filter calling following filter/app {{(pid=121768) _context_setter /opt/stack/cinder/cinder/api/middleware/request_id.py:62}}
Mar 08 11:46:16.983647 dv-cinder-821824-3-iscsi devstack@c-api.service[121767]: DEBUG cinder.volume.api [None req-722dfb00-3199-41c6-a540-3f05f01f1891 tempest-GroupsTest-1478732958 tempest-GroupsTest-1478732958-project] Flow 'volume_create_api' (ff266f13-9a1b-4dfe-a142-0411ea8edf25) transitioned into state 'SUCCESS' from state 'RUNNING' {{(pid=121767) _flow_receiver /usr/local/lib/python3.8/dist-packages/taskflow/listeners/logging.py:141}}
Mar 08 11:46:16.984395 dv-cinder-821824-3-iscsi devstack@c-api.service[121767]: INFO cinder.volume.api [None req-722dfb00-3199-41c6-a540-3f05f01f1891 tempest-GroupsTest-1478732958 tempest-GroupsTest-1478732958-project] Create volume request issued successfully.
Mar 08 11:46:16.986096 dv-cinder-821824-3-iscsi devstack@c-api.service[121768]: INFO cinder.api.openstack.wsgi [None req-778c439d-42c8-485d-b9d3-3cb7833adace tempest-GroupSnapshotsV319Test-1527559779 tempest-GroupSnapshotsV319Test-1527559779-project] GET http://10.222.0.42/volume/v3/a249c9f92480490d8c6e95c92eab6dc4/snapshots/detail
Mar 08 11:46:16.986841 dv-cinder-821824-3-iscsi devstack@c-api.service[121768]: DEBUG cinder.api.openstack.wsgi [None req-778c439d-42c8-485d-b9d3-3cb7833adace tempest-GroupSnapshotsV319Test-1527559779 tempest-GroupSnapshotsV319Test-1527559779-project] Empty body provided in request {{(pid=121768) get_body /opt/stack/cinder/cinder/api/openstack/wsgi.py:715}}
Mar 08 11:46:16.987449 dv-cinder-821824-3-iscsi devstack@c-api.service[121768]: DEBUG cinder.api.openstack.wsgi [None req-778c439d-42c8-485d-b9d3-3cb7833adace tempest-GroupSnapshotsV319Test-1527559779 tempest-GroupSnapshotsV319Test-1527559779-project] Calling method 'detail' {{(pid=121768) _process_stack /opt/stack/cinder/cinder/api/openstack/wsgi.py:868}}
Mar 08 11:46:16.988209 dv-cinder-821824-3-iscsi devstack@c-api.service[121768]: DEBUG cinder.api.api_utils [None req-778c439d-42c8-485d-b9d3-3cb7833adace tempest-GroupSnapshotsV319Test-1527559779 tempest-GroupSnapshotsV319Test-1527559779-project] Removing options '' from query. {{(pid=121768) remove_invalid_filter_options /opt/stack/cinder/cinder/api/api_utils.py:73}}
Mar 08 11:46:16.989098 dv-cinder-821824-3-iscsi devstack@c-api.service[121767]: WARNING stevedore.named [None req-722dfb00-3199-41c6-a540-3f05f01f1891 tempest-GroupsTest-1478732958 tempest-GroupsTest-1478732958-project] Could not load cinder.keymgr.conf_key_mgr.ConfKeyManager
Mar 08 11:46:16.989529 dv-cinder-821824-3-iscsi devstack@c-api.service[121767]: WARNING castellan.key_manager [None req-722dfb00-3199-41c6-a540-3f05f01f1891 tempest-GroupsTest-1478732958 tempest-GroupsTest-1478732958-project] Deprecation Warning : cinder.keymgr.conf_key_mgr.ConfKeyManager is not a stevedore based driver, trying to load it as a class: stevedore.exception.NoMatches: No 'castellan.drivers' driver found, looking for 'cinder.keymgr.conf_key_mgr.ConfKeyManager'
Mar 08 11:46:16.991323 dv-cinder-821824-3-iscsi devstack@c-api.service[121768]: DEBUG cinder.db.sqlalchemy.api [None req-778c439d-42c8-485d-b9d3-3cb7833adace tempest-GroupSnapshotsV319Test-1527559779 tempest-GroupSnapshotsV319Test-1527559779-project] Building query based on filter {{(pid=121768) _process_snaps_filters /opt/stack/cinder/cinder/db/sqlalchemy/api.py:3159}}
Mar 08 11:46:17.000005 dv-cinder-821824-3-iscsi devstack@c-api.service[121768]: INFO cinder.volume.api [None req-778c439d-42c8-485d-b9d3-3cb7833adace tempest-GroupSnapshotsV319Test-1527559779 tempest-GroupSnapshotsV319Test-1527559779-project] Get all snapshots completed successfully.
Mar 08 11:46:17.004951 dv-cinder-821824-3-iscsi devstack@c-api.service[121767]: DEBUG oslo_db.sqlalchemy.engines [None req-722dfb00-3199-41c6-a540-3f05f01f1891 tempest-GroupsTest-1478732958 tempest-GroupsTest-1478732958-project] MySQL server mode set to STRICT_TRANS_TABLES,STRICT_ALL_TABLES,NO_ZERO_IN_DATE,NO_ZERO_DATE,ERROR_FOR_DIVISION_BY_ZERO,TRADITIONAL,NO_ENGINE_SUBSTITUTION {{(pid=121767) _check_effective_sql_mode /usr/local/lib/python3.8/dist-packages/oslo_db/sqlalchemy/engines.py:314}}
Mar 08 11:46:17.006519 dv-cinder-821824-3-iscsi devstack@c-api.service[121768]: INFO cinder.api.openstack.wsgi [None req-778c439d-42c8-485d-b9d3-3cb7833adace tempest-GroupSnapshotsV319Test-1527559779 tempest-GroupSnapshotsV319Test-1527559779-project] http://10.222.0.42/volume/v3/a249c9f92480490d8c6e95c92eab6dc4/snapshots/detail returned with HTTP 200
Mar 08 11:46:17.009463 dv-cinder-821824-3-iscsi devstack@c-api.service[121768]: [pid: 121768|app: 0|req: 39/76] 10.222.0.42 () {58 vars in 1240 bytes} [Tue Mar 8 11:46:16 2022] GET /volume/v3/a249c9f92480490d8c6e95c92eab6dc4/snapshots/detail => generated 17 bytes in 31 msecs (HTTP/1.1 200) 7 headers in 284 bytes (1 switches on core 0)
Mar 08 11:46:17.013048 dv-cinder-821824-3-iscsi devstack@c-api.service[121767]: /usr/local/lib/python3.8/dist-packages/oslo_context/context.py:100: DeprecationWarning: Policy enforcement is depending on the value of is_admin. This key is deprecated. Please update your policy file to use the standard policy values.
Mar 08 11:46:17.013048 dv-cinder-821824-3-iscsi devstack@c-api.service[121767]: warnings.warn('Policy enforcement is depending on the value of '
Mar 08 11:46:17.017116 dv-cinder-821824-3-iscsi devstack@c-api.service[121768]: DEBUG cinder.api.middleware.request_id [None req-4a90938f-e0ab-43ef-9604-2b927f2fbe36 None None] RequestId filter calling following filter/app {{(pid=121768) _context_setter /opt/stack/cinder/cinder/api/middleware/request_id.py:62}}
Mar 08 11:46:17.026535 dv-cinder-821824-3-iscsi devstack@c-api.service[121767]: INFO cinder.api.openstack.wsgi [None req-722dfb00-3199-41c6-a540-3f05f01f1891 tempest-GroupsTest-1478732958 tempest-GroupsTest-1478732958-project] http://10.222.0.42/volume/v3/6cd4fececab541b49224f79d6c31f016/volumes returned with HTTP 202
Mar 08 11:46:17.038243 dv-cinder-821824-3-iscsi devstack@c-api.service[121768]: INFO cinder.api.openstack.wsgi [None req-4a90938f-e0ab-43ef-9604-2b927f2fbe36 tempest-GroupSnapshotsV319Test-1527559779 tempest-GroupSnapshotsV319Test-1527559779-project] GET http://10.222.0.42/volume/v3/a249c9f92480490d8c6e95c92eab6dc4/group_snapshots/a274451c-4f40-493d-be13-9451b03fc39c
Mar 08 11:46:17.038751 dv-cinder-821824-3-iscsi devstack@c-api.service[121767]: [pid: 121767|app: 0|req: 38/77] 10.222.0.42 () {62 vars in 1276 bytes} [Tue Mar 8 11:46:16 2022] POST /volume/v3/6cd4fececab541b49224f79d6c31f016/volumes => generated 880 bytes in 637 msecs (HTTP/1.1 202) 7 headers in 292 bytes (1 switches on core 0)
Mar 08 11:46:17.040779 dv-cinder-821824-3-iscsi devstack@c-api.service[121767]: DEBUG cinder.api.middleware.request_id [None req-a01f97a4-000d-4198-a6f9-9b0ee9fd9f22 None None] RequestId filter calling following filter/app {{(pid=121767) _context_setter /opt/stack/cinder/cinder/api/middleware/request_id.py:62}}
Mar 08 11:46:17.040963 dv-cinder-821824-3-iscsi devstack@c-api.service[121768]: DEBUG cinder.api.openstack.wsgi [None req-4a90938f-e0ab-43ef-9604-2b927f2fbe36 tempest-GroupSnapshotsV319Test-1527559779 tempest-GroupSnapshotsV319Test-1527559779-project] Empty body provided in request {{(pid=121768) get_body /opt/stack/cinder/cinder/api/openstack/wsgi.py:715}}
Mar 08 11:46:17.041602 dv-cinder-821824-3-iscsi devstack@c-api.service[121768]: DEBUG cinder.api.openstack.wsgi [None req-4a90938f-e0ab-43ef-9604-2b927f2fbe36 tempest-GroupSnapshotsV319Test-1527559779 tempest-GroupSnapshotsV319Test-1527559779-project] Calling method 'version_select' {{(pid=121768) _process_stack /opt/stack/cinder/cinder/api/openstack/wsgi.py:868}}
Mar 08 11:46:17.042097 dv-cinder-821824-3-iscsi devstack@c-api.service[121768]: DEBUG cinder.api.v3.group_snapshots [None req-4a90938f-e0ab-43ef-9604-2b927f2fbe36 tempest-GroupSnapshotsV319Test-1527559779 tempest-GroupSnapshotsV319Test-1527559779-project] show called for member a274451c-4f40-493d-be13-9451b03fc39c {{(pid=121768) show /opt/stack/cinder/cinder/api/v3/group_snapshots.py:58}}
Mar 08 11:46:17.049072 dv-cinder-821824-3-iscsi devstack@c-api.service[121767]: INFO cinder.api.openstack.wsgi [None req-a01f97a4-000d-4198-a6f9-9b0ee9fd9f22 tempest-GroupsTest-1478732958 tempest-GroupsTest-1478732958-project] GET http://10.222.0.42/volume/v3/6cd4fececab541b49224f79d6c31f016/volumes/99d6431e-b4dc-4395-8680-98594c286720
Mar 08 11:46:17.050739 dv-cinder-821824-3-iscsi devstack@c-api.service[121767]: DEBUG cinder.api.openstack.wsgi [None req-a01f97a4-000d-4198-a6f9-9b0ee9fd9f22 tempest-GroupsTest-1478732958 tempest-GroupsTest-1478732958-project] Empty body provided in request {{(pid=121767) get_body /opt/stack/cinder/cinder/api/openstack/wsgi.py:715}}
Mar 08 11:46:17.053670 dv-cinder-821824-3-iscsi devstack@c-api.service[121768]: INFO cinder.api.openstack.wsgi [None req-4a90938f-e0ab-43ef-9604-2b927f2fbe36 tempest-GroupSnapshotsV319Test-1527559779 tempest-GroupSnapshotsV319Test-1527559779-project] http://10.222.0.42/volume/v3/a249c9f92480490d8c6e95c92eab6dc4/group_snapshots/a274451c-4f40-493d-be13-9451b03fc39c returned with HTTP 404
Mar 08 11:46:17.055490 dv-cinder-821824-3-iscsi devstack@c-api.service[121768]: [pid: 121768|app: 0|req: 40/78] 10.222.0.42 () {60 vars in 1389 bytes} [Tue Mar 8 11:46:17 2022] GET /volume/v3/a249c9f92480490d8c6e95c92eab6dc4/group_snapshots/a274451c-4f40-493d-be13-9451b03fc39c => generated 116 bytes in 39 msecs (HTTP/1.1 404) 7 headers in 293 bytes (1 switches on core 0)
Mar 08 11:46:17.056666 dv-cinder-821824-3-iscsi devstack@c-api.service[121767]: DEBUG cinder.api.openstack.wsgi [None req-a01f97a4-000d-4198-a6f9-9b0ee9fd9f22 tempest-GroupsTest-1478732958 tempest-GroupsTest-1478732958-project] Calling method 'show' {{(pid=121767) _process_stack /opt/stack/cinder/cinder/api/openstack/wsgi.py:868}}
Mar 08 11:46:17.061034 dv-cinder-821824-3-iscsi devstack@c-api.service[121768]: DEBUG cinder.api.middleware.request_id [None req-33aec62c-fb53-40f6-9226-1c72200f9e41 None None] RequestId filter calling following filter/app {{(pid=121768) _context_setter /opt/stack/cinder/cinder/api/middleware/request_id.py:62}}
Mar 08 11:46:17.064930 dv-cinder-821824-3-iscsi devstack@c-api.service[121768]: INFO cinder.api.openstack.wsgi [None req-33aec62c-fb53-40f6-9226-1c72200f9e41 tempest-GroupSnapshotsV319Test-1527559779 tempest-GroupSnapshotsV319Test-1527559779-project] GET http://10.222.0.42/volume/v3/a249c9f92480490d8c6e95c92eab6dc4/volumes/detail
Mar 08 11:46:17.070158 dv-cinder-821824-3-iscsi devstack@c-api.service[121768]: DEBUG cinder.api.openstack.wsgi [None req-33aec62c-fb53-40f6-9226-1c72200f9e41 tempest-GroupSnapshotsV319Test-1527559779 tempest-GroupSnapshotsV319Test-1527559779-project] Empty body provided in request {{(pid=121768) get_body /opt/stack/cinder/cinder/api/openstack/wsgi.py:715}}
Mar 08 11:46:17.071143 dv-cinder-821824-3-iscsi devstack@c-api.service[121768]: DEBUG cinder.api.openstack.wsgi [None req-33aec62c-fb53-40f6-9226-1c72200f9e41 tempest-GroupSnapshotsV319Test-1527559779 tempest-GroupSnapshotsV319Test-1527559779-project] Calling method 'detail' {{(pid=121768) _process_stack /opt/stack/cinder/cinder/api/openstack/wsgi.py:868}}
Mar 08 11:46:17.075657 dv-cinder-821824-3-iscsi devstack@c-api.service[121768]: DEBUG cinder.api.api_utils [None req-33aec62c-fb53-40f6-9226-1c72200f9e41 tempest-GroupSnapshotsV319Test-1527559779 tempest-GroupSnapshotsV319Test-1527559779-project] Removing options '' from query. {{(pid=121768) remove_invalid_filter_options /opt/stack/cinder/cinder/api/api_utils.py:73}}
Mar 08 11:46:17.082560 dv-cinder-821824-3-iscsi devstack@c-api.service[121768]: DEBUG cinder.volume.api [None req-33aec62c-fb53-40f6-9226-1c72200f9e41 tempest-GroupSnapshotsV319Test-1527559779 tempest-GroupSnapshotsV319Test-1527559779-project] Searching by: MultiDict([('no_migration_targets', True)]). {{(pid=121768) get_all /opt/stack/cinder/cinder/volume/api.py:662}}
Mar 08 11:46:17.090187 dv-cinder-821824-3-iscsi devstack@c-api.service[121767]: /usr/local/lib/python3.8/dist-packages/oslo_context/context.py:100: DeprecationWarning: Policy enforcement is depending on the value of is_admin. This key is deprecated. Please update your policy file to use the standard policy values.
Mar 08 11:46:17.090187 dv-cinder-821824-3-iscsi devstack@c-api.service[121767]: warnings.warn('Policy enforcement is depending on the value of '
Mar 08 11:46:17.120393 dv-cinder-821824-3-iscsi devstack@c-api.service[121767]: INFO cinder.volume.api [None req-a01f97a4-000d-4198-a6f9-9b0ee9fd9f22 tempest-GroupsTest-1478732958 tempest-GroupsTest-1478732958-project] Volume info retrieved successfully.
Mar 08 11:46:17.127156 dv-cinder-821824-3-iscsi devstack@c-api.service[121767]: WARNING stevedore.named [None req-a01f97a4-000d-4198-a6f9-9b0ee9fd9f22 tempest-GroupsTest-1478732958 tempest-GroupsTest-1478732958-project] Could not load cinder.keymgr.conf_key_mgr.ConfKeyManager
Mar 08 11:46:17.131307 dv-cinder-821824-3-iscsi devstack@c-api.service[121767]: WARNING castellan.key_manager [None req-a01f97a4-000d-4198-a6f9-9b0ee9fd9f22 tempest-GroupsTest-1478732958 tempest-GroupsTest-1478732958-project] Deprecation Warning : cinder.keymgr.conf_key_mgr.ConfKeyManager is not a stevedore based driver, trying to load it as a class: stevedore.exception.NoMatches: No 'castellan.drivers' driver found, looking for 'cinder.keymgr.conf_key_mgr.ConfKeyManager'
Mar 08 11:46:17.165158 dv-cinder-821824-3-iscsi devstack@c-api.service[121767]: DEBUG oslo_db.sqlalchemy.engines [None req-a01f97a4-000d-4198-a6f9-9b0ee9fd9f22 tempest-GroupsTest-1478732958 tempest-GroupsTest-1478732958-project] MySQL server mode set to STRICT_TRANS_TABLES,STRICT_ALL_TABLES,NO_ZERO_IN_DATE,NO_ZERO_DATE,ERROR_FOR_DIVISION_BY_ZERO,TRADITIONAL,NO_ENGINE_SUBSTITUTION {{(pid=121767) _check_effective_sql_mode /usr/local/lib/python3.8/dist-packages/oslo_db/sqlalchemy/engines.py:314}}
Mar 08 11:46:17.171756 dv-cinder-821824-3-iscsi devstack@c-api.service[121767]: /usr/local/lib/python3.8/dist-packages/oslo_context/context.py:100: DeprecationWarning: Policy enforcement is depending on the value of is_admin. This key is deprecated. Please update your policy file to use the standard policy values.
Mar 08 11:46:17.171756 dv-cinder-821824-3-iscsi devstack@c-api.service[121767]: warnings.warn('Policy enforcement is depending on the value of '
