Dec 15 13:54:34.446393 dv-cinder-821824-1-smb neutron-server[102470]: DEBUG neutron_lib.callbacks.manager [None req-ac3e47a6-6d40-494d-8904-e53ed7f855a4 None None] Publish callbacks ['neutron.plugins.ml2.plugin.SecurityGroupServerNotifierRpcMixin._notify_sg_on_port_change-782778', 'neutron.plugins.ml2.ovo_rpc._ObjectChangeHandler.handle_event-31560', 'neutron.api.rpc.agentnotifiers.dhcp_rpc_agent_api.DhcpAgentNotifyAPI._native_event_send_dhcp_notification-3904375', 'neutron.db.l3_db.L3RpcNotifierMixin._notify_gateway_port_ip_changed-8751962783461', 'neutron.db.l3_dvrscheduler_db._notify_l3_agent_port_update-8751962214885', 'neutron.db.l3_hascheduler_db._notify_l3_agent_ha_port_update-8751962214903'] for port, after_update {{(pid=102470) _notify_loop /usr/local/lib/python3.8/dist-packages/neutron_lib/callbacks/manager.py:175}}
Dec 15 13:54:34.447380 dv-cinder-821824-1-smb neutron-server[102470]: DEBUG neutron.plugins.ml2.rpc [None req-ac3e47a6-6d40-494d-8904-e53ed7f855a4 None None] Device 8a2b392d-c6cb-476a-abda-66278b8cb3e9 up at agent hyperv_hv-cinder-82182 {{(pid=102470) update_device_up /opt/stack/neutron/neutron/plugins/ml2/rpc.py:296}}
Dec 15 13:54:34.451836 dv-cinder-821824-1-smb neutron-server[102469]: DEBUG neutron_lib.callbacks.manager [None req-c9283a3d-08ab-4368-b112-6fc462528106 admin admin] Publish callbacks [] for security_group, precommit_create {{(pid=102469) _notify_loop /usr/local/lib/python3.8/dist-packages/neutron_lib/callbacks/manager.py:175}}
Dec 15 13:54:34.458767 dv-cinder-821824-1-smb neutron-server[102469]: DEBUG neutron_lib.callbacks.manager [None req-c9283a3d-08ab-4368-b112-6fc462528106 admin admin] Publish callbacks ['neutron.plugins.ml2.ovo_rpc._ObjectChangeHandler.handle_event-444771'] for security_group, after_create {{(pid=102469) _notify_loop /usr/local/lib/python3.8/dist-packages/neutron_lib/callbacks/manager.py:175}}
Dec 15 13:54:34.494237 dv-cinder-821824-1-smb neutron-server[102469]: DEBUG neutron.api.rpc.handlers.resources_rpc [None req-c9283a3d-08ab-4368-b112-6fc462528106 admin admin] Pushing event updated for resources: {'SecurityGroup': ['ID=e2c1d0c0-ec6a-40a1-8508-795881797986,revision_number=1']} {{(pid=102469) push /opt/stack/neutron/neutron/api/rpc/handlers/resources_rpc.py:237}}
Dec 15 13:54:34.529353 dv-cinder-821824-1-smb neutron-server[102469]: INFO neutron.wsgi [None req-c9283a3d-08ab-4368-b112-6fc462528106 admin admin] 10.222.0.71 "GET /v2.0/security-groups?tenant_id=e5b39502e9d6406ab2786b056b8ee788&name=default HTTP/1.1" status: 200 len: 2996 time: 0.3822086
Dec 15 13:54:34.533225 dv-cinder-821824-1-smb neutron-server[102468]: DEBUG neutron.wsgi [-] (102468) accepted ('10.222.0.71', 40672) {{(pid=102468) server /usr/local/lib/python3.8/dist-packages/eventlet/wsgi.py:1004}}
Dec 15 13:54:34.608925 dv-cinder-821824-1-smb neutron-server[102468]: DEBUG neutron_lib.callbacks.manager [None req-9eb46d21-6b87-46f4-9ae1-1b912ef4d65d admin admin] Publish callbacks [] for security_group, before_delete {{(pid=102468) _notify_loop /usr/local/lib/python3.8/dist-packages/neutron_lib/callbacks/manager.py:175}}
Dec 15 13:54:34.610498 dv-cinder-821824-1-smb neutron-server[102470]: DEBUG neutron.api.rpc.handlers.resources_rpc [None req-ac3e47a6-6d40-494d-8904-e53ed7f855a4 None None] Pushing event updated for resources: {'Port': ['ID=9fc2d275-03c6-4395-9f36-3e4b92b1dd78,revision_number=4']} {{(pid=102470) push /opt/stack/neutron/neutron/api/rpc/handlers/resources_rpc.py:237}}
Dec 15 13:54:34.642860 dv-cinder-821824-1-smb neutron-server[102468]: DEBUG neutron_lib.callbacks.manager [None req-9eb46d21-6b87-46f4-9ae1-1b912ef4d65d admin admin] Publish callbacks [] for security_group, precommit_delete {{(pid=102468) _notify_loop /usr/local/lib/python3.8/dist-packages/neutron_lib/callbacks/manager.py:175}}
Dec 15 13:54:34.669123 dv-cinder-821824-1-smb neutron-server[102470]: DEBUG neutron.api.rpc.handlers.resources_rpc [None req-ac3e47a6-6d40-494d-8904-e53ed7f855a4 None None] Pushing event updated for resources: {'Port': ['ID=a5667e03-b7ea-4b3d-96b1-fabce8f07e95,revision_number=5']} {{(pid=102470) push /opt/stack/neutron/neutron/api/rpc/handlers/resources_rpc.py:237}}
Dec 15 13:54:34.676216 dv-cinder-821824-1-smb neutron-server[102470]: DEBUG neutron.db.provisioning_blocks [None req-ac3e47a6-6d40-494d-8904-e53ed7f855a4 None None] Provisioning for port 8a2b392d-c6cb-476a-abda-66278b8cb3e9 completed by entity L2. {{(pid=102470) provisioning_complete /opt/stack/neutron/neutron/db/provisioning_blocks.py:133}}
Dec 15 13:54:34.684550 dv-cinder-821824-1-smb neutron-server[102470]: DEBUG neutron.db.provisioning_blocks [None req-ac3e47a6-6d40-494d-8904-e53ed7f855a4 None None] Provisioning complete for port 8a2b392d-c6cb-476a-abda-66278b8cb3e9 triggered by entity L2. {{(pid=102470) provisioning_complete /opt/stack/neutron/neutron/db/provisioning_blocks.py:139}}
Dec 15 13:54:34.685126 dv-cinder-821824-1-smb neutron-server[102470]: DEBUG neutron_lib.callbacks.manager [None req-ac3e47a6-6d40-494d-8904-e53ed7f855a4 None None] Publish callbacks ['neutron.plugins.ml2.plugin.Ml2Plugin._port_provisioned-3499668'] for port, provisioning_complete {{(pid=102470) _notify_loop /usr/local/lib/python3.8/dist-packages/neutron_lib/callbacks/manager.py:175}}
Dec 15 13:54:34.748266 dv-cinder-821824-1-smb neutron-server[102468]: DEBUG neutron_lib.callbacks.manager [None req-9eb46d21-6b87-46f4-9ae1-1b912ef4d65d admin admin] Publish callbacks ['neutron.plugins.ml2.ovo_rpc._ObjectChangeHandler.handle_event-444771'] for security_group, after_delete {{(pid=102468) _notify_loop /usr/local/lib/python3.8/dist-packages/neutron_lib/callbacks/manager.py:175}}
Dec 15 13:54:34.752535 dv-cinder-821824-1-smb neutron-server[102468]: DEBUG neutron_lib.callbacks.manager [None req-9eb46d21-6b87-46f4-9ae1-1b912ef4d65d admin admin] Publish callbacks [] for security_group, before_response {{(pid=102468) _notify_loop /usr/local/lib/python3.8/dist-packages/neutron_lib/callbacks/manager.py:175}}
Dec 15 13:54:34.758390 dv-cinder-821824-1-smb neutron-server[102468]: INFO neutron.wsgi [None req-9eb46d21-6b87-46f4-9ae1-1b912ef4d65d admin admin] 10.222.0.71 "DELETE /v2.0/security-groups/e2c1d0c0-ec6a-40a1-8508-795881797986 HTTP/1.1" status: 204 len: 168 time: 0.2232950
Dec 15 13:54:34.795944 dv-cinder-821824-1-smb neutron-server[102468]: DEBUG neutron.api.rpc.handlers.resources_rpc [None req-9eb46d21-6b87-46f4-9ae1-1b912ef4d65d admin admin] Pushing event deleted for resources: {'SecurityGroup': ['ID=e2c1d0c0-ec6a-40a1-8508-795881797986,revision_number=None']} {{(pid=102468) push /opt/stack/neutron/neutron/api/rpc/handlers/resources_rpc.py:237}}
Dec 15 13:54:34.857306 dv-cinder-821824-1-smb neutron-server[102470]: DEBUG neutron_lib.callbacks.manager [None req-ac3e47a6-6d40-494d-8904-e53ed7f855a4 None None] Publish callbacks ['neutron.plugins.ml2.plugin.SecurityGroupDbMixin._ensure_default_security_group_handler-773221'] for port, before_update {{(pid=102470) _notify_loop /usr/local/lib/python3.8/dist-packages/neutron_lib/callbacks/manager.py:175}}
Dec 15 13:54:34.877880 dv-cinder-821824-1-smb neutron-server[102470]: DEBUG neutron.plugins.ml2.db [None req-ac3e47a6-6d40-494d-8904-e53ed7f855a4 None None] get_ports_and_sgs() called for port_ids ['9fc2d275-03c6-4395-9f36-3e4b92b1dd78'] {{(pid=102470) get_ports_and_sgs /opt/stack/neutron/neutron/plugins/ml2/db.py:156}}
Dec 15 13:54:34.878127 dv-cinder-821824-1-smb neutron-server[102469]: DEBUG neutron.pecan_wsgi.hooks.policy_enforcement [req-e50ee818-29c4-4e45-913f-77f35419fc2b req-8791c7e0-17bf-4d8f-9c76-d636d2933660 tempest-ServerRescueNegativeTestJSON-2107795526 tempest-ServerRescueNegativeTestJSON-2107795526-project] Attributes excluded by policy engine: ['standard_attr_id', 'binding:profile', 'binding:host_id', 'binding:vif_type', 'binding:vif_details'] {{(pid=102469) _exclude_attributes_by_policy /opt/stack/neutron/neutron/pecan_wsgi/hooks/policy_enforcement.py:255}}
Dec 15 13:54:34.879614 dv-cinder-821824-1-smb neutron-server[102469]: INFO neutron.wsgi [req-e50ee818-29c4-4e45-913f-77f35419fc2b req-8791c7e0-17bf-4d8f-9c76-d636d2933660 tempest-ServerRescueNegativeTestJSON-2107795526 tempest-ServerRescueNegativeTestJSON-2107795526-project] 10.222.0.71 "GET /v2.0/ports?device_id=2794c509-b1ab-4b42-926e-5749a9337134 HTTP/1.1" status: 200 len: 945 time: 0.0904331
Dec 15 13:54:34.896650 dv-cinder-821824-1-smb neutron-server[102469]: DEBUG neutron.pecan_wsgi.hooks.policy_enforcement [req-aaf0a628-629d-414d-bfb9-1b4726290d91 req-f35a6a0d-a748-45d1-af78-ff7c27ac32c8 tempest-DeleteServersTestJSON-1157100167 tempest-DeleteServersTestJSON-1157100167-project] Attributes excluded by policy engine: ['standard_attr_id', 'binding:profile', 'binding:host_id', 'binding:vif_type', 'binding:vif_details'] {{(pid=102469) _exclude_attributes_by_policy /opt/stack/neutron/neutron/pecan_wsgi/hooks/policy_enforcement.py:255}}
Dec 15 13:54:34.898248 dv-cinder-821824-1-smb neutron-server[102469]: INFO neutron.wsgi [req-aaf0a628-629d-414d-bfb9-1b4726290d91 req-f35a6a0d-a748-45d1-af78-ff7c27ac32c8 tempest-DeleteServersTestJSON-1157100167 tempest-DeleteServersTestJSON-1157100167-project] 10.222.0.71 "GET /v2.0/ports?device_id=87434b3e-2481-4beb-807f-7210d346ac7c HTTP/1.1" status: 200 len: 946 time: 0.0971954
Dec 15 13:54:34.952480 dv-cinder-821824-1-smb neutron-server[102469]: INFO neutron.wsgi [req-e50ee818-29c4-4e45-913f-77f35419fc2b req-620c7a89-75fd-4750-a0c7-59ff4fd734de tempest-ServerRescueNegativeTestJSON-2107795526 tempest-ServerRescueNegativeTestJSON-2107795526-project] 10.222.0.71 "GET /v2.0/security-groups?id=40764942-426b-4153-894a-c9d3b560f616&fields=id&fields=name HTTP/1.1" status: 200 len: 286 time: 0.0531631
Dec 15 13:54:34.982231 dv-cinder-821824-1-smb neutron-server[102470]: DEBUG neutron.plugins.ml2.db [None req-ac3e47a6-6d40-494d-8904-e53ed7f855a4 None None] For port 8a2b392d-c6cb-476a-abda-66278b8cb3e9, host hv-cinder-82182, got binding levels [PortBindingLevel(driver='hyperv',host='hv-cinder-82182',level=0,port_id=8a2b392d-c6cb-476a-abda-66278b8cb3e9,segment=NetworkSegment(210bb3c0-0b30-4efe-8a28-dd6312e8d6ce),segment_id=210bb3c0-0b30-4efe-8a28-dd6312e8d6ce)] {{(pid=102470) get_binding_level_objs /opt/stack/neutron/neutron/plugins/ml2/db.py:74}}
Dec 15 13:54:34.993913 dv-cinder-821824-1-smb neutron-server[102470]: DEBUG neutron_lib.callbacks.manager [None req-ac3e47a6-6d40-494d-8904-e53ed7f855a4 None None] Publish callbacks ['neutron.plugins.ml2.plugin.SecurityGroupServerNotifierRpcMixin._notify_sg_on_port_change-782778', 'neutron.plugins.ml2.ovo_rpc._ObjectChangeHandler.handle_event-31560', 'neutron.api.rpc.agentnotifiers.dhcp_rpc_agent_api.DhcpAgentNotifyAPI._native_event_send_dhcp_notification-3904375', 'neutron.db.l3_db.L3RpcNotifierMixin._notify_gateway_port_ip_changed-8751962783461', 'neutron.db.l3_dvrscheduler_db._notify_l3_agent_port_update-8751962214885', 'neutron.db.l3_hascheduler_db._notify_l3_agent_ha_port_update-8751962214903'] for port, after_update {{(pid=102470) _notify_loop /usr/local/lib/python3.8/dist-packages/neutron_lib/callbacks/manager.py:175}}
Dec 15 13:54:35.037429 dv-cinder-821824-1-smb neutron-server[102469]: INFO neutron.wsgi [req-aaf0a628-629d-414d-bfb9-1b4726290d91 req-44897556-a807-47cb-81d8-7a491d7862bc tempest-DeleteServersTestJSON-1157100167 tempest-DeleteServersTestJSON-1157100167-project] 10.222.0.71 "GET /v2.0/security-groups?id=e86ed036-ce02-417d-87e0-85041d6d2c38&fields=id&fields=name HTTP/1.1" status: 200 len: 286 time: 0.0874219
Dec 15 13:54:35.098322 dv-cinder-821824-1-smb neutron-server[102470]: DEBUG neutron.notifiers.nova [-] Sending events: [{'server_uuid': '87434b3e-2481-4beb-807f-7210d346ac7c', 'name': 'network-vif-plugged', 'status': 'completed', 'tag': '12073f1b-61b7-4427-9ac5-ef6b0aafcc67'}, {'server_uuid': '34600a3d-2838-497f-8b7b-dba0bf8b1ca8', 'name': 'network-vif-plugged', 'status': 'completed', 'tag': 'a5667e03-b7ea-4b3d-96b1-fabce8f07e95'}, {'server_uuid': 'd302df42-51c3-421e-a739-099b81cb76f5', 'name': 'network-vif-plugged', 'status': 'completed', 'tag': '8a2b392d-c6cb-476a-abda-66278b8cb3e9'}] {{(pid=102470) send_events /opt/stack/neutron/neutron/notifiers/nova.py:262}}
Dec 15 13:54:35.103202 dv-cinder-821824-1-smb neutron-server[102470]: DEBUG novaclient.v2.client [-] REQ: curl -g -i --cacert "/opt/stack/data/ca-bundle.pem" -X POST http://10.222.0.71/compute/v2.1/os-server-external-events -H "Accept: application/json" -H "Content-Type: application/json" -H "User-Agent: python-novaclient" -H "X-Auth-Token: {SHA256}5f83a7df75e3a80a8399b9ee94efa8a87e44e1606f7d501d8a2e7f0415dcf5e3" -H "X-OpenStack-Nova-API-Version: 2.1" -H "X-OpenStack-Request-ID: req-54de37a3-ebe2-4bf9-8d40-7f6a925de176" -d '{"events": [{"server_uuid": "87434b3e-2481-4beb-807f-7210d346ac7c", "name": "network-vif-plugged", "status": "completed", "tag": "12073f1b-61b7-4427-9ac5-ef6b0aafcc67"}, {"server_uuid": "34600a3d-2838-497f-8b7b-dba0bf8b1ca8", "name": "network-vif-plugged", "status": "completed", "tag": "a5667e03-b7ea-4b3d-96b1-fabce8f07e95"}, {"server_uuid": "d302df42-51c3-421e-a739-099b81cb76f5", "name": "network-vif-plugged", "status": "completed", "tag": "8a2b392d-c6cb-476a-abda-66278b8cb3e9"}]}' {{(pid=102470) _http_log_request /usr/local/lib/python3.8/dist-packages/keystoneauth1/session.py:519}}
Dec 15 13:54:35.135950 dv-cinder-821824-1-smb neutron-server[102469]: DEBUG neutron.pecan_wsgi.hooks.policy_enforcement [req-ff03c065-06b2-41f0-be6f-e783e5e5c527 req-d206822a-c70c-4e7b-90db-aa3f753f15be tempest-AttachVolumeNegativeTest-1453098451 tempest-AttachVolumeNegativeTest-1453098451-project] Attributes excluded by policy engine: ['standard_attr_id', 'binding:profile', 'binding:host_id', 'binding:vif_type', 'binding:vif_details'] {{(pid=102469) _exclude_attributes_by_policy /opt/stack/neutron/neutron/pecan_wsgi/hooks/policy_enforcement.py:255}}
Dec 15 13:54:35.144852 dv-cinder-821824-1-smb neutron-server[102469]: INFO neutron.wsgi [req-ff03c065-06b2-41f0-be6f-e783e5e5c527 req-d206822a-c70c-4e7b-90db-aa3f753f15be tempest-AttachVolumeNegativeTest-1453098451 tempest-AttachVolumeNegativeTest-1453098451-project] 10.222.0.71 "GET /v2.0/ports?device_id=6bcd4b6b-e2b8-402a-af3d-0616a7fcd6f7 HTTP/1.1" status: 200 len: 945 time: 0.0732572
Dec 15 13:54:35.177943 dv-cinder-821824-1-smb neutron-server[102470]: DEBUG neutron.api.rpc.handlers.resources_rpc [None req-ac3e47a6-6d40-494d-8904-e53ed7f855a4 None None] Pushing event updated for resources: {'Port': ['ID=8a2b392d-c6cb-476a-abda-66278b8cb3e9,revision_number=5']} {{(pid=102470) push /opt/stack/neutron/neutron/api/rpc/handlers/resources_rpc.py:237}}
Dec 15 13:54:35.265569 dv-cinder-821824-1-smb neutron-server[102469]: INFO neutron.wsgi [req-ff03c065-06b2-41f0-be6f-e783e5e5c527 req-8fc84886-108d-4ce3-8a67-05c4b485c6cc tempest-AttachVolumeNegativeTest-1453098451 tempest-AttachVolumeNegativeTest-1453098451-project] 10.222.0.71 "GET /v2.0/security-groups?id=5189f873-ef3e-4b32-92f5-65ebccfed031&fields=id&fields=name HTTP/1.1" status: 200 len: 286 time: 0.1148121
Dec 15 13:54:35.283748 dv-cinder-821824-1-smb neutron-server[102469]: DEBUG neutron.pecan_wsgi.hooks.policy_enforcement [req-b6b80770-fcea-4d0a-b6b9-833ebaeb54a3 req-3f032123-afdd-4d8d-a36b-3a777237a472 tempest-AttachVolumeTestJSON-817626611 tempest-AttachVolumeTestJSON-817626611-project] Attributes excluded by policy engine: ['standard_attr_id', 'binding:profile', 'binding:host_id', 'binding:vif_type', 'binding:vif_details'] {{(pid=102469) _exclude_attributes_by_policy /opt/stack/neutron/neutron/pecan_wsgi/hooks/policy_enforcement.py:255}}
Dec 15 13:54:35.295638 dv-cinder-821824-1-smb neutron-server[102469]: INFO neutron.wsgi [req-b6b80770-fcea-4d0a-b6b9-833ebaeb54a3 req-3f032123-afdd-4d8d-a36b-3a777237a472 tempest-AttachVolumeTestJSON-817626611 tempest-AttachVolumeTestJSON-817626611-project] 10.222.0.71 "GET /v2.0/ports?device_id=34600a3d-2838-497f-8b7b-dba0bf8b1ca8 HTTP/1.1" status: 200 len: 945 time: 0.1232371
Dec 15 13:54:35.374287 dv-cinder-821824-1-smb neutron-server[102470]: DEBUG novaclient.v2.client [-] RESP: [200] Connection: close Content-Length: 525 Content-Type: application/json Date: Wed, 15 Dec 2021 13:54:35 GMT OpenStack-API-Version: compute 2.1 Server: Apache/2.4.41 (Ubuntu) Vary: OpenStack-API-Version,X-OpenStack-Nova-API-Version X-OpenStack-Nova-API-Version: 2.1 x-compute-request-id: req-be7a2254-c301-4928-b45c-aeaf2aebda67 x-openstack-request-id: req-be7a2254-c301-4928-b45c-aeaf2aebda67 {{(pid=102470) _http_log_response /usr/local/lib/python3.8/dist-packages/keystoneauth1/session.py:550}}
Dec 15 13:54:35.374905 dv-cinder-821824-1-smb neutron-server[102470]: DEBUG novaclient.v2.client [-] RESP BODY: {"events": [{"server_uuid": "87434b3e-2481-4beb-807f-7210d346ac7c", "name": "network-vif-plugged", "status": "completed", "tag": "12073f1b-61b7-4427-9ac5-ef6b0aafcc67", "code": 200}, {"server_uuid": "34600a3d-2838-497f-8b7b-dba0bf8b1ca8", "name": "network-vif-plugged", "status": "completed", "tag": "a5667e03-b7ea-4b3d-96b1-fabce8f07e95", "code": 200}, {"server_uuid": "d302df42-51c3-421e-a739-099b81cb76f5", "name": "network-vif-plugged", "status": "completed", "tag": "8a2b392d-c6cb-476a-abda-66278b8cb3e9", "code": 200}]} {{(pid=102470) _http_log_response /usr/local/lib/python3.8/dist-packages/keystoneauth1/session.py:582}}
Dec 15 13:54:35.375283 dv-cinder-821824-1-smb neutron-server[102470]: DEBUG novaclient.v2.client [-] POST call to compute for http://10.222.0.71/compute/v2.1/os-server-external-events used request id req-be7a2254-c301-4928-b45c-aeaf2aebda67 {{(pid=102470) request /usr/local/lib/python3.8/dist-packages/keystoneauth1/session.py:954}}
Dec 15 13:54:35.376022 dv-cinder-821824-1-smb neutron-server[102470]: INFO neutron.notifiers.nova [-] Nova event response: {'server_uuid': '87434b3e-2481-4beb-807f-7210d346ac7c', 'name': 'network-vif-plugged', 'status': 'completed', 'tag': '12073f1b-61b7-4427-9ac5-ef6b0aafcc67', 'code': 200}
Dec 15 13:54:35.376558 dv-cinder-821824-1-smb neutron-server[102470]: INFO neutron.notifiers.nova [-] Nova event response: {'server_uuid': '34600a3d-2838-497f-8b7b-dba0bf8b1ca8', 'name': 'network-vif-plugged', 'status': 'completed', 'tag': 'a5667e03-b7ea-4b3d-96b1-fabce8f07e95', 'code': 200}
Dec 15 13:54:35.377023 dv-cinder-821824-1-smb neutron-server[102470]: INFO neutron.notifiers.nova [-] Nova event response: {'server_uuid': 'd302df42-51c3-421e-a739-099b81cb76f5', 'name': 'network-vif-plugged', 'status': 'completed', 'tag': '8a2b392d-c6cb-476a-abda-66278b8cb3e9', 'code': 200}
Dec 15 13:54:35.398543 dv-cinder-821824-1-smb neutron-server[102469]: INFO neutron.wsgi [req-b6b80770-fcea-4d0a-b6b9-833ebaeb54a3 req-105fadac-0d0e-4b86-8b70-505f67b89747 tempest-AttachVolumeTestJSON-817626611 tempest-AttachVolumeTestJSON-817626611-project] 10.222.0.71 "GET /v2.0/security-groups?id=7754b94b-e46e-4b91-9231-5a43a40dedce&fields=id&fields=name HTTP/1.1" status: 200 len: 312 time: 0.0990741
Dec 15 13:54:35.487136 dv-cinder-821824-1-smb neutron-server[102468]: DEBUG neutron.wsgi [-] (102468) accepted ('10.222.0.71', 40718) {{(pid=102468) server /usr/local/lib/python3.8/dist-packages/eventlet/wsgi.py:1004}}
Dec 15 13:54:35.511324 dv-cinder-821824-1-smb neutron-server[102468]: DEBUG neutron_lib.callbacks.manager [None req-cbed844f-be03-4689-a185-6de5071f0172 admin admin] Publish callbacks [] for security_group, before_create {{(pid=102468) _notify_loop /usr/local/lib/python3.8/dist-packages/neutron_lib/callbacks/manager.py:175}}
Dec 15 13:54:35.676693 dv-cinder-821824-1-smb neutron-server[102469]: DEBUG neutron.pecan_wsgi.hooks.policy_enforcement [req-2441596b-7f7d-4b7d-90ad-cc3d048d779c req-50b6887e-a890-491b-8057-96f90c678d0a service neutron] Attributes excluded by policy engine: ['standard_attr_id'] {{(pid=102469) _exclude_attributes_by_policy /opt/stack/neutron/neutron/pecan_wsgi/hooks/policy_enforcement.py:255}}
Dec 15 13:54:35.679232 dv-cinder-821824-1-smb neutron-server[102469]: INFO neutron.wsgi [req-2441596b-7f7d-4b7d-90ad-cc3d048d779c req-50b6887e-a890-491b-8057-96f90c678d0a service neutron] 10.222.0.69 "GET /v2.0/ports?device_id=d302df42-51c3-421e-a739-099b81cb76f5 HTTP/1.1" status: 200 len: 1098 time: 0.0746808
Dec 15 13:54:35.688414 dv-cinder-821824-1-smb neutron-server[102468]: DEBUG neutron_lib.callbacks.manager [None req-cbed844f-be03-4689-a185-6de5071f0172 admin admin] Publish callbacks [] for security_group, precommit_create {{(pid=102468) _notify_loop /usr/local/lib/python3.8/dist-packages/neutron_lib/callbacks/manager.py:175}}
Dec 15 13:54:35.697625 dv-cinder-821824-1-smb neutron-server[102468]: DEBUG neutron_lib.callbacks.manager [None req-cbed844f-be03-4689-a185-6de5071f0172 admin admin] Publish callbacks ['neutron.plugins.ml2.ovo_rpc._ObjectChangeHandler.handle_event-444771'] for security_group, after_create {{(pid=102468) _notify_loop /usr/local/lib/python3.8/dist-packages/neutron_lib/callbacks/manager.py:175}}
Dec 15 13:54:35.771489 dv-cinder-821824-1-smb neutron-server[102468]: INFO neutron.wsgi [None req-cbed844f-be03-4689-a185-6de5071f0172 admin admin] 10.222.0.71 "GET /v2.0/security-groups?tenant_id=898f062fad6f48b0814fd119ea7e9919&name=default HTTP/1.1" status: 200 len: 2996 time: 0.2825179
Dec 15 13:54:35.777221 dv-cinder-821824-1-smb neutron-server[102468]: DEBUG neutron.wsgi [-] (102468) accepted ('10.222.0.71', 40722) {{(pid=102468) server /usr/local/lib/python3.8/dist-packages/eventlet/wsgi.py:1004}}
Dec 15 13:54:35.786454 dv-cinder-821824-1-smb neutron-server[102468]: DEBUG neutron.api.rpc.handlers.resources_rpc [None req-cbed844f-be03-4689-a185-6de5071f0172 admin admin] Pushing event updated for resources: {'SecurityGroup': ['ID=54481d7d-4e23-410e-81f3-49b4f8151f1e,revision_number=1']} {{(pid=102468) push /opt/stack/neutron/neutron/api/rpc/handlers/resources_rpc.py:237}}
Dec 15 13:54:35.845904 dv-cinder-821824-1-smb neutron-server[102468]: DEBUG neutron_lib.callbacks.manager [None req-e8b66e24-b3de-4f8f-9036-ca400d600773 admin admin] Publish callbacks [] for security_group, before_delete {{(pid=102468) _notify_loop /usr/local/lib/python3.8/dist-packages/neutron_lib/callbacks/manager.py:175}}
Dec 15 13:54:35.851799 dv-cinder-821824-1-smb neutron-server[102469]: INFO neutron.wsgi [req-2441596b-7f7d-4b7d-90ad-cc3d048d779c req-56faf96b-a7bb-485c-b3e8-49508b1f9f6f service neutron] 10.222.0.69 "GET /v2.0/security-groups?id=40764942-426b-4153-894a-c9d3b560f616&fields=id&fields=name HTTP/1.1" status: 200 len: 286 time: 0.1399713
Dec 15 13:54:35.851799 dv-cinder-821824-1-smb neutron-server[102469]: DEBUG neutron.pecan_wsgi.hooks.policy_enforcement [req-7ea22da0-aa33-4bc9-b138-f93f8862f9f3 req-7b9b0197-f2ac-44b9-844f-6ce456ab9da5 service neutron] Attributes excluded by policy engine: ['standard_attr_id'] {{(pid=102469) _exclude_attributes_by_policy /opt/stack/neutron/neutron/pecan_wsgi/hooks/policy_enforcement.py:255}}
Dec 15 13:54:35.852726 dv-cinder-821824-1-smb neutron-server[102469]: INFO neutron.wsgi [req-7ea22da0-aa33-4bc9-b138-f93f8862f9f3 req-7b9b0197-f2ac-44b9-844f-6ce456ab9da5 service neutron] 10.222.0.69 "GET /v2.0/ports?device_id=34600a3d-2838-497f-8b7b-dba0bf8b1ca8 HTTP/1.1" status: 200 len: 1098 time: 0.1581550
Dec 15 13:54:35.873790 dv-cinder-821824-1-smb neutron-server[102469]: DEBUG neutron.pecan_wsgi.hooks.policy_enforcement [req-d8a41be0-b667-4e41-9f22-7826307a3aaa req-69071757-ab1d-4222-b14a-3c554fd58db5 service neutron] Attributes excluded by policy engine: ['standard_attr_id'] {{(pid=102469) _exclude_attributes_by_policy /opt/stack/neutron/neutron/pecan_wsgi/hooks/policy_enforcement.py:255}}
Dec 15 13:54:35.877016 dv-cinder-821824-1-smb neutron-server[102469]: INFO neutron.wsgi [req-d8a41be0-b667-4e41-9f22-7826307a3aaa req-69071757-ab1d-4222-b14a-3c554fd58db5 service neutron] 10.222.0.69 "GET /v2.0/ports?device_id=87434b3e-2481-4beb-807f-7210d346ac7c HTTP/1.1" status: 200 len: 1099 time: 0.0931566
Dec 15 13:54:35.882551 dv-cinder-821824-1-smb neutron-server[102468]: DEBUG neutron_lib.callbacks.manager [None req-e8b66e24-b3de-4f8f-9036-ca400d600773 admin admin] Publish callbacks [] for security_group, precommit_delete {{(pid=102468) _notify_loop /usr/local/lib/python3.8/dist-packages/neutron_lib/callbacks/manager.py:175}}
Dec 15 13:54:35.952293 dv-cinder-821824-1-smb neutron-server[102468]: DEBUG neutron_lib.callbacks.manager [None req-e8b66e24-b3de-4f8f-9036-ca400d600773 admin admin] Publish callbacks ['neutron.plugins.ml2.ovo_rpc._ObjectChangeHandler.handle_event-444771'] for security_group, after_delete {{(pid=102468) _notify_loop /usr/local/lib/python3.8/dist-packages/neutron_lib/callbacks/manager.py:175}}
Dec 15 13:54:35.956782 dv-cinder-821824-1-smb neutron-server[102468]: DEBUG neutron_lib.callbacks.manager [None req-e8b66e24-b3de-4f8f-9036-ca400d600773 admin admin] Publish callbacks [] for security_group, before_response {{(pid=102468) _notify_loop /usr/local/lib/python3.8/dist-packages/neutron_lib/callbacks/manager.py:175}}
Dec 15 13:54:35.961080 dv-cinder-821824-1-smb neutron-server[102468]: INFO neutron.wsgi [None req-e8b66e24-b3de-4f8f-9036-ca400d600773 admin admin] 10.222.0.71 "DELETE /v2.0/security-groups/54481d7d-4e23-410e-81f3-49b4f8151f1e HTTP/1.1" status: 204 len: 168 time: 0.1817632
Dec 15 13:54:35.972503 dv-cinder-821824-1-smb neutron-server[102468]: DEBUG neutron.api.rpc.handlers.resources_rpc [None req-e8b66e24-b3de-4f8f-9036-ca400d600773 admin admin] Pushing event deleted for resources: {'SecurityGroup': ['ID=54481d7d-4e23-410e-81f3-49b4f8151f1e,revision_number=None']} {{(pid=102468) push /opt/stack/neutron/neutron/api/rpc/handlers/resources_rpc.py:237}}
Dec 15 13:54:36.322162 dv-cinder-821824-1-smb neutron-server[102469]: INFO neutron.wsgi [req-7ea22da0-aa33-4bc9-b138-f93f8862f9f3 req-a47d422d-b41a-483c-bffa-fc623faeba61 service neutron] 10.222.0.69 "GET /v2.0/security-groups?id=7754b94b-e46e-4b91-9231-5a43a40dedce&fields=id&fields=name HTTP/1.1" status: 200 len: 312 time: 0.1950235
Dec 15 13:54:36.341383 dv-cinder-821824-1-smb neutron-server[102469]: DEBUG neutron.pecan_wsgi.hooks.policy_enforcement [req-3d34047a-0f1c-4cb5-b7be-dc75e78328c2 req-db8e2f7c-7933-4bb0-8e99-80263d44f8cf tempest-ServerRescueNegativeTestJSON-2107795526 tempest-ServerRescueNegativeTestJSON-2107795526-project] Attributes excluded by policy engine: ['standard_attr_id', 'binding:profile', 'binding:host_id', 'binding:vif_type', 'binding:vif_details'] {{(pid=102469) _exclude_attributes_by_policy /opt/stack/neutron/neutron/pecan_wsgi/hooks/policy_enforcement.py:255}}
Dec 15 13:54:36.352895 dv-cinder-821824-1-smb neutron-server[102469]: INFO neutron.wsgi [req-3d34047a-0f1c-4cb5-b7be-dc75e78328c2 req-db8e2f7c-7933-4bb0-8e99-80263d44f8cf tempest-ServerRescueNegativeTestJSON-2107795526 tempest-ServerRescueNegativeTestJSON-2107795526-project] 10.222.0.71 "GET /v2.0/ports?device_id=2794c509-b1ab-4b42-926e-5749a9337134 HTTP/1.1" status: 200 len: 945 time: 0.2580767
Dec 15 13:54:36.375743 dv-cinder-821824-1-smb neutron-server[102469]: INFO neutron.wsgi [req-d8a41be0-b667-4e41-9f22-7826307a3aaa req-2ef85bfc-648c-440b-ac68-752a62234211 service neutron] 10.222.0.69 "GET /v2.0/security-groups?id=e86ed036-ce02-417d-87e0-85041d6d2c38&fields=id&fields=name HTTP/1.1" status: 200 len: 286 time: 0.2030435
Dec 15 13:54:36.402630 dv-cinder-821824-1-smb neutron-server[102469]: DEBUG neutron.pecan_wsgi.hooks.policy_enforcement [req-8ff30152-a68b-48c2-9b4b-a3d12261c487 req-38a9e9d1-1a96-4246-ae8a-ff6f49c1bde5 tempest-DeleteServersTestJSON-1157100167 tempest-DeleteServersTestJSON-1157100167-project] Attributes excluded by policy engine: ['standard_attr_id', 'binding:profile', 'binding:host_id', 'binding:vif_type', 'binding:vif_details'] {{(pid=102469) _exclude_attributes_by_policy /opt/stack/neutron/neutron/pecan_wsgi/hooks/policy_enforcement.py:255}}
Dec 15 13:54:36.414867 dv-cinder-821824-1-smb neutron-server[102469]: INFO neutron.wsgi [req-8ff30152-a68b-48c2-9b4b-a3d12261c487 req-38a9e9d1-1a96-4246-ae8a-ff6f49c1bde5 tempest-DeleteServersTestJSON-1157100167 tempest-DeleteServersTestJSON-1157100167-project] 10.222.0.71 "GET /v2.0/ports?device_id=87434b3e-2481-4beb-807f-7210d346ac7c HTTP/1.1" status: 200 len: 946 time: 0.2264097
Dec 15 13:54:36.421713 dv-cinder-821824-1-smb neutron-server[102468]: DEBUG neutron.wsgi [-] (102468) accepted ('10.222.0.71', 40756) {{(pid=102468) server /usr/local/lib/python3.8/dist-packages/eventlet/wsgi.py:1004}}
Dec 15 13:54:36.535335 dv-cinder-821824-1-smb neutron-server[102469]: INFO neutron.wsgi [req-3d34047a-0f1c-4cb5-b7be-dc75e78328c2 req-ddd77cf0-6c4f-4d52-93a3-411719b3f9ee tempest-ServerRescueNegativeTestJSON-2107795526 tempest-ServerRescueNegativeTestJSON-2107795526-project] 10.222.0.71 "GET /v2.0/security-groups?id=40764942-426b-4153-894a-c9d3b560f616&fields=id&fields=name HTTP/1.1" status: 200 len: 286 time: 0.1805582
Dec 15 13:54:36.573577 dv-cinder-821824-1-smb neutron-server[102469]: INFO neutron.wsgi [req-8ff30152-a68b-48c2-9b4b-a3d12261c487 req-2deb508e-43e3-4e45-967f-788a8bc4b6bf tempest-DeleteServersTestJSON-1157100167 tempest-DeleteServersTestJSON-1157100167-project] 10.222.0.71 "GET /v2.0/security-groups?id=e86ed036-ce02-417d-87e0-85041d6d2c38&fields=id&fields=name HTTP/1.1" status: 200 len: 286 time: 0.1572759
Dec 15 13:54:36.741633 dv-cinder-821824-1-smb neutron-server[102470]: DEBUG neutron_lib.callbacks.manager [None req-6f9823ad-ac56-417d-a9b3-fc881cfdf244 None None] Publish callbacks ['neutron.services.segments.db._update_segment_host_mapping_for_agent-8751962765653', 'neutron.plugins.ml2.plugin.Ml2Plugin._retry_binding_revived_agents-3499771'] for agent, after_update {{(pid=102470) _notify_loop /usr/local/lib/python3.8/dist-packages/neutron_lib/callbacks/manager.py:175}}
Dec 15 13:54:36.762360 dv-cinder-821824-1-smb neutron-server[102469]: DEBUG neutron.pecan_wsgi.hooks.policy_enforcement [req-818e3da6-1059-4a65-bb69-e60b5c4c6bad req-7c27db69-a9d8-4ab3-a723-9048c3c6a6ba tempest-AttachVolumeTestJSON-817626611 tempest-AttachVolumeTestJSON-817626611-project] Attributes excluded by policy engine: ['standard_attr_id', 'binding:profile', 'binding:host_id', 'binding:vif_type', 'binding:vif_details'] {{(pid=102469) _exclude_attributes_by_policy /opt/stack/neutron/neutron/pecan_wsgi/hooks/policy_enforcement.py:255}}
Dec 15 13:54:36.762360 dv-cinder-821824-1-smb neutron-server[102469]: INFO neutron.wsgi [req-818e3da6-1059-4a65-bb69-e60b5c4c6bad req-7c27db69-a9d8-4ab3-a723-9048c3c6a6ba tempest-AttachVolumeTestJSON-817626611 tempest-AttachVolumeTestJSON-817626611-project] 10.222.0.71 "GET /v2.0/ports?device_id=34600a3d-2838-497f-8b7b-dba0bf8b1ca8 HTTP/1.1" status: 200 len: 945 time: 0.0960457
Dec 15 13:54:36.782895 dv-cinder-821824-1-smb neutron-server[102469]: DEBUG neutron.pecan_wsgi.hooks.policy_enforcement [req-4e8539ff-018a-4fdf-b224-a8d4630bd418 req-ca0a2fd7-0827-4c3f-966e-3d23706ec9e9 tempest-AttachVolumeNegativeTest-1453098451 tempest-AttachVolumeNegativeTest-1453098451-project] Attributes excluded by policy engine: ['standard_attr_id', 'binding:profile', 'binding:host_id', 'binding:vif_type', 'binding:vif_details'] {{(pid=102469) _exclude_attributes_by_policy /opt/stack/neutron/neutron/pecan_wsgi/hooks/policy_enforcement.py:255}}
Dec 15 13:54:36.787327 dv-cinder-821824-1-smb neutron-server[102469]: INFO neutron.wsgi [req-4e8539ff-018a-4fdf-b224-a8d4630bd418 req-ca0a2fd7-0827-4c3f-966e-3d23706ec9e9 tempest-AttachVolumeNegativeTest-1453098451 tempest-AttachVolumeNegativeTest-1453098451-project] 10.222.0.71 "GET /v2.0/ports?device_id=6bcd4b6b-e2b8-402a-af3d-0616a7fcd6f7 HTTP/1.1" status: 200 len: 945 time: 0.0939584
Dec 15 13:54:36.881325 dv-cinder-821824-1-smb neutron-server[102469]: INFO neutron.wsgi [req-818e3da6-1059-4a65-bb69-e60b5c4c6bad req-d232c67e-d1c9-4d25-93e5-852f8543fe7a tempest-AttachVolumeTestJSON-817626611 tempest-AttachVolumeTestJSON-817626611-project] 10.222.0.71 "GET /v2.0/security-groups?id=7754b94b-e46e-4b91-9231-5a43a40dedce&fields=id&fields=name HTTP/1.1" status: 200 len: 312 time: 0.0915461
Dec 15 13:54:36.892680 dv-cinder-821824-1-smb neutron-server[102469]: INFO neutron.wsgi [req-4e8539ff-018a-4fdf-b224-a8d4630bd418 req-75491a84-b9e0-40f6-a84a-49d06c80d641 tempest-AttachVolumeNegativeTest-1453098451 tempest-AttachVolumeNegativeTest-1453098451-project] 10.222.0.71 "GET /v2.0/security-groups?id=5189f873-ef3e-4b32-92f5-65ebccfed031&fields=id&fields=name HTTP/1.1" status: 200 len: 286 time: 0.0929723
Dec 15 13:54:36.946954 dv-cinder-821824-1-smb neutron-server[102469]: DEBUG neutron.wsgi [-] (102469) accepted ('10.222.0.71', 40784) {{(pid=102469) server /usr/local/lib/python3.8/dist-packages/eventlet/wsgi.py:1004}}
Dec 15 13:54:37.092432 dv-cinder-821824-1-smb neutron-server[102468]: DEBUG neutron_lib.callbacks.manager [None req-43c99765-7b3c-44c0-a488-becd2e51ee0c admin admin] Publish callbacks [] for security_group, before_create {{(pid=102468) _notify_loop /usr/local/lib/python3.8/dist-packages/neutron_lib/callbacks/manager.py:175}}
Dec 15 13:54:37.179412 dv-cinder-821824-1-smb neutron-server[102469]: DEBUG neutron_lib.callbacks.manager [None req-127e7402-721f-4772-b51d-36ee2d249c65 admin admin] Publish callbacks [] for security_group, before_create {{(pid=102469) _notify_loop /usr/local/lib/python3.8/dist-packages/neutron_lib/callbacks/manager.py:175}}
Dec 15 13:54:37.251435 dv-cinder-821824-1-smb neutron-server[102468]: DEBUG neutron_lib.callbacks.manager [None req-43c99765-7b3c-44c0-a488-becd2e51ee0c admin admin] Publish callbacks [] for security_group, precommit_create {{(pid=102468) _notify_loop /usr/local/lib/python3.8/dist-packages/neutron_lib/callbacks/manager.py:175}}
Dec 15 13:54:37.260584 dv-cinder-821824-1-smb neutron-server[102468]: DEBUG neutron_lib.callbacks.manager [None req-43c99765-7b3c-44c0-a488-becd2e51ee0c admin admin] Publish callbacks ['neutron.plugins.ml2.ovo_rpc._ObjectChangeHandler.handle_event-444771'] for security_group, after_create {{(pid=102468) _notify_loop /usr/local/lib/python3.8/dist-packages/neutron_lib/callbacks/manager.py:175}}
Dec 15 13:54:37.346807 dv-cinder-821824-1-smb neutron-server[102468]: DEBUG neutron.api.rpc.handlers.resources_rpc [None req-43c99765-7b3c-44c0-a488-becd2e51ee0c admin admin] Pushing event updated for resources: {'SecurityGroup': ['ID=40a51084-8b6c-4d5f-8fcf-983870ab4464,revision_number=1']} {{(pid=102468) push /opt/stack/neutron/neutron/api/rpc/handlers/resources_rpc.py:237}}
Dec 15 13:54:37.358037 dv-cinder-821824-1-smb neutron-server[102468]: INFO neutron.wsgi [None req-43c99765-7b3c-44c0-a488-becd2e51ee0c admin admin] 10.222.0.71 "GET /v2.0/security-groups?tenant_id=10081517cd6848e1b949e85c6b9fbacb&name=default HTTP/1.1" status: 200 len: 2996 time: 0.9344983
Dec 15 13:54:37.360089 dv-cinder-821824-1-smb neutron-server[102468]: DEBUG neutron.wsgi [-] (102468) accepted ('10.222.0.71', 40798) {{(pid=102468) server /usr/local/lib/python3.8/dist-packages/eventlet/wsgi.py:1004}}
Dec 15 13:54:37.445697 dv-cinder-821824-1-smb neutron-server[102469]: DEBUG neutron_lib.callbacks.manager [None req-127e7402-721f-4772-b51d-36ee2d249c65 admin admin] Publish callbacks [] for security_group, precommit_create {{(pid=102469) _notify_loop /usr/local/lib/python3.8/dist-packages/neutron_lib/callbacks/manager.py:175}}
Dec 15 13:54:37.459168 dv-cinder-821824-1-smb neutron-server[102469]: DEBUG neutron_lib.callbacks.manager [None req-127e7402-721f-4772-b51d-36ee2d249c65 admin admin] Publish callbacks ['neutron.plugins.ml2.ovo_rpc._ObjectChangeHandler.handle_event-444771'] for security_group, after_create {{(pid=102469) _notify_loop /usr/local/lib/python3.8/dist-packages/neutron_lib/callbacks/manager.py:175}}
Dec 15 13:54:37.500121 dv-cinder-821824-1-smb neutron-server[102468]: DEBUG neutron_lib.callbacks.manager [None req-04b62ee0-2647-4618-a55f-c9caa7e74ce4 admin admin] Publish callbacks [] for security_group, before_delete {{(pid=102468) _notify_loop /usr/local/lib/python3.8/dist-packages/neutron_lib/callbacks/manager.py:175}}
Dec 15 13:54:37.569892 dv-cinder-821824-1-smb neutron-server[102468]: DEBUG neutron_lib.callbacks.manager [None req-04b62ee0-2647-4618-a55f-c9caa7e74ce4 admin admin] Publish callbacks [] for security_group, precommit_delete {{(pid=102468) _notify_loop /usr/local/lib/python3.8/dist-packages/neutron_lib/callbacks/manager.py:175}}
Dec 15 13:54:37.574129 dv-cinder-821824-1-smb neutron-server[102469]: INFO neutron.wsgi [None req-127e7402-721f-4772-b51d-36ee2d249c65 admin admin] 10.222.0.71 "GET /v2.0/security-groups?tenant_id=44a0b1bf69ce40cc941620bd0c7dbc13&name=default HTTP/1.1" status: 200 len: 2996 time: 0.6254249
Dec 15 13:54:37.578286 dv-cinder-821824-1-smb neutron-server[102468]: DEBUG neutron.wsgi [-] (102468) accepted ('10.222.0.71', 40808) {{(pid=102468) server /usr/local/lib/python3.8/dist-packages/eventlet/wsgi.py:1004}}
Dec 15 13:54:37.580878 dv-cinder-821824-1-smb neutron-server[102469]: DEBUG neutron.api.rpc.handlers.resources_rpc [None req-127e7402-721f-4772-b51d-36ee2d249c65 admin admin] Pushing event updated for resources: {'SecurityGroup': ['ID=7a36187b-8ad6-4bb2-81f6-e1415d1c5073,revision_number=1']} {{(pid=102469) push /opt/stack/neutron/neutron/api/rpc/handlers/resources_rpc.py:237}}
Dec 15 13:54:37.764634 dv-cinder-821824-1-smb neutron-server[102468]: DEBUG neutron_lib.callbacks.manager [None req-ff09d545-bf34-4e06-baec-1b92efa3744f admin admin] Publish callbacks [] for security_group, before_delete {{(pid=102468) _notify_loop /usr/local/lib/python3.8/dist-packages/neutron_lib/callbacks/manager.py:175}}
Dec 15 13:54:37.807719 dv-cinder-821824-1-smb neutron-server[102468]: DEBUG neutron_lib.callbacks.manager [None req-ff09d545-bf34-4e06-baec-1b92efa3744f admin admin] Publish callbacks [] for security_group, precommit_delete {{(pid=102468) _notify_loop /usr/local/lib/python3.8/dist-packages/neutron_lib/callbacks/manager.py:175}}
Dec 15 13:54:37.856759 dv-cinder-821824-1-smb neutron-server[102469]: DEBUG neutron.pecan_wsgi.hooks.policy_enforcement [req-2214490c-750a-4ea2-9c7a-533cab605317 req-7ff296eb-51c4-47a2-ace3-f5de5c991edc tempest-ServerRescueNegativeTestJSON-2107795526 tempest-ServerRescueNegativeTestJSON-2107795526-project] Attributes excluded by policy engine: ['standard_attr_id', 'binding:profile', 'binding:host_id', 'binding:vif_type', 'binding:vif_details'] {{(pid=102469) _exclude_attributes_by_policy /opt/stack/neutron/neutron/pecan_wsgi/hooks/policy_enforcement.py:255}}
Dec 15 13:54:37.860678 dv-cinder-821824-1-smb neutron-server[102469]: INFO neutron.wsgi [req-2214490c-750a-4ea2-9c7a-533cab605317 req-7ff296eb-51c4-47a2-ace3-f5de5c991edc tempest-ServerRescueNegativeTestJSON-2107795526 tempest-ServerRescueNegativeTestJSON-2107795526-project] 10.222.0.71 "GET /v2.0/ports?device_id=2794c509-b1ab-4b42-926e-5749a9337134 HTTP/1.1" status: 200 len: 945 time: 0.1871417
Dec 15 13:54:37.871284 dv-cinder-821824-1-smb neutron-server[102468]: DEBUG neutron_lib.callbacks.manager [None req-04b62ee0-2647-4618-a55f-c9caa7e74ce4 admin admin] Publish callbacks ['neutron.plugins.ml2.ovo_rpc._ObjectChangeHandler.handle_event-444771'] for security_group, after_delete {{(pid=102468) _notify_loop /usr/local/lib/python3.8/dist-packages/neutron_lib/callbacks/manager.py:175}}
Dec 15 13:54:37.878472 dv-cinder-821824-1-smb neutron-server[102468]: DEBUG neutron_lib.callbacks.manager [None req-04b62ee0-2647-4618-a55f-c9caa7e74ce4 admin admin] Publish callbacks [] for security_group, before_response {{(pid=102468) _notify_loop /usr/local/lib/python3.8/dist-packages/neutron_lib/callbacks/manager.py:175}}
Dec 15 13:54:37.882900 dv-cinder-821824-1-smb neutron-server[102468]: INFO neutron.wsgi [None req-04b62ee0-2647-4618-a55f-c9caa7e74ce4 admin admin] 10.222.0.71 "DELETE /v2.0/security-groups/40a51084-8b6c-4d5f-8fcf-983870ab4464 HTTP/1.1" status: 204 len: 168 time: 0.5194266
Dec 15 13:54:37.884342 dv-cinder-821824-1-smb neutron-server[102469]: DEBUG neutron.pecan_wsgi.hooks.policy_enforcement [req-bb085547-1f2c-451a-9a2f-4c93b2e10bd3 req-2417a89f-c9eb-4cd9-b79e-c8c887ebf6e0 tempest-DeleteServersTestJSON-1157100167 tempest-DeleteServersTestJSON-1157100167-project] Attributes excluded by policy engine: ['standard_attr_id', 'binding:profile', 'binding:host_id', 'binding:vif_type', 'binding:vif_details'] {{(pid=102469) _exclude_attributes_by_policy /opt/stack/neutron/neutron/pecan_wsgi/hooks/policy_enforcement.py:255}}
Dec 15 13:54:37.887072 dv-cinder-821824-1-smb neutron-server[102469]: INFO neutron.wsgi [req-bb085547-1f2c-451a-9a2f-4c93b2e10bd3 req-2417a89f-c9eb-4cd9-b79e-c8c887ebf6e0 tempest-DeleteServersTestJSON-1157100167 tempest-DeleteServersTestJSON-1157100167-project] 10.222.0.71 "GET /v2.0/ports?device_id=87434b3e-2481-4beb-807f-7210d346ac7c HTTP/1.1" status: 200 len: 946 time: 0.1609354
Dec 15 13:54:37.897858 dv-cinder-821824-1-smb neutron-server[102468]: DEBUG neutron.api.rpc.handlers.resources_rpc [None req-04b62ee0-2647-4618-a55f-c9caa7e74ce4 admin admin] Pushing event deleted for resources: {'SecurityGroup': ['ID=40a51084-8b6c-4d5f-8fcf-983870ab4464,revision_number=None']} {{(pid=102468) push /opt/stack/neutron/neutron/api/rpc/handlers/resources_rpc.py:237}}
Dec 15 13:54:37.928181 dv-cinder-821824-1-smb neutron-server[102470]: DEBUG neutron.plugins.ml2.rpc [None req-ac3e47a6-6d40-494d-8904-e53ed7f855a4 None None] Device 9fc2d275-03c6-4395-9f36-3e4b92b1dd78 up at agent hyperv_hv-cinder-82182 {{(pid=102470) update_device_up /opt/stack/neutron/neutron/plugins/ml2/rpc.py:296}}
Dec 15 13:54:37.933687 dv-cinder-821824-1-smb neutron-server[102468]: DEBUG neutron_lib.callbacks.manager [None req-ff09d545-bf34-4e06-baec-1b92efa3744f admin admin] Publish callbacks ['neutron.plugins.ml2.ovo_rpc._ObjectChangeHandler.handle_event-444771'] for security_group, after_delete {{(pid=102468) _notify_loop /usr/local/lib/python3.8/dist-packages/neutron_lib/callbacks/manager.py:175}}
Dec 15 13:54:37.938545 dv-cinder-821824-1-smb neutron-server[102468]: DEBUG neutron_lib.callbacks.manager [None req-ff09d545-bf34-4e06-baec-1b92efa3744f admin admin] Publish callbacks [] for security_group, before_response {{(pid=102468) _notify_loop /usr/local/lib/python3.8/dist-packages/neutron_lib/callbacks/manager.py:175}}
Dec 15 13:54:37.940483 dv-cinder-821824-1-smb neutron-server[102468]: INFO neutron.wsgi [None req-ff09d545-bf34-4e06-baec-1b92efa3744f admin admin] 10.222.0.71 "DELETE /v2.0/security-groups/7a36187b-8ad6-4bb2-81f6-e1415d1c5073 HTTP/1.1" status: 204 len: 168 time: 0.3606679
Dec 15 13:54:37.967319 dv-cinder-821824-1-smb neutron-server[102468]: DEBUG neutron.api.rpc.handlers.resources_rpc [None req-ff09d545-bf34-4e06-baec-1b92efa3744f admin admin] Pushing event deleted for resources: {'SecurityGroup': ['ID=7a36187b-8ad6-4bb2-81f6-e1415d1c5073,revision_number=None']} {{(pid=102468) push /opt/stack/neutron/neutron/api/rpc/handlers/resources_rpc.py:237}}
Dec 15 13:54:38.042924 dv-cinder-821824-1-smb neutron-server[102469]: INFO neutron.wsgi [req-bb085547-1f2c-451a-9a2f-4c93b2e10bd3 req-babc8751-5804-4aa7-867a-3d19c572159b tempest-DeleteServersTestJSON-1157100167 tempest-DeleteServersTestJSON-1157100167-project] 10.222.0.71 "GET /v2.0/security-groups?id=e86ed036-ce02-417d-87e0-85041d6d2c38&fields=id&fields=name HTTP/1.1" status: 200 len: 286 time: 0.1427388
Dec 15 13:54:38.057146 dv-cinder-821824-1-smb neutron-server[102470]: DEBUG neutron.db.provisioning_blocks [None req-ac3e47a6-6d40-494d-8904-e53ed7f855a4 None None] Provisioning for port 9fc2d275-03c6-4395-9f36-3e4b92b1dd78 completed by entity L2. {{(pid=102470) provisioning_complete /opt/stack/neutron/neutron/db/provisioning_blocks.py:133}}
Dec 15 13:54:38.078157 dv-cinder-821824-1-smb neutron-server[102470]: DEBUG neutron.db.provisioning_blocks [None req-ac3e47a6-6d40-494d-8904-e53ed7f855a4 None None] Provisioning complete for port 9fc2d275-03c6-4395-9f36-3e4b92b1dd78 triggered by entity L2. {{(pid=102470) provisioning_complete /opt/stack/neutron/neutron/db/provisioning_blocks.py:139}}
Dec 15 13:54:38.080025 dv-cinder-821824-1-smb neutron-server[102470]: DEBUG neutron_lib.callbacks.manager [None req-ac3e47a6-6d40-494d-8904-e53ed7f855a4 None None] Publish callbacks ['neutron.plugins.ml2.plugin.Ml2Plugin._port_provisioned-3499668'] for port, provisioning_complete {{(pid=102470) _notify_loop /usr/local/lib/python3.8/dist-packages/neutron_lib/callbacks/manager.py:175}}
Dec 15 13:54:38.102210 dv-cinder-821824-1-smb neutron-server[102469]: INFO neutron.wsgi [req-2214490c-750a-4ea2-9c7a-533cab605317 req-a4c274bf-a598-42cc-a75c-91c64afdc882 tempest-ServerRescueNegativeTestJSON-2107795526 tempest-ServerRescueNegativeTestJSON-2107795526-project] 10.222.0.71 "GET /v2.0/security-groups?id=40764942-426b-4153-894a-c9d3b560f616&fields=id&fields=name HTTP/1.1" status: 200 len: 286 time: 0.2129462
Dec 15 13:54:38.287966 dv-cinder-821824-1-smb neutron-server[102470]: DEBUG neutron_lib.callbacks.manager [None req-ac3e47a6-6d40-494d-8904-e53ed7f855a4 None None] Publish callbacks ['neutron.plugins.ml2.plugin.SecurityGroupDbMixin._ensure_default_security_group_handler-773221'] for port, before_update {{(pid=102470) _notify_loop /usr/local/lib/python3.8/dist-packages/neutron_lib/callbacks/manager.py:175}}
Dec 15 13:54:38.431394 dv-cinder-821824-1-smb neutron-server[102469]: DEBUG neutron.pecan_wsgi.hooks.policy_enforcement [req-bf67d1ea-d45e-4ad0-839d-0b9df695b031 req-1073d8cf-f7a9-41d1-a8ec-6057f7159102 tempest-AttachVolumeTestJSON-817626611 tempest-AttachVolumeTestJSON-817626611-project] Attributes excluded by policy engine: ['standard_attr_id', 'binding:profile', 'binding:host_id', 'binding:vif_type', 'binding:vif_details'] {{(pid=102469) _exclude_attributes_by_policy /opt/stack/neutron/neutron/pecan_wsgi/hooks/policy_enforcement.py:255}}
Dec 15 13:54:38.436429 dv-cinder-821824-1-smb neutron-server[102470]: DEBUG neutron.plugins.ml2.db [None req-ac3e47a6-6d40-494d-8904-e53ed7f855a4 None None] For port 9fc2d275-03c6-4395-9f36-3e4b92b1dd78, host hv-cinder-82182, got binding levels [PortBindingLevel(driver='hyperv',host='hv-cinder-82182',level=0,port_id=9fc2d275-03c6-4395-9f36-3e4b92b1dd78,segment=NetworkSegment(210bb3c0-0b30-4efe-8a28-dd6312e8d6ce),segment_id=210bb3c0-0b30-4efe-8a28-dd6312e8d6ce)] {{(pid=102470) get_binding_level_objs /opt/stack/neutron/neutron/plugins/ml2/db.py:74}}
Dec 15 13:54:38.438090 dv-cinder-821824-1-smb neutron-server[102470]: DEBUG neutron.notifiers.nova [-] Sending events: [{'server_uuid': '2794c509-b1ab-4b42-926e-5749a9337134', 'name': 'network-vif-plugged', 'status': 'completed', 'tag': '9fc2d275-03c6-4395-9f36-3e4b92b1dd78'}] {{(pid=102470) send_events /opt/stack/neutron/neutron/notifiers/nova.py:262}}
Dec 15 13:54:38.439479 dv-cinder-821824-1-smb neutron-server[102469]: INFO neutron.wsgi [req-bf67d1ea-d45e-4ad0-839d-0b9df695b031 req-1073d8cf-f7a9-41d1-a8ec-6057f7159102 tempest-AttachVolumeTestJSON-817626611 tempest-AttachVolumeTestJSON-817626611-project] 10.222.0.71 "GET /v2.0/ports?device_id=34600a3d-2838-497f-8b7b-dba0bf8b1ca8 HTTP/1.1" status: 200 len: 945 time: 0.1839499
Dec 15 13:54:38.447532 dv-cinder-821824-1-smb neutron-server[102470]: DEBUG novaclient.v2.client [-] REQ: curl -g -i --cacert "/opt/stack/data/ca-bundle.pem" -X POST http://10.222.0.71/compute/v2.1/os-server-external-events -H "Accept: application/json" -H "Content-Type: application/json" -H "User-Agent: python-novaclient" -H "X-Auth-Token: {SHA256}5f83a7df75e3a80a8399b9ee94efa8a87e44e1606f7d501d8a2e7f0415dcf5e3" -H "X-OpenStack-Nova-API-Version: 2.1" -H "X-OpenStack-Request-ID: req-58c67f41-3913-468d-952e-ee172beb9d4e" -d '{"events": [{"server_uuid": "2794c509-b1ab-4b42-926e-5749a9337134", "name": "network-vif-plugged", "status": "completed", "tag": "9fc2d275-03c6-4395-9f36-3e4b92b1dd78"}]}' {{(pid=102470) _http_log_request /usr/local/lib/python3.8/dist-packages/keystoneauth1/session.py:519}}
Dec 15 13:54:38.464764 dv-cinder-821824-1-smb neutron-server[102470]: DEBUG neutron_lib.callbacks.manager [None req-ac3e47a6-6d40-494d-8904-e53ed7f855a4 None None] Publish callbacks ['neutron.plugins.ml2.plugin.SecurityGroupServerNotifierRpcMixin._notify_sg_on_port_change-782778', 'neutron.plugins.ml2.ovo_rpc._ObjectChangeHandler.handle_event-31560', 'neutron.api.rpc.agentnotifiers.dhcp_rpc_agent_api.DhcpAgentNotifyAPI._native_event_send_dhcp_notification-3904375', 'neutron.db.l3_db.L3RpcNotifierMixin._notify_gateway_port_ip_changed-8751962783461', 'neutron.db.l3_dvrscheduler_db._notify_l3_agent_port_update-8751962214885', 'neutron.db.l3_hascheduler_db._notify_l3_agent_ha_port_update-8751962214903'] for port, after_update {{(pid=102470) _notify_loop /usr/local/lib/python3.8/dist-packages/neutron_lib/callbacks/manager.py:175}}
Dec 15 13:54:38.604117 dv-cinder-821824-1-smb neutron-server[102470]: DEBUG neutron.api.rpc.handlers.resources_rpc [None req-ac3e47a6-6d40-494d-8904-e53ed7f855a4 None None] Pushing event updated for resources: {'Port': ['ID=9fc2d275-03c6-4395-9f36-3e4b92b1dd78,revision_number=5']} {{(pid=102470) push /opt/stack/neutron/neutron/api/rpc/handlers/resources_rpc.py:237}}
Dec 15 13:54:38.612615 dv-cinder-821824-1-smb neutron-server[102469]: INFO neutron.wsgi [req-bf67d1ea-d45e-4ad0-839d-0b9df695b031 req-77371b45-c867-41f3-8f94-84ef684f2b8d tempest-AttachVolumeTestJSON-817626611 tempest-AttachVolumeTestJSON-817626611-project] 10.222.0.71 "GET /v2.0/security-groups?id=7754b94b-e46e-4b91-9231-5a43a40dedce&fields=id&fields=name HTTP/1.1" status: 200 len: 312 time: 0.1553380
Dec 15 13:54:38.630785 dv-cinder-821824-1-smb neutron-server[102470]: DEBUG novaclient.v2.client [-] RESP: [200] Connection: close Content-Length: 183 Content-Type: application/json Date: Wed, 15 Dec 2021 13:54:38 GMT OpenStack-API-Version: compute 2.1 Server: Apache/2.4.41 (Ubuntu) Vary: OpenStack-API-Version,X-OpenStack-Nova-API-Version X-OpenStack-Nova-API-Version: 2.1 x-compute-request-id: req-807b7e41-c33b-437b-b44b-3edba410a8ea x-openstack-request-id: req-807b7e41-c33b-437b-b44b-3edba410a8ea {{(pid=102470) _http_log_response /usr/local/lib/python3.8/dist-packages/keystoneauth1/session.py:550}}
