Dec 15 13:54:38.631683 dv-cinder-821824-1-smb neutron-server[102470]: DEBUG novaclient.v2.client [-] RESP BODY: {"events": [{"server_uuid": "2794c509-b1ab-4b42-926e-5749a9337134", "name": "network-vif-plugged", "status": "completed", "tag": "9fc2d275-03c6-4395-9f36-3e4b92b1dd78", "code": 200}]} {{(pid=102470) _http_log_response /usr/local/lib/python3.8/dist-packages/keystoneauth1/session.py:582}}
Dec 15 13:54:38.632347 dv-cinder-821824-1-smb neutron-server[102470]: DEBUG novaclient.v2.client [-] POST call to compute for http://10.222.0.71/compute/v2.1/os-server-external-events used request id req-807b7e41-c33b-437b-b44b-3edba410a8ea {{(pid=102470) request /usr/local/lib/python3.8/dist-packages/keystoneauth1/session.py:954}}
Dec 15 13:54:38.634327 dv-cinder-821824-1-smb neutron-server[102470]: INFO neutron.notifiers.nova [-] Nova event response: {'server_uuid': '2794c509-b1ab-4b42-926e-5749a9337134', 'name': 'network-vif-plugged', 'status': 'completed', 'tag': '9fc2d275-03c6-4395-9f36-3e4b92b1dd78', 'code': 200}
Dec 15 13:54:39.009508 dv-cinder-821824-1-smb neutron-server[102468]: DEBUG neutron.wsgi [-] (102468) accepted ('10.222.0.71', 40848) {{(pid=102468) server /usr/local/lib/python3.8/dist-packages/eventlet/wsgi.py:1004}}
Dec 15 13:54:39.047207 dv-cinder-821824-1-smb neutron-server[102468]: DEBUG neutron_lib.callbacks.manager [None req-e071ad4d-27a8-45cf-8c30-8b158382afd1 admin admin] Publish callbacks [] for security_group, before_create {{(pid=102468) _notify_loop /usr/local/lib/python3.8/dist-packages/neutron_lib/callbacks/manager.py:175}}
Dec 15 13:54:39.082469 dv-cinder-821824-1-smb neutron-server[102469]: DEBUG neutron.pecan_wsgi.hooks.policy_enforcement [req-63c50483-af8d-4fda-923a-94df588d3626 req-035b1cbe-5db8-4808-a0c6-ebb8f2ad3545 service neutron] Attributes excluded by policy engine: ['standard_attr_id'] {{(pid=102469) _exclude_attributes_by_policy /opt/stack/neutron/neutron/pecan_wsgi/hooks/policy_enforcement.py:255}}
Dec 15 13:54:39.086545 dv-cinder-821824-1-smb neutron-server[102469]: INFO neutron.wsgi [req-63c50483-af8d-4fda-923a-94df588d3626 req-035b1cbe-5db8-4808-a0c6-ebb8f2ad3545 service neutron] 10.222.0.69 "GET /v2.0/ports?device_id=2794c509-b1ab-4b42-926e-5749a9337134 HTTP/1.1" status: 200 len: 1099 time: 0.1168721
Dec 15 13:54:39.180890 dv-cinder-821824-1-smb neutron-server[102470]: DEBUG neutron_lib.callbacks.manager [None req-72b1ca3a-9803-453d-baf6-ca6727d47829 None None] Publish callbacks ['neutron.services.segments.db._update_segment_host_mapping_for_agent-8751962765653', 'neutron.plugins.ml2.plugin.Ml2Plugin._retry_binding_revived_agents-3499771'] for agent, after_update {{(pid=102470) _notify_loop /usr/local/lib/python3.8/dist-packages/neutron_lib/callbacks/manager.py:175}}
Dec 15 13:54:39.224027 dv-cinder-821824-1-smb neutron-server[102469]: INFO neutron.wsgi [req-63c50483-af8d-4fda-923a-94df588d3626 req-125319f4-c13c-4a67-8646-eaab503059a8 service neutron] 10.222.0.69 "GET /v2.0/security-groups?id=40764942-426b-4153-894a-c9d3b560f616&fields=id&fields=name HTTP/1.1" status: 200 len: 286 time: 0.1254070
Dec 15 13:54:39.291145 dv-cinder-821824-1-smb neutron-server[102469]: DEBUG neutron.pecan_wsgi.hooks.policy_enforcement [req-6b9ae462-b91a-4dc6-83bf-48d2cf38164a req-8e6977be-e4c5-4f61-b0ef-29e30ccb15a0 tempest-DeleteServersTestJSON-1157100167 tempest-DeleteServersTestJSON-1157100167-project] Attributes excluded by policy engine: ['standard_attr_id', 'binding:profile', 'binding:host_id', 'binding:vif_type', 'binding:vif_details'] {{(pid=102469) _exclude_attributes_by_policy /opt/stack/neutron/neutron/pecan_wsgi/hooks/policy_enforcement.py:255}}
Dec 15 13:54:39.293532 dv-cinder-821824-1-smb neutron-server[102469]: INFO neutron.wsgi [req-6b9ae462-b91a-4dc6-83bf-48d2cf38164a req-8e6977be-e4c5-4f61-b0ef-29e30ccb15a0 tempest-DeleteServersTestJSON-1157100167 tempest-DeleteServersTestJSON-1157100167-project] 10.222.0.71 "GET /v2.0/ports?device_id=87434b3e-2481-4beb-807f-7210d346ac7c HTTP/1.1" status: 200 len: 946 time: 0.0600805
Dec 15 13:54:39.295541 dv-cinder-821824-1-smb neutron-server[102468]: DEBUG neutron_lib.callbacks.manager [None req-e071ad4d-27a8-45cf-8c30-8b158382afd1 admin admin] Publish callbacks [] for security_group, precommit_create {{(pid=102468) _notify_loop /usr/local/lib/python3.8/dist-packages/neutron_lib/callbacks/manager.py:175}}
Dec 15 13:54:39.303681 dv-cinder-821824-1-smb neutron-server[102468]: DEBUG neutron_lib.callbacks.manager [None req-e071ad4d-27a8-45cf-8c30-8b158382afd1 admin admin] Publish callbacks ['neutron.plugins.ml2.ovo_rpc._ObjectChangeHandler.handle_event-444771'] for security_group, after_create {{(pid=102468) _notify_loop /usr/local/lib/python3.8/dist-packages/neutron_lib/callbacks/manager.py:175}}
Dec 15 13:54:39.380777 dv-cinder-821824-1-smb neutron-server[102468]: DEBUG neutron.wsgi [-] (102468) accepted ('10.222.0.71', 40860) {{(pid=102468) server /usr/local/lib/python3.8/dist-packages/eventlet/wsgi.py:1004}}
Dec 15 13:54:39.428858 dv-cinder-821824-1-smb neutron-server[102468]: INFO neutron.wsgi [None req-e071ad4d-27a8-45cf-8c30-8b158382afd1 admin admin] 10.222.0.71 "GET /v2.0/security-groups?tenant_id=edc983be43f74b54991c3159879e3be3&name=default HTTP/1.1" status: 200 len: 2996 time: 0.4150069
Dec 15 13:54:39.430506 dv-cinder-821824-1-smb neutron-server[102468]: DEBUG neutron.api.rpc.handlers.resources_rpc [None req-e071ad4d-27a8-45cf-8c30-8b158382afd1 admin admin] Pushing event updated for resources: {'SecurityGroup': ['ID=870d8c1b-5135-4c2b-a220-7fea9fb5f683,revision_number=1']} {{(pid=102468) push /opt/stack/neutron/neutron/api/rpc/handlers/resources_rpc.py:237}}
Dec 15 13:54:39.435916 dv-cinder-821824-1-smb neutron-server[102468]: DEBUG neutron.wsgi [-] (102468) accepted ('10.222.0.71', 40862) {{(pid=102468) server /usr/local/lib/python3.8/dist-packages/eventlet/wsgi.py:1004}}
Dec 15 13:54:39.437194 dv-cinder-821824-1-smb neutron-server[102468]: DEBUG neutron_lib.callbacks.manager [None req-ee0e1596-c24e-462f-afa5-5eb729f62340 admin admin] Publish callbacks [] for security_group, before_create {{(pid=102468) _notify_loop /usr/local/lib/python3.8/dist-packages/neutron_lib/callbacks/manager.py:175}}
Dec 15 13:54:39.451247 dv-cinder-821824-1-smb neutron-server[102469]: INFO neutron.wsgi [req-6b9ae462-b91a-4dc6-83bf-48d2cf38164a req-99e70427-3e91-4dbc-9203-2f4a4c25f9ca tempest-DeleteServersTestJSON-1157100167 tempest-DeleteServersTestJSON-1157100167-project] 10.222.0.71 "GET /v2.0/security-groups?id=e86ed036-ce02-417d-87e0-85041d6d2c38&fields=id&fields=name HTTP/1.1" status: 200 len: 286 time: 0.1442287
Dec 15 13:54:39.769871 dv-cinder-821824-1-smb neutron-server[102468]: DEBUG neutron_lib.callbacks.manager [None req-26009c45-8074-4106-a47f-983664fe13fd admin admin] Publish callbacks [] for security_group, before_delete {{(pid=102468) _notify_loop /usr/local/lib/python3.8/dist-packages/neutron_lib/callbacks/manager.py:175}}
Dec 15 13:54:39.818996 dv-cinder-821824-1-smb neutron-server[102469]: DEBUG neutron.pecan_wsgi.hooks.policy_enforcement [req-d9d364fa-f155-4b6e-98f8-5f49e2ce3d3f req-039245ce-487b-4c7c-bb89-c47f8de2667c tempest-ServerRescueNegativeTestJSON-2107795526 tempest-ServerRescueNegativeTestJSON-2107795526-project] Attributes excluded by policy engine: ['standard_attr_id', 'binding:profile', 'binding:host_id', 'binding:vif_type', 'binding:vif_details'] {{(pid=102469) _exclude_attributes_by_policy /opt/stack/neutron/neutron/pecan_wsgi/hooks/policy_enforcement.py:255}}
Dec 15 13:54:39.826128 dv-cinder-821824-1-smb neutron-server[102469]: INFO neutron.wsgi [req-d9d364fa-f155-4b6e-98f8-5f49e2ce3d3f req-039245ce-487b-4c7c-bb89-c47f8de2667c tempest-ServerRescueNegativeTestJSON-2107795526 tempest-ServerRescueNegativeTestJSON-2107795526-project] 10.222.0.71 "GET /v2.0/ports?device_id=2794c509-b1ab-4b42-926e-5749a9337134 HTTP/1.1" status: 200 len: 946 time: 0.2114120
Dec 15 13:54:39.837392 dv-cinder-821824-1-smb neutron-server[102468]: DEBUG neutron_lib.callbacks.manager [None req-26009c45-8074-4106-a47f-983664fe13fd admin admin] Publish callbacks [] for security_group, precommit_delete {{(pid=102468) _notify_loop /usr/local/lib/python3.8/dist-packages/neutron_lib/callbacks/manager.py:175}}
Dec 15 13:54:39.855831 dv-cinder-821824-1-smb neutron-server[102468]: DEBUG neutron_lib.callbacks.manager [None req-ee0e1596-c24e-462f-afa5-5eb729f62340 admin admin] Publish callbacks [] for security_group, precommit_create {{(pid=102468) _notify_loop /usr/local/lib/python3.8/dist-packages/neutron_lib/callbacks/manager.py:175}}
Dec 15 13:54:39.872978 dv-cinder-821824-1-smb neutron-server[102468]: DEBUG neutron.wsgi [-] (102468) accepted ('10.222.0.71', 40874) {{(pid=102468) server /usr/local/lib/python3.8/dist-packages/eventlet/wsgi.py:1004}}
Dec 15 13:54:39.905566 dv-cinder-821824-1-smb neutron-server[102468]: DEBUG neutron_lib.callbacks.manager [None req-ee0e1596-c24e-462f-afa5-5eb729f62340 admin admin] Publish callbacks ['neutron.plugins.ml2.ovo_rpc._ObjectChangeHandler.handle_event-444771'] for security_group, after_create {{(pid=102468) _notify_loop /usr/local/lib/python3.8/dist-packages/neutron_lib/callbacks/manager.py:175}}
Dec 15 13:54:40.056111 dv-cinder-821824-1-smb neutron-server[102468]: INFO neutron.wsgi [None req-ee0e1596-c24e-462f-afa5-5eb729f62340 admin admin] 10.222.0.71 "GET /v2.0/security-groups?tenant_id=6537160cd181419c8b0aaed948716a3c&name=default HTTP/1.1" status: 200 len: 2996 time: 0.6610289
Dec 15 13:54:40.059752 dv-cinder-821824-1-smb neutron-server[102468]: DEBUG neutron.api.rpc.handlers.resources_rpc [None req-ee0e1596-c24e-462f-afa5-5eb729f62340 admin admin] Pushing event updated for resources: {'SecurityGroup': ['ID=ae2ccf5f-3d62-432b-8070-26e1e5c31b18,revision_number=1']} {{(pid=102468) push /opt/stack/neutron/neutron/api/rpc/handlers/resources_rpc.py:237}}
Dec 15 13:54:40.062945 dv-cinder-821824-1-smb neutron-server[102468]: DEBUG neutron.wsgi [-] (102468) accepted ('10.222.0.71', 40882) {{(pid=102468) server /usr/local/lib/python3.8/dist-packages/eventlet/wsgi.py:1004}}
Dec 15 13:54:40.076059 dv-cinder-821824-1-smb neutron-server[102469]: INFO neutron.wsgi [req-d9d364fa-f155-4b6e-98f8-5f49e2ce3d3f req-9bac99a8-2a5f-4324-b7c0-6769e340c5c8 tempest-ServerRescueNegativeTestJSON-2107795526 tempest-ServerRescueNegativeTestJSON-2107795526-project] 10.222.0.71 "GET /v2.0/security-groups?id=40764942-426b-4153-894a-c9d3b560f616&fields=id&fields=name HTTP/1.1" status: 200 len: 286 time: 0.2367892
Dec 15 13:54:40.132572 dv-cinder-821824-1-smb neutron-server[102468]: DEBUG neutron_lib.callbacks.manager [None req-26009c45-8074-4106-a47f-983664fe13fd admin admin] Publish callbacks ['neutron.plugins.ml2.ovo_rpc._ObjectChangeHandler.handle_event-444771'] for security_group, after_delete {{(pid=102468) _notify_loop /usr/local/lib/python3.8/dist-packages/neutron_lib/callbacks/manager.py:175}}
Dec 15 13:54:40.135764 dv-cinder-821824-1-smb neutron-server[102469]: DEBUG neutron.pecan_wsgi.hooks.policy_enforcement [req-6f2124fb-2d13-44cf-be96-4a77bb702930 req-082c5e1b-4f0a-4f61-9df9-5a000c098c3d tempest-AttachVolumeTestJSON-817626611 tempest-AttachVolumeTestJSON-817626611-project] Attributes excluded by policy engine: ['standard_attr_id', 'binding:profile', 'binding:host_id', 'binding:vif_type', 'binding:vif_details'] {{(pid=102469) _exclude_attributes_by_policy /opt/stack/neutron/neutron/pecan_wsgi/hooks/policy_enforcement.py:255}}
Dec 15 13:54:40.139514 dv-cinder-821824-1-smb neutron-server[102468]: DEBUG neutron_lib.callbacks.manager [None req-26009c45-8074-4106-a47f-983664fe13fd admin admin] Publish callbacks [] for security_group, before_response {{(pid=102468) _notify_loop /usr/local/lib/python3.8/dist-packages/neutron_lib/callbacks/manager.py:175}}
Dec 15 13:54:40.139984 dv-cinder-821824-1-smb neutron-server[102469]: INFO neutron.wsgi [req-6f2124fb-2d13-44cf-be96-4a77bb702930 req-082c5e1b-4f0a-4f61-9df9-5a000c098c3d tempest-AttachVolumeTestJSON-817626611 tempest-AttachVolumeTestJSON-817626611-project] 10.222.0.71 "GET /v2.0/ports?device_id=34600a3d-2838-497f-8b7b-dba0bf8b1ca8 HTTP/1.1" status: 200 len: 945 time: 0.2970533
Dec 15 13:54:40.141939 dv-cinder-821824-1-smb neutron-server[102468]: INFO neutron.wsgi [None req-26009c45-8074-4106-a47f-983664fe13fd admin admin] 10.222.0.71 "DELETE /v2.0/security-groups/870d8c1b-5135-4c2b-a220-7fea9fb5f683 HTTP/1.1" status: 204 len: 168 time: 0.6896374
Dec 15 13:54:40.198072 dv-cinder-821824-1-smb neutron-server[102468]: DEBUG neutron.api.rpc.handlers.resources_rpc [None req-26009c45-8074-4106-a47f-983664fe13fd admin admin] Pushing event deleted for resources: {'SecurityGroup': ['ID=870d8c1b-5135-4c2b-a220-7fea9fb5f683,revision_number=None']} {{(pid=102468) push /opt/stack/neutron/neutron/api/rpc/handlers/resources_rpc.py:237}}
Dec 15 13:54:40.281260 dv-cinder-821824-1-smb neutron-server[102468]: DEBUG neutron_lib.callbacks.manager [None req-6f605126-dac1-40f6-ace7-1fbb1046222d admin admin] Publish callbacks [] for security_group, before_delete {{(pid=102468) _notify_loop /usr/local/lib/python3.8/dist-packages/neutron_lib/callbacks/manager.py:175}}
Dec 15 13:54:40.333702 dv-cinder-821824-1-smb neutron-server[102470]: DEBUG neutron_lib.callbacks.manager [None req-2634107e-23d9-4cbb-a6ca-adea789658b1 None None] Publish callbacks ['neutron.services.segments.db._update_segment_host_mapping_for_agent-8751962765653', 'neutron.plugins.ml2.plugin.Ml2Plugin._retry_binding_revived_agents-3499771'] for agent, after_update {{(pid=102470) _notify_loop /usr/local/lib/python3.8/dist-packages/neutron_lib/callbacks/manager.py:175}}
Dec 15 13:54:40.474983 dv-cinder-821824-1-smb neutron-server[102468]: DEBUG neutron_lib.callbacks.manager [None req-6f605126-dac1-40f6-ace7-1fbb1046222d admin admin] Publish callbacks [] for security_group, precommit_delete {{(pid=102468) _notify_loop /usr/local/lib/python3.8/dist-packages/neutron_lib/callbacks/manager.py:175}}
Dec 15 13:54:40.476548 dv-cinder-821824-1-smb neutron-server[102469]: INFO neutron.wsgi [req-6f2124fb-2d13-44cf-be96-4a77bb702930 req-66c12e65-3e9c-4c00-91cf-f4d52dcb4d55 tempest-AttachVolumeTestJSON-817626611 tempest-AttachVolumeTestJSON-817626611-project] 10.222.0.71 "GET /v2.0/security-groups?id=7754b94b-e46e-4b91-9231-5a43a40dedce&fields=id&fields=name HTTP/1.1" status: 200 len: 312 time: 0.3212588
Dec 15 13:54:40.484401 dv-cinder-821824-1-smb neutron-server[102468]: DEBUG neutron_lib.callbacks.manager [None req-76599ea3-b0e2-417f-8ae9-1e3f09cda811 admin admin] Publish callbacks [] for security_group, before_create {{(pid=102468) _notify_loop /usr/local/lib/python3.8/dist-packages/neutron_lib/callbacks/manager.py:175}}
Dec 15 13:54:40.654152 dv-cinder-821824-1-smb neutron-server[102468]: DEBUG neutron_lib.callbacks.manager [None req-6f605126-dac1-40f6-ace7-1fbb1046222d admin admin] Publish callbacks ['neutron.plugins.ml2.ovo_rpc._ObjectChangeHandler.handle_event-444771'] for security_group, after_delete {{(pid=102468) _notify_loop /usr/local/lib/python3.8/dist-packages/neutron_lib/callbacks/manager.py:175}}
Dec 15 13:54:40.658780 dv-cinder-821824-1-smb neutron-server[102468]: DEBUG neutron_lib.callbacks.manager [None req-6f605126-dac1-40f6-ace7-1fbb1046222d admin admin] Publish callbacks [] for security_group, before_response {{(pid=102468) _notify_loop /usr/local/lib/python3.8/dist-packages/neutron_lib/callbacks/manager.py:175}}
Dec 15 13:54:40.664342 dv-cinder-821824-1-smb neutron-server[102468]: INFO neutron.wsgi [None req-6f605126-dac1-40f6-ace7-1fbb1046222d admin admin] 10.222.0.71 "DELETE /v2.0/security-groups/ae2ccf5f-3d62-432b-8070-26e1e5c31b18 HTTP/1.1" status: 204 len: 168 time: 0.5954797
Dec 15 13:54:40.713078 dv-cinder-821824-1-smb neutron-server[102468]: DEBUG neutron.api.rpc.handlers.resources_rpc [None req-6f605126-dac1-40f6-ace7-1fbb1046222d admin admin] Pushing event deleted for resources: {'SecurityGroup': ['ID=ae2ccf5f-3d62-432b-8070-26e1e5c31b18,revision_number=None']} {{(pid=102468) push /opt/stack/neutron/neutron/api/rpc/handlers/resources_rpc.py:237}}
Dec 15 13:54:40.776615 dv-cinder-821824-1-smb neutron-server[102468]: DEBUG neutron_lib.callbacks.manager [None req-76599ea3-b0e2-417f-8ae9-1e3f09cda811 admin admin] Publish callbacks [] for security_group, precommit_create {{(pid=102468) _notify_loop /usr/local/lib/python3.8/dist-packages/neutron_lib/callbacks/manager.py:175}}
Dec 15 13:54:40.783452 dv-cinder-821824-1-smb neutron-server[102468]: DEBUG neutron_lib.callbacks.manager [None req-76599ea3-b0e2-417f-8ae9-1e3f09cda811 admin admin] Publish callbacks ['neutron.plugins.ml2.ovo_rpc._ObjectChangeHandler.handle_event-444771'] for security_group, after_create {{(pid=102468) _notify_loop /usr/local/lib/python3.8/dist-packages/neutron_lib/callbacks/manager.py:175}}
Dec 15 13:54:40.826624 dv-cinder-821824-1-smb neutron-server[102468]: DEBUG neutron.api.rpc.handlers.resources_rpc [None req-76599ea3-b0e2-417f-8ae9-1e3f09cda811 admin admin] Pushing event updated for resources: {'SecurityGroup': ['ID=e9568928-8daa-4fc7-9f59-dfa1471cb40c,revision_number=1']} {{(pid=102468) push /opt/stack/neutron/neutron/api/rpc/handlers/resources_rpc.py:237}}
Dec 15 13:54:40.858137 dv-cinder-821824-1-smb neutron-server[102468]: INFO neutron.wsgi [None req-76599ea3-b0e2-417f-8ae9-1e3f09cda811 admin admin] 10.222.0.71 "GET /v2.0/security-groups?tenant_id=01094c3d20874d7499bca9fcfba7726d&name=default HTTP/1.1" status: 200 len: 2996 time: 0.9837222
Dec 15 13:54:40.862065 dv-cinder-821824-1-smb neutron-server[102468]: DEBUG neutron.wsgi [-] (102468) accepted ('10.222.0.71', 40906) {{(pid=102468) server /usr/local/lib/python3.8/dist-packages/eventlet/wsgi.py:1004}}
Dec 15 13:54:40.936817 dv-cinder-821824-1-smb neutron-server[102469]: DEBUG neutron.pecan_wsgi.hooks.policy_enforcement [req-ffd2b0ff-7b7e-4fda-b68a-d8cb3e767301 req-6a278822-07cc-48c4-8ded-203a011e4934 tempest-AttachVolumeTestJSON-817626611 tempest-AttachVolumeTestJSON-817626611-project] Attributes excluded by policy engine: ['standard_attr_id', 'binding:profile', 'binding:host_id', 'binding:vif_type', 'binding:vif_details'] {{(pid=102469) _exclude_attributes_by_policy /opt/stack/neutron/neutron/pecan_wsgi/hooks/policy_enforcement.py:255}}
Dec 15 13:54:40.939678 dv-cinder-821824-1-smb neutron-server[102469]: INFO neutron.wsgi [req-ffd2b0ff-7b7e-4fda-b68a-d8cb3e767301 req-6a278822-07cc-48c4-8ded-203a011e4934 tempest-AttachVolumeTestJSON-817626611 tempest-AttachVolumeTestJSON-817626611-project] 10.222.0.71 "GET /v2.0/ports?device_id=34600a3d-2838-497f-8b7b-dba0bf8b1ca8 HTTP/1.1" status: 200 len: 945 time: 0.1812506
Dec 15 13:54:40.958571 dv-cinder-821824-1-smb neutron-server[102469]: DEBUG neutron.wsgi [-] (102469) accepted ('10.222.0.71', 40914) {{(pid=102469) server /usr/local/lib/python3.8/dist-packages/eventlet/wsgi.py:1004}}
Dec 15 13:54:40.961903 dv-cinder-821824-1-smb neutron-server[102468]: DEBUG neutron.wsgi [-] (102468) accepted ('10.222.0.71', 40912) {{(pid=102468) server /usr/local/lib/python3.8/dist-packages/eventlet/wsgi.py:1004}}
Dec 15 13:54:40.975261 dv-cinder-821824-1-smb neutron-server[102468]: DEBUG neutron.api.v2.base [None req-32095258-bbcc-4dd9-993b-a22bd4e60281 tempest-AttachVolumeTestJSON-817626611 tempest-AttachVolumeTestJSON-817626611-project] Request body: {'floatingip': {'port_id': 'a5667e03-b7ea-4b3d-96b1-fabce8f07e95'}} {{(pid=102468) prepare_request_body /opt/stack/neutron/neutron/api/v2/base.py:729}}
Dec 15 13:54:41.003723 dv-cinder-821824-1-smb neutron-server[102469]: DEBUG neutron_lib.callbacks.manager [None req-15521390-e7a3-44de-9fcb-10d376d84473 admin admin] Publish callbacks [] for security_group, before_create {{(pid=102469) _notify_loop /usr/local/lib/python3.8/dist-packages/neutron_lib/callbacks/manager.py:175}}
Dec 15 13:54:41.157123 dv-cinder-821824-1-smb neutron-server[102468]: DEBUG neutron_lib.callbacks.manager [None req-32095258-bbcc-4dd9-993b-a22bd4e60281 tempest-AttachVolumeTestJSON-817626611 tempest-AttachVolumeTestJSON-817626611-project] Publish callbacks [] for floatingip, before_update {{(pid=102468) _notify_loop /usr/local/lib/python3.8/dist-packages/neutron_lib/callbacks/manager.py:175}}
Dec 15 13:54:41.220051 dv-cinder-821824-1-smb neutron-server[102468]: DEBUG neutron_lib.callbacks.manager [None req-50b70593-e932-460e-98f7-91f44e9a8c7f admin admin] Publish callbacks [] for security_group, before_delete {{(pid=102468) _notify_loop /usr/local/lib/python3.8/dist-packages/neutron_lib/callbacks/manager.py:175}}
Dec 15 13:54:41.228634 dv-cinder-821824-1-smb neutron-server[102469]: DEBUG neutron_lib.callbacks.manager [None req-15521390-e7a3-44de-9fcb-10d376d84473 admin admin] Publish callbacks [] for security_group, precommit_create {{(pid=102469) _notify_loop /usr/local/lib/python3.8/dist-packages/neutron_lib/callbacks/manager.py:175}}
Dec 15 13:54:41.237309 dv-cinder-821824-1-smb neutron-server[102469]: DEBUG neutron_lib.callbacks.manager [None req-15521390-e7a3-44de-9fcb-10d376d84473 admin admin] Publish callbacks ['neutron.plugins.ml2.ovo_rpc._ObjectChangeHandler.handle_event-444771'] for security_group, after_create {{(pid=102469) _notify_loop /usr/local/lib/python3.8/dist-packages/neutron_lib/callbacks/manager.py:175}}
Dec 15 13:54:41.370258 dv-cinder-821824-1-smb neutron-server[102468]: DEBUG neutron_lib.callbacks.manager [None req-50b70593-e932-460e-98f7-91f44e9a8c7f admin admin] Publish callbacks [] for security_group, precommit_delete {{(pid=102468) _notify_loop /usr/local/lib/python3.8/dist-packages/neutron_lib/callbacks/manager.py:175}}
Dec 15 13:54:41.387459 dv-cinder-821824-1-smb neutron-server[102469]: DEBUG neutron.api.rpc.handlers.resources_rpc [None req-15521390-e7a3-44de-9fcb-10d376d84473 admin admin] Pushing event updated for resources: {'SecurityGroup': ['ID=70d663a5-cdcc-4f30-b0bd-654be5b83e29,revision_number=1']} {{(pid=102469) push /opt/stack/neutron/neutron/api/rpc/handlers/resources_rpc.py:237}}
Dec 15 13:54:41.408120 dv-cinder-821824-1-smb neutron-server[102469]: INFO neutron.wsgi [None req-15521390-e7a3-44de-9fcb-10d376d84473 admin admin] 10.222.0.71 "GET /v2.0/security-groups?tenant_id=87f2df82ccac4f12b38cc93cd653dfa0&name=default HTTP/1.1" status: 200 len: 2996 time: 0.4480374
Dec 15 13:54:41.415622 dv-cinder-821824-1-smb neutron-server[102469]: DEBUG neutron.wsgi [-] (102469) accepted ('10.222.0.71', 40920) {{(pid=102469) server /usr/local/lib/python3.8/dist-packages/eventlet/wsgi.py:1004}}
Dec 15 13:54:41.495077 dv-cinder-821824-1-smb neutron-server[102469]: DEBUG neutron.pecan_wsgi.hooks.policy_enforcement [req-6c965b5d-974f-4dba-91e2-c9069a01e00a req-87bf3c38-496e-4181-b8e6-e90cb9bc24e0 tempest-ServerRescueNegativeTestJSON-2107795526 tempest-ServerRescueNegativeTestJSON-2107795526-project] Attributes excluded by policy engine: ['standard_attr_id', 'binding:profile', 'binding:host_id', 'binding:vif_type', 'binding:vif_details'] {{(pid=102469) _exclude_attributes_by_policy /opt/stack/neutron/neutron/pecan_wsgi/hooks/policy_enforcement.py:255}}
Dec 15 13:54:41.502088 dv-cinder-821824-1-smb neutron-server[102470]: DEBUG neutron_lib.callbacks.manager [None req-604575c1-5ed7-4de9-ab8c-d15c0027d479 None None] Publish callbacks ['neutron.services.segments.db._update_segment_host_mapping_for_agent-8751962765653', 'neutron.plugins.ml2.plugin.Ml2Plugin._retry_binding_revived_agents-3499771'] for agent, after_update {{(pid=102470) _notify_loop /usr/local/lib/python3.8/dist-packages/neutron_lib/callbacks/manager.py:175}}
Dec 15 13:54:41.510145 dv-cinder-821824-1-smb neutron-server[102469]: INFO neutron.wsgi [req-6c965b5d-974f-4dba-91e2-c9069a01e00a req-87bf3c38-496e-4181-b8e6-e90cb9bc24e0 tempest-ServerRescueNegativeTestJSON-2107795526 tempest-ServerRescueNegativeTestJSON-2107795526-project] 10.222.0.71 "GET /v2.0/ports?device_id=2794c509-b1ab-4b42-926e-5749a9337134 HTTP/1.1" status: 200 len: 946 time: 0.2027884
Dec 15 13:54:41.534185 dv-cinder-821824-1-smb neutron-server[102469]: DEBUG neutron_lib.callbacks.manager [None req-1212cf42-a226-498f-afbf-bd6db5178500 admin admin] Publish callbacks [] for security_group, before_delete {{(pid=102469) _notify_loop /usr/local/lib/python3.8/dist-packages/neutron_lib/callbacks/manager.py:175}}
Dec 15 13:54:41.628974 dv-cinder-821824-1-smb neutron-server[102469]: DEBUG neutron_lib.callbacks.manager [None req-1212cf42-a226-498f-afbf-bd6db5178500 admin admin] Publish callbacks [] for security_group, precommit_delete {{(pid=102469) _notify_loop /usr/local/lib/python3.8/dist-packages/neutron_lib/callbacks/manager.py:175}}
Dec 15 13:54:41.681600 dv-cinder-821824-1-smb neutron-server[102469]: INFO neutron.wsgi [req-6c965b5d-974f-4dba-91e2-c9069a01e00a req-72243798-ef13-4eed-8566-d8614d577b32 tempest-ServerRescueNegativeTestJSON-2107795526 tempest-ServerRescueNegativeTestJSON-2107795526-project] 10.222.0.71 "GET /v2.0/security-groups?id=40764942-426b-4153-894a-c9d3b560f616&fields=id&fields=name HTTP/1.1" status: 200 len: 286 time: 0.1695049
Dec 15 13:54:41.792606 dv-cinder-821824-1-smb neutron-server[102469]: DEBUG neutron_lib.callbacks.manager [None req-1212cf42-a226-498f-afbf-bd6db5178500 admin admin] Publish callbacks ['neutron.plugins.ml2.ovo_rpc._ObjectChangeHandler.handle_event-444771'] for security_group, after_delete {{(pid=102469) _notify_loop /usr/local/lib/python3.8/dist-packages/neutron_lib/callbacks/manager.py:175}}
Dec 15 13:54:41.801020 dv-cinder-821824-1-smb neutron-server[102469]: DEBUG neutron_lib.callbacks.manager [None req-1212cf42-a226-498f-afbf-bd6db5178500 admin admin] Publish callbacks [] for security_group, before_response {{(pid=102469) _notify_loop /usr/local/lib/python3.8/dist-packages/neutron_lib/callbacks/manager.py:175}}
Dec 15 13:54:41.804442 dv-cinder-821824-1-smb neutron-server[102469]: INFO neutron.wsgi [None req-1212cf42-a226-498f-afbf-bd6db5178500 admin admin] 10.222.0.71 "DELETE /v2.0/security-groups/70d663a5-cdcc-4f30-b0bd-654be5b83e29 HTTP/1.1" status: 204 len: 168 time: 0.3863356
Dec 15 13:54:41.851316 dv-cinder-821824-1-smb neutron-server[102468]: DEBUG neutron.wsgi [-] (102468) accepted ('10.222.0.71', 40938) {{(pid=102468) server /usr/local/lib/python3.8/dist-packages/eventlet/wsgi.py:1004}}
Dec 15 13:54:41.863174 dv-cinder-821824-1-smb neutron-server[102469]: DEBUG neutron.api.rpc.handlers.resources_rpc [None req-1212cf42-a226-498f-afbf-bd6db5178500 admin admin] Pushing event deleted for resources: {'SecurityGroup': ['ID=70d663a5-cdcc-4f30-b0bd-654be5b83e29,revision_number=None']} {{(pid=102469) push /opt/stack/neutron/neutron/api/rpc/handlers/resources_rpc.py:237}}
Dec 15 13:54:41.895565 dv-cinder-821824-1-smb neutron-server[102468]: DEBUG neutron_lib.callbacks.manager [None req-58d0d571-46b4-4fbd-8239-cfa2a87cad3c admin admin] Publish callbacks [] for security_group, before_create {{(pid=102468) _notify_loop /usr/local/lib/python3.8/dist-packages/neutron_lib/callbacks/manager.py:175}}
Dec 15 13:54:41.928621 dv-cinder-821824-1-smb neutron-server[102468]: DEBUG neutron_lib.callbacks.manager [None req-50b70593-e932-460e-98f7-91f44e9a8c7f admin admin] Publish callbacks ['neutron.plugins.ml2.ovo_rpc._ObjectChangeHandler.handle_event-444771'] for security_group, after_delete {{(pid=102468) _notify_loop /usr/local/lib/python3.8/dist-packages/neutron_lib/callbacks/manager.py:175}}
Dec 15 13:54:41.931380 dv-cinder-821824-1-smb neutron-server[102468]: DEBUG neutron_lib.callbacks.manager [None req-50b70593-e932-460e-98f7-91f44e9a8c7f admin admin] Publish callbacks [] for security_group, before_response {{(pid=102468) _notify_loop /usr/local/lib/python3.8/dist-packages/neutron_lib/callbacks/manager.py:175}}
Dec 15 13:54:41.937128 dv-cinder-821824-1-smb neutron-server[102468]: INFO neutron.wsgi [None req-50b70593-e932-460e-98f7-91f44e9a8c7f admin admin] 10.222.0.71 "DELETE /v2.0/security-groups/e9568928-8daa-4fc7-9f59-dfa1471cb40c HTTP/1.1" status: 204 len: 168 time: 1.0733500
Dec 15 13:54:42.013886 dv-cinder-821824-1-smb neutron-server[102468]: DEBUG neutron.api.rpc.handlers.resources_rpc [None req-50b70593-e932-460e-98f7-91f44e9a8c7f admin admin] Pushing event deleted for resources: {'SecurityGroup': ['ID=e9568928-8daa-4fc7-9f59-dfa1471cb40c,revision_number=None']} {{(pid=102468) push /opt/stack/neutron/neutron/api/rpc/handlers/resources_rpc.py:237}}
Dec 15 13:54:42.501583 dv-cinder-821824-1-smb neutron-server[102470]: DEBUG neutron_lib.callbacks.manager [None req-11349c21-d498-477d-b5a4-6e8712a6d4c2 None None] Publish callbacks ['neutron.services.segments.db._update_segment_host_mapping_for_agent-8751962765653', 'neutron.plugins.ml2.plugin.Ml2Plugin._retry_binding_revived_agents-3499771'] for agent, after_update {{(pid=102470) _notify_loop /usr/local/lib/python3.8/dist-packages/neutron_lib/callbacks/manager.py:175}}
Dec 15 13:54:42.758600 dv-cinder-821824-1-smb neutron-server[102468]: DEBUG neutron_lib.callbacks.manager [None req-58d0d571-46b4-4fbd-8239-cfa2a87cad3c admin admin] Publish callbacks [] for security_group, precommit_create {{(pid=102468) _notify_loop /usr/local/lib/python3.8/dist-packages/neutron_lib/callbacks/manager.py:175}}
Dec 15 13:54:42.768323 dv-cinder-821824-1-smb neutron-server[102468]: DEBUG neutron_lib.callbacks.manager [None req-58d0d571-46b4-4fbd-8239-cfa2a87cad3c admin admin] Publish callbacks ['neutron.plugins.ml2.ovo_rpc._ObjectChangeHandler.handle_event-444771'] for security_group, after_create {{(pid=102468) _notify_loop /usr/local/lib/python3.8/dist-packages/neutron_lib/callbacks/manager.py:175}}
Dec 15 13:54:42.852856 dv-cinder-821824-1-smb neutron-server[102468]: DEBUG neutron_lib.db.resource_extend [None req-32095258-bbcc-4dd9-993b-a22bd4e60281 tempest-AttachVolumeTestJSON-817626611 tempest-AttachVolumeTestJSON-817626611-project] It took 0.16 seconds to run function 'neutron_lib.db.resource_extend.apply_funcs' {{(pid=102468) wrapper /usr/local/lib/python3.8/dist-packages/oslo_utils/timeutils.py:386}}
Dec 15 13:54:42.997903 dv-cinder-821824-1-smb neutron-server[102468]: INFO neutron.wsgi [None req-58d0d571-46b4-4fbd-8239-cfa2a87cad3c admin admin] 10.222.0.71 "GET /v2.0/security-groups?tenant_id=7fc0715967d44778916c76b016d44298&name=default HTTP/1.1" status: 200 len: 2996 time: 1.1417835
Dec 15 13:54:43.009889 dv-cinder-821824-1-smb neutron-server[102468]: DEBUG neutron.wsgi [-] (102468) accepted ('10.222.0.71', 40966) {{(pid=102468) server /usr/local/lib/python3.8/dist-packages/eventlet/wsgi.py:1004}}
Dec 15 13:54:43.077573 dv-cinder-821824-1-smb neutron-server[102468]: DEBUG neutron.api.rpc.handlers.resources_rpc [None req-58d0d571-46b4-4fbd-8239-cfa2a87cad3c admin admin] Pushing event updated for resources: {'SecurityGroup': ['ID=aa55f7a7-9571-45d3-9916-914fdc0cb17e,revision_number=1']} {{(pid=102468) push /opt/stack/neutron/neutron/api/rpc/handlers/resources_rpc.py:237}}
Dec 15 13:54:43.118622 dv-cinder-821824-1-smb neutron-server[102468]: DEBUG neutron_lib.callbacks.manager [None req-32095258-bbcc-4dd9-993b-a22bd4e60281 tempest-AttachVolumeTestJSON-817626611 tempest-AttachVolumeTestJSON-817626611-project] Publish callbacks [] for floatingip, precommit_update {{(pid=102468) _notify_loop /usr/local/lib/python3.8/dist-packages/neutron_lib/callbacks/manager.py:175}}
Dec 15 13:54:43.118960 dv-cinder-821824-1-smb neutron-server[102469]: DEBUG neutron.pecan_wsgi.hooks.policy_enforcement [req-3a1c1bb5-3da3-4f46-989f-33968e47feb8 req-2f1b3fe3-0b8b-4b84-ad09-9ac62eb50bd6 tempest-ServerRescueNegativeTestJSON-2107795526 tempest-ServerRescueNegativeTestJSON-2107795526-project] Attributes excluded by policy engine: ['standard_attr_id', 'binding:profile', 'binding:host_id', 'binding:vif_type', 'binding:vif_details'] {{(pid=102469) _exclude_attributes_by_policy /opt/stack/neutron/neutron/pecan_wsgi/hooks/policy_enforcement.py:255}}
Dec 15 13:54:43.130041 dv-cinder-821824-1-smb neutron-server[102468]: DEBUG neutron_lib.callbacks.manager [None req-32095258-bbcc-4dd9-993b-a22bd4e60281 tempest-AttachVolumeTestJSON-817626611 tempest-AttachVolumeTestJSON-817626611-project] Publish callbacks ['neutron.services.l3_router.l3_router_plugin.DVRResourceOperationHandler._create_dvr_floating_gw_port-3681055'] for floatingip, after_update {{(pid=102468) _notify_loop /usr/local/lib/python3.8/dist-packages/neutron_lib/callbacks/manager.py:175}}
Dec 15 13:54:43.135165 dv-cinder-821824-1-smb neutron-server[102469]: INFO neutron.wsgi [req-3a1c1bb5-3da3-4f46-989f-33968e47feb8 req-2f1b3fe3-0b8b-4b84-ad09-9ac62eb50bd6 tempest-ServerRescueNegativeTestJSON-2107795526 tempest-ServerRescueNegativeTestJSON-2107795526-project] 10.222.0.71 "GET /v2.0/ports?device_id=2794c509-b1ab-4b42-926e-5749a9337134 HTTP/1.1" status: 200 len: 946 time: 0.2124767
Dec 15 13:54:43.258272 dv-cinder-821824-1-smb neutron-server[102469]: DEBUG neutron.wsgi [-] (102469) accepted ('10.222.0.71', 40974) {{(pid=102469) server /usr/local/lib/python3.8/dist-packages/eventlet/wsgi.py:1004}}
Dec 15 13:54:43.296010 dv-cinder-821824-1-smb neutron-server[102469]: INFO neutron.wsgi [req-3a1c1bb5-3da3-4f46-989f-33968e47feb8 req-3e42e98d-9c66-4c2d-98e2-4231449e0829 tempest-ServerRescueNegativeTestJSON-2107795526 tempest-ServerRescueNegativeTestJSON-2107795526-project] 10.222.0.71 "GET /v2.0/security-groups?id=40764942-426b-4153-894a-c9d3b560f616&fields=id&fields=name HTTP/1.1" status: 200 len: 286 time: 0.1462076
Dec 15 13:54:43.315251 dv-cinder-821824-1-smb neutron-server[102469]: DEBUG neutron_lib.callbacks.manager [None req-5ef4e790-3be8-49b5-9786-6ec420cea503 admin admin] Publish callbacks [] for security_group, before_create {{(pid=102469) _notify_loop /usr/local/lib/python3.8/dist-packages/neutron_lib/callbacks/manager.py:175}}
Dec 15 13:54:43.359314 dv-cinder-821824-1-smb neutron-server[102468]: DEBUG neutron_lib.callbacks.manager [None req-f13ddc87-884e-4263-a664-7f10a356b2bc admin admin] Publish callbacks [] for security_group, before_delete {{(pid=102468) _notify_loop /usr/local/lib/python3.8/dist-packages/neutron_lib/callbacks/manager.py:175}}
Dec 15 13:54:43.449148 dv-cinder-821824-1-smb neutron-server[102468]: DEBUG neutron_lib.callbacks.manager [None req-f13ddc87-884e-4263-a664-7f10a356b2bc admin admin] Publish callbacks [] for security_group, precommit_delete {{(pid=102468) _notify_loop /usr/local/lib/python3.8/dist-packages/neutron_lib/callbacks/manager.py:175}}
Dec 15 13:54:43.571988 dv-cinder-821824-1-smb neutron-server[102469]: DEBUG neutron_lib.callbacks.manager [None req-5ef4e790-3be8-49b5-9786-6ec420cea503 admin admin] Publish callbacks [] for security_group, precommit_create {{(pid=102469) _notify_loop /usr/local/lib/python3.8/dist-packages/neutron_lib/callbacks/manager.py:175}}
Dec 15 13:54:43.581373 dv-cinder-821824-1-smb neutron-server[102469]: DEBUG neutron_lib.callbacks.manager [None req-5ef4e790-3be8-49b5-9786-6ec420cea503 admin admin] Publish callbacks ['neutron.plugins.ml2.ovo_rpc._ObjectChangeHandler.handle_event-444771'] for security_group, after_create {{(pid=102469) _notify_loop /usr/local/lib/python3.8/dist-packages/neutron_lib/callbacks/manager.py:175}}
Dec 15 13:54:43.661241 dv-cinder-821824-1-smb neutron-server[102469]: INFO neutron.wsgi [None req-5ef4e790-3be8-49b5-9786-6ec420cea503 admin admin] 10.222.0.71 "GET /v2.0/security-groups?tenant_id=d9b1c01864134e45a23e9b23d4ec3fbe&name=default HTTP/1.1" status: 200 len: 2996 time: 0.3969381
Dec 15 13:54:43.661964 dv-cinder-821824-1-smb neutron-server[102469]: DEBUG neutron.wsgi [-] (102469) accepted ('10.222.0.71', 40984) {{(pid=102469) server /usr/local/lib/python3.8/dist-packages/eventlet/wsgi.py:1004}}
Dec 15 13:54:43.668921 dv-cinder-821824-1-smb neutron-server[102469]: DEBUG neutron.api.rpc.handlers.resources_rpc [None req-5ef4e790-3be8-49b5-9786-6ec420cea503 admin admin] Pushing event updated for resources: {'SecurityGroup': ['ID=8837a9e2-37b1-4206-ad89-b62f14790e74,revision_number=1']} {{(pid=102469) push /opt/stack/neutron/neutron/api/rpc/handlers/resources_rpc.py:237}}
Dec 15 13:54:43.691336 dv-cinder-821824-1-smb neutron-server[102468]: INFO neutron.db.l3_db [None req-32095258-bbcc-4dd9-993b-a22bd4e60281 tempest-AttachVolumeTestJSON-817626611 tempest-AttachVolumeTestJSON-817626611-project] Floating IP 674d2730-d9a1-402f-82ff-b80c088d5dc2 associated. External IP: 172.28.3.55, port: a5667e03-b7ea-4b3d-96b1-fabce8f07e95.
Dec 15 13:54:43.701832 dv-cinder-821824-1-smb neutron-server[102468]: DEBUG neutron_lib.callbacks.manager [None req-f13ddc87-884e-4263-a664-7f10a356b2bc admin admin] Publish callbacks ['neutron.plugins.ml2.ovo_rpc._ObjectChangeHandler.handle_event-444771'] for security_group, after_delete {{(pid=102468) _notify_loop /usr/local/lib/python3.8/dist-packages/neutron_lib/callbacks/manager.py:175}}
Dec 15 13:54:43.711171 dv-cinder-821824-1-smb neutron-server[102468]: DEBUG neutron_lib.callbacks.manager [None req-f13ddc87-884e-4263-a664-7f10a356b2bc admin admin] Publish callbacks [] for security_group, before_response {{(pid=102468) _notify_loop /usr/local/lib/python3.8/dist-packages/neutron_lib/callbacks/manager.py:175}}
Dec 15 13:54:43.719815 dv-cinder-821824-1-smb neutron-server[102468]: INFO neutron.wsgi [None req-f13ddc87-884e-4263-a664-7f10a356b2bc admin admin] 10.222.0.71 "DELETE /v2.0/security-groups/aa55f7a7-9571-45d3-9916-914fdc0cb17e HTTP/1.1" status: 204 len: 168 time: 0.7036600
Dec 15 13:54:43.783095 dv-cinder-821824-1-smb neutron-server[102469]: DEBUG neutron_lib.callbacks.manager [None req-24cfd784-c0b3-436e-a07b-6ebc3ef5396b admin admin] Publish callbacks [] for security_group, before_delete {{(pid=102469) _notify_loop /usr/local/lib/python3.8/dist-packages/neutron_lib/callbacks/manager.py:175}}
Dec 15 13:54:43.843422 dv-cinder-821824-1-smb neutron-server[102469]: DEBUG neutron_lib.callbacks.manager [None req-24cfd784-c0b3-436e-a07b-6ebc3ef5396b admin admin] Publish callbacks [] for security_group, precommit_delete {{(pid=102469) _notify_loop /usr/local/lib/python3.8/dist-packages/neutron_lib/callbacks/manager.py:175}}
Dec 15 13:54:43.846641 dv-cinder-821824-1-smb neutron-server[102468]: DEBUG neutron.api.rpc.handlers.resources_rpc [None req-f13ddc87-884e-4263-a664-7f10a356b2bc admin admin] Pushing event deleted for resources: {'SecurityGroup': ['ID=aa55f7a7-9571-45d3-9916-914fdc0cb17e,revision_number=None']} {{(pid=102468) push /opt/stack/neutron/neutron/api/rpc/handlers/resources_rpc.py:237}}
Dec 15 13:54:44.002120 dv-cinder-821824-1-smb neutron-server[102469]: DEBUG neutron.pecan_wsgi.hooks.policy_enforcement [req-8c6fe731-1f06-4e90-88fc-d60fd6a66fe4 req-b4a6befa-a550-4cbe-bb5b-5439687f3a5e service neutron] Attributes excluded by policy engine: ['standard_attr_id'] {{(pid=102469) _exclude_attributes_by_policy /opt/stack/neutron/neutron/pecan_wsgi/hooks/policy_enforcement.py:255}}
Dec 15 13:54:44.004615 dv-cinder-821824-1-smb neutron-server[102469]: INFO neutron.wsgi [req-8c6fe731-1f06-4e90-88fc-d60fd6a66fe4 req-b4a6befa-a550-4cbe-bb5b-5439687f3a5e service neutron] 10.222.0.69 "GET /v2.0/ports?tenant_id=afedd32a3f40450db211457a1d334fcc&device_id=2794c509-b1ab-4b42-926e-5749a9337134 HTTP/1.1" status: 200 len: 1099 time: 0.0745738
Dec 15 13:54:44.043747 dv-cinder-821824-1-smb neutron-server[102469]: DEBUG neutron_lib.callbacks.manager [None req-24cfd784-c0b3-436e-a07b-6ebc3ef5396b admin admin] Publish callbacks ['neutron.plugins.ml2.ovo_rpc._ObjectChangeHandler.handle_event-444771'] for security_group, after_delete {{(pid=102469) _notify_loop /usr/local/lib/python3.8/dist-packages/neutron_lib/callbacks/manager.py:175}}
Dec 15 13:54:44.047145 dv-cinder-821824-1-smb neutron-server[102469]: DEBUG neutron_lib.callbacks.manager [None req-24cfd784-c0b3-436e-a07b-6ebc3ef5396b admin admin] Publish callbacks [] for security_group, before_response {{(pid=102469) _notify_loop /usr/local/lib/python3.8/dist-packages/neutron_lib/callbacks/manager.py:175}}
Dec 15 13:54:44.048275 dv-cinder-821824-1-smb neutron-server[102469]: INFO neutron.wsgi [None req-24cfd784-c0b3-436e-a07b-6ebc3ef5396b admin admin] 10.222.0.71 "DELETE /v2.0/security-groups/8837a9e2-37b1-4206-ad89-b62f14790e74 HTTP/1.1" status: 204 len: 168 time: 0.3850772
Dec 15 13:54:44.135859 dv-cinder-821824-1-smb neutron-server[102469]: DEBUG neutron.api.rpc.handlers.resources_rpc [None req-24cfd784-c0b3-436e-a07b-6ebc3ef5396b admin admin] Pushing event deleted for resources: {'SecurityGroup': ['ID=8837a9e2-37b1-4206-ad89-b62f14790e74,revision_number=None']} {{(pid=102469) push /opt/stack/neutron/neutron/api/rpc/handlers/resources_rpc.py:237}}
Dec 15 13:54:44.210338 dv-cinder-821824-1-smb neutron-server[102469]: DEBUG neutron.pecan_wsgi.hooks.policy_enforcement [req-53303455-db2b-45c7-93c4-f1ced7a619b8 req-9a477bfa-8c00-4cff-9430-b39351f79f32 tempest-ServerRescueNegativeTestJSON-2107795526 tempest-ServerRescueNegativeTestJSON-2107795526-project] Attributes excluded by policy engine: ['standard_attr_id', 'binding:profile', 'binding:host_id', 'binding:vif_type', 'binding:vif_details'] {{(pid=102469) _exclude_attributes_by_policy /opt/stack/neutron/neutron/pecan_wsgi/hooks/policy_enforcement.py:255}}
Dec 15 13:54:44.211878 dv-cinder-821824-1-smb neutron-server[102469]: INFO neutron.wsgi [req-53303455-db2b-45c7-93c4-f1ced7a619b8 req-9a477bfa-8c00-4cff-9430-b39351f79f32 tempest-ServerRescueNegativeTestJSON-2107795526 tempest-ServerRescueNegativeTestJSON-2107795526-project] 10.222.0.71 "GET /v2.0/ports?device_id=2794c509-b1ab-4b42-926e-5749a9337134 HTTP/1.1" status: 200 len: 946 time: 0.1900744
Dec 15 13:54:44.321953 dv-cinder-821824-1-smb neutron-server[102468]: DEBUG neutron.scheduler.l3_agent_scheduler [None req-32095258-bbcc-4dd9-993b-a22bd4e60281 tempest-AttachVolumeTestJSON-817626611 tempest-AttachVolumeTestJSON-817626611-project] Router c6e69a41-a53d-459d-baae-e9fed3bf6287 has already been hosted by L3 agent f57be1c9-cf25-417f-b9a0-39ad285a8513 {{(pid=102468) _get_candidates /opt/stack/neutron/neutron/scheduler/l3_agent_scheduler.py:126}}
Dec 15 13:54:44.361627 dv-cinder-821824-1-smb neutron-server[102469]: DEBUG neutron.pecan_wsgi.hooks.policy_enforcement [req-8c6fe731-1f06-4e90-88fc-d60fd6a66fe4 req-a902665b-bc26-409e-84f2-ae733d7e19bc service neutron] Attributes excluded by policy engine: ['standard_attr_id', 'vlan_transparent'] {{(pid=102469) _exclude_attributes_by_policy /opt/stack/neutron/neutron/pecan_wsgi/hooks/policy_enforcement.py:255}}
Dec 15 13:54:44.364110 dv-cinder-821824-1-smb neutron-server[102469]: INFO neutron.wsgi [req-8c6fe731-1f06-4e90-88fc-d60fd6a66fe4 req-a902665b-bc26-409e-84f2-ae733d7e19bc service neutron] 10.222.0.69 "GET /v2.0/networks?id=019b008b-5fb9-4c70-955a-8de7b4094b61 HTTP/1.1" status: 200 len: 919 time: 0.3301857
Dec 15 13:54:44.378802 dv-cinder-821824-1-smb neutron-server[102469]: DEBUG neutron.pecan_wsgi.hooks.policy_enforcement [req-1cd653eb-a7ed-42ef-9113-5d31ab66fae4 req-4abc1dc5-7161-492c-88b2-18794f63620e tempest-AttachVolumeNegativeTest-1453098451 tempest-AttachVolumeNegativeTest-1453098451-project] Attributes excluded by policy engine: ['standard_attr_id', 'vlan_transparent', 'provider:network_type', 'provider:physical_network', 'provider:segmentation_id'] {{(pid=102469) _exclude_attributes_by_policy /opt/stack/neutron/neutron/pecan_wsgi/hooks/policy_enforcement.py:255}}
Dec 15 13:54:44.391022 dv-cinder-821824-1-smb neutron-server[102469]: INFO neutron.wsgi [req-1cd653eb-a7ed-42ef-9113-5d31ab66fae4 req-4abc1dc5-7161-492c-88b2-18794f63620e tempest-AttachVolumeNegativeTest-1453098451 tempest-AttachVolumeNegativeTest-1453098451-project] 10.222.0.71 "GET /v2.0/networks?id=3cbfbe43-bfa9-43b9-a681-270f1363a421 HTTP/1.1" status: 200 len: 815 time: 0.3399968
Dec 15 13:54:44.431777 dv-cinder-821824-1-smb neutron-server[102469]: INFO neutron.wsgi [req-1cd653eb-a7ed-42ef-9113-5d31ab66fae4 req-bd2e3126-26f4-4c85-80bd-9430eb1bb7a4 tempest-AttachVolumeNegativeTest-1453098451 tempest-AttachVolumeNegativeTest-1453098451-project] 10.222.0.71 "GET /v2.0/quotas/08c789aa97a640a6b094822170a8a18c HTTP/1.1" status: 200 len: 375 time: 0.0393107
Dec 15 13:54:44.606976 dv-cinder-821824-1-smb neutron-server[102468]: DEBUG neutron.api.rpc.agentnotifiers.l3_rpc_agent_api [None req-32095258-bbcc-4dd9-993b-a22bd4e60281 tempest-AttachVolumeTestJSON-817626611 tempest-AttachVolumeTestJSON-817626611-project] Notify agent at l3_agent.dv-cinder-821824-1-smb the message routers_updated {{(pid=102468) _agent_notification /opt/stack/neutron/neutron/api/rpc/agentnotifiers/l3_rpc_agent_api.py:65}}
Dec 15 13:54:44.614455 dv-cinder-821824-1-smb neutron-server[102468]: DEBUG neutron_lib.callbacks.manager [None req-32095258-bbcc-4dd9-993b-a22bd4e60281 tempest-AttachVolumeTestJSON-817626611 tempest-AttachVolumeTestJSON-817626611-project] Publish callbacks ['neutron.notifiers.nova.Notifier._send_nova_notification-2162'] for floatingip, before_response {{(pid=102468) _notify_loop /usr/local/lib/python3.8/dist-packages/neutron_lib/callbacks/manager.py:175}}
Dec 15 13:54:44.637817 dv-cinder-821824-1-smb neutron-server[102471]: DEBUG neutron.api.rpc.handlers.l3_rpc [None req-275b946b-e9c3-4a80-9e85-08ab0828e2d6 None None] Sync routers for ids ['c6e69a41-a53d-459d-baae-e9fed3bf6287'] in dv-cinder-821824-1-smb {{(pid=102471) sync_routers /opt/stack/neutron/neutron/api/rpc/handlers/l3_rpc.py:125}}
Dec 15 13:54:44.643339 dv-cinder-821824-1-smb neutron-server[102469]: INFO neutron.wsgi [req-8c6fe731-1f06-4e90-88fc-d60fd6a66fe4 req-c5076f19-51d8-4a47-85cf-5da30a6300bd service neutron] 10.222.0.69 "GET /v2.0/floatingips?fixed_ip_address=172.20.0.11&port_id=9fc2d275-03c6-4395-9f36-3e4b92b1dd78 HTTP/1.1" status: 200 len: 217 time: 0.2483425
Dec 15 13:54:44.650927 dv-cinder-821824-1-smb neutron-server[102471]: DEBUG neutron.db.l3_dvrscheduler_db [None req-275b946b-e9c3-4a80-9e85-08ab0828e2d6 None None] Routers {'c6e69a41-a53d-459d-baae-e9fed3bf6287'} bound to L3 agent in host dv-cinder-821824-1-smb {{(pid=102471) _get_router_ids_for_agent /opt/stack/neutron/neutron/db/l3_dvrscheduler_db.py:420}}
Dec 15 13:54:44.653409 dv-cinder-821824-1-smb neutron-server[102471]: DEBUG neutron.db.l3_hamode_db [None req-275b946b-e9c3-4a80-9e85-08ab0828e2d6 None None] neutron.services.l3_router.l3_router_plugin.L3RouterPlugin method get_ha_sync_data_for_host called with arguments (, 'dv-cinder-821824-1-smb', Agent(admin_state_up=True,agent_type='L3 agent',availability_zone='nova',binary='neutron-l3-agent',configurations={"agent_mode": "legacy", "ex_gw_ports": 3, "extensions": [], "floating_ips": 0, "handle_internal_only_routers": true, "interface_driver": "openvswitch", "interfaces": 3, "log_agent_heartbeats": false, "routers": 3},created_at=2021-12-15T13:45:39Z,description=,heartbeat_timestamp=2021-12-15T13:54:39Z,host='dv-cinder-821824-1-smb',id=f57be1c9-cf25-417f-b9a0-39ad285a8513,load=0,resource_versions=,resources_synced=,started_at=2021-12-15T13:45:39Z,topic='l3_agent')) {'router_ids': ['c6e69a41-a53d-459d-baae-e9fed3bf6287'], 'active': True} {{(pid=102471) wrapper /usr/local/lib/python3.8/dist-packages/oslo_log/helpers.py:65}}
Dec 15 13:54:44.659505 dv-cinder-821824-1-smb neutron-server[102469]: INFO neutron.wsgi [req-53303455-db2b-45c7-93c4-f1ced7a619b8 req-a9e0e3c9-f2a2-4a49-bedb-d80eafca627b tempest-ServerRescueNegativeTestJSON-2107795526 tempest-ServerRescueNegativeTestJSON-2107795526-project] 10.222.0.71 "GET /v2.0/security-groups?id=40764942-426b-4153-894a-c9d3b560f616&fields=id&fields=name HTTP/1.1" status: 200 len: 286 time: 0.4362664
Dec 15 13:54:44.685271 dv-cinder-821824-1-smb neutron-server[102468]: INFO neutron.wsgi [None req-32095258-bbcc-4dd9-993b-a22bd4e60281 tempest-AttachVolumeTestJSON-817626611 tempest-AttachVolumeTestJSON-817626611-project] 10.222.0.71 "PUT /v2.0/floatingips/674d2730-d9a1-402f-82ff-b80c088d5dc2 HTTP/1.1" status: 200 len: 990 time: 3.7212384
Dec 15 13:54:44.686000 dv-cinder-821824-1-smb neutron-server[102468]: DEBUG neutron.notifiers.nova [-] Sending events: [{'name': 'network-changed', 'server_uuid': '34600a3d-2838-497f-8b7b-dba0bf8b1ca8', 'tag': 'a5667e03-b7ea-4b3d-96b1-fabce8f07e95'}] {{(pid=102468) send_events /opt/stack/neutron/neutron/notifiers/nova.py:262}}
Dec 15 13:54:44.689886 dv-cinder-821824-1-smb neutron-server[102468]: DEBUG novaclient.v2.client [-] REQ: curl -g -i --cacert "/opt/stack/data/ca-bundle.pem" -X POST http://10.222.0.71/compute/v2.1/os-server-external-events -H "Accept: application/json" -H "Content-Type: application/json" -H "User-Agent: python-novaclient" -H "X-Auth-Token: {SHA256}92298c1e7096f4bf36c1337dd2faf2a69bec2d59422c3065ddd0d391f51b14ea" -H "X-OpenStack-Nova-API-Version: 2.1" -H "X-OpenStack-Request-ID: req-c4d8ffa0-2168-46a3-8c47-7bef6c96f5a5" -d '{"events": [{"name": "network-changed", "server_uuid": "34600a3d-2838-497f-8b7b-dba0bf8b1ca8", "tag": "a5667e03-b7ea-4b3d-96b1-fabce8f07e95"}]}' {{(pid=102468) _http_log_request /usr/local/lib/python3.8/dist-packages/keystoneauth1/session.py:519}}
Dec 15 13:54:44.692114 dv-cinder-821824-1-smb neutron-server[102469]: INFO neutron.wsgi [req-1cd653eb-a7ed-42ef-9113-5d31ab66fae4 req-6c54e953-4708-48aa-be46-5af4c0341f6c tempest-AttachVolumeNegativeTest-1453098451 tempest-AttachVolumeNegativeTest-1453098451-project] 10.222.0.71 "GET /v2.0/ports?tenant_id=08c789aa97a640a6b094822170a8a18c&fields=id HTTP/1.1" status: 200 len: 255 time: 0.2589231
Dec 15 13:54:44.797567 dv-cinder-821824-1-smb neutron-server[102471]: DEBUG neutron.db.l3_dvr_db [None req-275b946b-e9c3-4a80-9e85-08ab0828e2d6 None None] Set router c6e69a41-a53d-459d-baae-e9fed3bf6287 gateway port host: dv-cinder-821824-1-smb {{(pid=102471) _build_routers_list /opt/stack/neutron/neutron/db/l3_dvr_db.py:906}}
