Dec 14 18:44:29.377353 dv-cinder-821746-1-iscsi devstack@n-api.service[122317]: INFO nova.api.openstack.requestlog [None req-9ac853cc-594c-49bf-9193-55eedb9e2caa tempest-AttachVolumeNegativeTest-1492495356 tempest-AttachVolumeNegativeTest-1492495356-project] 10.222.0.71 "DELETE /compute/v2.1/servers/a3696292-943a-45ac-ad18-6c6696d84c24/os-volume_attachments/b0c31156-20ee-4de2-bdb4-f5063631f646" status: 202 len: 0 microversion: 2.1 time: 0.390735
Dec 14 18:44:29.378580 dv-cinder-821746-1-iscsi devstack@n-api.service[122317]: [pid: 122317|app: 0|req: 88/186] 10.222.0.71 () {58 vars in 1415 bytes} [Tue Dec 14 18:44:28 2021] DELETE /compute/v2.1/servers/a3696292-943a-45ac-ad18-6c6696d84c24/os-volume_attachments/b0c31156-20ee-4de2-bdb4-f5063631f646 => generated 0 bytes in 393 msecs (HTTP/1.1 202) 9 headers in 361 bytes (1 switches on core 0)
Dec 14 18:44:29.406101 dv-cinder-821746-1-iscsi devstack@n-api.service[122317]: DEBUG nova.api.openstack.wsgi [None req-41aede44-1454-4d83-9125-7f77ccc5a893 tempest-AttachVolumeNegativeTest-1492495356 tempest-AttachVolumeNegativeTest-1492495356-project] Calling method '>' {{(pid=122317) _process_stack /opt/stack/nova/nova/api/openstack/wsgi.py:513}}
Dec 14 18:44:29.410092 dv-cinder-821746-1-iscsi devstack@n-api.service[122316]: INFO nova.api.openstack.requestlog [None req-3bd3bfdb-bc54-4657-9405-6b20432250f2 tempest-AttachVolumeTestJSON-1237462229 tempest-AttachVolumeTestJSON-1237462229-project] 10.222.0.71 "POST /compute/v2.1/servers/e6e6799c-ffcc-46b9-bd4c-b5df6c1567d9/action" status: 200 len: 9709 microversion: 2.1 time: 0.158223
Dec 14 18:44:29.411494 dv-cinder-821746-1-iscsi devstack@n-api.service[122316]: [pid: 122316|app: 0|req: 99/187] 10.222.0.71 () {60 vars in 1277 bytes} [Tue Dec 14 18:44:29 2021] POST /compute/v2.1/servers/e6e6799c-ffcc-46b9-bd4c-b5df6c1567d9/action => generated 9709 bytes in 161 msecs (HTTP/1.1 200) 9 headers in 358 bytes (2 switches on core 0)
Dec 14 18:44:29.413309 dv-cinder-821746-1-iscsi devstack@n-api.service[122317]: DEBUG nova.compute.api [None req-41aede44-1454-4d83-9125-7f77ccc5a893 tempest-AttachVolumeNegativeTest-1492495356 tempest-AttachVolumeNegativeTest-1492495356-project] [instance: a3696292-943a-45ac-ad18-6c6696d84c24] Fetching instance by UUID {{(pid=122317) get /opt/stack/nova/nova/compute/api.py:2863}}
Dec 14 18:44:29.427211 dv-cinder-821746-1-iscsi devstack@n-api.service[122317]: DEBUG oslo_concurrency.lockutils [None req-41aede44-1454-4d83-9125-7f77ccc5a893 tempest-AttachVolumeNegativeTest-1492495356 tempest-AttachVolumeNegativeTest-1492495356-project] Lock "8379b19d-a399-41f8-9f23-f5f47d29f354" acquired by "nova.context.set_target_cell..get_or_set_cached_cell_and_set_connections" :: waited 0.000s {{(pid=122317) inner /usr/local/lib/python3.8/dist-packages/oslo_concurrency/lockutils.py:355}}
Dec 14 18:44:29.428587 dv-cinder-821746-1-iscsi devstack@n-api.service[122317]: DEBUG oslo_concurrency.lockutils [None req-41aede44-1454-4d83-9125-7f77ccc5a893 tempest-AttachVolumeNegativeTest-1492495356 tempest-AttachVolumeNegativeTest-1492495356-project] Lock "8379b19d-a399-41f8-9f23-f5f47d29f354" released by "nova.context.set_target_cell..get_or_set_cached_cell_and_set_connections" :: held 0.002s {{(pid=122317) inner /usr/local/lib/python3.8/dist-packages/oslo_concurrency/lockutils.py:367}}
Dec 14 18:44:29.431020 dv-cinder-821746-1-iscsi devstack@n-api.service[122317]: DEBUG oslo_concurrency.lockutils [None req-41aede44-1454-4d83-9125-7f77ccc5a893 tempest-AttachVolumeNegativeTest-1492495356 tempest-AttachVolumeNegativeTest-1492495356-project] Lock "8379b19d-a399-41f8-9f23-f5f47d29f354" acquired by "nova.context.set_target_cell..get_or_set_cached_cell_and_set_connections" :: waited 0.000s {{(pid=122317) inner /usr/local/lib/python3.8/dist-packages/oslo_concurrency/lockutils.py:355}}
Dec 14 18:44:29.433185 dv-cinder-821746-1-iscsi devstack@n-api.service[122317]: DEBUG oslo_concurrency.lockutils [None req-41aede44-1454-4d83-9125-7f77ccc5a893 tempest-AttachVolumeNegativeTest-1492495356 tempest-AttachVolumeNegativeTest-1492495356-project] Lock "8379b19d-a399-41f8-9f23-f5f47d29f354" released by "nova.context.set_target_cell..get_or_set_cached_cell_and_set_connections" :: held 0.002s {{(pid=122317) inner /usr/local/lib/python3.8/dist-packages/oslo_concurrency/lockutils.py:367}}
Dec 14 18:44:29.475963 dv-cinder-821746-1-iscsi devstack@n-api.service[122317]: INFO nova.api.openstack.requestlog [None req-41aede44-1454-4d83-9125-7f77ccc5a893 tempest-AttachVolumeNegativeTest-1492495356 tempest-AttachVolumeNegativeTest-1492495356-project] 10.222.0.71 "GET /compute/v2.1/servers/a3696292-943a-45ac-ad18-6c6696d84c24/os-volume_attachments" status: 200 len: 197 microversion: 2.1 time: 0.091530
Dec 14 18:44:29.477049 dv-cinder-821746-1-iscsi devstack@n-api.service[122317]: [pid: 122317|app: 0|req: 89/188] 10.222.0.71 () {58 vars in 1301 bytes} [Tue Dec 14 18:44:29 2021] GET /compute/v2.1/servers/a3696292-943a-45ac-ad18-6c6696d84c24/os-volume_attachments => generated 197 bytes in 93 msecs (HTTP/1.1 200) 9 headers in 357 bytes (1 switches on core 0)
Dec 14 18:44:29.615070 dv-cinder-821746-1-iscsi devstack@n-api.service[122316]: DEBUG nova.api.openstack.wsgi [None req-69173f07-7e88-4043-889b-f36ab59de64e tempest-ServerRescueNegativeTestJSON-1440378955 tempest-ServerRescueNegativeTestJSON-1440378955-project] Calling method '>' {{(pid=122316) _process_stack /opt/stack/nova/nova/api/openstack/wsgi.py:513}}
Dec 14 18:44:29.616006 dv-cinder-821746-1-iscsi devstack@n-api.service[122316]: DEBUG nova.compute.api [None req-69173f07-7e88-4043-889b-f36ab59de64e tempest-ServerRescueNegativeTestJSON-1440378955 tempest-ServerRescueNegativeTestJSON-1440378955-project] [instance: c97419b4-063a-4025-8031-67239edf171d] Fetching instance by UUID {{(pid=122316) get /opt/stack/nova/nova/compute/api.py:2863}}
Dec 14 18:44:29.630971 dv-cinder-821746-1-iscsi devstack@n-api.service[122316]: DEBUG oslo_concurrency.lockutils [None req-69173f07-7e88-4043-889b-f36ab59de64e tempest-ServerRescueNegativeTestJSON-1440378955 tempest-ServerRescueNegativeTestJSON-1440378955-project] Lock "8379b19d-a399-41f8-9f23-f5f47d29f354" acquired by "nova.context.set_target_cell..get_or_set_cached_cell_and_set_connections" :: waited 0.000s {{(pid=122316) inner /usr/local/lib/python3.8/dist-packages/oslo_concurrency/lockutils.py:355}}
Dec 14 18:44:29.631637 dv-cinder-821746-1-iscsi devstack@n-api.service[122316]: DEBUG oslo_concurrency.lockutils [None req-69173f07-7e88-4043-889b-f36ab59de64e tempest-ServerRescueNegativeTestJSON-1440378955 tempest-ServerRescueNegativeTestJSON-1440378955-project] Lock "8379b19d-a399-41f8-9f23-f5f47d29f354" released by "nova.context.set_target_cell..get_or_set_cached_cell_and_set_connections" :: held 0.003s {{(pid=122316) inner /usr/local/lib/python3.8/dist-packages/oslo_concurrency/lockutils.py:367}}
Dec 14 18:44:29.633835 dv-cinder-821746-1-iscsi devstack@n-api.service[122316]: DEBUG oslo_concurrency.lockutils [None req-69173f07-7e88-4043-889b-f36ab59de64e tempest-ServerRescueNegativeTestJSON-1440378955 tempest-ServerRescueNegativeTestJSON-1440378955-project] Lock "8379b19d-a399-41f8-9f23-f5f47d29f354" acquired by "nova.context.set_target_cell..get_or_set_cached_cell_and_set_connections" :: waited 0.000s {{(pid=122316) inner /usr/local/lib/python3.8/dist-packages/oslo_concurrency/lockutils.py:355}}
Dec 14 18:44:29.634454 dv-cinder-821746-1-iscsi devstack@n-api.service[122316]: DEBUG oslo_concurrency.lockutils [None req-69173f07-7e88-4043-889b-f36ab59de64e tempest-ServerRescueNegativeTestJSON-1440378955 tempest-ServerRescueNegativeTestJSON-1440378955-project] Lock "8379b19d-a399-41f8-9f23-f5f47d29f354" released by "nova.context.set_target_cell..get_or_set_cached_cell_and_set_connections" :: held 0.001s {{(pid=122316) inner /usr/local/lib/python3.8/dist-packages/oslo_concurrency/lockutils.py:367}}
Dec 14 18:44:29.810985 dv-cinder-821746-1-iscsi devstack@n-api.service[122316]: DEBUG nova.policy [None req-69173f07-7e88-4043-889b-f36ab59de64e tempest-ServerRescueNegativeTestJSON-1440378955 tempest-ServerRescueNegativeTestJSON-1440378955-project] Policy check for os_compute_api:os-extended-server-attributes failed with credentials {'is_admin': False, 'user_id': 'ea42d7314c484787bec3d560dbf5432e', 'user_domain_id': 'default', 'system_scope': None, 'domain_id': None, 'project_id': '6d30e631db984d3fa5328c6309d21ab1', 'project_domain_id': 'default', 'roles': ['member', 'reader'], 'is_admin_project': True, 'service_user_id': None, 'service_user_domain_id': None, 'service_project_id': None, 'service_project_domain_id': None, 'service_roles': []} {{(pid=122316) authorize /opt/stack/nova/nova/policy.py:199}}
Dec 14 18:44:29.821767 dv-cinder-821746-1-iscsi devstack@n-api.service[122316]: INFO nova.api.openstack.requestlog [None req-69173f07-7e88-4043-889b-f36ab59de64e tempest-ServerRescueNegativeTestJSON-1440378955 tempest-ServerRescueNegativeTestJSON-1440378955-project] 10.222.0.71 "GET /compute/v2.1/servers/c97419b4-063a-4025-8031-67239edf171d" status: 200 len: 1520 microversion: 2.1 time: 0.209149
Dec 14 18:44:29.824557 dv-cinder-821746-1-iscsi devstack@n-api.service[122316]: [pid: 122316|app: 0|req: 100/189] 10.222.0.71 () {58 vars in 1235 bytes} [Tue Dec 14 18:44:29 2021] GET /compute/v2.1/servers/c97419b4-063a-4025-8031-67239edf171d => generated 1520 bytes in 214 msecs (HTTP/1.1 200) 9 headers in 358 bytes (1 switches on core 0)
Dec 14 18:44:30.426839 dv-cinder-821746-1-iscsi devstack@n-api.service[122317]: DEBUG nova.api.openstack.wsgi [None req-4c7e9eaa-2ee1-4aef-a65d-26d7491aff7b tempest-AttachVolumeTestJSON-1237462229 tempest-AttachVolumeTestJSON-1237462229-project] Action: 'action', calling method: >, body: {"os-getConsoleOutput": {}} {{(pid=122317) _process_stack /opt/stack/nova/nova/api/openstack/wsgi.py:511}}
Dec 14 18:44:30.427933 dv-cinder-821746-1-iscsi devstack@n-api.service[122317]: DEBUG nova.compute.api [None req-4c7e9eaa-2ee1-4aef-a65d-26d7491aff7b tempest-AttachVolumeTestJSON-1237462229 tempest-AttachVolumeTestJSON-1237462229-project] [instance: e6e6799c-ffcc-46b9-bd4c-b5df6c1567d9] Fetching instance by UUID {{(pid=122317) get /opt/stack/nova/nova/compute/api.py:2863}}
Dec 14 18:44:30.436637 dv-cinder-821746-1-iscsi devstack@n-api.service[122317]: DEBUG oslo_concurrency.lockutils [None req-4c7e9eaa-2ee1-4aef-a65d-26d7491aff7b tempest-AttachVolumeTestJSON-1237462229 tempest-AttachVolumeTestJSON-1237462229-project] Lock "8379b19d-a399-41f8-9f23-f5f47d29f354" acquired by "nova.context.set_target_cell..get_or_set_cached_cell_and_set_connections" :: waited 0.000s {{(pid=122317) inner /usr/local/lib/python3.8/dist-packages/oslo_concurrency/lockutils.py:355}}
Dec 14 18:44:30.437085 dv-cinder-821746-1-iscsi devstack@n-api.service[122317]: DEBUG oslo_concurrency.lockutils [None req-4c7e9eaa-2ee1-4aef-a65d-26d7491aff7b tempest-AttachVolumeTestJSON-1237462229 tempest-AttachVolumeTestJSON-1237462229-project] Lock "8379b19d-a399-41f8-9f23-f5f47d29f354" released by "nova.context.set_target_cell..get_or_set_cached_cell_and_set_connections" :: held 0.001s {{(pid=122317) inner /usr/local/lib/python3.8/dist-packages/oslo_concurrency/lockutils.py:367}}
Dec 14 18:44:30.438032 dv-cinder-821746-1-iscsi devstack@n-api.service[122317]: DEBUG oslo_concurrency.lockutils [None req-4c7e9eaa-2ee1-4aef-a65d-26d7491aff7b tempest-AttachVolumeTestJSON-1237462229 tempest-AttachVolumeTestJSON-1237462229-project] Lock "8379b19d-a399-41f8-9f23-f5f47d29f354" acquired by "nova.context.set_target_cell..get_or_set_cached_cell_and_set_connections" :: waited 0.000s {{(pid=122317) inner /usr/local/lib/python3.8/dist-packages/oslo_concurrency/lockutils.py:355}}
Dec 14 18:44:30.438460 dv-cinder-821746-1-iscsi devstack@n-api.service[122317]: DEBUG oslo_concurrency.lockutils [None req-4c7e9eaa-2ee1-4aef-a65d-26d7491aff7b tempest-AttachVolumeTestJSON-1237462229 tempest-AttachVolumeTestJSON-1237462229-project] Lock "8379b19d-a399-41f8-9f23-f5f47d29f354" released by "nova.context.set_target_cell..get_or_set_cached_cell_and_set_connections" :: held 0.000s {{(pid=122317) inner /usr/local/lib/python3.8/dist-packages/oslo_concurrency/lockutils.py:367}}
Dec 14 18:44:30.487732 dv-cinder-821746-1-iscsi devstack@n-api.service[122316]: DEBUG nova.api.openstack.wsgi [None req-4f748270-e7a8-4784-994f-a201974f8255 tempest-AttachVolumeNegativeTest-1492495356 tempest-AttachVolumeNegativeTest-1492495356-project] Calling method '>' {{(pid=122316) _process_stack /opt/stack/nova/nova/api/openstack/wsgi.py:513}}
Dec 14 18:44:30.488939 dv-cinder-821746-1-iscsi devstack@n-api.service[122316]: DEBUG nova.compute.api [None req-4f748270-e7a8-4784-994f-a201974f8255 tempest-AttachVolumeNegativeTest-1492495356 tempest-AttachVolumeNegativeTest-1492495356-project] [instance: a3696292-943a-45ac-ad18-6c6696d84c24] Fetching instance by UUID {{(pid=122316) get /opt/stack/nova/nova/compute/api.py:2863}}
Dec 14 18:44:30.496338 dv-cinder-821746-1-iscsi devstack@n-api.service[122316]: DEBUG oslo_concurrency.lockutils [None req-4f748270-e7a8-4784-994f-a201974f8255 tempest-AttachVolumeNegativeTest-1492495356 tempest-AttachVolumeNegativeTest-1492495356-project] Lock "8379b19d-a399-41f8-9f23-f5f47d29f354" acquired by "nova.context.set_target_cell..get_or_set_cached_cell_and_set_connections" :: waited 0.000s {{(pid=122316) inner /usr/local/lib/python3.8/dist-packages/oslo_concurrency/lockutils.py:355}}
Dec 14 18:44:30.496932 dv-cinder-821746-1-iscsi devstack@n-api.service[122316]: DEBUG oslo_concurrency.lockutils [None req-4f748270-e7a8-4784-994f-a201974f8255 tempest-AttachVolumeNegativeTest-1492495356 tempest-AttachVolumeNegativeTest-1492495356-project] Lock "8379b19d-a399-41f8-9f23-f5f47d29f354" released by "nova.context.set_target_cell..get_or_set_cached_cell_and_set_connections" :: held 0.001s {{(pid=122316) inner /usr/local/lib/python3.8/dist-packages/oslo_concurrency/lockutils.py:367}}
Dec 14 18:44:30.497728 dv-cinder-821746-1-iscsi devstack@n-api.service[122316]: DEBUG oslo_concurrency.lockutils [None req-4f748270-e7a8-4784-994f-a201974f8255 tempest-AttachVolumeNegativeTest-1492495356 tempest-AttachVolumeNegativeTest-1492495356-project] Lock "8379b19d-a399-41f8-9f23-f5f47d29f354" acquired by "nova.context.set_target_cell..get_or_set_cached_cell_and_set_connections" :: waited 0.000s {{(pid=122316) inner /usr/local/lib/python3.8/dist-packages/oslo_concurrency/lockutils.py:355}}
Dec 14 18:44:30.498223 dv-cinder-821746-1-iscsi devstack@n-api.service[122316]: DEBUG oslo_concurrency.lockutils [None req-4f748270-e7a8-4784-994f-a201974f8255 tempest-AttachVolumeNegativeTest-1492495356 tempest-AttachVolumeNegativeTest-1492495356-project] Lock "8379b19d-a399-41f8-9f23-f5f47d29f354" released by "nova.context.set_target_cell..get_or_set_cached_cell_and_set_connections" :: held 0.000s {{(pid=122316) inner /usr/local/lib/python3.8/dist-packages/oslo_concurrency/lockutils.py:367}}
Dec 14 18:44:30.534337 dv-cinder-821746-1-iscsi devstack@n-api.service[122316]: INFO nova.api.openstack.requestlog [None req-4f748270-e7a8-4784-994f-a201974f8255 tempest-AttachVolumeNegativeTest-1492495356 tempest-AttachVolumeNegativeTest-1492495356-project] 10.222.0.71 "GET /compute/v2.1/servers/a3696292-943a-45ac-ad18-6c6696d84c24/os-volume_attachments" status: 200 len: 197 microversion: 2.1 time: 0.050241
Dec 14 18:44:30.535077 dv-cinder-821746-1-iscsi devstack@n-api.service[122316]: [pid: 122316|app: 0|req: 101/190] 10.222.0.71 () {58 vars in 1301 bytes} [Tue Dec 14 18:44:30 2021] GET /compute/v2.1/servers/a3696292-943a-45ac-ad18-6c6696d84c24/os-volume_attachments => generated 197 bytes in 52 msecs (HTTP/1.1 200) 9 headers in 357 bytes (1 switches on core 0)
Dec 14 18:44:30.538696 dv-cinder-821746-1-iscsi devstack@n-api.service[122317]: INFO nova.api.openstack.requestlog [None req-4c7e9eaa-2ee1-4aef-a65d-26d7491aff7b tempest-AttachVolumeTestJSON-1237462229 tempest-AttachVolumeTestJSON-1237462229-project] 10.222.0.71 "POST /compute/v2.1/servers/e6e6799c-ffcc-46b9-bd4c-b5df6c1567d9/action" status: 200 len: 13108 microversion: 2.1 time: 0.118084
Dec 14 18:44:30.542256 dv-cinder-821746-1-iscsi devstack@n-api.service[122317]: [pid: 122317|app: 0|req: 90/191] 10.222.0.71 () {60 vars in 1277 bytes} [Tue Dec 14 18:44:30 2021] POST /compute/v2.1/servers/e6e6799c-ffcc-46b9-bd4c-b5df6c1567d9/action => generated 13108 bytes in 122 msecs (HTTP/1.1 200) 9 headers in 359 bytes (1 switches on core 0)
Dec 14 18:44:30.841702 dv-cinder-821746-1-iscsi devstack@n-api.service[122316]: DEBUG nova.api.openstack.wsgi [None req-cd11aea1-da56-492b-9456-fdb157eb0f1a tempest-ServerRescueNegativeTestJSON-1440378955 tempest-ServerRescueNegativeTestJSON-1440378955-project] Calling method '>' {{(pid=122316) _process_stack /opt/stack/nova/nova/api/openstack/wsgi.py:513}}
Dec 14 18:44:30.842847 dv-cinder-821746-1-iscsi devstack@n-api.service[122316]: DEBUG nova.compute.api [None req-cd11aea1-da56-492b-9456-fdb157eb0f1a tempest-ServerRescueNegativeTestJSON-1440378955 tempest-ServerRescueNegativeTestJSON-1440378955-project] [instance: c97419b4-063a-4025-8031-67239edf171d] Fetching instance by UUID {{(pid=122316) get /opt/stack/nova/nova/compute/api.py:2863}}
Dec 14 18:44:30.849320 dv-cinder-821746-1-iscsi devstack@n-api.service[122316]: DEBUG oslo_concurrency.lockutils [None req-cd11aea1-da56-492b-9456-fdb157eb0f1a tempest-ServerRescueNegativeTestJSON-1440378955 tempest-ServerRescueNegativeTestJSON-1440378955-project] Lock "8379b19d-a399-41f8-9f23-f5f47d29f354" acquired by "nova.context.set_target_cell..get_or_set_cached_cell_and_set_connections" :: waited 0.000s {{(pid=122316) inner /usr/local/lib/python3.8/dist-packages/oslo_concurrency/lockutils.py:355}}
Dec 14 18:44:30.850942 dv-cinder-821746-1-iscsi devstack@n-api.service[122316]: DEBUG oslo_concurrency.lockutils [None req-cd11aea1-da56-492b-9456-fdb157eb0f1a tempest-ServerRescueNegativeTestJSON-1440378955 tempest-ServerRescueNegativeTestJSON-1440378955-project] Lock "8379b19d-a399-41f8-9f23-f5f47d29f354" released by "nova.context.set_target_cell..get_or_set_cached_cell_and_set_connections" :: held 0.001s {{(pid=122316) inner /usr/local/lib/python3.8/dist-packages/oslo_concurrency/lockutils.py:367}}
Dec 14 18:44:30.852063 dv-cinder-821746-1-iscsi devstack@n-api.service[122316]: DEBUG oslo_concurrency.lockutils [None req-cd11aea1-da56-492b-9456-fdb157eb0f1a tempest-ServerRescueNegativeTestJSON-1440378955 tempest-ServerRescueNegativeTestJSON-1440378955-project] Lock "8379b19d-a399-41f8-9f23-f5f47d29f354" acquired by "nova.context.set_target_cell..get_or_set_cached_cell_and_set_connections" :: waited 0.000s {{(pid=122316) inner /usr/local/lib/python3.8/dist-packages/oslo_concurrency/lockutils.py:355}}
Dec 14 18:44:30.852636 dv-cinder-821746-1-iscsi devstack@n-api.service[122316]: DEBUG oslo_concurrency.lockutils [None req-cd11aea1-da56-492b-9456-fdb157eb0f1a tempest-ServerRescueNegativeTestJSON-1440378955 tempest-ServerRescueNegativeTestJSON-1440378955-project] Lock "8379b19d-a399-41f8-9f23-f5f47d29f354" released by "nova.context.set_target_cell..get_or_set_cached_cell_and_set_connections" :: held 0.000s {{(pid=122316) inner /usr/local/lib/python3.8/dist-packages/oslo_concurrency/lockutils.py:367}}
Dec 14 18:44:31.004334 dv-cinder-821746-1-iscsi devstack@n-api.service[122316]: DEBUG nova.policy [None req-cd11aea1-da56-492b-9456-fdb157eb0f1a tempest-ServerRescueNegativeTestJSON-1440378955 tempest-ServerRescueNegativeTestJSON-1440378955-project] Policy check for os_compute_api:os-extended-server-attributes failed with credentials {'is_admin': False, 'user_id': 'ea42d7314c484787bec3d560dbf5432e', 'user_domain_id': 'default', 'system_scope': None, 'domain_id': None, 'project_id': '6d30e631db984d3fa5328c6309d21ab1', 'project_domain_id': 'default', 'roles': ['member', 'reader'], 'is_admin_project': True, 'service_user_id': None, 'service_user_domain_id': None, 'service_project_id': None, 'service_project_domain_id': None, 'service_roles': []} {{(pid=122316) authorize /opt/stack/nova/nova/policy.py:199}}
Dec 14 18:44:31.020915 dv-cinder-821746-1-iscsi devstack@n-api.service[122316]: INFO nova.api.openstack.requestlog [None req-cd11aea1-da56-492b-9456-fdb157eb0f1a tempest-ServerRescueNegativeTestJSON-1440378955 tempest-ServerRescueNegativeTestJSON-1440378955-project] 10.222.0.71 "GET /compute/v2.1/servers/c97419b4-063a-4025-8031-67239edf171d" status: 200 len: 1520 microversion: 2.1 time: 0.183152
Dec 14 18:44:31.021771 dv-cinder-821746-1-iscsi devstack@n-api.service[122316]: [pid: 122316|app: 0|req: 102/192] 10.222.0.71 () {58 vars in 1235 bytes} [Tue Dec 14 18:44:30 2021] GET /compute/v2.1/servers/c97419b4-063a-4025-8031-67239edf171d => generated 1520 bytes in 185 msecs (HTTP/1.1 200) 9 headers in 358 bytes (1 switches on core 0)
Dec 14 18:44:31.548188 dv-cinder-821746-1-iscsi devstack@n-api.service[122317]: DEBUG nova.api.openstack.wsgi [None req-8039455d-5483-4367-a383-8b633f3db8fb tempest-AttachVolumeNegativeTest-1492495356 tempest-AttachVolumeNegativeTest-1492495356-project] Calling method '>' {{(pid=122317) _process_stack /opt/stack/nova/nova/api/openstack/wsgi.py:513}}
Dec 14 18:44:31.550235 dv-cinder-821746-1-iscsi devstack@n-api.service[122316]: DEBUG nova.api.openstack.wsgi [None req-9ad2a4e5-f504-4fe5-b215-9b8a13e1b4ca tempest-AttachVolumeTestJSON-1237462229 tempest-AttachVolumeTestJSON-1237462229-project] Action: 'action', calling method: >, body: {"os-getConsoleOutput": {}} {{(pid=122316) _process_stack /opt/stack/nova/nova/api/openstack/wsgi.py:511}}
Dec 14 18:44:31.550911 dv-cinder-821746-1-iscsi devstack@n-api.service[122317]: DEBUG nova.compute.api [None req-8039455d-5483-4367-a383-8b633f3db8fb tempest-AttachVolumeNegativeTest-1492495356 tempest-AttachVolumeNegativeTest-1492495356-project] [instance: a3696292-943a-45ac-ad18-6c6696d84c24] Fetching instance by UUID {{(pid=122317) get /opt/stack/nova/nova/compute/api.py:2863}}
Dec 14 18:44:31.551269 dv-cinder-821746-1-iscsi devstack@n-api.service[122316]: DEBUG nova.compute.api [None req-9ad2a4e5-f504-4fe5-b215-9b8a13e1b4ca tempest-AttachVolumeTestJSON-1237462229 tempest-AttachVolumeTestJSON-1237462229-project] [instance: e6e6799c-ffcc-46b9-bd4c-b5df6c1567d9] Fetching instance by UUID {{(pid=122316) get /opt/stack/nova/nova/compute/api.py:2863}}
Dec 14 18:44:31.559226 dv-cinder-821746-1-iscsi devstack@n-api.service[122317]: DEBUG oslo_concurrency.lockutils [None req-8039455d-5483-4367-a383-8b633f3db8fb tempest-AttachVolumeNegativeTest-1492495356 tempest-AttachVolumeNegativeTest-1492495356-project] Lock "8379b19d-a399-41f8-9f23-f5f47d29f354" acquired by "nova.context.set_target_cell..get_or_set_cached_cell_and_set_connections" :: waited 0.000s {{(pid=122317) inner /usr/local/lib/python3.8/dist-packages/oslo_concurrency/lockutils.py:355}}
Dec 14 18:44:31.559929 dv-cinder-821746-1-iscsi devstack@n-api.service[122317]: DEBUG oslo_concurrency.lockutils [None req-8039455d-5483-4367-a383-8b633f3db8fb tempest-AttachVolumeNegativeTest-1492495356 tempest-AttachVolumeNegativeTest-1492495356-project] Lock "8379b19d-a399-41f8-9f23-f5f47d29f354" released by "nova.context.set_target_cell..get_or_set_cached_cell_and_set_connections" :: held 0.001s {{(pid=122317) inner /usr/local/lib/python3.8/dist-packages/oslo_concurrency/lockutils.py:367}}
Dec 14 18:44:31.561542 dv-cinder-821746-1-iscsi devstack@n-api.service[122317]: DEBUG oslo_concurrency.lockutils [None req-8039455d-5483-4367-a383-8b633f3db8fb tempest-AttachVolumeNegativeTest-1492495356 tempest-AttachVolumeNegativeTest-1492495356-project] Lock "8379b19d-a399-41f8-9f23-f5f47d29f354" acquired by "nova.context.set_target_cell..get_or_set_cached_cell_and_set_connections" :: waited 0.000s {{(pid=122317) inner /usr/local/lib/python3.8/dist-packages/oslo_concurrency/lockutils.py:355}}
Dec 14 18:44:31.562858 dv-cinder-821746-1-iscsi devstack@n-api.service[122317]: DEBUG oslo_concurrency.lockutils [None req-8039455d-5483-4367-a383-8b633f3db8fb tempest-AttachVolumeNegativeTest-1492495356 tempest-AttachVolumeNegativeTest-1492495356-project] Lock "8379b19d-a399-41f8-9f23-f5f47d29f354" released by "nova.context.set_target_cell..get_or_set_cached_cell_and_set_connections" :: held 0.002s {{(pid=122317) inner /usr/local/lib/python3.8/dist-packages/oslo_concurrency/lockutils.py:367}}
Dec 14 18:44:31.577366 dv-cinder-821746-1-iscsi devstack@n-api.service[122316]: DEBUG oslo_concurrency.lockutils [None req-9ad2a4e5-f504-4fe5-b215-9b8a13e1b4ca tempest-AttachVolumeTestJSON-1237462229 tempest-AttachVolumeTestJSON-1237462229-project] Lock "8379b19d-a399-41f8-9f23-f5f47d29f354" acquired by "nova.context.set_target_cell..get_or_set_cached_cell_and_set_connections" :: waited 0.000s {{(pid=122316) inner /usr/local/lib/python3.8/dist-packages/oslo_concurrency/lockutils.py:355}}
Dec 14 18:44:31.578722 dv-cinder-821746-1-iscsi devstack@n-api.service[122316]: DEBUG oslo_concurrency.lockutils [None req-9ad2a4e5-f504-4fe5-b215-9b8a13e1b4ca tempest-AttachVolumeTestJSON-1237462229 tempest-AttachVolumeTestJSON-1237462229-project] Lock "8379b19d-a399-41f8-9f23-f5f47d29f354" released by "nova.context.set_target_cell..get_or_set_cached_cell_and_set_connections" :: held 0.001s {{(pid=122316) inner /usr/local/lib/python3.8/dist-packages/oslo_concurrency/lockutils.py:367}}
Dec 14 18:44:31.579696 dv-cinder-821746-1-iscsi devstack@n-api.service[122316]: DEBUG oslo_concurrency.lockutils [None req-9ad2a4e5-f504-4fe5-b215-9b8a13e1b4ca tempest-AttachVolumeTestJSON-1237462229 tempest-AttachVolumeTestJSON-1237462229-project] Lock "8379b19d-a399-41f8-9f23-f5f47d29f354" acquired by "nova.context.set_target_cell..get_or_set_cached_cell_and_set_connections" :: waited 0.000s {{(pid=122316) inner /usr/local/lib/python3.8/dist-packages/oslo_concurrency/lockutils.py:355}}
Dec 14 18:44:31.580286 dv-cinder-821746-1-iscsi devstack@n-api.service[122316]: DEBUG oslo_concurrency.lockutils [None req-9ad2a4e5-f504-4fe5-b215-9b8a13e1b4ca tempest-AttachVolumeTestJSON-1237462229 tempest-AttachVolumeTestJSON-1237462229-project] Lock "8379b19d-a399-41f8-9f23-f5f47d29f354" released by "nova.context.set_target_cell..get_or_set_cached_cell_and_set_connections" :: held 0.001s {{(pid=122316) inner /usr/local/lib/python3.8/dist-packages/oslo_concurrency/lockutils.py:367}}
Dec 14 18:44:31.627392 dv-cinder-821746-1-iscsi devstack@n-api.service[122317]: INFO nova.api.openstack.requestlog [None req-8039455d-5483-4367-a383-8b633f3db8fb tempest-AttachVolumeNegativeTest-1492495356 tempest-AttachVolumeNegativeTest-1492495356-project] 10.222.0.71 "GET /compute/v2.1/servers/a3696292-943a-45ac-ad18-6c6696d84c24/os-volume_attachments" status: 200 len: 25 microversion: 2.1 time: 0.085060
Dec 14 18:44:31.630754 dv-cinder-821746-1-iscsi devstack@n-api.service[122317]: [pid: 122317|app: 0|req: 91/193] 10.222.0.71 () {58 vars in 1301 bytes} [Tue Dec 14 18:44:31 2021] GET /compute/v2.1/servers/a3696292-943a-45ac-ad18-6c6696d84c24/os-volume_attachments => generated 25 bytes in 90 msecs (HTTP/1.1 200) 9 headers in 356 bytes (1 switches on core 0)
Dec 14 18:44:31.701737 dv-cinder-821746-1-iscsi devstack@n-api.service[122316]: INFO nova.api.openstack.requestlog [None req-9ad2a4e5-f504-4fe5-b215-9b8a13e1b4ca tempest-AttachVolumeTestJSON-1237462229 tempest-AttachVolumeTestJSON-1237462229-project] 10.222.0.71 "POST /compute/v2.1/servers/e6e6799c-ffcc-46b9-bd4c-b5df6c1567d9/action" status: 200 len: 16319 microversion: 2.1 time: 0.154601
Dec 14 18:44:31.705939 dv-cinder-821746-1-iscsi devstack@n-api.service[122316]: [pid: 122316|app: 0|req: 103/194] 10.222.0.71 () {60 vars in 1277 bytes} [Tue Dec 14 18:44:31 2021] POST /compute/v2.1/servers/e6e6799c-ffcc-46b9-bd4c-b5df6c1567d9/action => generated 16319 bytes in 158 msecs (HTTP/1.1 200) 9 headers in 359 bytes (1 switches on core 0)
Dec 14 18:44:31.899296 dv-cinder-821746-1-iscsi devstack@n-api.service[122317]: DEBUG nova.api.openstack.wsgi [None req-4c35139f-ca6e-422a-a5b9-c44e40b22958 tempest-AttachVolumeNegativeTest-1492495356 tempest-AttachVolumeNegativeTest-1492495356-project] Action: 'create', calling method: >, body: {"server": {"name": "tempest-AttachVolumeNegativeTest-server-337784236", "imageRef": "573e6c73-dc2b-4f51-83d0-a47fb95370e6", "flavorRef": "452", "networks": [{"uuid": "dd304430-c646-4db7-a934-2559ea0d87d6"}]}} {{(pid=122317) _process_stack /opt/stack/nova/nova/api/openstack/wsgi.py:511}}
Dec 14 18:44:31.958214 dv-cinder-821746-1-iscsi devstack@n-api.service[122317]: DEBUG nova.network.neutron [None req-4c35139f-ca6e-422a-a5b9-c44e40b22958 tempest-AttachVolumeNegativeTest-1492495356 tempest-AttachVolumeNegativeTest-1492495356-project] validate_networks() for [('dd304430-c646-4db7-a934-2559ea0d87d6', None, None, None, None, None)] {{(pid=122317) validate_networks /opt/stack/nova/nova/network/neutron.py:2481}}
Dec 14 18:44:32.046423 dv-cinder-821746-1-iscsi devstack@n-api.service[122316]: DEBUG nova.api.openstack.wsgi [None req-7b7f3f7b-46bc-4568-b6c0-bcaa820961f6 tempest-ServerRescueNegativeTestJSON-1440378955 tempest-ServerRescueNegativeTestJSON-1440378955-project] Calling method '>' {{(pid=122316) _process_stack /opt/stack/nova/nova/api/openstack/wsgi.py:513}}
Dec 14 18:44:32.047231 dv-cinder-821746-1-iscsi devstack@n-api.service[122316]: DEBUG nova.compute.api [None req-7b7f3f7b-46bc-4568-b6c0-bcaa820961f6 tempest-ServerRescueNegativeTestJSON-1440378955 tempest-ServerRescueNegativeTestJSON-1440378955-project] [instance: c97419b4-063a-4025-8031-67239edf171d] Fetching instance by UUID {{(pid=122316) get /opt/stack/nova/nova/compute/api.py:2863}}
Dec 14 18:44:32.055810 dv-cinder-821746-1-iscsi devstack@n-api.service[122316]: DEBUG oslo_concurrency.lockutils [None req-7b7f3f7b-46bc-4568-b6c0-bcaa820961f6 tempest-ServerRescueNegativeTestJSON-1440378955 tempest-ServerRescueNegativeTestJSON-1440378955-project] Lock "8379b19d-a399-41f8-9f23-f5f47d29f354" acquired by "nova.context.set_target_cell..get_or_set_cached_cell_and_set_connections" :: waited 0.000s {{(pid=122316) inner /usr/local/lib/python3.8/dist-packages/oslo_concurrency/lockutils.py:355}}
Dec 14 18:44:32.057207 dv-cinder-821746-1-iscsi devstack@n-api.service[122316]: DEBUG oslo_concurrency.lockutils [None req-7b7f3f7b-46bc-4568-b6c0-bcaa820961f6 tempest-ServerRescueNegativeTestJSON-1440378955 tempest-ServerRescueNegativeTestJSON-1440378955-project] Lock "8379b19d-a399-41f8-9f23-f5f47d29f354" released by "nova.context.set_target_cell..get_or_set_cached_cell_and_set_connections" :: held 0.002s {{(pid=122316) inner /usr/local/lib/python3.8/dist-packages/oslo_concurrency/lockutils.py:367}}
Dec 14 18:44:32.058161 dv-cinder-821746-1-iscsi devstack@n-api.service[122316]: DEBUG oslo_concurrency.lockutils [None req-7b7f3f7b-46bc-4568-b6c0-bcaa820961f6 tempest-ServerRescueNegativeTestJSON-1440378955 tempest-ServerRescueNegativeTestJSON-1440378955-project] Lock "8379b19d-a399-41f8-9f23-f5f47d29f354" acquired by "nova.context.set_target_cell..get_or_set_cached_cell_and_set_connections" :: waited 0.000s {{(pid=122316) inner /usr/local/lib/python3.8/dist-packages/oslo_concurrency/lockutils.py:355}}
Dec 14 18:44:32.058780 dv-cinder-821746-1-iscsi devstack@n-api.service[122316]: DEBUG oslo_concurrency.lockutils [None req-7b7f3f7b-46bc-4568-b6c0-bcaa820961f6 tempest-ServerRescueNegativeTestJSON-1440378955 tempest-ServerRescueNegativeTestJSON-1440378955-project] Lock "8379b19d-a399-41f8-9f23-f5f47d29f354" released by "nova.context.set_target_cell..get_or_set_cached_cell_and_set_connections" :: held 0.001s {{(pid=122316) inner /usr/local/lib/python3.8/dist-packages/oslo_concurrency/lockutils.py:367}}
Dec 14 18:44:32.317686 dv-cinder-821746-1-iscsi devstack@n-api.service[122316]: DEBUG nova.policy [None req-7b7f3f7b-46bc-4568-b6c0-bcaa820961f6 tempest-ServerRescueNegativeTestJSON-1440378955 tempest-ServerRescueNegativeTestJSON-1440378955-project] Policy check for os_compute_api:os-extended-server-attributes failed with credentials {'is_admin': False, 'user_id': 'ea42d7314c484787bec3d560dbf5432e', 'user_domain_id': 'default', 'system_scope': None, 'domain_id': None, 'project_id': '6d30e631db984d3fa5328c6309d21ab1', 'project_domain_id': 'default', 'roles': ['member', 'reader'], 'is_admin_project': True, 'service_user_id': None, 'service_user_domain_id': None, 'service_project_id': None, 'service_project_domain_id': None, 'service_roles': []} {{(pid=122316) authorize /opt/stack/nova/nova/policy.py:199}}
Dec 14 18:44:32.327899 dv-cinder-821746-1-iscsi devstack@n-api.service[122316]: INFO nova.api.openstack.requestlog [None req-7b7f3f7b-46bc-4568-b6c0-bcaa820961f6 tempest-ServerRescueNegativeTestJSON-1440378955 tempest-ServerRescueNegativeTestJSON-1440378955-project] 10.222.0.71 "GET /compute/v2.1/servers/c97419b4-063a-4025-8031-67239edf171d" status: 200 len: 1520 microversion: 2.1 time: 0.285995
Dec 14 18:44:32.329469 dv-cinder-821746-1-iscsi devstack@n-api.service[122316]: [pid: 122316|app: 0|req: 104/195] 10.222.0.71 () {58 vars in 1235 bytes} [Tue Dec 14 18:44:32 2021] GET /compute/v2.1/servers/c97419b4-063a-4025-8031-67239edf171d => generated 1520 bytes in 288 msecs (HTTP/1.1 200) 9 headers in 358 bytes (1 switches on core 0)
Dec 14 18:44:32.426436 dv-cinder-821746-1-iscsi devstack@n-api.service[122317]: DEBUG nova.virt.hardware [None req-4c35139f-ca6e-422a-a5b9-c44e40b22958 tempest-AttachVolumeNegativeTest-1492495356 tempest-AttachVolumeNegativeTest-1492495356-project] Flavor limits 0:0:0 {{(pid=122317) get_cpu_topology_constraints /opt/stack/nova/nova/virt/hardware.py:343}}
Dec 14 18:44:32.427104 dv-cinder-821746-1-iscsi devstack@n-api.service[122317]: DEBUG nova.virt.hardware [None req-4c35139f-ca6e-422a-a5b9-c44e40b22958 tempest-AttachVolumeNegativeTest-1492495356 tempest-AttachVolumeNegativeTest-1492495356-project] Image limits 0:0:0 {{(pid=122317) get_cpu_topology_constraints /opt/stack/nova/nova/virt/hardware.py:347}}
Dec 14 18:44:32.427766 dv-cinder-821746-1-iscsi devstack@n-api.service[122317]: DEBUG nova.virt.hardware [None req-4c35139f-ca6e-422a-a5b9-c44e40b22958 tempest-AttachVolumeNegativeTest-1492495356 tempest-AttachVolumeNegativeTest-1492495356-project] Flavor pref 0:0:0 {{(pid=122317) get_cpu_topology_constraints /opt/stack/nova/nova/virt/hardware.py:383}}
Dec 14 18:44:32.428419 dv-cinder-821746-1-iscsi devstack@n-api.service[122317]: DEBUG nova.virt.hardware [None req-4c35139f-ca6e-422a-a5b9-c44e40b22958 tempest-AttachVolumeNegativeTest-1492495356 tempest-AttachVolumeNegativeTest-1492495356-project] Image pref 0:0:0 {{(pid=122317) get_cpu_topology_constraints /opt/stack/nova/nova/virt/hardware.py:387}}
Dec 14 18:44:32.428930 dv-cinder-821746-1-iscsi devstack@n-api.service[122317]: DEBUG nova.virt.hardware [None req-4c35139f-ca6e-422a-a5b9-c44e40b22958 tempest-AttachVolumeNegativeTest-1492495356 tempest-AttachVolumeNegativeTest-1492495356-project] Chose sockets=0, cores=0, threads=0; limits were sockets=65536, cores=65536, threads=65536 {{(pid=122317) get_cpu_topology_constraints /opt/stack/nova/nova/virt/hardware.py:425}}
Dec 14 18:44:32.440943 dv-cinder-821746-1-iscsi devstack@n-api.service[122317]: DEBUG oslo_concurrency.lockutils [None req-4c35139f-ca6e-422a-a5b9-c44e40b22958 tempest-AttachVolumeNegativeTest-1492495356 tempest-AttachVolumeNegativeTest-1492495356-project] Lock "00000000-0000-0000-0000-000000000000" acquired by "nova.context.set_target_cell..get_or_set_cached_cell_and_set_connections" :: waited 0.000s {{(pid=122317) inner /usr/local/lib/python3.8/dist-packages/oslo_concurrency/lockutils.py:355}}
Dec 14 18:44:32.441385 dv-cinder-821746-1-iscsi devstack@n-api.service[122317]: DEBUG oslo_concurrency.lockutils [None req-4c35139f-ca6e-422a-a5b9-c44e40b22958 tempest-AttachVolumeNegativeTest-1492495356 tempest-AttachVolumeNegativeTest-1492495356-project] Lock "00000000-0000-0000-0000-000000000000" released by "nova.context.set_target_cell..get_or_set_cached_cell_and_set_connections" :: held 0.001s {{(pid=122317) inner /usr/local/lib/python3.8/dist-packages/oslo_concurrency/lockutils.py:367}}
Dec 14 18:44:32.442176 dv-cinder-821746-1-iscsi devstack@n-api.service[122317]: DEBUG oslo_concurrency.lockutils [None req-4c35139f-ca6e-422a-a5b9-c44e40b22958 tempest-AttachVolumeNegativeTest-1492495356 tempest-AttachVolumeNegativeTest-1492495356-project] Lock "8379b19d-a399-41f8-9f23-f5f47d29f354" acquired by "nova.context.set_target_cell..get_or_set_cached_cell_and_set_connections" :: waited 0.000s {{(pid=122317) inner /usr/local/lib/python3.8/dist-packages/oslo_concurrency/lockutils.py:355}}
Dec 14 18:44:32.442635 dv-cinder-821746-1-iscsi devstack@n-api.service[122317]: DEBUG oslo_concurrency.lockutils [None req-4c35139f-ca6e-422a-a5b9-c44e40b22958 tempest-AttachVolumeNegativeTest-1492495356 tempest-AttachVolumeNegativeTest-1492495356-project] Lock "8379b19d-a399-41f8-9f23-f5f47d29f354" released by "nova.context.set_target_cell..get_or_set_cached_cell_and_set_connections" :: held 0.000s {{(pid=122317) inner /usr/local/lib/python3.8/dist-packages/oslo_concurrency/lockutils.py:367}}
Dec 14 18:44:32.459131 dv-cinder-821746-1-iscsi devstack@n-api.service[122317]: DEBUG nova.quota [None req-4c35139f-ca6e-422a-a5b9-c44e40b22958 tempest-AttachVolumeNegativeTest-1492495356 tempest-AttachVolumeNegativeTest-1492495356-project] Getting quotas for project c8d244262bb0402da2c415ab98f5b988. Resources: {'instances', 'ram', 'cores'} {{(pid=122317) _get_quotas /opt/stack/nova/nova/quota.py:387}}
Dec 14 18:44:32.463538 dv-cinder-821746-1-iscsi devstack@n-api.service[122317]: DEBUG nova.quota [None req-4c35139f-ca6e-422a-a5b9-c44e40b22958 tempest-AttachVolumeNegativeTest-1492495356 tempest-AttachVolumeNegativeTest-1492495356-project] Getting quotas for user 8ad4a0a844844f60a19b72c26bdb622a and project c8d244262bb0402da2c415ab98f5b988. Resources: {'instances', 'ram', 'cores'} {{(pid=122317) _get_quotas /opt/stack/nova/nova/quota.py:377}}
Dec 14 18:44:32.477471 dv-cinder-821746-1-iscsi devstack@n-api.service[122317]: DEBUG nova.compute.api [None req-4c35139f-ca6e-422a-a5b9-c44e40b22958 tempest-AttachVolumeNegativeTest-1492495356 tempest-AttachVolumeNegativeTest-1492495356-project] Going to run 1 instances... {{(pid=122317) _provision_instances /opt/stack/nova/nova/compute/api.py:1350}}
Dec 14 18:44:32.479913 dv-cinder-821746-1-iscsi devstack@n-api.service[122317]: DEBUG nova.compute.api [None req-4c35139f-ca6e-422a-a5b9-c44e40b22958 tempest-AttachVolumeNegativeTest-1492495356 tempest-AttachVolumeNegativeTest-1492495356-project] [instance: 4ba6a20d-db57-45e2-b168-8b36c59236a2] block_device_mapping [BlockDeviceMapping(attachment_id=,boot_index=0,connection_info=None,created_at=,delete_on_termination=True,deleted=,deleted_at=,destination_type='local',device_name=None,device_type='disk',disk_bus=None,guest_format=None,id=,image_id='573e6c73-dc2b-4f51-83d0-a47fb95370e6',instance=,instance_uuid=,no_device=False,snapshot_id=None,source_type='image',tag=None,updated_at=,uuid=,volume_id=None,volume_size=None,volume_type=None)] {{(pid=122317) _bdm_validate_set_size_and_instance /opt/stack/nova/nova/compute/api.py:1757}}
Dec 14 18:44:32.555380 dv-cinder-821746-1-iscsi devstack@n-api.service[122317]: INFO nova.api.openstack.requestlog [None req-4c35139f-ca6e-422a-a5b9-c44e40b22958 tempest-AttachVolumeNegativeTest-1492495356 tempest-AttachVolumeNegativeTest-1492495356-project] 10.222.0.71 "POST /compute/v2.1/servers" status: 202 len: 380 microversion: 2.1 time: 0.661006
Dec 14 18:44:32.556457 dv-cinder-821746-1-iscsi devstack@n-api.service[122317]: [pid: 122317|app: 0|req: 92/196] 10.222.0.71 () {60 vars in 1146 bytes} [Tue Dec 14 18:44:31 2021] POST /compute/v2.1/servers => generated 380 bytes in 663 msecs (HTTP/1.1 202) 10 headers in 451 bytes (2 switches on core 0)
Dec 14 18:44:32.571659 dv-cinder-821746-1-iscsi devstack@n-api.service[122316]: DEBUG nova.api.openstack.wsgi [None req-d47dbd9b-9fcd-4983-9ec7-95493027a946 tempest-AttachVolumeNegativeTest-1492495356 tempest-AttachVolumeNegativeTest-1492495356-project] Calling method '>' {{(pid=122316) _process_stack /opt/stack/nova/nova/api/openstack/wsgi.py:513}}
Dec 14 18:44:32.572266 dv-cinder-821746-1-iscsi devstack@n-api.service[122316]: DEBUG nova.compute.api [None req-d47dbd9b-9fcd-4983-9ec7-95493027a946 tempest-AttachVolumeNegativeTest-1492495356 tempest-AttachVolumeNegativeTest-1492495356-project] [instance: 4ba6a20d-db57-45e2-b168-8b36c59236a2] Fetching instance by UUID {{(pid=122316) get /opt/stack/nova/nova/compute/api.py:2863}}
Dec 14 18:44:32.716110 dv-cinder-821746-1-iscsi devstack@n-api.service[122316]: DEBUG nova.policy [None req-d47dbd9b-9fcd-4983-9ec7-95493027a946 tempest-AttachVolumeNegativeTest-1492495356 tempest-AttachVolumeNegativeTest-1492495356-project] Policy check for os_compute_api:os-extended-server-attributes failed with credentials {'is_admin': False, 'user_id': '8ad4a0a844844f60a19b72c26bdb622a', 'user_domain_id': 'default', 'system_scope': None, 'domain_id': None, 'project_id': 'c8d244262bb0402da2c415ab98f5b988', 'project_domain_id': 'default', 'roles': ['member', 'reader'], 'is_admin_project': True, 'service_user_id': None, 'service_user_domain_id': None, 'service_project_id': None, 'service_project_domain_id': None, 'service_roles': []} {{(pid=122316) authorize /opt/stack/nova/nova/policy.py:199}}
Dec 14 18:44:32.721807 dv-cinder-821746-1-iscsi devstack@n-api.service[122317]: DEBUG nova.api.openstack.wsgi [None req-13f47c02-f8e0-4291-bf7c-42228e59a287 tempest-AttachVolumeTestJSON-1237462229 tempest-AttachVolumeTestJSON-1237462229-project] Action: 'action', calling method: >, body: {"os-getConsoleOutput": {}} {{(pid=122317) _process_stack /opt/stack/nova/nova/api/openstack/wsgi.py:511}}
Dec 14 18:44:32.723999 dv-cinder-821746-1-iscsi devstack@n-api.service[122317]: DEBUG nova.compute.api [None req-13f47c02-f8e0-4291-bf7c-42228e59a287 tempest-AttachVolumeTestJSON-1237462229 tempest-AttachVolumeTestJSON-1237462229-project] [instance: e6e6799c-ffcc-46b9-bd4c-b5df6c1567d9] Fetching instance by UUID {{(pid=122317) get /opt/stack/nova/nova/compute/api.py:2863}}
Dec 14 18:44:32.728978 dv-cinder-821746-1-iscsi devstack@n-api.service[122316]: INFO nova.api.openstack.requestlog [None req-d47dbd9b-9fcd-4983-9ec7-95493027a946 tempest-AttachVolumeNegativeTest-1492495356 tempest-AttachVolumeNegativeTest-1492495356-project] 10.222.0.71 "GET /compute/v2.1/servers/4ba6a20d-db57-45e2-b168-8b36c59236a2" status: 200 len: 1217 microversion: 2.1 time: 0.164312
Dec 14 18:44:32.729559 dv-cinder-821746-1-iscsi devstack@n-api.service[122316]: [pid: 122316|app: 0|req: 105/197] 10.222.0.71 () {58 vars in 1235 bytes} [Tue Dec 14 18:44:32 2021] GET /compute/v2.1/servers/4ba6a20d-db57-45e2-b168-8b36c59236a2 => generated 1217 bytes in 166 msecs (HTTP/1.1 200) 9 headers in 358 bytes (1 switches on core 0)
Dec 14 18:44:32.754776 dv-cinder-821746-1-iscsi devstack@n-api.service[122317]: DEBUG oslo_concurrency.lockutils [None req-13f47c02-f8e0-4291-bf7c-42228e59a287 tempest-AttachVolumeTestJSON-1237462229 tempest-AttachVolumeTestJSON-1237462229-project] Lock "8379b19d-a399-41f8-9f23-f5f47d29f354" acquired by "nova.context.set_target_cell..get_or_set_cached_cell_and_set_connections" :: waited 0.000s {{(pid=122317) inner /usr/local/lib/python3.8/dist-packages/oslo_concurrency/lockutils.py:355}}
Dec 14 18:44:32.755896 dv-cinder-821746-1-iscsi devstack@n-api.service[122317]: DEBUG oslo_concurrency.lockutils [None req-13f47c02-f8e0-4291-bf7c-42228e59a287 tempest-AttachVolumeTestJSON-1237462229 tempest-AttachVolumeTestJSON-1237462229-project] Lock "8379b19d-a399-41f8-9f23-f5f47d29f354" released by "nova.context.set_target_cell..get_or_set_cached_cell_and_set_connections" :: held 0.002s {{(pid=122317) inner /usr/local/lib/python3.8/dist-packages/oslo_concurrency/lockutils.py:367}}
Dec 14 18:44:32.759222 dv-cinder-821746-1-iscsi devstack@n-api.service[122317]: DEBUG oslo_concurrency.lockutils [None req-13f47c02-f8e0-4291-bf7c-42228e59a287 tempest-AttachVolumeTestJSON-1237462229 tempest-AttachVolumeTestJSON-1237462229-project] Lock "8379b19d-a399-41f8-9f23-f5f47d29f354" acquired by "nova.context.set_target_cell..get_or_set_cached_cell_and_set_connections" :: waited 0.000s {{(pid=122317) inner /usr/local/lib/python3.8/dist-packages/oslo_concurrency/lockutils.py:355}}
Dec 14 18:44:32.760701 dv-cinder-821746-1-iscsi devstack@n-api.service[122317]: DEBUG oslo_concurrency.lockutils [None req-13f47c02-f8e0-4291-bf7c-42228e59a287 tempest-AttachVolumeTestJSON-1237462229 tempest-AttachVolumeTestJSON-1237462229-project] Lock "8379b19d-a399-41f8-9f23-f5f47d29f354" released by "nova.context.set_target_cell..get_or_set_cached_cell_and_set_connections" :: held 0.002s {{(pid=122317) inner /usr/local/lib/python3.8/dist-packages/oslo_concurrency/lockutils.py:367}}
Dec 14 18:44:32.957633 dv-cinder-821746-1-iscsi devstack@n-api.service[122317]: INFO nova.api.openstack.requestlog [None req-13f47c02-f8e0-4291-bf7c-42228e59a287 tempest-AttachVolumeTestJSON-1237462229 tempest-AttachVolumeTestJSON-1237462229-project] 10.222.0.71 "POST /compute/v2.1/servers/e6e6799c-ffcc-46b9-bd4c-b5df6c1567d9/action" status: 200 len: 18303 microversion: 2.1 time: 0.246380
Dec 14 18:44:32.958685 dv-cinder-821746-1-iscsi devstack@n-api.service[122317]: [pid: 122317|app: 0|req: 93/198] 10.222.0.71 () {60 vars in 1277 bytes} [Tue Dec 14 18:44:32 2021] POST /compute/v2.1/servers/e6e6799c-ffcc-46b9-bd4c-b5df6c1567d9/action => generated 18303 bytes in 249 msecs (HTTP/1.1 200) 9 headers in 359 bytes (1 switches on core 0)
Dec 14 18:44:33.347727 dv-cinder-821746-1-iscsi devstack@n-api.service[122316]: DEBUG nova.api.openstack.wsgi [None req-b77f6762-90f0-4842-955f-95440d0036f9 tempest-ServerRescueNegativeTestJSON-1440378955 tempest-ServerRescueNegativeTestJSON-1440378955-project] Calling method '>' {{(pid=122316) _process_stack /opt/stack/nova/nova/api/openstack/wsgi.py:513}}
Dec 14 18:44:33.348558 dv-cinder-821746-1-iscsi devstack@n-api.service[122316]: DEBUG nova.compute.api [None req-b77f6762-90f0-4842-955f-95440d0036f9 tempest-ServerRescueNegativeTestJSON-1440378955 tempest-ServerRescueNegativeTestJSON-1440378955-project] [instance: c97419b4-063a-4025-8031-67239edf171d] Fetching instance by UUID {{(pid=122316) get /opt/stack/nova/nova/compute/api.py:2863}}
Dec 14 18:44:33.360614 dv-cinder-821746-1-iscsi devstack@n-api.service[122316]: DEBUG oslo_concurrency.lockutils [None req-b77f6762-90f0-4842-955f-95440d0036f9 tempest-ServerRescueNegativeTestJSON-1440378955 tempest-ServerRescueNegativeTestJSON-1440378955-project] Lock "8379b19d-a399-41f8-9f23-f5f47d29f354" acquired by "nova.context.set_target_cell..get_or_set_cached_cell_and_set_connections" :: waited 0.000s {{(pid=122316) inner /usr/local/lib/python3.8/dist-packages/oslo_concurrency/lockutils.py:355}}
Dec 14 18:44:33.361058 dv-cinder-821746-1-iscsi devstack@n-api.service[122316]: DEBUG oslo_concurrency.lockutils [None req-b77f6762-90f0-4842-955f-95440d0036f9 tempest-ServerRescueNegativeTestJSON-1440378955 tempest-ServerRescueNegativeTestJSON-1440378955-project] Lock "8379b19d-a399-41f8-9f23-f5f47d29f354" released by "nova.context.set_target_cell..get_or_set_cached_cell_and_set_connections" :: held 0.001s {{(pid=122316) inner /usr/local/lib/python3.8/dist-packages/oslo_concurrency/lockutils.py:367}}
Dec 14 18:44:33.366357 dv-cinder-821746-1-iscsi devstack@n-api.service[122316]: DEBUG oslo_concurrency.lockutils [None req-b77f6762-90f0-4842-955f-95440d0036f9 tempest-ServerRescueNegativeTestJSON-1440378955 tempest-ServerRescueNegativeTestJSON-1440378955-project] Lock "8379b19d-a399-41f8-9f23-f5f47d29f354" acquired by "nova.context.set_target_cell..get_or_set_cached_cell_and_set_connections" :: waited 0.000s {{(pid=122316) inner /usr/local/lib/python3.8/dist-packages/oslo_concurrency/lockutils.py:355}}
Dec 14 18:44:33.367974 dv-cinder-821746-1-iscsi devstack@n-api.service[122316]: DEBUG oslo_concurrency.lockutils [None req-b77f6762-90f0-4842-955f-95440d0036f9 tempest-ServerRescueNegativeTestJSON-1440378955 tempest-ServerRescueNegativeTestJSON-1440378955-project] Lock "8379b19d-a399-41f8-9f23-f5f47d29f354" released by "nova.context.set_target_cell..get_or_set_cached_cell_and_set_connections" :: held 0.004s {{(pid=122316) inner /usr/local/lib/python3.8/dist-packages/oslo_concurrency/lockutils.py:367}}
Dec 14 18:44:33.598705 dv-cinder-821746-1-iscsi devstack@n-api.service[122316]: DEBUG nova.policy [None req-b77f6762-90f0-4842-955f-95440d0036f9 tempest-ServerRescueNegativeTestJSON-1440378955 tempest-ServerRescueNegativeTestJSON-1440378955-project] Policy check for os_compute_api:os-extended-server-attributes failed with credentials {'is_admin': False, 'user_id': 'ea42d7314c484787bec3d560dbf5432e', 'user_domain_id': 'default', 'system_scope': None, 'domain_id': None, 'project_id': '6d30e631db984d3fa5328c6309d21ab1', 'project_domain_id': 'default', 'roles': ['member', 'reader'], 'is_admin_project': True, 'service_user_id': None, 'service_user_domain_id': None, 'service_project_id': None, 'service_project_domain_id': None, 'service_roles': []} {{(pid=122316) authorize /opt/stack/nova/nova/policy.py:199}}
Dec 14 18:44:33.608176 dv-cinder-821746-1-iscsi devstack@n-api.service[122316]: INFO nova.api.openstack.requestlog [None req-b77f6762-90f0-4842-955f-95440d0036f9 tempest-ServerRescueNegativeTestJSON-1440378955 tempest-ServerRescueNegativeTestJSON-1440378955-project] 10.222.0.71 "GET /compute/v2.1/servers/c97419b4-063a-4025-8031-67239edf171d" status: 200 len: 1520 microversion: 2.1 time: 0.264484
Dec 14 18:44:33.611918 dv-cinder-821746-1-iscsi devstack@n-api.service[122316]: [pid: 122316|app: 0|req: 106/199] 10.222.0.71 () {58 vars in 1235 bytes} [Tue Dec 14 18:44:33 2021] GET /compute/v2.1/servers/c97419b4-063a-4025-8031-67239edf171d => generated 1520 bytes in 269 msecs (HTTP/1.1 200) 9 headers in 358 bytes (1 switches on core 0)
