Jan 12 10:17:30.122760 dv-cinder-821602-9-iscsi devstack@c-api.service[110259]: DEBUG cinder.api.openstack.wsgi [None req-9e9ea8f4-7489-4566-aa9b-3926a52b59da tempest-VolumesTestJSON-631698456 tempest-VolumesTestJSON-631698456-project] Empty body provided in request {{(pid=110259) get_body /opt/stack/cinder/cinder/api/openstack/wsgi.py:715}}
Jan 12 10:17:30.122904 dv-cinder-821602-9-iscsi devstack@c-api.service[110258]: DEBUG cinder.volume.api [None req-5def9e25-3759-4e97-9195-f30e1a78f495 tempest-UserMessagesTest-236059532 tempest-UserMessagesTest-236059532-project] Task 'cinder.volume.flows.api.create_volume.QuotaCommitTask;volume:create' (7a442c83-3970-49f7-8200-7668d3ecc3b3) transitioned into state 'RUNNING' from state 'PENDING' {{(pid=110258) _task_receiver /usr/local/lib/python3.8/dist-packages/taskflow/listeners/logging.py:190}}
Jan 12 10:17:30.123257 dv-cinder-821602-9-iscsi devstack@c-api.service[110259]: DEBUG cinder.api.openstack.wsgi [None req-9e9ea8f4-7489-4566-aa9b-3926a52b59da tempest-VolumesTestJSON-631698456 tempest-VolumesTestJSON-631698456-project] Calling method 'show' {{(pid=110259) _process_stack /opt/stack/cinder/cinder/api/openstack/wsgi.py:868}}
Jan 12 10:17:30.138126 dv-cinder-821602-9-iscsi devstack@c-api.service[110259]: /usr/local/lib/python3.8/dist-packages/oslo_context/context.py:105: DeprecationWarning: Policy enforcement is depending on the value of is_admin. This key is deprecated. Please update your policy file to use the standard policy values.
Jan 12 10:17:30.138126 dv-cinder-821602-9-iscsi devstack@c-api.service[110259]: warnings.warn('Policy enforcement is depending on the value of '
Jan 12 10:17:30.146732 dv-cinder-821602-9-iscsi devstack@c-api.service[110259]: INFO cinder.volume.api [None req-9e9ea8f4-7489-4566-aa9b-3926a52b59da tempest-VolumesTestJSON-631698456 tempest-VolumesTestJSON-631698456-project] Volume info retrieved successfully.
Jan 12 10:17:30.155529 dv-cinder-821602-9-iscsi devstack@c-api.service[110259]: INFO cinder.api.openstack.wsgi [None req-9e9ea8f4-7489-4566-aa9b-3926a52b59da tempest-VolumesTestJSON-631698456 tempest-VolumesTestJSON-631698456-project] http://10.222.0.76/volume/v3/10c93477f5d548aa8e2a4d6e0acddd43/volumes/102eecd8-615b-436f-a1e6-6c27cfa38375 returned with HTTP 200
Jan 12 10:17:30.156260 dv-cinder-821602-9-iscsi devstack@c-api.service[110259]: [pid: 110259|app: 0|req: 63/107] 10.222.0.76 () {58 vars in 1324 bytes} [Wed Jan 12 10:17:30 2022] GET /volume/v3/10c93477f5d548aa8e2a4d6e0acddd43/volumes/102eecd8-615b-436f-a1e6-6c27cfa38375 => generated 920 bytes in 38 msecs (HTTP/1.1 200) 7 headers in 285 bytes (2 switches on core 0)
Jan 12 10:17:30.274980 dv-cinder-821602-9-iscsi devstack@c-api.service[110258]: DEBUG cinder.volume.api [None req-5def9e25-3759-4e97-9195-f30e1a78f495 tempest-UserMessagesTest-236059532 tempest-UserMessagesTest-236059532-project] Task 'cinder.volume.flows.api.create_volume.QuotaCommitTask;volume:create' (7a442c83-3970-49f7-8200-7668d3ecc3b3) transitioned into state 'SUCCESS' from state 'RUNNING' with result '{'volume_properties': VolumeProperties(attach_status='detached',availability_zone='nova',cgsnapshot_id=None,consistencygroup_id=None,display_description=None,display_name='tempest-UserMessagesTest-Volume-1483847111',encryption_key_id=None,group_id=None,group_type_id=,metadata={},multiattach=False,project_id='62f9bde8983642c7bdfe492d52e51e6f',qos_specs=None,replication_status=,reservations=['9568d402-afb0-4369-8e43-55d665fe445b','ced32543-db52-42a6-9b76-0244cfc138f1','a85cc50d-7cff-47cb-91e2-d72f60cb651b','0dc57697-e648-4b83-a629-f16d730441f7'],size=1,snapshot_id=None,source_replicaid=,source_volid=None,status='creating',user_id='fda9b854e20c4c4ab46c8dadff8bc6b7',volume_type_id=68f3952f-89c6-464a-b4a9-afcf7f4b2ddb)}' {{(pid=110258) _task_receiver /usr/local/lib/python3.8/dist-packages/taskflow/listeners/logging.py:178}}
Jan 12 10:17:30.276762 dv-cinder-821602-9-iscsi devstack@c-api.service[110258]: DEBUG cinder.volume.api [None req-5def9e25-3759-4e97-9195-f30e1a78f495 tempest-UserMessagesTest-236059532 tempest-UserMessagesTest-236059532-project] Task 'cinder.volume.flows.api.create_volume.VolumeCastTask;volume:create' (084913ba-1d69-4d9c-9de4-d01b9a4e1623) transitioned into state 'RUNNING' from state 'PENDING' {{(pid=110258) _task_receiver /usr/local/lib/python3.8/dist-packages/taskflow/listeners/logging.py:190}}
Jan 12 10:17:30.404429 dv-cinder-821602-9-iscsi devstack@c-api.service[110259]: INFO cinder.api.openstack.wsgi [None req-403bcc55-f887-4c4c-b90c-4c0c8de9e018 tempest-GroupSnapshotsTest-1000099335 tempest-GroupSnapshotsTest-1000099335-project] GET http://10.222.0.76/volume/v3/0014d0f903d74d359766670841cccd45/volumes/54a895e4-043e-4d77-9d0f-a0ca1b9692b4
Jan 12 10:17:30.404856 dv-cinder-821602-9-iscsi devstack@c-api.service[110259]: DEBUG cinder.api.openstack.wsgi [None req-403bcc55-f887-4c4c-b90c-4c0c8de9e018 tempest-GroupSnapshotsTest-1000099335 tempest-GroupSnapshotsTest-1000099335-project] Empty body provided in request {{(pid=110259) get_body /opt/stack/cinder/cinder/api/openstack/wsgi.py:715}}
Jan 12 10:17:30.405375 dv-cinder-821602-9-iscsi devstack@c-api.service[110259]: DEBUG cinder.api.openstack.wsgi [None req-403bcc55-f887-4c4c-b90c-4c0c8de9e018 tempest-GroupSnapshotsTest-1000099335 tempest-GroupSnapshotsTest-1000099335-project] Calling method 'show' {{(pid=110259) _process_stack /opt/stack/cinder/cinder/api/openstack/wsgi.py:868}}
Jan 12 10:17:30.419653 dv-cinder-821602-9-iscsi devstack@c-api.service[110259]: /usr/local/lib/python3.8/dist-packages/oslo_context/context.py:105: DeprecationWarning: Policy enforcement is depending on the value of is_admin. This key is deprecated. Please update your policy file to use the standard policy values.
Jan 12 10:17:30.419653 dv-cinder-821602-9-iscsi devstack@c-api.service[110259]: warnings.warn('Policy enforcement is depending on the value of '
Jan 12 10:17:30.430768 dv-cinder-821602-9-iscsi devstack@c-api.service[110258]: DEBUG cinder.volume.api [None req-5def9e25-3759-4e97-9195-f30e1a78f495 tempest-UserMessagesTest-236059532 tempest-UserMessagesTest-236059532-project] Task 'cinder.volume.flows.api.create_volume.VolumeCastTask;volume:create' (084913ba-1d69-4d9c-9de4-d01b9a4e1623) transitioned into state 'SUCCESS' from state 'RUNNING' with result 'None' {{(pid=110258) _task_receiver /usr/local/lib/python3.8/dist-packages/taskflow/listeners/logging.py:178}}
Jan 12 10:17:30.434925 dv-cinder-821602-9-iscsi devstack@c-api.service[110258]: DEBUG cinder.volume.api [None req-5def9e25-3759-4e97-9195-f30e1a78f495 tempest-UserMessagesTest-236059532 tempest-UserMessagesTest-236059532-project] Flow 'volume_create_api' (81953238-5fe9-4900-9844-82504ffdc814) transitioned into state 'SUCCESS' from state 'RUNNING' {{(pid=110258) _flow_receiver /usr/local/lib/python3.8/dist-packages/taskflow/listeners/logging.py:141}}
Jan 12 10:17:30.435650 dv-cinder-821602-9-iscsi devstack@c-api.service[110258]: INFO cinder.volume.api [None req-5def9e25-3759-4e97-9195-f30e1a78f495 tempest-UserMessagesTest-236059532 tempest-UserMessagesTest-236059532-project] Create volume request issued successfully.
Jan 12 10:17:30.440213 dv-cinder-821602-9-iscsi devstack@c-api.service[110258]: INFO cinder.api.openstack.wsgi [None req-5def9e25-3759-4e97-9195-f30e1a78f495 tempest-UserMessagesTest-236059532 tempest-UserMessagesTest-236059532-project] http://10.222.0.76/volume/v3/62f9bde8983642c7bdfe492d52e51e6f/volumes returned with HTTP 202
Jan 12 10:17:30.441924 dv-cinder-821602-9-iscsi devstack@c-api.service[110258]: [pid: 110258|app: 0|req: 45/108] 10.222.0.76 () {62 vars in 1275 bytes} [Wed Jan 12 10:17:29 2022] POST /volume/v3/62f9bde8983642c7bdfe492d52e51e6f/volumes => generated 852 bytes in 1012 msecs (HTTP/1.1 202) 7 headers in 291 bytes (1 switches on core 0)
Jan 12 10:17:30.456049 dv-cinder-821602-9-iscsi devstack@c-api.service[110259]: INFO cinder.volume.api [None req-403bcc55-f887-4c4c-b90c-4c0c8de9e018 tempest-GroupSnapshotsTest-1000099335 tempest-GroupSnapshotsTest-1000099335-project] Volume info retrieved successfully.
Jan 12 10:17:30.458786 dv-cinder-821602-9-iscsi devstack@c-api.service[110258]: INFO cinder.api.openstack.wsgi [None req-e16f884c-3773-4aee-a793-ae8cf549e27c tempest-UserMessagesTest-236059532 tempest-UserMessagesTest-236059532-project] GET http://10.222.0.76/volume/v3/62f9bde8983642c7bdfe492d52e51e6f/volumes/fc26f0da-6fb9-4cb6-b366-41b1ea697241
Jan 12 10:17:30.461899 dv-cinder-821602-9-iscsi devstack@c-api.service[110259]: WARNING stevedore.named [None req-403bcc55-f887-4c4c-b90c-4c0c8de9e018 tempest-GroupSnapshotsTest-1000099335 tempest-GroupSnapshotsTest-1000099335-project] Could not load cinder.keymgr.conf_key_mgr.ConfKeyManager
Jan 12 10:17:30.463725 dv-cinder-821602-9-iscsi devstack@c-api.service[110258]: DEBUG cinder.api.openstack.wsgi [None req-e16f884c-3773-4aee-a793-ae8cf549e27c tempest-UserMessagesTest-236059532 tempest-UserMessagesTest-236059532-project] Empty body provided in request {{(pid=110258) get_body /opt/stack/cinder/cinder/api/openstack/wsgi.py:715}}
Jan 12 10:17:30.463874 dv-cinder-821602-9-iscsi devstack@c-api.service[110259]: WARNING castellan.key_manager [None req-403bcc55-f887-4c4c-b90c-4c0c8de9e018 tempest-GroupSnapshotsTest-1000099335 tempest-GroupSnapshotsTest-1000099335-project] Deprecation Warning : cinder.keymgr.conf_key_mgr.ConfKeyManager is not a stevedore based driver, trying to load it as a class: stevedore.exception.NoMatches: No 'castellan.drivers' driver found, looking for 'cinder.keymgr.conf_key_mgr.ConfKeyManager'
Jan 12 10:17:30.463950 dv-cinder-821602-9-iscsi devstack@c-api.service[110258]: DEBUG cinder.api.openstack.wsgi [None req-e16f884c-3773-4aee-a793-ae8cf549e27c tempest-UserMessagesTest-236059532 tempest-UserMessagesTest-236059532-project] Calling method 'show' {{(pid=110258) _process_stack /opt/stack/cinder/cinder/api/openstack/wsgi.py:868}}
Jan 12 10:17:30.474226 dv-cinder-821602-9-iscsi devstack@c-api.service[110259]: DEBUG oslo_db.sqlalchemy.engines [None req-403bcc55-f887-4c4c-b90c-4c0c8de9e018 tempest-GroupSnapshotsTest-1000099335 tempest-GroupSnapshotsTest-1000099335-project] MySQL server mode set to STRICT_TRANS_TABLES,STRICT_ALL_TABLES,NO_ZERO_IN_DATE,NO_ZERO_DATE,ERROR_FOR_DIVISION_BY_ZERO,TRADITIONAL,NO_ENGINE_SUBSTITUTION {{(pid=110259) _check_effective_sql_mode /usr/local/lib/python3.8/dist-packages/oslo_db/sqlalchemy/engines.py:314}}
Jan 12 10:17:30.478822 dv-cinder-821602-9-iscsi devstack@c-api.service[110258]: /usr/local/lib/python3.8/dist-packages/oslo_context/context.py:105: DeprecationWarning: Policy enforcement is depending on the value of is_admin. This key is deprecated. Please update your policy file to use the standard policy values.
Jan 12 10:17:30.478822 dv-cinder-821602-9-iscsi devstack@c-api.service[110258]: warnings.warn('Policy enforcement is depending on the value of '
Jan 12 10:17:30.481110 dv-cinder-821602-9-iscsi devstack@c-api.service[110259]: /usr/local/lib/python3.8/dist-packages/oslo_context/context.py:105: DeprecationWarning: Policy enforcement is depending on the value of is_admin. This key is deprecated. Please update your policy file to use the standard policy values.
Jan 12 10:17:30.481110 dv-cinder-821602-9-iscsi devstack@c-api.service[110259]: warnings.warn('Policy enforcement is depending on the value of '
Jan 12 10:17:30.486267 dv-cinder-821602-9-iscsi devstack@c-api.service[110258]: INFO cinder.volume.api [None req-e16f884c-3773-4aee-a793-ae8cf549e27c tempest-UserMessagesTest-236059532 tempest-UserMessagesTest-236059532-project] Volume info retrieved successfully.
Jan 12 10:17:30.496080 dv-cinder-821602-9-iscsi devstack@c-api.service[110259]: INFO cinder.api.openstack.wsgi [None req-403bcc55-f887-4c4c-b90c-4c0c8de9e018 tempest-GroupSnapshotsTest-1000099335 tempest-GroupSnapshotsTest-1000099335-project] http://10.222.0.76/volume/v3/0014d0f903d74d359766670841cccd45/volumes/54a895e4-043e-4d77-9d0f-a0ca1b9692b4 returned with HTTP 200
Jan 12 10:17:30.496831 dv-cinder-821602-9-iscsi devstack@c-api.service[110259]: [pid: 110259|app: 0|req: 64/109] 10.222.0.76 () {60 vars in 1365 bytes} [Wed Jan 12 10:17:30 2022] GET /volume/v3/0014d0f903d74d359766670841cccd45/volumes/54a895e4-043e-4d77-9d0f-a0ca1b9692b4 => generated 991 bytes in 96 msecs (HTTP/1.1 200) 7 headers in 286 bytes (2 switches on core 0)
Jan 12 10:17:30.497906 dv-cinder-821602-9-iscsi devstack@c-api.service[110258]: INFO cinder.api.openstack.wsgi [None req-e16f884c-3773-4aee-a793-ae8cf549e27c tempest-UserMessagesTest-236059532 tempest-UserMessagesTest-236059532-project] http://10.222.0.76/volume/v3/62f9bde8983642c7bdfe492d52e51e6f/volumes/fc26f0da-6fb9-4cb6-b366-41b1ea697241 returned with HTTP 200
Jan 12 10:17:30.499861 dv-cinder-821602-9-iscsi devstack@c-api.service[110258]: [pid: 110258|app: 0|req: 46/110] 10.222.0.76 () {60 vars in 1364 bytes} [Wed Jan 12 10:17:30 2022] GET /volume/v3/62f9bde8983642c7bdfe492d52e51e6f/volumes/fc26f0da-6fb9-4cb6-b366-41b1ea697241 => generated 920 bytes in 48 msecs (HTTP/1.1 200) 7 headers in 285 bytes (1 switches on core 0)
Jan 12 10:17:30.845171 dv-cinder-821602-9-iscsi devstack@c-api.service[110259]: INFO cinder.api.openstack.wsgi [None req-0aef6472-ff56-47c7-8775-77593b3cde91 tempest-SnapshotsActionsTest-371636324 tempest-SnapshotsActionsTest-371636324-project] GET http://10.222.0.76/volume/v3/23a9cf997bc947a7b7dea49e17d48002/snapshots/b50a8dca-8f2a-4b65-888c-6d8579b144fa
Jan 12 10:17:30.845694 dv-cinder-821602-9-iscsi devstack@c-api.service[110259]: DEBUG cinder.api.openstack.wsgi [None req-0aef6472-ff56-47c7-8775-77593b3cde91 tempest-SnapshotsActionsTest-371636324 tempest-SnapshotsActionsTest-371636324-project] Empty body provided in request {{(pid=110259) get_body /opt/stack/cinder/cinder/api/openstack/wsgi.py:715}}
Jan 12 10:17:30.846098 dv-cinder-821602-9-iscsi devstack@c-api.service[110259]: DEBUG cinder.api.openstack.wsgi [None req-0aef6472-ff56-47c7-8775-77593b3cde91 tempest-SnapshotsActionsTest-371636324 tempest-SnapshotsActionsTest-371636324-project] Calling method 'show' {{(pid=110259) _process_stack /opt/stack/cinder/cinder/api/openstack/wsgi.py:868}}
Jan 12 10:17:30.855850 dv-cinder-821602-9-iscsi devstack@c-api.service[110259]: /usr/local/lib/python3.8/dist-packages/oslo_context/context.py:105: DeprecationWarning: Policy enforcement is depending on the value of is_admin. This key is deprecated. Please update your policy file to use the standard policy values.
Jan 12 10:17:30.855850 dv-cinder-821602-9-iscsi devstack@c-api.service[110259]: warnings.warn('Policy enforcement is depending on the value of '
Jan 12 10:17:30.856820 dv-cinder-821602-9-iscsi devstack@c-api.service[110259]: INFO cinder.volume.api [None req-0aef6472-ff56-47c7-8775-77593b3cde91 tempest-SnapshotsActionsTest-371636324 tempest-SnapshotsActionsTest-371636324-project] Snapshot retrieved successfully.
Jan 12 10:17:30.858750 dv-cinder-821602-9-iscsi devstack@c-api.service[110259]: INFO cinder.api.openstack.wsgi [None req-0aef6472-ff56-47c7-8775-77593b3cde91 tempest-SnapshotsActionsTest-371636324 tempest-SnapshotsActionsTest-371636324-project] http://10.222.0.76/volume/v3/23a9cf997bc947a7b7dea49e17d48002/snapshots/b50a8dca-8f2a-4b65-888c-6d8579b144fa returned with HTTP 200
Jan 12 10:17:30.859555 dv-cinder-821602-9-iscsi devstack@c-api.service[110259]: [pid: 110259|app: 0|req: 65/111] 10.222.0.76 () {58 vars in 1330 bytes} [Wed Jan 12 10:17:30 2022] GET /volume/v3/23a9cf997bc947a7b7dea49e17d48002/snapshots/b50a8dca-8f2a-4b65-888c-6d8579b144fa => generated 466 bytes in 19 msecs (HTTP/1.1 200) 7 headers in 285 bytes (1 switches on core 0)
Jan 12 10:17:30.870997 dv-cinder-821602-9-iscsi devstack@c-api.service[110258]: INFO cinder.api.openstack.wsgi [None req-a060eada-ed56-49c1-b52f-ba5b91115133 tempest-SnapshotsActionsTest-1537121156 tempest-SnapshotsActionsTest-1537121156-project-admin] POST http://10.222.0.76/volume/v3/a8ad13c839e74a71af6ff7e9de59b578/snapshots/b50a8dca-8f2a-4b65-888c-6d8579b144fa/action
Jan 12 10:17:30.871721 dv-cinder-821602-9-iscsi devstack@c-api.service[110258]: DEBUG cinder.api.openstack.wsgi [None req-a060eada-ed56-49c1-b52f-ba5b91115133 tempest-SnapshotsActionsTest-1537121156 tempest-SnapshotsActionsTest-1537121156-project-admin] Action body: b'{"os-reset_status": {"status": "creating"}}' {{(pid=110258) get_method /opt/stack/cinder/cinder/api/openstack/wsgi.py:983}}
Jan 12 10:17:30.872075 dv-cinder-821602-9-iscsi devstack@c-api.service[110258]: DEBUG cinder.api.openstack.wsgi [None req-a060eada-ed56-49c1-b52f-ba5b91115133 tempest-SnapshotsActionsTest-1537121156 tempest-SnapshotsActionsTest-1537121156-project-admin] Action: 'action', calling method: _reset_status, body: {"os-reset_status": {"status": "creating"}} {{(pid=110258) _process_stack /opt/stack/cinder/cinder/api/openstack/wsgi.py:866}}
Jan 12 10:17:30.872901 dv-cinder-821602-9-iscsi devstack@c-api.service[110258]: DEBUG cinder.api.contrib.admin_actions [None req-a060eada-ed56-49c1-b52f-ba5b91115133 tempest-SnapshotsActionsTest-1537121156 tempest-SnapshotsActionsTest-1537121156-project-admin] Updating snapshot 'b50a8dca-8f2a-4b65-888c-6d8579b144fa' with '{'status': 'creating'}' {{(pid=110258) _reset_status /opt/stack/cinder/cinder/api/contrib/admin_actions.py:100}}
Jan 12 10:17:30.908559 dv-cinder-821602-9-iscsi devstack@c-api.service[110258]: /usr/local/lib/python3.8/dist-packages/oslo_context/context.py:105: DeprecationWarning: Policy enforcement is depending on the value of is_admin. This key is deprecated. Please update your policy file to use the standard policy values.
Jan 12 10:17:30.908559 dv-cinder-821602-9-iscsi devstack@c-api.service[110258]: warnings.warn('Policy enforcement is depending on the value of '
Jan 12 10:17:30.924635 dv-cinder-821602-9-iscsi devstack@c-api.service[110259]: INFO cinder.api.openstack.wsgi [None req-9cc444c7-3d90-4fc6-af4f-929b76abb96b tempest-VolumesListAdminTestJSON-96559625 tempest-VolumesListAdminTestJSON-96559625-project] GET http://10.222.0.76/volume/v3/171203dd103a4948b9db6c294508da36/volumes/d5c6950a-84f0-468f-9355-e5d4274ef6f6
Jan 12 10:17:30.925823 dv-cinder-821602-9-iscsi devstack@c-api.service[110259]: DEBUG cinder.api.openstack.wsgi [None req-9cc444c7-3d90-4fc6-af4f-929b76abb96b tempest-VolumesListAdminTestJSON-96559625 tempest-VolumesListAdminTestJSON-96559625-project] Empty body provided in request {{(pid=110259) get_body /opt/stack/cinder/cinder/api/openstack/wsgi.py:715}}
Jan 12 10:17:30.926459 dv-cinder-821602-9-iscsi devstack@c-api.service[110259]: DEBUG cinder.api.openstack.wsgi [None req-9cc444c7-3d90-4fc6-af4f-929b76abb96b tempest-VolumesListAdminTestJSON-96559625 tempest-VolumesListAdminTestJSON-96559625-project] Calling method 'show' {{(pid=110259) _process_stack /opt/stack/cinder/cinder/api/openstack/wsgi.py:868}}
Jan 12 10:17:30.944972 dv-cinder-821602-9-iscsi devstack@c-api.service[110259]: /usr/local/lib/python3.8/dist-packages/oslo_context/context.py:105: DeprecationWarning: Policy enforcement is depending on the value of is_admin. This key is deprecated. Please update your policy file to use the standard policy values.
Jan 12 10:17:30.944972 dv-cinder-821602-9-iscsi devstack@c-api.service[110259]: warnings.warn('Policy enforcement is depending on the value of '
Jan 12 10:17:30.951358 dv-cinder-821602-9-iscsi devstack@c-api.service[110259]: INFO cinder.volume.api [None req-9cc444c7-3d90-4fc6-af4f-929b76abb96b tempest-VolumesListAdminTestJSON-96559625 tempest-VolumesListAdminTestJSON-96559625-project] Volume info retrieved successfully.
Jan 12 10:17:30.961871 dv-cinder-821602-9-iscsi devstack@c-api.service[110259]: INFO cinder.api.openstack.wsgi [None req-9cc444c7-3d90-4fc6-af4f-929b76abb96b tempest-VolumesListAdminTestJSON-96559625 tempest-VolumesListAdminTestJSON-96559625-project] http://10.222.0.76/volume/v3/171203dd103a4948b9db6c294508da36/volumes/d5c6950a-84f0-468f-9355-e5d4274ef6f6 returned with HTTP 200
Jan 12 10:17:30.963455 dv-cinder-821602-9-iscsi devstack@c-api.service[110259]: [pid: 110259|app: 0|req: 66/112] 10.222.0.76 () {58 vars in 1324 bytes} [Wed Jan 12 10:17:30 2022] GET /volume/v3/171203dd103a4948b9db6c294508da36/volumes/d5c6950a-84f0-468f-9355-e5d4274ef6f6 => generated 916 bytes in 42 msecs (HTTP/1.1 200) 7 headers in 285 bytes (1 switches on core 0)
Jan 12 10:17:30.981800 dv-cinder-821602-9-iscsi devstack@c-api.service[110259]: INFO cinder.api.openstack.wsgi [req-3056c83f-48e3-42e1-a930-1cf14406e797 req-3a379aa4-58a4-40c2-98ab-c779677b232e tempest-VolumesSnapshotsTestJSON-1698365767 tempest-VolumesSnapshotsTestJSON-1698365767-project] GET http://10.222.0.76/volume/v3/df8c2c6a21f1490980cfef36026fdf9f/snapshots/2ebd13b2-6e0a-4325-89d2-02463feff18b
Jan 12 10:17:30.982339 dv-cinder-821602-9-iscsi devstack@c-api.service[110259]: DEBUG cinder.api.openstack.wsgi [req-3056c83f-48e3-42e1-a930-1cf14406e797 req-3a379aa4-58a4-40c2-98ab-c779677b232e tempest-VolumesSnapshotsTestJSON-1698365767 tempest-VolumesSnapshotsTestJSON-1698365767-project] Empty body provided in request {{(pid=110259) get_body /opt/stack/cinder/cinder/api/openstack/wsgi.py:715}}
Jan 12 10:17:30.982847 dv-cinder-821602-9-iscsi devstack@c-api.service[110259]: DEBUG cinder.api.openstack.wsgi [req-3056c83f-48e3-42e1-a930-1cf14406e797 req-3a379aa4-58a4-40c2-98ab-c779677b232e tempest-VolumesSnapshotsTestJSON-1698365767 tempest-VolumesSnapshotsTestJSON-1698365767-project] Calling method 'show' {{(pid=110259) _process_stack /opt/stack/cinder/cinder/api/openstack/wsgi.py:868}}
Jan 12 10:17:30.992912 dv-cinder-821602-9-iscsi devstack@c-api.service[110259]: /usr/local/lib/python3.8/dist-packages/oslo_context/context.py:105: DeprecationWarning: Policy enforcement is depending on the value of is_admin. This key is deprecated. Please update your policy file to use the standard policy values.
Jan 12 10:17:30.992912 dv-cinder-821602-9-iscsi devstack@c-api.service[110259]: warnings.warn('Policy enforcement is depending on the value of '
Jan 12 10:17:30.994447 dv-cinder-821602-9-iscsi devstack@c-api.service[110259]: INFO cinder.volume.api [req-3056c83f-48e3-42e1-a930-1cf14406e797 req-3a379aa4-58a4-40c2-98ab-c779677b232e tempest-VolumesSnapshotsTestJSON-1698365767 tempest-VolumesSnapshotsTestJSON-1698365767-project] Snapshot retrieved successfully.
Jan 12 10:17:30.996336 dv-cinder-821602-9-iscsi devstack@c-api.service[110259]: INFO cinder.api.openstack.wsgi [req-3056c83f-48e3-42e1-a930-1cf14406e797 req-3a379aa4-58a4-40c2-98ab-c779677b232e tempest-VolumesSnapshotsTestJSON-1698365767 tempest-VolumesSnapshotsTestJSON-1698365767-project] http://10.222.0.76/volume/v3/df8c2c6a21f1490980cfef36026fdf9f/snapshots/2ebd13b2-6e0a-4325-89d2-02463feff18b returned with HTTP 200
Jan 12 10:17:30.997661 dv-cinder-821602-9-iscsi devstack@c-api.service[110259]: [pid: 110259|app: 0|req: 67/113] 10.222.0.76 () {60 vars in 1584 bytes} [Wed Jan 12 10:17:30 2022] GET /volume/v3/df8c2c6a21f1490980cfef36026fdf9f/snapshots/2ebd13b2-6e0a-4325-89d2-02463feff18b => generated 468 bytes in 22 msecs (HTTP/1.1 200) 7 headers in 285 bytes (1 switches on core 0)
Jan 12 10:17:31.045719 dv-cinder-821602-9-iscsi devstack@c-api.service[110258]: INFO cinder.api.openstack.wsgi [None req-a060eada-ed56-49c1-b52f-ba5b91115133 tempest-SnapshotsActionsTest-1537121156 tempest-SnapshotsActionsTest-1537121156-project-admin] http://10.222.0.76/volume/v3/a8ad13c839e74a71af6ff7e9de59b578/snapshots/b50a8dca-8f2a-4b65-888c-6d8579b144fa/action returned with HTTP 202
Jan 12 10:17:31.046936 dv-cinder-821602-9-iscsi devstack@c-api.service[110258]: [pid: 110258|app: 0|req: 47/114] 10.222.0.76 () {60 vars in 1372 bytes} [Wed Jan 12 10:17:30 2022] POST /volume/v3/a8ad13c839e74a71af6ff7e9de59b578/snapshots/b50a8dca-8f2a-4b65-888c-6d8579b144fa/action => generated 0 bytes in 180 msecs (HTTP/1.1 202) 7 headers in 289 bytes (1 switches on core 0)
Jan 12 10:17:31.055976 dv-cinder-821602-9-iscsi devstack@c-api.service[110259]: INFO cinder.api.openstack.wsgi [None req-68f356d1-57a5-46c7-83fb-a8b93ee2f227 tempest-SnapshotsActionsTest-371636324 tempest-SnapshotsActionsTest-371636324-project] GET http://10.222.0.76/volume/v3/23a9cf997bc947a7b7dea49e17d48002/snapshots/b50a8dca-8f2a-4b65-888c-6d8579b144fa
Jan 12 10:17:31.056513 dv-cinder-821602-9-iscsi devstack@c-api.service[110259]: DEBUG cinder.api.openstack.wsgi [None req-68f356d1-57a5-46c7-83fb-a8b93ee2f227 tempest-SnapshotsActionsTest-371636324 tempest-SnapshotsActionsTest-371636324-project] Empty body provided in request {{(pid=110259) get_body /opt/stack/cinder/cinder/api/openstack/wsgi.py:715}}
Jan 12 10:17:31.057071 dv-cinder-821602-9-iscsi devstack@c-api.service[110259]: DEBUG cinder.api.openstack.wsgi [None req-68f356d1-57a5-46c7-83fb-a8b93ee2f227 tempest-SnapshotsActionsTest-371636324 tempest-SnapshotsActionsTest-371636324-project] Calling method 'show' {{(pid=110259) _process_stack /opt/stack/cinder/cinder/api/openstack/wsgi.py:868}}
Jan 12 10:17:31.066669 dv-cinder-821602-9-iscsi devstack@c-api.service[110259]: /usr/local/lib/python3.8/dist-packages/oslo_context/context.py:105: DeprecationWarning: Policy enforcement is depending on the value of is_admin. This key is deprecated. Please update your policy file to use the standard policy values.
Jan 12 10:17:31.066669 dv-cinder-821602-9-iscsi devstack@c-api.service[110259]: warnings.warn('Policy enforcement is depending on the value of '
Jan 12 10:17:31.067755 dv-cinder-821602-9-iscsi devstack@c-api.service[110259]: INFO cinder.volume.api [None req-68f356d1-57a5-46c7-83fb-a8b93ee2f227 tempest-SnapshotsActionsTest-371636324 tempest-SnapshotsActionsTest-371636324-project] Snapshot retrieved successfully.
Jan 12 10:17:31.069627 dv-cinder-821602-9-iscsi devstack@c-api.service[110259]: INFO cinder.api.openstack.wsgi [None req-68f356d1-57a5-46c7-83fb-a8b93ee2f227 tempest-SnapshotsActionsTest-371636324 tempest-SnapshotsActionsTest-371636324-project] http://10.222.0.76/volume/v3/23a9cf997bc947a7b7dea49e17d48002/snapshots/b50a8dca-8f2a-4b65-888c-6d8579b144fa returned with HTTP 200
Jan 12 10:17:31.070357 dv-cinder-821602-9-iscsi devstack@c-api.service[110259]: [pid: 110259|app: 0|req: 68/115] 10.222.0.76 () {58 vars in 1330 bytes} [Wed Jan 12 10:17:31 2022] GET /volume/v3/23a9cf997bc947a7b7dea49e17d48002/snapshots/b50a8dca-8f2a-4b65-888c-6d8579b144fa => generated 465 bytes in 20 msecs (HTTP/1.1 200) 7 headers in 285 bytes (1 switches on core 0)
Jan 12 10:17:31.080839 dv-cinder-821602-9-iscsi devstack@c-api.service[110258]: INFO cinder.api.openstack.wsgi [None req-a5befec5-376d-48f1-bfa2-c96ab1e5c43c tempest-SnapshotsActionsTest-1537121156 tempest-SnapshotsActionsTest-1537121156-project-admin] POST http://10.222.0.76/volume/v3/a8ad13c839e74a71af6ff7e9de59b578/snapshots/b50a8dca-8f2a-4b65-888c-6d8579b144fa/action
Jan 12 10:17:31.081681 dv-cinder-821602-9-iscsi devstack@c-api.service[110258]: DEBUG cinder.api.openstack.wsgi [None req-a5befec5-376d-48f1-bfa2-c96ab1e5c43c tempest-SnapshotsActionsTest-1537121156 tempest-SnapshotsActionsTest-1537121156-project-admin] Action body: b'{"os-force_delete": {}}' {{(pid=110258) get_method /opt/stack/cinder/cinder/api/openstack/wsgi.py:983}}
Jan 12 10:17:31.082007 dv-cinder-821602-9-iscsi devstack@c-api.service[110258]: DEBUG cinder.api.openstack.wsgi [None req-a5befec5-376d-48f1-bfa2-c96ab1e5c43c tempest-SnapshotsActionsTest-1537121156 tempest-SnapshotsActionsTest-1537121156-project-admin] Action: 'action', calling method: _force_delete, body: {"os-force_delete": {}} {{(pid=110258) _process_stack /opt/stack/cinder/cinder/api/openstack/wsgi.py:866}}
Jan 12 10:17:31.091035 dv-cinder-821602-9-iscsi devstack@c-api.service[110258]: /usr/local/lib/python3.8/dist-packages/oslo_context/context.py:105: DeprecationWarning: Policy enforcement is depending on the value of is_admin. This key is deprecated. Please update your policy file to use the standard policy values.
Jan 12 10:17:31.091035 dv-cinder-821602-9-iscsi devstack@c-api.service[110258]: warnings.warn('Policy enforcement is depending on the value of '
Jan 12 10:17:31.091811 dv-cinder-821602-9-iscsi devstack@c-api.service[110258]: INFO cinder.volume.api [None req-a5befec5-376d-48f1-bfa2-c96ab1e5c43c tempest-SnapshotsActionsTest-1537121156 tempest-SnapshotsActionsTest-1537121156-project-admin] Snapshot retrieved successfully.
Jan 12 10:17:31.170655 dv-cinder-821602-9-iscsi devstack@c-api.service[110259]: INFO cinder.api.openstack.wsgi [None req-ff30393d-1862-4e8b-a58c-749b46734631 tempest-VolumesTestJSON-631698456 tempest-VolumesTestJSON-631698456-project] GET http://10.222.0.76/volume/v3/10c93477f5d548aa8e2a4d6e0acddd43/volumes/102eecd8-615b-436f-a1e6-6c27cfa38375
Jan 12 10:17:31.171119 dv-cinder-821602-9-iscsi devstack@c-api.service[110259]: DEBUG cinder.api.openstack.wsgi [None req-ff30393d-1862-4e8b-a58c-749b46734631 tempest-VolumesTestJSON-631698456 tempest-VolumesTestJSON-631698456-project] Empty body provided in request {{(pid=110259) get_body /opt/stack/cinder/cinder/api/openstack/wsgi.py:715}}
Jan 12 10:17:31.171569 dv-cinder-821602-9-iscsi devstack@c-api.service[110259]: DEBUG cinder.api.openstack.wsgi [None req-ff30393d-1862-4e8b-a58c-749b46734631 tempest-VolumesTestJSON-631698456 tempest-VolumesTestJSON-631698456-project] Calling method 'show' {{(pid=110259) _process_stack /opt/stack/cinder/cinder/api/openstack/wsgi.py:868}}
Jan 12 10:17:31.185944 dv-cinder-821602-9-iscsi devstack@c-api.service[110259]: /usr/local/lib/python3.8/dist-packages/oslo_context/context.py:105: DeprecationWarning: Policy enforcement is depending on the value of is_admin. This key is deprecated. Please update your policy file to use the standard policy values.
Jan 12 10:17:31.185944 dv-cinder-821602-9-iscsi devstack@c-api.service[110259]: warnings.warn('Policy enforcement is depending on the value of '
Jan 12 10:17:31.195846 dv-cinder-821602-9-iscsi devstack@c-api.service[110259]: INFO cinder.volume.api [None req-ff30393d-1862-4e8b-a58c-749b46734631 tempest-VolumesTestJSON-631698456 tempest-VolumesTestJSON-631698456-project] Volume info retrieved successfully.
Jan 12 10:17:31.205129 dv-cinder-821602-9-iscsi devstack@c-api.service[110259]: INFO cinder.api.openstack.wsgi [None req-ff30393d-1862-4e8b-a58c-749b46734631 tempest-VolumesTestJSON-631698456 tempest-VolumesTestJSON-631698456-project] http://10.222.0.76/volume/v3/10c93477f5d548aa8e2a4d6e0acddd43/volumes/102eecd8-615b-436f-a1e6-6c27cfa38375 returned with HTTP 200
Jan 12 10:17:31.206031 dv-cinder-821602-9-iscsi devstack@c-api.service[110259]: [pid: 110259|app: 0|req: 69/116] 10.222.0.76 () {58 vars in 1324 bytes} [Wed Jan 12 10:17:31 2022] GET /volume/v3/10c93477f5d548aa8e2a4d6e0acddd43/volumes/102eecd8-615b-436f-a1e6-6c27cfa38375 => generated 921 bytes in 39 msecs (HTTP/1.1 200) 7 headers in 285 bytes (2 switches on core 0)
Jan 12 10:17:31.227908 dv-cinder-821602-9-iscsi devstack@c-api.service[110258]: INFO cinder.volume.api [None req-a5befec5-376d-48f1-bfa2-c96ab1e5c43c tempest-SnapshotsActionsTest-1537121156 tempest-SnapshotsActionsTest-1537121156-project-admin] Snapshot delete request issued successfully.
Jan 12 10:17:31.233134 dv-cinder-821602-9-iscsi devstack@c-api.service[110258]: INFO cinder.api.openstack.wsgi [None req-a5befec5-376d-48f1-bfa2-c96ab1e5c43c tempest-SnapshotsActionsTest-1537121156 tempest-SnapshotsActionsTest-1537121156-project-admin] http://10.222.0.76/volume/v3/a8ad13c839e74a71af6ff7e9de59b578/snapshots/b50a8dca-8f2a-4b65-888c-6d8579b144fa/action returned with HTTP 202
Jan 12 10:17:31.237470 dv-cinder-821602-9-iscsi devstack@c-api.service[110258]: [pid: 110258|app: 0|req: 48/117] 10.222.0.76 () {60 vars in 1372 bytes} [Wed Jan 12 10:17:31 2022] POST /volume/v3/a8ad13c839e74a71af6ff7e9de59b578/snapshots/b50a8dca-8f2a-4b65-888c-6d8579b144fa/action => generated 0 bytes in 161 msecs (HTTP/1.1 202) 7 headers in 289 bytes (1 switches on core 0)
Jan 12 10:17:31.242492 dv-cinder-821602-9-iscsi devstack@c-api.service[110259]: INFO cinder.api.openstack.wsgi [req-4fc470ec-7f4f-4886-983e-ed98a6e89ff5 req-db9e6ac3-9f0b-4cc5-85b8-4c26e369cda3 tempest-VolumesTestJSON-631698456 tempest-VolumesTestJSON-631698456-project] GET http://10.222.0.76/volume/v3/10c93477f5d548aa8e2a4d6e0acddd43/volumes/102eecd8-615b-436f-a1e6-6c27cfa38375
Jan 12 10:17:31.243260 dv-cinder-821602-9-iscsi devstack@c-api.service[110259]: DEBUG cinder.api.openstack.wsgi [req-4fc470ec-7f4f-4886-983e-ed98a6e89ff5 req-db9e6ac3-9f0b-4cc5-85b8-4c26e369cda3 tempest-VolumesTestJSON-631698456 tempest-VolumesTestJSON-631698456-project] Empty body provided in request {{(pid=110259) get_body /opt/stack/cinder/cinder/api/openstack/wsgi.py:715}}
Jan 12 10:17:31.243897 dv-cinder-821602-9-iscsi devstack@c-api.service[110259]: DEBUG cinder.api.openstack.wsgi [req-4fc470ec-7f4f-4886-983e-ed98a6e89ff5 req-db9e6ac3-9f0b-4cc5-85b8-4c26e369cda3 tempest-VolumesTestJSON-631698456 tempest-VolumesTestJSON-631698456-project] Calling method 'show' {{(pid=110259) _process_stack /opt/stack/cinder/cinder/api/openstack/wsgi.py:868}}
Jan 12 10:17:31.244851 dv-cinder-821602-9-iscsi devstack@c-api.service[110258]: INFO cinder.api.openstack.wsgi [None req-965a10b5-3c81-45ef-9d99-8e6c132fa540 tempest-SnapshotsActionsTest-371636324 tempest-SnapshotsActionsTest-371636324-project] GET http://10.222.0.76/volume/v3/23a9cf997bc947a7b7dea49e17d48002/snapshots/b50a8dca-8f2a-4b65-888c-6d8579b144fa
Jan 12 10:17:31.245411 dv-cinder-821602-9-iscsi devstack@c-api.service[110258]: DEBUG cinder.api.openstack.wsgi [None req-965a10b5-3c81-45ef-9d99-8e6c132fa540 tempest-SnapshotsActionsTest-371636324 tempest-SnapshotsActionsTest-371636324-project] Empty body provided in request {{(pid=110258) get_body /opt/stack/cinder/cinder/api/openstack/wsgi.py:715}}
Jan 12 10:17:31.245936 dv-cinder-821602-9-iscsi devstack@c-api.service[110258]: DEBUG cinder.api.openstack.wsgi [None req-965a10b5-3c81-45ef-9d99-8e6c132fa540 tempest-SnapshotsActionsTest-371636324 tempest-SnapshotsActionsTest-371636324-project] Calling method 'show' {{(pid=110258) _process_stack /opt/stack/cinder/cinder/api/openstack/wsgi.py:868}}
Jan 12 10:17:31.256923 dv-cinder-821602-9-iscsi devstack@c-api.service[110258]: /usr/local/lib/python3.8/dist-packages/oslo_context/context.py:105: DeprecationWarning: Policy enforcement is depending on the value of is_admin. This key is deprecated. Please update your policy file to use the standard policy values.
Jan 12 10:17:31.256923 dv-cinder-821602-9-iscsi devstack@c-api.service[110258]: warnings.warn('Policy enforcement is depending on the value of '
Jan 12 10:17:31.257936 dv-cinder-821602-9-iscsi devstack@c-api.service[110258]: INFO cinder.volume.api [None req-965a10b5-3c81-45ef-9d99-8e6c132fa540 tempest-SnapshotsActionsTest-371636324 tempest-SnapshotsActionsTest-371636324-project] Snapshot retrieved successfully.
Jan 12 10:17:31.259920 dv-cinder-821602-9-iscsi devstack@c-api.service[110258]: INFO cinder.api.openstack.wsgi [None req-965a10b5-3c81-45ef-9d99-8e6c132fa540 tempest-SnapshotsActionsTest-371636324 tempest-SnapshotsActionsTest-371636324-project] http://10.222.0.76/volume/v3/23a9cf997bc947a7b7dea49e17d48002/snapshots/b50a8dca-8f2a-4b65-888c-6d8579b144fa returned with HTTP 200
Jan 12 10:17:31.260983 dv-cinder-821602-9-iscsi devstack@c-api.service[110258]: [pid: 110258|app: 0|req: 49/118] 10.222.0.76 () {58 vars in 1330 bytes} [Wed Jan 12 10:17:31 2022] GET /volume/v3/23a9cf997bc947a7b7dea49e17d48002/snapshots/b50a8dca-8f2a-4b65-888c-6d8579b144fa => generated 465 bytes in 23 msecs (HTTP/1.1 200) 7 headers in 285 bytes (1 switches on core 0)
Jan 12 10:17:31.263463 dv-cinder-821602-9-iscsi devstack@c-api.service[110259]: /usr/local/lib/python3.8/dist-packages/oslo_context/context.py:105: DeprecationWarning: Policy enforcement is depending on the value of is_admin. This key is deprecated. Please update your policy file to use the standard policy values.
Jan 12 10:17:31.263463 dv-cinder-821602-9-iscsi devstack@c-api.service[110259]: warnings.warn('Policy enforcement is depending on the value of '
Jan 12 10:17:31.273019 dv-cinder-821602-9-iscsi devstack@c-api.service[110259]: INFO cinder.volume.api [req-4fc470ec-7f4f-4886-983e-ed98a6e89ff5 req-db9e6ac3-9f0b-4cc5-85b8-4c26e369cda3 tempest-VolumesTestJSON-631698456 tempest-VolumesTestJSON-631698456-project] Volume info retrieved successfully.
Jan 12 10:17:31.281902 dv-cinder-821602-9-iscsi devstack@c-api.service[110259]: INFO cinder.api.openstack.wsgi [req-4fc470ec-7f4f-4886-983e-ed98a6e89ff5 req-db9e6ac3-9f0b-4cc5-85b8-4c26e369cda3 tempest-VolumesTestJSON-631698456 tempest-VolumesTestJSON-631698456-project] http://10.222.0.76/volume/v3/10c93477f5d548aa8e2a4d6e0acddd43/volumes/102eecd8-615b-436f-a1e6-6c27cfa38375 returned with HTTP 200
Jan 12 10:17:31.282830 dv-cinder-821602-9-iscsi devstack@c-api.service[110259]: [pid: 110259|app: 0|req: 70/119] 10.222.0.76 () {60 vars in 1578 bytes} [Wed Jan 12 10:17:31 2022] GET /volume/v3/10c93477f5d548aa8e2a4d6e0acddd43/volumes/102eecd8-615b-436f-a1e6-6c27cfa38375 => generated 921 bytes in 48 msecs (HTTP/1.1 200) 7 headers in 285 bytes (1 switches on core 0)
Jan 12 10:17:31.311028 dv-cinder-821602-9-iscsi devstack@c-api.service[110258]: INFO cinder.api.openstack.wsgi [req-700cd739-2e9d-46c0-9e0e-bce132696718 req-30b73995-1d84-435b-8e98-bec3bca5f296 tempest-VolumesTestJSON-631698456 tempest-VolumesTestJSON-631698456-project] GET http://10.222.0.76/volume/v3/10c93477f5d548aa8e2a4d6e0acddd43/volumes/detail
Jan 12 10:17:31.311739 dv-cinder-821602-9-iscsi devstack@c-api.service[110258]: DEBUG cinder.api.openstack.wsgi [req-700cd739-2e9d-46c0-9e0e-bce132696718 req-30b73995-1d84-435b-8e98-bec3bca5f296 tempest-VolumesTestJSON-631698456 tempest-VolumesTestJSON-631698456-project] Empty body provided in request {{(pid=110258) get_body /opt/stack/cinder/cinder/api/openstack/wsgi.py:715}}
Jan 12 10:17:31.312416 dv-cinder-821602-9-iscsi devstack@c-api.service[110258]: DEBUG cinder.api.openstack.wsgi [req-700cd739-2e9d-46c0-9e0e-bce132696718 req-30b73995-1d84-435b-8e98-bec3bca5f296 tempest-VolumesTestJSON-631698456 tempest-VolumesTestJSON-631698456-project] Calling method 'detail' {{(pid=110258) _process_stack /opt/stack/cinder/cinder/api/openstack/wsgi.py:868}}
Jan 12 10:17:31.313197 dv-cinder-821602-9-iscsi devstack@c-api.service[110258]: DEBUG cinder.api.api_utils [req-700cd739-2e9d-46c0-9e0e-bce132696718 req-30b73995-1d84-435b-8e98-bec3bca5f296 tempest-VolumesTestJSON-631698456 tempest-VolumesTestJSON-631698456-project] Removing options '' from query. {{(pid=110258) remove_invalid_filter_options /opt/stack/cinder/cinder/api/api_utils.py:73}}
Jan 12 10:17:31.318103 dv-cinder-821602-9-iscsi devstack@c-api.service[110258]: DEBUG cinder.volume.api [req-700cd739-2e9d-46c0-9e0e-bce132696718 req-30b73995-1d84-435b-8e98-bec3bca5f296 tempest-VolumesTestJSON-631698456 tempest-VolumesTestJSON-631698456-project] Searching by: MultiDict([('no_migration_targets', True)]). {{(pid=110258) get_all /opt/stack/cinder/cinder/volume/api.py:662}}
Jan 12 10:17:31.369973 dv-cinder-821602-9-iscsi devstack@c-api.service[110258]: INFO cinder.volume.api [req-700cd739-2e9d-46c0-9e0e-bce132696718 req-30b73995-1d84-435b-8e98-bec3bca5f296 tempest-VolumesTestJSON-631698456 tempest-VolumesTestJSON-631698456-project] Get all volumes completed successfully.
Jan 12 10:17:31.372173 dv-cinder-821602-9-iscsi devstack@c-api.service[110258]: /usr/local/lib/python3.8/dist-packages/oslo_context/context.py:105: DeprecationWarning: Policy enforcement is depending on the value of is_admin. This key is deprecated. Please update your policy file to use the standard policy values.
Jan 12 10:17:31.372173 dv-cinder-821602-9-iscsi devstack@c-api.service[110258]: warnings.warn('Policy enforcement is depending on the value of '
Jan 12 10:17:31.382470 dv-cinder-821602-9-iscsi devstack@c-api.service[110258]: INFO cinder.api.openstack.wsgi [req-700cd739-2e9d-46c0-9e0e-bce132696718 req-30b73995-1d84-435b-8e98-bec3bca5f296 tempest-VolumesTestJSON-631698456 tempest-VolumesTestJSON-631698456-project] http://10.222.0.76/volume/v3/10c93477f5d548aa8e2a4d6e0acddd43/volumes/detail returned with HTTP 200
Jan 12 10:17:31.383142 dv-cinder-821602-9-iscsi devstack@c-api.service[110258]: [pid: 110258|app: 0|req: 50/120] 10.222.0.76 () {60 vars in 1488 bytes} [Wed Jan 12 10:17:31 2022] GET /volume/v3/10c93477f5d548aa8e2a4d6e0acddd43/volumes/detail => generated 2746 bytes in 77 msecs (HTTP/1.1 200) 7 headers in 286 bytes (1 switches on core 0)
Jan 12 10:17:31.413883 dv-cinder-821602-9-iscsi devstack@c-api.service[110259]: INFO cinder.api.openstack.wsgi [req-9b15f3ff-ff70-4e2e-9304-97391a55fcb6 req-7ebe4302-8992-47c6-84e0-265190cfe342 tempest-VolumesTestJSON-631698456 tempest-VolumesTestJSON-631698456-project] GET http://10.222.0.76/volume/v3/10c93477f5d548aa8e2a4d6e0acddd43/volumes/detail
Jan 12 10:17:31.414472 dv-cinder-821602-9-iscsi devstack@c-api.service[110259]: DEBUG cinder.api.openstack.wsgi [req-9b15f3ff-ff70-4e2e-9304-97391a55fcb6 req-7ebe4302-8992-47c6-84e0-265190cfe342 tempest-VolumesTestJSON-631698456 tempest-VolumesTestJSON-631698456-project] Empty body provided in request {{(pid=110259) get_body /opt/stack/cinder/cinder/api/openstack/wsgi.py:715}}
Jan 12 10:17:31.415028 dv-cinder-821602-9-iscsi devstack@c-api.service[110259]: DEBUG cinder.api.openstack.wsgi [req-9b15f3ff-ff70-4e2e-9304-97391a55fcb6 req-7ebe4302-8992-47c6-84e0-265190cfe342 tempest-VolumesTestJSON-631698456 tempest-VolumesTestJSON-631698456-project] Calling method 'detail' {{(pid=110259) _process_stack /opt/stack/cinder/cinder/api/openstack/wsgi.py:868}}
Jan 12 10:17:31.416779 dv-cinder-821602-9-iscsi devstack@c-api.service[110259]: DEBUG cinder.api.api_utils [req-9b15f3ff-ff70-4e2e-9304-97391a55fcb6 req-7ebe4302-8992-47c6-84e0-265190cfe342 tempest-VolumesTestJSON-631698456 tempest-VolumesTestJSON-631698456-project] Removing options '' from query. {{(pid=110259) remove_invalid_filter_options /opt/stack/cinder/cinder/api/api_utils.py:73}}
Jan 12 10:17:31.418712 dv-cinder-821602-9-iscsi devstack@c-api.service[110259]: DEBUG cinder.volume.api [req-9b15f3ff-ff70-4e2e-9304-97391a55fcb6 req-7ebe4302-8992-47c6-84e0-265190cfe342 tempest-VolumesTestJSON-631698456 tempest-VolumesTestJSON-631698456-project] Searching by: MultiDict([('no_migration_targets', True)]). {{(pid=110259) get_all /opt/stack/cinder/cinder/volume/api.py:662}}
Jan 12 10:17:31.468731 dv-cinder-821602-9-iscsi devstack@c-api.service[110259]: INFO cinder.volume.api [req-9b15f3ff-ff70-4e2e-9304-97391a55fcb6 req-7ebe4302-8992-47c6-84e0-265190cfe342 tempest-VolumesTestJSON-631698456 tempest-VolumesTestJSON-631698456-project] Get all volumes completed successfully.
Jan 12 10:17:31.470890 dv-cinder-821602-9-iscsi devstack@c-api.service[110259]: /usr/local/lib/python3.8/dist-packages/oslo_context/context.py:105: DeprecationWarning: Policy enforcement is depending on the value of is_admin. This key is deprecated. Please update your policy file to use the standard policy values.
Jan 12 10:17:31.470890 dv-cinder-821602-9-iscsi devstack@c-api.service[110259]: warnings.warn('Policy enforcement is depending on the value of '
Jan 12 10:17:31.479836 dv-cinder-821602-9-iscsi devstack@c-api.service[110259]: INFO cinder.api.openstack.wsgi [req-9b15f3ff-ff70-4e2e-9304-97391a55fcb6 req-7ebe4302-8992-47c6-84e0-265190cfe342 tempest-VolumesTestJSON-631698456 tempest-VolumesTestJSON-631698456-project] http://10.222.0.76/volume/v3/10c93477f5d548aa8e2a4d6e0acddd43/volumes/detail returned with HTTP 200
Jan 12 10:17:31.480611 dv-cinder-821602-9-iscsi devstack@c-api.service[110259]: [pid: 110259|app: 0|req: 71/121] 10.222.0.76 () {60 vars in 1488 bytes} [Wed Jan 12 10:17:31 2022] GET /volume/v3/10c93477f5d548aa8e2a4d6e0acddd43/volumes/detail => generated 2746 bytes in 71 msecs (HTTP/1.1 200) 7 headers in 286 bytes (1 switches on core 0)
Jan 12 10:17:31.512926 dv-cinder-821602-9-iscsi devstack@c-api.service[110259]: INFO cinder.api.openstack.wsgi [None req-3bda4634-936c-457d-8708-2f6b24170c52 tempest-GroupSnapshotsTest-1000099335 tempest-GroupSnapshotsTest-1000099335-project] GET http://10.222.0.76/volume/v3/0014d0f903d74d359766670841cccd45/volumes/54a895e4-043e-4d77-9d0f-a0ca1b9692b4
Jan 12 10:17:31.513437 dv-cinder-821602-9-iscsi devstack@c-api.service[110259]: DEBUG cinder.api.openstack.wsgi [None req-3bda4634-936c-457d-8708-2f6b24170c52 tempest-GroupSnapshotsTest-1000099335 tempest-GroupSnapshotsTest-1000099335-project] Empty body provided in request {{(pid=110259) get_body /opt/stack/cinder/cinder/api/openstack/wsgi.py:715}}
Jan 12 10:17:31.513954 dv-cinder-821602-9-iscsi devstack@c-api.service[110259]: DEBUG cinder.api.openstack.wsgi [None req-3bda4634-936c-457d-8708-2f6b24170c52 tempest-GroupSnapshotsTest-1000099335 tempest-GroupSnapshotsTest-1000099335-project] Calling method 'show' {{(pid=110259) _process_stack /opt/stack/cinder/cinder/api/openstack/wsgi.py:868}}
Jan 12 10:17:31.515424 dv-cinder-821602-9-iscsi devstack@c-api.service[110258]: INFO cinder.api.openstack.wsgi [req-600a0ea1-7a74-4879-9c38-3b6c81bcb879 req-98bdcc94-6798-4c97-b8d6-73d54621938b tempest-VolumesTestJSON-631698456 tempest-VolumesTestJSON-631698456-project] GET http://10.222.0.76/volume/v3/10c93477f5d548aa8e2a4d6e0acddd43/volumes/detail
Jan 12 10:17:31.516397 dv-cinder-821602-9-iscsi devstack@c-api.service[110258]: DEBUG cinder.api.openstack.wsgi [req-600a0ea1-7a74-4879-9c38-3b6c81bcb879 req-98bdcc94-6798-4c97-b8d6-73d54621938b tempest-VolumesTestJSON-631698456 tempest-VolumesTestJSON-631698456-project] Empty body provided in request {{(pid=110258) get_body /opt/stack/cinder/cinder/api/openstack/wsgi.py:715}}
Jan 12 10:17:31.516519 dv-cinder-821602-9-iscsi devstack@c-api.service[110258]: DEBUG cinder.api.openstack.wsgi [req-600a0ea1-7a74-4879-9c38-3b6c81bcb879 req-98bdcc94-6798-4c97-b8d6-73d54621938b tempest-VolumesTestJSON-631698456 tempest-VolumesTestJSON-631698456-project] Calling method 'detail' {{(pid=110258) _process_stack /opt/stack/cinder/cinder/api/openstack/wsgi.py:868}}
Jan 12 10:17:31.517380 dv-cinder-821602-9-iscsi devstack@c-api.service[110258]: DEBUG cinder.api.api_utils [req-600a0ea1-7a74-4879-9c38-3b6c81bcb879 req-98bdcc94-6798-4c97-b8d6-73d54621938b tempest-VolumesTestJSON-631698456 tempest-VolumesTestJSON-631698456-project] Removing options '' from query. {{(pid=110258) remove_invalid_filter_options /opt/stack/cinder/cinder/api/api_utils.py:73}}
Jan 12 10:17:31.519153 dv-cinder-821602-9-iscsi devstack@c-api.service[110258]: DEBUG cinder.volume.api [req-600a0ea1-7a74-4879-9c38-3b6c81bcb879 req-98bdcc94-6798-4c97-b8d6-73d54621938b tempest-VolumesTestJSON-631698456 tempest-VolumesTestJSON-631698456-project] Searching by: MultiDict([('no_migration_targets', True)]). {{(pid=110258) get_all /opt/stack/cinder/cinder/volume/api.py:662}}
Jan 12 10:17:31.529712 dv-cinder-821602-9-iscsi devstack@c-api.service[110259]: /usr/local/lib/python3.8/dist-packages/oslo_context/context.py:105: DeprecationWarning: Policy enforcement is depending on the value of is_admin. This key is deprecated. Please update your policy file to use the standard policy values.
Jan 12 10:17:31.529712 dv-cinder-821602-9-iscsi devstack@c-api.service[110259]: warnings.warn('Policy enforcement is depending on the value of '
Jan 12 10:17:31.538142 dv-cinder-821602-9-iscsi devstack@c-api.service[110259]: INFO cinder.volume.api [None req-3bda4634-936c-457d-8708-2f6b24170c52 tempest-GroupSnapshotsTest-1000099335 tempest-GroupSnapshotsTest-1000099335-project] Volume info retrieved successfully.
Jan 12 10:17:31.539789 dv-cinder-821602-9-iscsi devstack@c-api.service[110259]: WARNING stevedore.named [None req-3bda4634-936c-457d-8708-2f6b24170c52 tempest-GroupSnapshotsTest-1000099335 tempest-GroupSnapshotsTest-1000099335-project] Could not load cinder.keymgr.conf_key_mgr.ConfKeyManager
Jan 12 10:17:31.539926 dv-cinder-821602-9-iscsi devstack@c-api.service[110259]: WARNING castellan.key_manager [None req-3bda4634-936c-457d-8708-2f6b24170c52 tempest-GroupSnapshotsTest-1000099335 tempest-GroupSnapshotsTest-1000099335-project] Deprecation Warning : cinder.keymgr.conf_key_mgr.ConfKeyManager is not a stevedore based driver, trying to load it as a class: stevedore.exception.NoMatches: No 'castellan.drivers' driver found, looking for 'cinder.keymgr.conf_key_mgr.ConfKeyManager'
Jan 12 10:17:31.547188 dv-cinder-821602-9-iscsi devstack@c-api.service[110259]: DEBUG oslo_db.sqlalchemy.engines [None req-3bda4634-936c-457d-8708-2f6b24170c52 tempest-GroupSnapshotsTest-1000099335 tempest-GroupSnapshotsTest-1000099335-project] MySQL server mode set to STRICT_TRANS_TABLES,STRICT_ALL_TABLES,NO_ZERO_IN_DATE,NO_ZERO_DATE,ERROR_FOR_DIVISION_BY_ZERO,TRADITIONAL,NO_ENGINE_SUBSTITUTION {{(pid=110259) _check_effective_sql_mode /usr/local/lib/python3.8/dist-packages/oslo_db/sqlalchemy/engines.py:314}}
Jan 12 10:17:31.553237 dv-cinder-821602-9-iscsi devstack@c-api.service[110259]: /usr/local/lib/python3.8/dist-packages/oslo_context/context.py:105: DeprecationWarning: Policy enforcement is depending on the value of is_admin. This key is deprecated. Please update your policy file to use the standard policy values.
Jan 12 10:17:31.553237 dv-cinder-821602-9-iscsi devstack@c-api.service[110259]: warnings.warn('Policy enforcement is depending on the value of '
Jan 12 10:17:31.569868 dv-cinder-821602-9-iscsi devstack@c-api.service[110259]: INFO cinder.api.openstack.wsgi [None req-3bda4634-936c-457d-8708-2f6b24170c52 tempest-GroupSnapshotsTest-1000099335 tempest-GroupSnapshotsTest-1000099335-project] http://10.222.0.76/volume/v3/0014d0f903d74d359766670841cccd45/volumes/54a895e4-043e-4d77-9d0f-a0ca1b9692b4 returned with HTTP 200
Jan 12 10:17:31.570927 dv-cinder-821602-9-iscsi devstack@c-api.service[110259]: [pid: 110259|app: 0|req: 72/122] 10.222.0.76 () {60 vars in 1365 bytes} [Wed Jan 12 10:17:31 2022] GET /volume/v3/0014d0f903d74d359766670841cccd45/volumes/54a895e4-043e-4d77-9d0f-a0ca1b9692b4 => generated 992 bytes in 62 msecs (HTTP/1.1 200) 7 headers in 286 bytes (1 switches on core 0)
