Jan 21 14:24:09.322516 dv-cinder-821602-20-iscsi devstack@c-api.service[110347]: /usr/local/lib/python3.8/dist-packages/oslo_context/context.py:105: DeprecationWarning: Policy enforcement is depending on the value of is_admin. This key is deprecated. Please update your policy file to use the standard policy values.
Jan 21 14:24:09.322516 dv-cinder-821602-20-iscsi devstack@c-api.service[110347]: warnings.warn('Policy enforcement is depending on the value of '
Jan 21 14:24:09.347013 dv-cinder-821602-20-iscsi devstack@c-api.service[110347]: INFO cinder.volume.api [None req-4fc682c2-6ca8-47e0-b6ba-fd2d728835f2 tempest-VolumeRetypeWithoutMigrationTest-1857495083 tempest-VolumeRetypeWithoutMigrationTest-1857495083-project] Volume info retrieved successfully.
Jan 21 14:24:09.369006 dv-cinder-821602-20-iscsi devstack@c-api.service[110347]: INFO cinder.api.openstack.wsgi [None req-4fc682c2-6ca8-47e0-b6ba-fd2d728835f2 tempest-VolumeRetypeWithoutMigrationTest-1857495083 tempest-VolumeRetypeWithoutMigrationTest-1857495083-project] http://10.222.0.39/volume/v3/8797c92bc8094979ac75aa049cbc1beb/volumes/0ac85f58-7e98-43a2-b1e1-c8542df982f9 returned with HTTP 200
Jan 21 14:24:09.382495 dv-cinder-821602-20-iscsi devstack@c-api.service[110347]: [pid: 110347|app: 0|req: 28/60] 10.222.0.39 () {58 vars in 1324 bytes} [Fri Jan 21 14:24:09 2022] GET /volume/v3/8797c92bc8094979ac75aa049cbc1beb/volumes/0ac85f58-7e98-43a2-b1e1-c8542df982f9 => generated 926 bytes in 139 msecs (HTTP/1.1 200) 7 headers in 285 bytes (1 switches on core 0)
Jan 21 14:24:09.490527 dv-cinder-821602-20-iscsi devstack@c-api.service[110347]: INFO cinder.api.openstack.wsgi [None req-71936ca9-2af4-44e1-ae4b-cf4e52d245b2 tempest-SnapshotsActionsTest-1203289860 tempest-SnapshotsActionsTest-1203289860-project] GET http://10.222.0.39/volume/v3/ccd5c6978f6b4eccbc65800b009d7836/snapshots/7a175b2d-c98a-4091-a843-ffe4858a0025
Jan 21 14:24:09.490527 dv-cinder-821602-20-iscsi devstack@c-api.service[110347]: DEBUG cinder.api.openstack.wsgi [None req-71936ca9-2af4-44e1-ae4b-cf4e52d245b2 tempest-SnapshotsActionsTest-1203289860 tempest-SnapshotsActionsTest-1203289860-project] Empty body provided in request {{(pid=110347) get_body /opt/stack/cinder/cinder/api/openstack/wsgi.py:715}}
Jan 21 14:24:09.490527 dv-cinder-821602-20-iscsi devstack@c-api.service[110347]: DEBUG cinder.api.openstack.wsgi [None req-71936ca9-2af4-44e1-ae4b-cf4e52d245b2 tempest-SnapshotsActionsTest-1203289860 tempest-SnapshotsActionsTest-1203289860-project] Calling method 'show' {{(pid=110347) _process_stack /opt/stack/cinder/cinder/api/openstack/wsgi.py:868}}
Jan 21 14:24:09.521150 dv-cinder-821602-20-iscsi devstack@c-api.service[110347]: /usr/local/lib/python3.8/dist-packages/oslo_context/context.py:105: DeprecationWarning: Policy enforcement is depending on the value of is_admin. This key is deprecated. Please update your policy file to use the standard policy values.
Jan 21 14:24:09.521150 dv-cinder-821602-20-iscsi devstack@c-api.service[110347]: warnings.warn('Policy enforcement is depending on the value of '
Jan 21 14:24:09.525034 dv-cinder-821602-20-iscsi devstack@c-api.service[110347]: INFO cinder.volume.api [None req-71936ca9-2af4-44e1-ae4b-cf4e52d245b2 tempest-SnapshotsActionsTest-1203289860 tempest-SnapshotsActionsTest-1203289860-project] Snapshot retrieved successfully.
Jan 21 14:24:09.527162 dv-cinder-821602-20-iscsi devstack@c-api.service[110347]: INFO cinder.api.openstack.wsgi [None req-71936ca9-2af4-44e1-ae4b-cf4e52d245b2 tempest-SnapshotsActionsTest-1203289860 tempest-SnapshotsActionsTest-1203289860-project] http://10.222.0.39/volume/v3/ccd5c6978f6b4eccbc65800b009d7836/snapshots/7a175b2d-c98a-4091-a843-ffe4858a0025 returned with HTTP 200
Jan 21 14:24:09.532160 dv-cinder-821602-20-iscsi devstack@c-api.service[110347]: [pid: 110347|app: 0|req: 29/61] 10.222.0.39 () {58 vars in 1330 bytes} [Fri Jan 21 14:24:09 2022] GET /volume/v3/ccd5c6978f6b4eccbc65800b009d7836/snapshots/7a175b2d-c98a-4091-a843-ffe4858a0025 => generated 438 bytes in 47 msecs (HTTP/1.1 200) 7 headers in 285 bytes (1 switches on core 0)
Jan 21 14:24:09.969988 dv-cinder-821602-20-iscsi devstack@c-api.service[110348]: INFO cinder.api.openstack.wsgi [None req-cf308570-9ea1-45f2-afb9-3f6cb936c2bf tempest-VolumesServicesTestJSON-673404923 tempest-VolumesServicesTestJSON-673404923-project] POST http://10.222.0.39/volume/v3/5b2b95589d3c49f6acc8b46325d55d5a/volumes
Jan 21 14:24:09.970908 dv-cinder-821602-20-iscsi devstack@c-api.service[110348]: DEBUG cinder.api.openstack.wsgi [None req-cf308570-9ea1-45f2-afb9-3f6cb936c2bf tempest-VolumesServicesTestJSON-673404923 tempest-VolumesServicesTestJSON-673404923-project] Action: 'create', calling method: create, body: {"volume": {"size": 1, "name": "tempest-VolumesServicesTestJSON-Volume-583414859"}} {{(pid=110348) _process_stack /opt/stack/cinder/cinder/api/openstack/wsgi.py:866}}
Jan 21 14:24:09.972224 dv-cinder-821602-20-iscsi devstack@c-api.service[110348]: DEBUG cinder.api.v3.volumes [None req-cf308570-9ea1-45f2-afb9-3f6cb936c2bf tempest-VolumesServicesTestJSON-673404923 tempest-VolumesServicesTestJSON-673404923-project] Create volume request body: {'volume': {'size': 1, 'name': 'tempest-VolumesServicesTestJSON-Volume-583414859'}} {{(pid=110348) create /opt/stack/cinder/cinder/api/v3/volumes.py:298}}
Jan 21 14:24:09.972567 dv-cinder-821602-20-iscsi devstack@c-api.service[110348]: INFO cinder.api.v3.volumes [None req-cf308570-9ea1-45f2-afb9-3f6cb936c2bf tempest-VolumesServicesTestJSON-673404923 tempest-VolumesServicesTestJSON-673404923-project] Create volume of 1 GB
Jan 21 14:24:09.992630 dv-cinder-821602-20-iscsi devstack@c-api.service[110348]: INFO cinder.volume.api [None req-cf308570-9ea1-45f2-afb9-3f6cb936c2bf tempest-VolumesServicesTestJSON-673404923 tempest-VolumesServicesTestJSON-673404923-project] Availability Zones retrieved successfully.
Jan 21 14:24:10.056198 dv-cinder-821602-20-iscsi devstack@c-api.service[110348]: DEBUG cinder.volume.api [None req-cf308570-9ea1-45f2-afb9-3f6cb936c2bf tempest-VolumesServicesTestJSON-673404923 tempest-VolumesServicesTestJSON-673404923-project] Flow 'volume_create_api' (cce35a7c-3fdb-46d2-a1ab-2507752477d1) transitioned into state 'RUNNING' from state 'PENDING' {{(pid=110348) _flow_receiver /usr/local/lib/python3.8/dist-packages/taskflow/listeners/logging.py:141}}
Jan 21 14:24:10.058948 dv-cinder-821602-20-iscsi devstack@c-api.service[110348]: DEBUG cinder.volume.api [None req-cf308570-9ea1-45f2-afb9-3f6cb936c2bf tempest-VolumesServicesTestJSON-673404923 tempest-VolumesServicesTestJSON-673404923-project] Task 'cinder.volume.flows.api.create_volume.ExtractVolumeRequestTask;volume:create' (1553a52c-e704-4845-8dbc-62137529fcef) transitioned into state 'RUNNING' from state 'PENDING' {{(pid=110348) _task_receiver /usr/local/lib/python3.8/dist-packages/taskflow/listeners/logging.py:190}}
Jan 21 14:24:10.061636 dv-cinder-821602-20-iscsi devstack@c-api.service[110348]: DEBUG cinder.volume.flows.api.create_volume [None req-cf308570-9ea1-45f2-afb9-3f6cb936c2bf tempest-VolumesServicesTestJSON-673404923 tempest-VolumesServicesTestJSON-673404923-project] Validating volume size '1' using validate_int {{(pid=110348) _extract_size /opt/stack/cinder/cinder/volume/flows/api/create_volume.py:225}}
Jan 21 14:24:10.208297 dv-cinder-821602-20-iscsi devstack@c-api.service[110348]: DEBUG cinder.volume.api [None req-cf308570-9ea1-45f2-afb9-3f6cb936c2bf tempest-VolumesServicesTestJSON-673404923 tempest-VolumesServicesTestJSON-673404923-project] Task 'cinder.volume.flows.api.create_volume.ExtractVolumeRequestTask;volume:create' (1553a52c-e704-4845-8dbc-62137529fcef) transitioned into state 'SUCCESS' from state 'RUNNING' with result '{'size': 1, 'snapshot_id': None, 'source_volid': None, 'volume_type': VolumeType(created_at=2022-01-21T14:07:21Z,deleted=False,deleted_at=None,description='Default Volume Type',extra_specs={},id=3512a586-8657-49fd-82d1-09e67eed2053,is_public=True,name='__DEFAULT__',projects=[],qos_specs=,qos_specs_id=None,updated_at=2022-01-21T14:07:21Z), 'volume_type_id': '3512a586-8657-49fd-82d1-09e67eed2053', 'encryption_key_id': None, 'qos_specs': None, 'consistencygroup_id': None, 'cgsnapshot_id': None, 'group_id': None, 'replication_status': 'disabled', 'refresh_az': False, 'backup_id': None, 'multiattach': False, 'availability_zones': ['nova']}' {{(pid=110348) _task_receiver /usr/local/lib/python3.8/dist-packages/taskflow/listeners/logging.py:178}}
Jan 21 14:24:10.214972 dv-cinder-821602-20-iscsi devstack@c-api.service[110348]: DEBUG cinder.volume.api [None req-cf308570-9ea1-45f2-afb9-3f6cb936c2bf tempest-VolumesServicesTestJSON-673404923 tempest-VolumesServicesTestJSON-673404923-project] Task 'cinder.volume.flows.api.create_volume.QuotaReserveTask;volume:create' (d7a2b6a5-c5b3-4545-8b8d-998e97dfe44a) transitioned into state 'RUNNING' from state 'PENDING' {{(pid=110348) _task_receiver /usr/local/lib/python3.8/dist-packages/taskflow/listeners/logging.py:190}}
Jan 21 14:24:10.391551 dv-cinder-821602-20-iscsi devstack@c-api.service[110347]: INFO cinder.api.openstack.wsgi [None req-c892360e-2c97-446d-bd6c-023dbea28300 tempest-VolumeRetypeWithoutMigrationTest-1857495083 tempest-VolumeRetypeWithoutMigrationTest-1857495083-project] GET http://10.222.0.39/volume/v3/8797c92bc8094979ac75aa049cbc1beb/volumes/0ac85f58-7e98-43a2-b1e1-c8542df982f9
Jan 21 14:24:10.391551 dv-cinder-821602-20-iscsi devstack@c-api.service[110347]: DEBUG cinder.api.openstack.wsgi [None req-c892360e-2c97-446d-bd6c-023dbea28300 tempest-VolumeRetypeWithoutMigrationTest-1857495083 tempest-VolumeRetypeWithoutMigrationTest-1857495083-project] Empty body provided in request {{(pid=110347) get_body /opt/stack/cinder/cinder/api/openstack/wsgi.py:715}}
Jan 21 14:24:10.391551 dv-cinder-821602-20-iscsi devstack@c-api.service[110347]: DEBUG cinder.api.openstack.wsgi [None req-c892360e-2c97-446d-bd6c-023dbea28300 tempest-VolumeRetypeWithoutMigrationTest-1857495083 tempest-VolumeRetypeWithoutMigrationTest-1857495083-project] Calling method 'show' {{(pid=110347) _process_stack /opt/stack/cinder/cinder/api/openstack/wsgi.py:868}}
Jan 21 14:24:10.514139 dv-cinder-821602-20-iscsi devstack@c-api.service[110347]: /usr/local/lib/python3.8/dist-packages/oslo_context/context.py:105: DeprecationWarning: Policy enforcement is depending on the value of is_admin. This key is deprecated. Please update your policy file to use the standard policy values.
Jan 21 14:24:10.514139 dv-cinder-821602-20-iscsi devstack@c-api.service[110347]: warnings.warn('Policy enforcement is depending on the value of '
Jan 21 14:24:10.554567 dv-cinder-821602-20-iscsi devstack@c-api.service[110347]: INFO cinder.volume.api [None req-c892360e-2c97-446d-bd6c-023dbea28300 tempest-VolumeRetypeWithoutMigrationTest-1857495083 tempest-VolumeRetypeWithoutMigrationTest-1857495083-project] Volume info retrieved successfully.
Jan 21 14:24:10.598591 dv-cinder-821602-20-iscsi devstack@c-api.service[110347]: INFO cinder.api.openstack.wsgi [None req-c892360e-2c97-446d-bd6c-023dbea28300 tempest-VolumeRetypeWithoutMigrationTest-1857495083 tempest-VolumeRetypeWithoutMigrationTest-1857495083-project] http://10.222.0.39/volume/v3/8797c92bc8094979ac75aa049cbc1beb/volumes/0ac85f58-7e98-43a2-b1e1-c8542df982f9 returned with HTTP 200
Jan 21 14:24:10.619116 dv-cinder-821602-20-iscsi devstack@c-api.service[110347]: [pid: 110347|app: 0|req: 30/62] 10.222.0.39 () {58 vars in 1324 bytes} [Fri Jan 21 14:24:10 2022] GET /volume/v3/8797c92bc8094979ac75aa049cbc1beb/volumes/0ac85f58-7e98-43a2-b1e1-c8542df982f9 => generated 927 bytes in 238 msecs (HTTP/1.1 200) 7 headers in 285 bytes (2 switches on core 0)
Jan 21 14:24:10.633930 dv-cinder-821602-20-iscsi devstack@c-api.service[110347]: INFO cinder.api.openstack.wsgi [None req-a72d2824-c750-4172-b681-5a5ac00983cb tempest-SnapshotsActionsTest-1203289860 tempest-SnapshotsActionsTest-1203289860-project] GET http://10.222.0.39/volume/v3/ccd5c6978f6b4eccbc65800b009d7836/snapshots/7a175b2d-c98a-4091-a843-ffe4858a0025
Jan 21 14:24:10.649255 dv-cinder-821602-20-iscsi devstack@c-api.service[110347]: DEBUG cinder.api.openstack.wsgi [None req-a72d2824-c750-4172-b681-5a5ac00983cb tempest-SnapshotsActionsTest-1203289860 tempest-SnapshotsActionsTest-1203289860-project] Empty body provided in request {{(pid=110347) get_body /opt/stack/cinder/cinder/api/openstack/wsgi.py:715}}
Jan 21 14:24:10.649772 dv-cinder-821602-20-iscsi devstack@c-api.service[110347]: DEBUG cinder.api.openstack.wsgi [None req-a72d2824-c750-4172-b681-5a5ac00983cb tempest-SnapshotsActionsTest-1203289860 tempest-SnapshotsActionsTest-1203289860-project] Calling method 'show' {{(pid=110347) _process_stack /opt/stack/cinder/cinder/api/openstack/wsgi.py:868}}
Jan 21 14:24:10.687585 dv-cinder-821602-20-iscsi devstack@c-api.service[110348]: DEBUG cinder.quota [None req-cf308570-9ea1-45f2-afb9-3f6cb936c2bf tempest-VolumesServicesTestJSON-673404923 tempest-VolumesServicesTestJSON-673404923-project] Created reservations ['461dca00-fbc1-4f2f-b026-8e94974e348c', 'f56427cb-e747-4aba-bb31-5a0fa5cff530', '60dfc736-562f-48b0-9b8d-053ae8eff55c', '52962aab-af4a-4e7e-8899-8c8c4f943731'] {{(pid=110348) reserve /opt/stack/cinder/cinder/quota.py:755}}
Jan 21 14:24:10.689437 dv-cinder-821602-20-iscsi devstack@c-api.service[110348]: DEBUG cinder.volume.api [None req-cf308570-9ea1-45f2-afb9-3f6cb936c2bf tempest-VolumesServicesTestJSON-673404923 tempest-VolumesServicesTestJSON-673404923-project] Task 'cinder.volume.flows.api.create_volume.QuotaReserveTask;volume:create' (d7a2b6a5-c5b3-4545-8b8d-998e97dfe44a) transitioned into state 'SUCCESS' from state 'RUNNING' with result '{'reservations': ['461dca00-fbc1-4f2f-b026-8e94974e348c', 'f56427cb-e747-4aba-bb31-5a0fa5cff530', '60dfc736-562f-48b0-9b8d-053ae8eff55c', '52962aab-af4a-4e7e-8899-8c8c4f943731']}' {{(pid=110348) _task_receiver /usr/local/lib/python3.8/dist-packages/taskflow/listeners/logging.py:178}}
Jan 21 14:24:10.693740 dv-cinder-821602-20-iscsi devstack@c-api.service[110348]: DEBUG cinder.volume.api [None req-cf308570-9ea1-45f2-afb9-3f6cb936c2bf tempest-VolumesServicesTestJSON-673404923 tempest-VolumesServicesTestJSON-673404923-project] Task 'cinder.volume.flows.api.create_volume.EntryCreateTask;volume:create' (c38eb57f-06c6-439b-9bed-bf9196bc1026) transitioned into state 'RUNNING' from state 'PENDING' {{(pid=110348) _task_receiver /usr/local/lib/python3.8/dist-packages/taskflow/listeners/logging.py:190}}
Jan 21 14:24:10.702904 dv-cinder-821602-20-iscsi devstack@c-api.service[110347]: /usr/local/lib/python3.8/dist-packages/oslo_context/context.py:105: DeprecationWarning: Policy enforcement is depending on the value of is_admin. This key is deprecated. Please update your policy file to use the standard policy values.
Jan 21 14:24:10.702904 dv-cinder-821602-20-iscsi devstack@c-api.service[110347]: warnings.warn('Policy enforcement is depending on the value of '
Jan 21 14:24:10.702904 dv-cinder-821602-20-iscsi devstack@c-api.service[110347]: INFO cinder.volume.api [None req-a72d2824-c750-4172-b681-5a5ac00983cb tempest-SnapshotsActionsTest-1203289860 tempest-SnapshotsActionsTest-1203289860-project] Snapshot retrieved successfully.
Jan 21 14:24:10.710687 dv-cinder-821602-20-iscsi devstack@c-api.service[110347]: INFO cinder.api.openstack.wsgi [None req-a72d2824-c750-4172-b681-5a5ac00983cb tempest-SnapshotsActionsTest-1203289860 tempest-SnapshotsActionsTest-1203289860-project] http://10.222.0.39/volume/v3/ccd5c6978f6b4eccbc65800b009d7836/snapshots/7a175b2d-c98a-4091-a843-ffe4858a0025 returned with HTTP 200
Jan 21 14:24:10.713345 dv-cinder-821602-20-iscsi devstack@c-api.service[110347]: [pid: 110347|app: 0|req: 31/63] 10.222.0.39 () {58 vars in 1330 bytes} [Fri Jan 21 14:24:10 2022] GET /volume/v3/ccd5c6978f6b4eccbc65800b009d7836/snapshots/7a175b2d-c98a-4091-a843-ffe4858a0025 => generated 465 bytes in 90 msecs (HTTP/1.1 200) 7 headers in 285 bytes (1 switches on core 0)
Jan 21 14:24:10.720708 dv-cinder-821602-20-iscsi devstack@c-api.service[110347]: INFO cinder.api.openstack.wsgi [None req-2b155410-9946-4e1a-9a55-3506d168be84 tempest-VolumeRetypeWithoutMigrationTest-1122516649 tempest-VolumeRetypeWithoutMigrationTest-1122516649-project-admin] GET http://10.222.0.39/volume/v3/d544bde3200c4cc481bcc994d802bf87/volumes/0ac85f58-7e98-43a2-b1e1-c8542df982f9
Jan 21 14:24:10.722034 dv-cinder-821602-20-iscsi devstack@c-api.service[110347]: DEBUG cinder.api.openstack.wsgi [None req-2b155410-9946-4e1a-9a55-3506d168be84 tempest-VolumeRetypeWithoutMigrationTest-1122516649 tempest-VolumeRetypeWithoutMigrationTest-1122516649-project-admin] Empty body provided in request {{(pid=110347) get_body /opt/stack/cinder/cinder/api/openstack/wsgi.py:715}}
Jan 21 14:24:10.726368 dv-cinder-821602-20-iscsi devstack@c-api.service[110347]: DEBUG cinder.api.openstack.wsgi [None req-2b155410-9946-4e1a-9a55-3506d168be84 tempest-VolumeRetypeWithoutMigrationTest-1122516649 tempest-VolumeRetypeWithoutMigrationTest-1122516649-project-admin] Calling method 'show' {{(pid=110347) _process_stack /opt/stack/cinder/cinder/api/openstack/wsgi.py:868}}
Jan 21 14:24:10.842974 dv-cinder-821602-20-iscsi devstack@c-api.service[110347]: /usr/local/lib/python3.8/dist-packages/oslo_context/context.py:105: DeprecationWarning: Policy enforcement is depending on the value of is_admin. This key is deprecated. Please update your policy file to use the standard policy values.
Jan 21 14:24:10.842974 dv-cinder-821602-20-iscsi devstack@c-api.service[110347]: warnings.warn('Policy enforcement is depending on the value of '
Jan 21 14:24:10.852752 dv-cinder-821602-20-iscsi devstack@c-api.service[110347]: INFO cinder.volume.api [None req-2b155410-9946-4e1a-9a55-3506d168be84 tempest-VolumeRetypeWithoutMigrationTest-1122516649 tempest-VolumeRetypeWithoutMigrationTest-1122516649-project-admin] Volume info retrieved successfully.
Jan 21 14:24:10.862483 dv-cinder-821602-20-iscsi devstack@c-api.service[110347]: INFO cinder.api.openstack.wsgi [None req-2b155410-9946-4e1a-9a55-3506d168be84 tempest-VolumeRetypeWithoutMigrationTest-1122516649 tempest-VolumeRetypeWithoutMigrationTest-1122516649-project-admin] http://10.222.0.39/volume/v3/d544bde3200c4cc481bcc994d802bf87/volumes/0ac85f58-7e98-43a2-b1e1-c8542df982f9 returned with HTTP 200
Jan 21 14:24:10.864377 dv-cinder-821602-20-iscsi devstack@c-api.service[110347]: [pid: 110347|app: 0|req: 32/64] 10.222.0.39 () {58 vars in 1324 bytes} [Fri Jan 21 14:24:10 2022] GET /volume/v3/d544bde3200c4cc481bcc994d802bf87/volumes/0ac85f58-7e98-43a2-b1e1-c8542df982f9 => generated 1103 bytes in 150 msecs (HTTP/1.1 200) 7 headers in 286 bytes (1 switches on core 0)
Jan 21 14:24:10.954656 dv-cinder-821602-20-iscsi devstack@c-api.service[110348]: DEBUG cinder.volume.api [None req-cf308570-9ea1-45f2-afb9-3f6cb936c2bf tempest-VolumesServicesTestJSON-673404923 tempest-VolumesServicesTestJSON-673404923-project] Task 'cinder.volume.flows.api.create_volume.EntryCreateTask;volume:create' (c38eb57f-06c6-439b-9bed-bf9196bc1026) transitioned into state 'SUCCESS' from state 'RUNNING' with result '{'volume_id': '12ffc468-b1d4-466f-9d80-0ee2107de6d4', 'volume_properties': VolumeProperties(attach_status='detached',availability_zone='nova',cgsnapshot_id=None,consistencygroup_id=None,display_description=None,display_name='tempest-VolumesServicesTestJSON-Volume-583414859',encryption_key_id=None,group_id=None,group_type_id=,metadata={},multiattach=False,project_id='5b2b95589d3c49f6acc8b46325d55d5a',qos_specs=None,replication_status=,reservations=['461dca00-fbc1-4f2f-b026-8e94974e348c','f56427cb-e747-4aba-bb31-5a0fa5cff530','60dfc736-562f-48b0-9b8d-053ae8eff55c','52962aab-af4a-4e7e-8899-8c8c4f943731'],size=1,snapshot_id=None,source_replicaid=,source_volid=None,status='creating',user_id='2b44824d03784970afbdeff988e1c8c3',volume_type_id=3512a586-8657-49fd-82d1-09e67eed2053), 'volume': Volume(_name_id=None,admin_metadata=,attach_status='detached',availability_zone='nova',bootable=False,cluster=,cluster_name=None,consistencygroup=,consistencygroup_id=None,created_at=2022-01-21T14:24:10Z,deleted=False,deleted_at=None,display_description=None,display_name='tempest-VolumesServicesTestJSON-Volume-583414859',ec2_id=None,encryption_key_id=None,glance_metadata=,group=,group_id=None,host=None,id=12ffc468-b1d4-466f-9d80-0ee2107de6d4,launched_at=None,metadata={},migration_status=None,multiattach=False,previous_status=None,project_id='5b2b95589d3c49f6acc8b46325d55d5a',provider_auth=None,provider_geometry=None,provider_id=None,provider_location=None,replication_driver_data=None,replication_extended_status=None,replication_status=None,scheduled_at=None,service_uuid=None,shared_targets=True,size=1,snapshot_id=None,snapshots=,source_volid=None,status='creating',terminated_at=None,updated_at=None,use_quota=True,user_id='2b44824d03784970afbdeff988e1c8c3',volume_attachment=VolumeAttachmentList,volume_type=VolumeType(3512a586-8657-49fd-82d1-09e67eed2053),volume_type_id=3512a586-8657-49fd-82d1-09e67eed2053)}' {{(pid=110348) _task_receiver /usr/local/lib/python3.8/dist-packages/taskflow/listeners/logging.py:178}}
Jan 21 14:24:10.964891 dv-cinder-821602-20-iscsi devstack@c-api.service[110348]: DEBUG cinder.volume.api [None req-cf308570-9ea1-45f2-afb9-3f6cb936c2bf tempest-VolumesServicesTestJSON-673404923 tempest-VolumesServicesTestJSON-673404923-project] Task 'cinder.volume.flows.api.create_volume.QuotaCommitTask;volume:create' (c4f22ab5-8bc2-4fa0-99ea-c8e0d7a616b4) transitioned into state 'RUNNING' from state 'PENDING' {{(pid=110348) _task_receiver /usr/local/lib/python3.8/dist-packages/taskflow/listeners/logging.py:190}}
Jan 21 14:24:11.095115 dv-cinder-821602-20-iscsi devstack@c-api.service[110348]: DEBUG cinder.volume.api [None req-cf308570-9ea1-45f2-afb9-3f6cb936c2bf tempest-VolumesServicesTestJSON-673404923 tempest-VolumesServicesTestJSON-673404923-project] Task 'cinder.volume.flows.api.create_volume.QuotaCommitTask;volume:create' (c4f22ab5-8bc2-4fa0-99ea-c8e0d7a616b4) transitioned into state 'SUCCESS' from state 'RUNNING' with result '{'volume_properties': VolumeProperties(attach_status='detached',availability_zone='nova',cgsnapshot_id=None,consistencygroup_id=None,display_description=None,display_name='tempest-VolumesServicesTestJSON-Volume-583414859',encryption_key_id=None,group_id=None,group_type_id=,metadata={},multiattach=False,project_id='5b2b95589d3c49f6acc8b46325d55d5a',qos_specs=None,replication_status=,reservations=['461dca00-fbc1-4f2f-b026-8e94974e348c','f56427cb-e747-4aba-bb31-5a0fa5cff530','60dfc736-562f-48b0-9b8d-053ae8eff55c','52962aab-af4a-4e7e-8899-8c8c4f943731'],size=1,snapshot_id=None,source_replicaid=,source_volid=None,status='creating',user_id='2b44824d03784970afbdeff988e1c8c3',volume_type_id=3512a586-8657-49fd-82d1-09e67eed2053)}' {{(pid=110348) _task_receiver /usr/local/lib/python3.8/dist-packages/taskflow/listeners/logging.py:178}}
Jan 21 14:24:11.102373 dv-cinder-821602-20-iscsi devstack@c-api.service[110348]: DEBUG cinder.volume.api [None req-cf308570-9ea1-45f2-afb9-3f6cb936c2bf tempest-VolumesServicesTestJSON-673404923 tempest-VolumesServicesTestJSON-673404923-project] Task 'cinder.volume.flows.api.create_volume.VolumeCastTask;volume:create' (18c09d24-1e8f-453c-8867-24842f81fb51) transitioned into state 'RUNNING' from state 'PENDING' {{(pid=110348) _task_receiver /usr/local/lib/python3.8/dist-packages/taskflow/listeners/logging.py:190}}
Jan 21 14:24:11.427186 dv-cinder-821602-20-iscsi devstack@c-api.service[110347]: INFO cinder.api.openstack.wsgi [None req-a3333c83-b6a1-44e6-be1b-e6176aa1542d tempest-SnapshotsActionsTest-382654532 tempest-SnapshotsActionsTest-382654532-project-admin] POST http://10.222.0.39/volume/v3/038436e5f68b454897439161193b2dc6/snapshots/7a175b2d-c98a-4091-a843-ffe4858a0025/action
Jan 21 14:24:11.429026 dv-cinder-821602-20-iscsi devstack@c-api.service[110347]: DEBUG cinder.api.openstack.wsgi [None req-a3333c83-b6a1-44e6-be1b-e6176aa1542d tempest-SnapshotsActionsTest-382654532 tempest-SnapshotsActionsTest-382654532-project-admin] Action body: b'{"os-reset_status": {"status": "creating"}}' {{(pid=110347) get_method /opt/stack/cinder/cinder/api/openstack/wsgi.py:983}}
Jan 21 14:24:11.429599 dv-cinder-821602-20-iscsi devstack@c-api.service[110347]: DEBUG cinder.api.openstack.wsgi [None req-a3333c83-b6a1-44e6-be1b-e6176aa1542d tempest-SnapshotsActionsTest-382654532 tempest-SnapshotsActionsTest-382654532-project-admin] Action: 'action', calling method: _reset_status, body: {"os-reset_status": {"status": "creating"}} {{(pid=110347) _process_stack /opt/stack/cinder/cinder/api/openstack/wsgi.py:866}}
Jan 21 14:24:11.431083 dv-cinder-821602-20-iscsi devstack@c-api.service[110347]: DEBUG cinder.api.contrib.admin_actions [None req-a3333c83-b6a1-44e6-be1b-e6176aa1542d tempest-SnapshotsActionsTest-382654532 tempest-SnapshotsActionsTest-382654532-project-admin] Updating snapshot '7a175b2d-c98a-4091-a843-ffe4858a0025' with '{'status': 'creating'}' {{(pid=110347) _reset_status /opt/stack/cinder/cinder/api/contrib/admin_actions.py:100}}
Jan 21 14:24:11.492073 dv-cinder-821602-20-iscsi devstack@c-api.service[110348]: DEBUG cinder.volume.api [None req-cf308570-9ea1-45f2-afb9-3f6cb936c2bf tempest-VolumesServicesTestJSON-673404923 tempest-VolumesServicesTestJSON-673404923-project] Task 'cinder.volume.flows.api.create_volume.VolumeCastTask;volume:create' (18c09d24-1e8f-453c-8867-24842f81fb51) transitioned into state 'SUCCESS' from state 'RUNNING' with result 'None' {{(pid=110348) _task_receiver /usr/local/lib/python3.8/dist-packages/taskflow/listeners/logging.py:178}}
Jan 21 14:24:11.509071 dv-cinder-821602-20-iscsi devstack@c-api.service[110348]: DEBUG cinder.volume.api [None req-cf308570-9ea1-45f2-afb9-3f6cb936c2bf tempest-VolumesServicesTestJSON-673404923 tempest-VolumesServicesTestJSON-673404923-project] Flow 'volume_create_api' (cce35a7c-3fdb-46d2-a1ab-2507752477d1) transitioned into state 'SUCCESS' from state 'RUNNING' {{(pid=110348) _flow_receiver /usr/local/lib/python3.8/dist-packages/taskflow/listeners/logging.py:141}}
Jan 21 14:24:11.509071 dv-cinder-821602-20-iscsi devstack@c-api.service[110348]: INFO cinder.volume.api [None req-cf308570-9ea1-45f2-afb9-3f6cb936c2bf tempest-VolumesServicesTestJSON-673404923 tempest-VolumesServicesTestJSON-673404923-project] Create volume request issued successfully.
Jan 21 14:24:11.523440 dv-cinder-821602-20-iscsi devstack@c-api.service[110348]: INFO cinder.api.openstack.wsgi [None req-cf308570-9ea1-45f2-afb9-3f6cb936c2bf tempest-VolumesServicesTestJSON-673404923 tempest-VolumesServicesTestJSON-673404923-project] http://10.222.0.39/volume/v3/5b2b95589d3c49f6acc8b46325d55d5a/volumes returned with HTTP 202
Jan 21 14:24:11.525036 dv-cinder-821602-20-iscsi devstack@c-api.service[110348]: [pid: 110348|app: 0|req: 33/65] 10.222.0.39 () {60 vars in 1234 bytes} [Fri Jan 21 14:24:09 2022] POST /volume/v3/5b2b95589d3c49f6acc8b46325d55d5a/volumes => generated 822 bytes in 2393 msecs (HTTP/1.1 202) 7 headers in 291 bytes (1 switches on core 0)
Jan 21 14:24:11.552951 dv-cinder-821602-20-iscsi devstack@c-api.service[110348]: INFO cinder.api.openstack.wsgi [None req-b60fa2cb-6571-43c6-9ecd-89c710228191 tempest-VolumeRetypeWithoutMigrationTest-1857495083 tempest-VolumeRetypeWithoutMigrationTest-1857495083-project] POST http://10.222.0.39/volume/v3/8797c92bc8094979ac75aa049cbc1beb/volumes/0ac85f58-7e98-43a2-b1e1-c8542df982f9/action
Jan 21 14:24:11.555841 dv-cinder-821602-20-iscsi devstack@c-api.service[110348]: DEBUG cinder.api.openstack.wsgi [None req-b60fa2cb-6571-43c6-9ecd-89c710228191 tempest-VolumeRetypeWithoutMigrationTest-1857495083 tempest-VolumeRetypeWithoutMigrationTest-1857495083-project] Action body: b'{"os-retype": {"new_type": "volume-type-2", "migration_policy": "never"}}' {{(pid=110348) get_method /opt/stack/cinder/cinder/api/openstack/wsgi.py:983}}
Jan 21 14:24:11.557050 dv-cinder-821602-20-iscsi devstack@c-api.service[110348]: DEBUG cinder.api.openstack.wsgi [None req-b60fa2cb-6571-43c6-9ecd-89c710228191 tempest-VolumeRetypeWithoutMigrationTest-1857495083 tempest-VolumeRetypeWithoutMigrationTest-1857495083-project] Action: 'action', calling method: _retype, body: {"os-retype": {"new_type": "volume-type-2", "migration_policy": "never"}} {{(pid=110348) _process_stack /opt/stack/cinder/cinder/api/openstack/wsgi.py:866}}
Jan 21 14:24:11.589531 dv-cinder-821602-20-iscsi devstack@c-api.service[110347]: /usr/local/lib/python3.8/dist-packages/oslo_context/context.py:105: DeprecationWarning: Policy enforcement is depending on the value of is_admin. This key is deprecated. Please update your policy file to use the standard policy values.
Jan 21 14:24:11.589531 dv-cinder-821602-20-iscsi devstack@c-api.service[110347]: warnings.warn('Policy enforcement is depending on the value of '
Jan 21 14:24:11.627930 dv-cinder-821602-20-iscsi devstack@c-api.service[110348]: /usr/local/lib/python3.8/dist-packages/oslo_context/context.py:105: DeprecationWarning: Policy enforcement is depending on the value of is_admin. This key is deprecated. Please update your policy file to use the standard policy values.
Jan 21 14:24:11.627930 dv-cinder-821602-20-iscsi devstack@c-api.service[110348]: warnings.warn('Policy enforcement is depending on the value of '
Jan 21 14:24:11.637567 dv-cinder-821602-20-iscsi devstack@c-api.service[110348]: INFO cinder.volume.api [None req-b60fa2cb-6571-43c6-9ecd-89c710228191 tempest-VolumeRetypeWithoutMigrationTest-1857495083 tempest-VolumeRetypeWithoutMigrationTest-1857495083-project] Volume info retrieved successfully.
Jan 21 14:24:11.774184 dv-cinder-821602-20-iscsi devstack@c-api.service[110347]: INFO cinder.api.openstack.wsgi [None req-a3333c83-b6a1-44e6-be1b-e6176aa1542d tempest-SnapshotsActionsTest-382654532 tempest-SnapshotsActionsTest-382654532-project-admin] http://10.222.0.39/volume/v3/038436e5f68b454897439161193b2dc6/snapshots/7a175b2d-c98a-4091-a843-ffe4858a0025/action returned with HTTP 202
Jan 21 14:24:11.781344 dv-cinder-821602-20-iscsi devstack@c-api.service[110347]: [pid: 110347|app: 0|req: 33/66] 10.222.0.39 () {60 vars in 1372 bytes} [Fri Jan 21 14:24:10 2022] POST /volume/v3/038436e5f68b454897439161193b2dc6/snapshots/7a175b2d-c98a-4091-a843-ffe4858a0025/action => generated 0 bytes in 914 msecs (HTTP/1.1 202) 7 headers in 289 bytes (1 switches on core 0)
Jan 21 14:24:11.793730 dv-cinder-821602-20-iscsi devstack@c-api.service[110347]: INFO cinder.api.openstack.wsgi [None req-4b010862-5878-4fd1-b4bc-392a7ccd7781 tempest-VolumesServicesTestJSON-673404923 tempest-VolumesServicesTestJSON-673404923-project] GET http://10.222.0.39/volume/v3/5b2b95589d3c49f6acc8b46325d55d5a/volumes/12ffc468-b1d4-466f-9d80-0ee2107de6d4
Jan 21 14:24:11.793730 dv-cinder-821602-20-iscsi devstack@c-api.service[110347]: DEBUG cinder.api.openstack.wsgi [None req-4b010862-5878-4fd1-b4bc-392a7ccd7781 tempest-VolumesServicesTestJSON-673404923 tempest-VolumesServicesTestJSON-673404923-project] Empty body provided in request {{(pid=110347) get_body /opt/stack/cinder/cinder/api/openstack/wsgi.py:715}}
Jan 21 14:24:11.801855 dv-cinder-821602-20-iscsi devstack@c-api.service[110347]: DEBUG cinder.api.openstack.wsgi [None req-4b010862-5878-4fd1-b4bc-392a7ccd7781 tempest-VolumesServicesTestJSON-673404923 tempest-VolumesServicesTestJSON-673404923-project] Calling method 'show' {{(pid=110347) _process_stack /opt/stack/cinder/cinder/api/openstack/wsgi.py:868}}
Jan 21 14:24:11.845986 dv-cinder-821602-20-iscsi devstack@c-api.service[110348]: WARNING cinder.quota [None req-b60fa2cb-6571-43c6-9ecd-89c710228191 tempest-VolumeRetypeWithoutMigrationTest-1857495083 tempest-VolumeRetypeWithoutMigrationTest-1857495083-project] Deprecated: Default quota for resource: volumes_volume-type-2 is set by the default quota flag: quota_volumes_volume-type-2, it is now deprecated. Please use the default quota class for default quota.
Jan 21 14:24:11.848487 dv-cinder-821602-20-iscsi devstack@c-api.service[110348]: WARNING cinder.quota [None req-b60fa2cb-6571-43c6-9ecd-89c710228191 tempest-VolumeRetypeWithoutMigrationTest-1857495083 tempest-VolumeRetypeWithoutMigrationTest-1857495083-project] Deprecated: Default quota for resource: gigabytes_volume-type-2 is set by the default quota flag: quota_gigabytes_volume-type-2, it is now deprecated. Please use the default quota class for default quota.
Jan 21 14:24:11.871553 dv-cinder-821602-20-iscsi devstack@c-api.service[110347]: /usr/local/lib/python3.8/dist-packages/oslo_context/context.py:105: DeprecationWarning: Policy enforcement is depending on the value of is_admin. This key is deprecated. Please update your policy file to use the standard policy values.
Jan 21 14:24:11.871553 dv-cinder-821602-20-iscsi devstack@c-api.service[110347]: warnings.warn('Policy enforcement is depending on the value of '
Jan 21 14:24:11.918058 dv-cinder-821602-20-iscsi devstack@c-api.service[110347]: INFO cinder.volume.api [None req-4b010862-5878-4fd1-b4bc-392a7ccd7781 tempest-VolumesServicesTestJSON-673404923 tempest-VolumesServicesTestJSON-673404923-project] Volume info retrieved successfully.
Jan 21 14:24:11.943933 dv-cinder-821602-20-iscsi devstack@c-api.service[110347]: INFO cinder.api.openstack.wsgi [None req-4b010862-5878-4fd1-b4bc-392a7ccd7781 tempest-VolumesServicesTestJSON-673404923 tempest-VolumesServicesTestJSON-673404923-project] http://10.222.0.39/volume/v3/5b2b95589d3c49f6acc8b46325d55d5a/volumes/12ffc468-b1d4-466f-9d80-0ee2107de6d4 returned with HTTP 200
Jan 21 14:24:11.945085 dv-cinder-821602-20-iscsi devstack@c-api.service[110347]: [pid: 110347|app: 0|req: 34/67] 10.222.0.39 () {58 vars in 1324 bytes} [Fri Jan 21 14:24:11 2022] GET /volume/v3/5b2b95589d3c49f6acc8b46325d55d5a/volumes/12ffc468-b1d4-466f-9d80-0ee2107de6d4 => generated 890 bytes in 161 msecs (HTTP/1.1 200) 7 headers in 285 bytes (1 switches on core 0)
Jan 21 14:24:11.968324 dv-cinder-821602-20-iscsi devstack@c-api.service[110347]: INFO cinder.api.openstack.wsgi [None req-4370ac51-026a-4f4d-98e6-624faf2cfe5f tempest-SnapshotsActionsTest-1203289860 tempest-SnapshotsActionsTest-1203289860-project] GET http://10.222.0.39/volume/v3/ccd5c6978f6b4eccbc65800b009d7836/snapshots/7a175b2d-c98a-4091-a843-ffe4858a0025
Jan 21 14:24:11.969103 dv-cinder-821602-20-iscsi devstack@c-api.service[110347]: DEBUG cinder.api.openstack.wsgi [None req-4370ac51-026a-4f4d-98e6-624faf2cfe5f tempest-SnapshotsActionsTest-1203289860 tempest-SnapshotsActionsTest-1203289860-project] Empty body provided in request {{(pid=110347) get_body /opt/stack/cinder/cinder/api/openstack/wsgi.py:715}}
Jan 21 14:24:11.969810 dv-cinder-821602-20-iscsi devstack@c-api.service[110347]: DEBUG cinder.api.openstack.wsgi [None req-4370ac51-026a-4f4d-98e6-624faf2cfe5f tempest-SnapshotsActionsTest-1203289860 tempest-SnapshotsActionsTest-1203289860-project] Calling method 'show' {{(pid=110347) _process_stack /opt/stack/cinder/cinder/api/openstack/wsgi.py:868}}
Jan 21 14:24:11.989025 dv-cinder-821602-20-iscsi devstack@c-api.service[110347]: /usr/local/lib/python3.8/dist-packages/oslo_context/context.py:105: DeprecationWarning: Policy enforcement is depending on the value of is_admin. This key is deprecated. Please update your policy file to use the standard policy values.
Jan 21 14:24:11.989025 dv-cinder-821602-20-iscsi devstack@c-api.service[110347]: warnings.warn('Policy enforcement is depending on the value of '
Jan 21 14:24:11.991268 dv-cinder-821602-20-iscsi devstack@c-api.service[110347]: INFO cinder.volume.api [None req-4370ac51-026a-4f4d-98e6-624faf2cfe5f tempest-SnapshotsActionsTest-1203289860 tempest-SnapshotsActionsTest-1203289860-project] Snapshot retrieved successfully.
Jan 21 14:24:11.993582 dv-cinder-821602-20-iscsi devstack@c-api.service[110347]: INFO cinder.api.openstack.wsgi [None req-4370ac51-026a-4f4d-98e6-624faf2cfe5f tempest-SnapshotsActionsTest-1203289860 tempest-SnapshotsActionsTest-1203289860-project] http://10.222.0.39/volume/v3/ccd5c6978f6b4eccbc65800b009d7836/snapshots/7a175b2d-c98a-4091-a843-ffe4858a0025 returned with HTTP 200
Jan 21 14:24:11.996268 dv-cinder-821602-20-iscsi devstack@c-api.service[110347]: [pid: 110347|app: 0|req: 35/68] 10.222.0.39 () {58 vars in 1330 bytes} [Fri Jan 21 14:24:11 2022] GET /volume/v3/ccd5c6978f6b4eccbc65800b009d7836/snapshots/7a175b2d-c98a-4091-a843-ffe4858a0025 => generated 464 bytes in 50 msecs (HTTP/1.1 200) 7 headers in 285 bytes (1 switches on core 0)
Jan 21 14:24:12.015701 dv-cinder-821602-20-iscsi devstack@c-api.service[110347]: INFO cinder.api.openstack.wsgi [None req-04dffcd1-822b-4b8e-9f03-cf5e03181981 tempest-SnapshotsActionsTest-382654532 tempest-SnapshotsActionsTest-382654532-project-admin] POST http://10.222.0.39/volume/v3/038436e5f68b454897439161193b2dc6/snapshots/7a175b2d-c98a-4091-a843-ffe4858a0025/action
Jan 21 14:24:12.016462 dv-cinder-821602-20-iscsi devstack@c-api.service[110347]: DEBUG cinder.api.openstack.wsgi [None req-04dffcd1-822b-4b8e-9f03-cf5e03181981 tempest-SnapshotsActionsTest-382654532 tempest-SnapshotsActionsTest-382654532-project-admin] Action body: b'{"os-reset_status": {"status": "available"}}' {{(pid=110347) get_method /opt/stack/cinder/cinder/api/openstack/wsgi.py:983}}
Jan 21 14:24:12.016878 dv-cinder-821602-20-iscsi devstack@c-api.service[110347]: DEBUG cinder.api.openstack.wsgi [None req-04dffcd1-822b-4b8e-9f03-cf5e03181981 tempest-SnapshotsActionsTest-382654532 tempest-SnapshotsActionsTest-382654532-project-admin] Action: 'action', calling method: _reset_status, body: {"os-reset_status": {"status": "available"}} {{(pid=110347) _process_stack /opt/stack/cinder/cinder/api/openstack/wsgi.py:866}}
Jan 21 14:24:12.017614 dv-cinder-821602-20-iscsi devstack@c-api.service[110347]: DEBUG cinder.api.contrib.admin_actions [None req-04dffcd1-822b-4b8e-9f03-cf5e03181981 tempest-SnapshotsActionsTest-382654532 tempest-SnapshotsActionsTest-382654532-project-admin] Updating snapshot '7a175b2d-c98a-4091-a843-ffe4858a0025' with '{'status': 'available'}' {{(pid=110347) _reset_status /opt/stack/cinder/cinder/api/contrib/admin_actions.py:100}}
Jan 21 14:24:12.071484 dv-cinder-821602-20-iscsi devstack@c-api.service[110347]: /usr/local/lib/python3.8/dist-packages/oslo_context/context.py:105: DeprecationWarning: Policy enforcement is depending on the value of is_admin. This key is deprecated. Please update your policy file to use the standard policy values.
Jan 21 14:24:12.071484 dv-cinder-821602-20-iscsi devstack@c-api.service[110347]: warnings.warn('Policy enforcement is depending on the value of '
Jan 21 14:24:12.152809 dv-cinder-821602-20-iscsi devstack@c-api.service[110348]: DEBUG cinder.quota [None req-b60fa2cb-6571-43c6-9ecd-89c710228191 tempest-VolumeRetypeWithoutMigrationTest-1857495083 tempest-VolumeRetypeWithoutMigrationTest-1857495083-project] Created reservations ['3dcdff1e-a0ec-4509-b344-ed2dd3d3c2d7', 'ad2aa7d7-95a9-48e5-8993-ee3c3ec9f414'] {{(pid=110348) reserve /opt/stack/cinder/cinder/quota.py:755}}
Jan 21 14:24:12.219623 dv-cinder-821602-20-iscsi devstack@c-api.service[110348]: WARNING cinder.quota [None req-b60fa2cb-6571-43c6-9ecd-89c710228191 tempest-VolumeRetypeWithoutMigrationTest-1857495083 tempest-VolumeRetypeWithoutMigrationTest-1857495083-project] Deprecated: Default quota for resource: volumes_volume-type-1 is set by the default quota flag: quota_volumes_volume-type-1, it is now deprecated. Please use the default quota class for default quota.
Jan 21 14:24:12.219997 dv-cinder-821602-20-iscsi devstack@c-api.service[110347]: INFO cinder.api.openstack.wsgi [None req-04dffcd1-822b-4b8e-9f03-cf5e03181981 tempest-SnapshotsActionsTest-382654532 tempest-SnapshotsActionsTest-382654532-project-admin] http://10.222.0.39/volume/v3/038436e5f68b454897439161193b2dc6/snapshots/7a175b2d-c98a-4091-a843-ffe4858a0025/action returned with HTTP 202
Jan 21 14:24:12.223961 dv-cinder-821602-20-iscsi devstack@c-api.service[110348]: WARNING cinder.quota [None req-b60fa2cb-6571-43c6-9ecd-89c710228191 tempest-VolumeRetypeWithoutMigrationTest-1857495083 tempest-VolumeRetypeWithoutMigrationTest-1857495083-project] Deprecated: Default quota for resource: gigabytes_volume-type-1 is set by the default quota flag: quota_gigabytes_volume-type-1, it is now deprecated. Please use the default quota class for default quota.
Jan 21 14:24:12.226443 dv-cinder-821602-20-iscsi devstack@c-api.service[110347]: [pid: 110347|app: 0|req: 36/69] 10.222.0.39 () {60 vars in 1372 bytes} [Fri Jan 21 14:24:12 2022] POST /volume/v3/038436e5f68b454897439161193b2dc6/snapshots/7a175b2d-c98a-4091-a843-ffe4858a0025/action => generated 0 bytes in 215 msecs (HTTP/1.1 202) 7 headers in 289 bytes (1 switches on core 0)
Jan 21 14:24:12.247569 dv-cinder-821602-20-iscsi devstack@c-api.service[110347]: INFO cinder.api.openstack.wsgi [None req-4de83c49-d3a0-4004-9d67-e573c0100155 tempest-SnapshotsActionsTest-1203289860 tempest-SnapshotsActionsTest-1203289860-project] GET http://10.222.0.39/volume/v3/ccd5c6978f6b4eccbc65800b009d7836/snapshots/7a175b2d-c98a-4091-a843-ffe4858a0025
Jan 21 14:24:12.248119 dv-cinder-821602-20-iscsi devstack@c-api.service[110347]: DEBUG cinder.api.openstack.wsgi [None req-4de83c49-d3a0-4004-9d67-e573c0100155 tempest-SnapshotsActionsTest-1203289860 tempest-SnapshotsActionsTest-1203289860-project] Empty body provided in request {{(pid=110347) get_body /opt/stack/cinder/cinder/api/openstack/wsgi.py:715}}
Jan 21 14:24:12.248663 dv-cinder-821602-20-iscsi devstack@c-api.service[110347]: DEBUG cinder.api.openstack.wsgi [None req-4de83c49-d3a0-4004-9d67-e573c0100155 tempest-SnapshotsActionsTest-1203289860 tempest-SnapshotsActionsTest-1203289860-project] Calling method 'show' {{(pid=110347) _process_stack /opt/stack/cinder/cinder/api/openstack/wsgi.py:868}}
Jan 21 14:24:12.297521 dv-cinder-821602-20-iscsi devstack@c-api.service[110347]: /usr/local/lib/python3.8/dist-packages/oslo_context/context.py:105: DeprecationWarning: Policy enforcement is depending on the value of is_admin. This key is deprecated. Please update your policy file to use the standard policy values.
Jan 21 14:24:12.297521 dv-cinder-821602-20-iscsi devstack@c-api.service[110347]: warnings.warn('Policy enforcement is depending on the value of '
Jan 21 14:24:12.314024 dv-cinder-821602-20-iscsi devstack@c-api.service[110347]: INFO cinder.volume.api [None req-4de83c49-d3a0-4004-9d67-e573c0100155 tempest-SnapshotsActionsTest-1203289860 tempest-SnapshotsActionsTest-1203289860-project] Snapshot retrieved successfully.
Jan 21 14:24:12.314024 dv-cinder-821602-20-iscsi devstack@c-api.service[110347]: INFO cinder.api.openstack.wsgi [None req-4de83c49-d3a0-4004-9d67-e573c0100155 tempest-SnapshotsActionsTest-1203289860 tempest-SnapshotsActionsTest-1203289860-project] http://10.222.0.39/volume/v3/ccd5c6978f6b4eccbc65800b009d7836/snapshots/7a175b2d-c98a-4091-a843-ffe4858a0025 returned with HTTP 200
Jan 21 14:24:12.314024 dv-cinder-821602-20-iscsi devstack@c-api.service[110347]: [pid: 110347|app: 0|req: 37/70] 10.222.0.39 () {58 vars in 1330 bytes} [Fri Jan 21 14:24:12 2022] GET /volume/v3/ccd5c6978f6b4eccbc65800b009d7836/snapshots/7a175b2d-c98a-4091-a843-ffe4858a0025 => generated 465 bytes in 80 msecs (HTTP/1.1 200) 7 headers in 285 bytes (1 switches on core 0)
Jan 21 14:24:12.327254 dv-cinder-821602-20-iscsi devstack@c-api.service[110348]: DEBUG cinder.quota [None req-b60fa2cb-6571-43c6-9ecd-89c710228191 tempest-VolumeRetypeWithoutMigrationTest-1857495083 tempest-VolumeRetypeWithoutMigrationTest-1857495083-project] Created reservations ['6edc70ee-595e-499b-930e-9eee69fa746a', '046c296e-13bc-414a-b37a-d4eb9f588698'] {{(pid=110348) reserve /opt/stack/cinder/cinder/quota.py:755}}
Jan 21 14:24:12.330943 dv-cinder-821602-20-iscsi devstack@c-api.service[110348]: /opt/stack/cinder/cinder/db/sqlalchemy/api.py:2733: SADeprecationWarning: The SelectBase.as_scalar() method is deprecated and will be removed in a future release. Please refer to SelectBase.scalar_subquery(). (deprecated since: 1.4)
Jan 21 14:24:12.330943 dv-cinder-821602-20-iscsi devstack@c-api.service[110348]: models.VolumeType.qos_specs_id == q.as_scalar())),
Jan 21 14:24:12.334238 dv-cinder-821602-20-iscsi devstack@c-api.service[110347]: INFO cinder.api.openstack.wsgi [None req-5ac072fc-59d0-4f5b-99ef-51bc8cb61bf6 tempest-SnapshotsActionsTest-1203289860 tempest-SnapshotsActionsTest-1203289860-project] POST http://10.222.0.39/volume/v3/ccd5c6978f6b4eccbc65800b009d7836/snapshots
Jan 21 14:24:12.335518 dv-cinder-821602-20-iscsi devstack@c-api.service[110347]: DEBUG cinder.api.openstack.wsgi [None req-5ac072fc-59d0-4f5b-99ef-51bc8cb61bf6 tempest-SnapshotsActionsTest-1203289860 tempest-SnapshotsActionsTest-1203289860-project] Action: 'create', calling method: create, body: {"snapshot": {"volume_id": "e266f91c-343c-45db-9bd6-e348cdb520dd", "name": "tempest-SnapshotsActionsTest-Snapshot-859462657"}} {{(pid=110347) _process_stack /opt/stack/cinder/cinder/api/openstack/wsgi.py:866}}
Jan 21 14:24:12.461477 dv-cinder-821602-20-iscsi devstack@c-api.service[110347]: /usr/local/lib/python3.8/dist-packages/oslo_context/context.py:105: DeprecationWarning: Policy enforcement is depending on the value of is_admin. This key is deprecated. Please update your policy file to use the standard policy values.
Jan 21 14:24:12.461477 dv-cinder-821602-20-iscsi devstack@c-api.service[110347]: warnings.warn('Policy enforcement is depending on the value of '
Jan 21 14:24:12.464559 dv-cinder-821602-20-iscsi devstack@c-api.service[110347]: INFO cinder.volume.api [None req-5ac072fc-59d0-4f5b-99ef-51bc8cb61bf6 tempest-SnapshotsActionsTest-1203289860 tempest-SnapshotsActionsTest-1203289860-project] Volume info retrieved successfully.
Jan 21 14:24:12.469400 dv-cinder-821602-20-iscsi devstack@c-api.service[110347]: INFO cinder.api.v3.snapshots [None req-5ac072fc-59d0-4f5b-99ef-51bc8cb61bf6 tempest-SnapshotsActionsTest-1203289860 tempest-SnapshotsActionsTest-1203289860-project] Create snapshot from volume e266f91c-343c-45db-9bd6-e348cdb520dd
Jan 21 14:24:12.964749 dv-cinder-821602-20-iscsi devstack@c-api.service[110348]: INFO cinder.volume.api [None req-b60fa2cb-6571-43c6-9ecd-89c710228191 tempest-VolumeRetypeWithoutMigrationTest-1857495083 tempest-VolumeRetypeWithoutMigrationTest-1857495083-project] Retype volume request issued successfully.
Jan 21 14:24:12.973690 dv-cinder-821602-20-iscsi devstack@c-api.service[110348]: INFO cinder.api.openstack.wsgi [None req-b60fa2cb-6571-43c6-9ecd-89c710228191 tempest-VolumeRetypeWithoutMigrationTest-1857495083 tempest-VolumeRetypeWithoutMigrationTest-1857495083-project] http://10.222.0.39/volume/v3/8797c92bc8094979ac75aa049cbc1beb/volumes/0ac85f58-7e98-43a2-b1e1-c8542df982f9/action returned with HTTP 202
Jan 21 14:24:12.973690 dv-cinder-821602-20-iscsi devstack@c-api.service[110348]: [pid: 110348|app: 0|req: 34/71] 10.222.0.39 () {60 vars in 1366 bytes} [Fri Jan 21 14:24:11 2022] POST /volume/v3/8797c92bc8094979ac75aa049cbc1beb/volumes/0ac85f58-7e98-43a2-b1e1-c8542df982f9/action => generated 0 bytes in 1441 msecs (HTTP/1.1 202) 7 headers in 289 bytes (1 switches on core 0)
Jan 21 14:24:12.978717 dv-cinder-821602-20-iscsi devstack@c-api.service[110348]: INFO cinder.api.openstack.wsgi [None req-1daac71f-2461-47d4-8220-ca7218d61fc4 tempest-VolumesServicesTestJSON-673404923 tempest-VolumesServicesTestJSON-673404923-project] GET http://10.222.0.39/volume/v3/5b2b95589d3c49f6acc8b46325d55d5a/volumes/12ffc468-b1d4-466f-9d80-0ee2107de6d4
Jan 21 14:24:12.979707 dv-cinder-821602-20-iscsi devstack@c-api.service[110348]: DEBUG cinder.api.openstack.wsgi [None req-1daac71f-2461-47d4-8220-ca7218d61fc4 tempest-VolumesServicesTestJSON-673404923 tempest-VolumesServicesTestJSON-673404923-project] Empty body provided in request {{(pid=110348) get_body /opt/stack/cinder/cinder/api/openstack/wsgi.py:715}}
Jan 21 14:24:12.980906 dv-cinder-821602-20-iscsi devstack@c-api.service[110348]: DEBUG cinder.api.openstack.wsgi [None req-1daac71f-2461-47d4-8220-ca7218d61fc4 tempest-VolumesServicesTestJSON-673404923 tempest-VolumesServicesTestJSON-673404923-project] Calling method 'show' {{(pid=110348) _process_stack /opt/stack/cinder/cinder/api/openstack/wsgi.py:868}}
Jan 21 14:24:13.026855 dv-cinder-821602-20-iscsi devstack@c-api.service[110348]: /usr/local/lib/python3.8/dist-packages/oslo_context/context.py:105: DeprecationWarning: Policy enforcement is depending on the value of is_admin. This key is deprecated. Please update your policy file to use the standard policy values.
Jan 21 14:24:13.026855 dv-cinder-821602-20-iscsi devstack@c-api.service[110348]: warnings.warn('Policy enforcement is depending on the value of '
Jan 21 14:24:13.037936 dv-cinder-821602-20-iscsi devstack@c-api.service[110347]: DEBUG cinder.quota [None req-5ac072fc-59d0-4f5b-99ef-51bc8cb61bf6 tempest-SnapshotsActionsTest-1203289860 tempest-SnapshotsActionsTest-1203289860-project] Created reservations ['af1b8d8e-dec6-4297-a541-60bd02074dbf', '92396452-8afa-4514-b6ab-8899cb00cd4a', '7010e76c-441e-4d11-887e-3b9282741c4e', '3409b9e3-04b4-4b35-8e25-5d590cef4db5'] {{(pid=110347) reserve /opt/stack/cinder/cinder/quota.py:755}}
Jan 21 14:24:13.057263 dv-cinder-821602-20-iscsi devstack@c-api.service[110348]: INFO cinder.volume.api [None req-1daac71f-2461-47d4-8220-ca7218d61fc4 tempest-VolumesServicesTestJSON-673404923 tempest-VolumesServicesTestJSON-673404923-project] Volume info retrieved successfully.
Jan 21 14:24:13.124072 dv-cinder-821602-20-iscsi devstack@c-api.service[110348]: INFO cinder.api.openstack.wsgi [None req-1daac71f-2461-47d4-8220-ca7218d61fc4 tempest-VolumesServicesTestJSON-673404923 tempest-VolumesServicesTestJSON-673404923-project] http://10.222.0.39/volume/v3/5b2b95589d3c49f6acc8b46325d55d5a/volumes/12ffc468-b1d4-466f-9d80-0ee2107de6d4 returned with HTTP 200
