Jan 19 21:35:57.450133 dv-cinder-821602-16-iscsi devstack@c-api.service[109608]: DEBUG cinder.volume.api [None req-2a6294b2-a75c-4ce2-ac6a-5d187ba6f9e2 tempest-VolumeSnapshotQuotasNegativeTestJSON-126862261 tempest-VolumeSnapshotQuotasNegativeTestJSON-126862261-project] Task 'cinder.volume.flows.api.create_volume.EntryCreateTask;volume:create' (0aa04729-16d9-4c95-86db-69a49fe298df) transitioned into state 'SUCCESS' from state 'RUNNING' with result '{'volume_id': 'b29afc2c-73b1-4f1f-9943-4ad7147a4b6b', 'volume_properties': VolumeProperties(attach_status='detached',availability_zone='nova',cgsnapshot_id=None,consistencygroup_id=None,display_description=None,display_name='tempest-VolumeSnapshotQuotasNegativeTestJSON-Volume-1587229656',encryption_key_id=None,group_id=None,group_type_id=,metadata={},multiattach=False,project_id='0238dc58cc474afa8462c3bd2b9735cf',qos_specs=None,replication_status=,reservations=['2b12f64b-a60e-4244-8fa5-dc04390cc3a8','a5b1a637-3e8d-44f8-9602-dfce8e864f76','25232834-cce3-4397-af53-3bd26e8eb6c4','d1f09b09-6e09-49fc-9415-a1f5fed40b17'],size=1,snapshot_id=None,source_replicaid=,source_volid=None,status='creating',user_id='06812701b7944af8b204af561f22f474',volume_type_id=52e7c90e-f385-4105-932b-de78426d2a6c), 'volume': Volume(_name_id=None,admin_metadata=,attach_status='detached',availability_zone='nova',bootable=False,cluster=,cluster_name=None,consistencygroup=,consistencygroup_id=None,created_at=2022-01-19T21:35:57Z,deleted=False,deleted_at=None,display_description=None,display_name='tempest-VolumeSnapshotQuotasNegativeTestJSON-Volume-1587229656',ec2_id=None,encryption_key_id=None,glance_metadata=,group=,group_id=None,host=None,id=b29afc2c-73b1-4f1f-9943-4ad7147a4b6b,launched_at=None,metadata={},migration_status=None,multiattach=False,previous_status=None,project_id='0238dc58cc474afa8462c3bd2b9735cf',provider_auth=None,provider_geometry=None,provider_id=None,provider_location=None,replication_driver_data=None,replication_extended_status=None,replication_status=None,scheduled_at=None,service_uuid=None,shared_targets=True,size=1,snapshot_id=None,snapshots=,source_volid=None,status='creating',terminated_at=None,updated_at=None,use_quota=True,user_id='06812701b7944af8b204af561f22f474',volume_attachment=VolumeAttachmentList,volume_type=VolumeType(52e7c90e-f385-4105-932b-de78426d2a6c),volume_type_id=52e7c90e-f385-4105-932b-de78426d2a6c)}' {{(pid=109608) _task_receiver /usr/local/lib/python3.8/dist-packages/taskflow/listeners/logging.py:178}}
Jan 19 21:35:57.452284 dv-cinder-821602-16-iscsi devstack@c-api.service[109608]: DEBUG cinder.volume.api [None req-2a6294b2-a75c-4ce2-ac6a-5d187ba6f9e2 tempest-VolumeSnapshotQuotasNegativeTestJSON-126862261 tempest-VolumeSnapshotQuotasNegativeTestJSON-126862261-project] Task 'cinder.volume.flows.api.create_volume.QuotaCommitTask;volume:create' (a01e3aa7-1728-43e9-b465-405a24c459a7) transitioned into state 'RUNNING' from state 'PENDING' {{(pid=109608) _task_receiver /usr/local/lib/python3.8/dist-packages/taskflow/listeners/logging.py:190}}
Jan 19 21:35:57.482491 dv-cinder-821602-16-iscsi devstack@c-api.service[109608]: DEBUG cinder.volume.api [None req-2a6294b2-a75c-4ce2-ac6a-5d187ba6f9e2 tempest-VolumeSnapshotQuotasNegativeTestJSON-126862261 tempest-VolumeSnapshotQuotasNegativeTestJSON-126862261-project] Task 'cinder.volume.flows.api.create_volume.QuotaCommitTask;volume:create' (a01e3aa7-1728-43e9-b465-405a24c459a7) transitioned into state 'SUCCESS' from state 'RUNNING' with result '{'volume_properties': VolumeProperties(attach_status='detached',availability_zone='nova',cgsnapshot_id=None,consistencygroup_id=None,display_description=None,display_name='tempest-VolumeSnapshotQuotasNegativeTestJSON-Volume-1587229656',encryption_key_id=None,group_id=None,group_type_id=,metadata={},multiattach=False,project_id='0238dc58cc474afa8462c3bd2b9735cf',qos_specs=None,replication_status=,reservations=['2b12f64b-a60e-4244-8fa5-dc04390cc3a8','a5b1a637-3e8d-44f8-9602-dfce8e864f76','25232834-cce3-4397-af53-3bd26e8eb6c4','d1f09b09-6e09-49fc-9415-a1f5fed40b17'],size=1,snapshot_id=None,source_replicaid=,source_volid=None,status='creating',user_id='06812701b7944af8b204af561f22f474',volume_type_id=52e7c90e-f385-4105-932b-de78426d2a6c)}' {{(pid=109608) _task_receiver /usr/local/lib/python3.8/dist-packages/taskflow/listeners/logging.py:178}}
Jan 19 21:35:57.484637 dv-cinder-821602-16-iscsi devstack@c-api.service[109608]: DEBUG cinder.volume.api [None req-2a6294b2-a75c-4ce2-ac6a-5d187ba6f9e2 tempest-VolumeSnapshotQuotasNegativeTestJSON-126862261 tempest-VolumeSnapshotQuotasNegativeTestJSON-126862261-project] Task 'cinder.volume.flows.api.create_volume.VolumeCastTask;volume:create' (c0947fa9-e86f-42bd-b381-1e088b9e41b1) transitioned into state 'RUNNING' from state 'PENDING' {{(pid=109608) _task_receiver /usr/local/lib/python3.8/dist-packages/taskflow/listeners/logging.py:190}}
Jan 19 21:35:57.512584 dv-cinder-821602-16-iscsi devstack@c-api.service[109608]: DEBUG cinder.volume.api [None req-2a6294b2-a75c-4ce2-ac6a-5d187ba6f9e2 tempest-VolumeSnapshotQuotasNegativeTestJSON-126862261 tempest-VolumeSnapshotQuotasNegativeTestJSON-126862261-project] Task 'cinder.volume.flows.api.create_volume.VolumeCastTask;volume:create' (c0947fa9-e86f-42bd-b381-1e088b9e41b1) transitioned into state 'SUCCESS' from state 'RUNNING' with result 'None' {{(pid=109608) _task_receiver /usr/local/lib/python3.8/dist-packages/taskflow/listeners/logging.py:178}}
Jan 19 21:35:57.515376 dv-cinder-821602-16-iscsi devstack@c-api.service[109608]: DEBUG cinder.volume.api [None req-2a6294b2-a75c-4ce2-ac6a-5d187ba6f9e2 tempest-VolumeSnapshotQuotasNegativeTestJSON-126862261 tempest-VolumeSnapshotQuotasNegativeTestJSON-126862261-project] Flow 'volume_create_api' (97c2c204-8dc0-404b-a429-5ac2e8ef60b7) transitioned into state 'SUCCESS' from state 'RUNNING' {{(pid=109608) _flow_receiver /usr/local/lib/python3.8/dist-packages/taskflow/listeners/logging.py:141}}
Jan 19 21:35:57.516110 dv-cinder-821602-16-iscsi devstack@c-api.service[109608]: INFO cinder.volume.api [None req-2a6294b2-a75c-4ce2-ac6a-5d187ba6f9e2 tempest-VolumeSnapshotQuotasNegativeTestJSON-126862261 tempest-VolumeSnapshotQuotasNegativeTestJSON-126862261-project] Create volume request issued successfully.
Jan 19 21:35:57.517311 dv-cinder-821602-16-iscsi devstack@c-api.service[109608]: INFO cinder.api.openstack.wsgi [None req-2a6294b2-a75c-4ce2-ac6a-5d187ba6f9e2 tempest-VolumeSnapshotQuotasNegativeTestJSON-126862261 tempest-VolumeSnapshotQuotasNegativeTestJSON-126862261-project] http://10.222.0.39/volume/v3/0238dc58cc474afa8462c3bd2b9735cf/volumes returned with HTTP 202
Jan 19 21:35:57.518463 dv-cinder-821602-16-iscsi devstack@c-api.service[109608]: [pid: 109608|app: 0|req: 148/298] 10.222.0.39 () {60 vars in 1234 bytes} [Wed Jan 19 21:35:56 2022] POST /volume/v3/0238dc58cc474afa8462c3bd2b9735cf/volumes => generated 836 bytes in 546 msecs (HTTP/1.1 202) 7 headers in 291 bytes (1 switches on core 0)
Jan 19 21:35:57.534700 dv-cinder-821602-16-iscsi devstack@c-api.service[109611]: INFO cinder.api.openstack.wsgi [None req-a92e0e6a-338a-4b78-a258-b5b2b021e02b tempest-VolumeSnapshotQuotasNegativeTestJSON-126862261 tempest-VolumeSnapshotQuotasNegativeTestJSON-126862261-project] GET http://10.222.0.39/volume/v3/0238dc58cc474afa8462c3bd2b9735cf/volumes/b29afc2c-73b1-4f1f-9943-4ad7147a4b6b
Jan 19 21:35:57.535695 dv-cinder-821602-16-iscsi devstack@c-api.service[109611]: DEBUG cinder.api.openstack.wsgi [None req-a92e0e6a-338a-4b78-a258-b5b2b021e02b tempest-VolumeSnapshotQuotasNegativeTestJSON-126862261 tempest-VolumeSnapshotQuotasNegativeTestJSON-126862261-project] Empty body provided in request {{(pid=109611) get_body /opt/stack/cinder/cinder/api/openstack/wsgi.py:715}}
Jan 19 21:35:57.536274 dv-cinder-821602-16-iscsi devstack@c-api.service[109611]: DEBUG cinder.api.openstack.wsgi [None req-a92e0e6a-338a-4b78-a258-b5b2b021e02b tempest-VolumeSnapshotQuotasNegativeTestJSON-126862261 tempest-VolumeSnapshotQuotasNegativeTestJSON-126862261-project] Calling method 'show' {{(pid=109611) _process_stack /opt/stack/cinder/cinder/api/openstack/wsgi.py:868}}
Jan 19 21:35:57.562602 dv-cinder-821602-16-iscsi devstack@c-api.service[109611]: /usr/local/lib/python3.8/dist-packages/oslo_context/context.py:105: DeprecationWarning: Policy enforcement is depending on the value of is_admin. This key is deprecated. Please update your policy file to use the standard policy values.
Jan 19 21:35:57.562602 dv-cinder-821602-16-iscsi devstack@c-api.service[109611]: warnings.warn('Policy enforcement is depending on the value of '
Jan 19 21:35:57.586297 dv-cinder-821602-16-iscsi devstack@c-api.service[109611]: INFO cinder.volume.api [None req-a92e0e6a-338a-4b78-a258-b5b2b021e02b tempest-VolumeSnapshotQuotasNegativeTestJSON-126862261 tempest-VolumeSnapshotQuotasNegativeTestJSON-126862261-project] Volume info retrieved successfully.
Jan 19 21:35:57.603422 dv-cinder-821602-16-iscsi devstack@c-api.service[109611]: INFO cinder.api.openstack.wsgi [None req-a92e0e6a-338a-4b78-a258-b5b2b021e02b tempest-VolumeSnapshotQuotasNegativeTestJSON-126862261 tempest-VolumeSnapshotQuotasNegativeTestJSON-126862261-project] http://10.222.0.39/volume/v3/0238dc58cc474afa8462c3bd2b9735cf/volumes/b29afc2c-73b1-4f1f-9943-4ad7147a4b6b returned with HTTP 200
Jan 19 21:35:57.608165 dv-cinder-821602-16-iscsi devstack@c-api.service[109611]: [pid: 109611|app: 0|req: 151/299] 10.222.0.39 () {58 vars in 1324 bytes} [Wed Jan 19 21:35:57 2022] GET /volume/v3/0238dc58cc474afa8462c3bd2b9735cf/volumes/b29afc2c-73b1-4f1f-9943-4ad7147a4b6b => generated 904 bytes in 77 msecs (HTTP/1.1 200) 7 headers in 285 bytes (1 switches on core 0)
Jan 19 21:35:57.642892 dv-cinder-821602-16-iscsi devstack@c-api.service[109608]: INFO cinder.api.openstack.wsgi [None req-4ed85056-cbc3-4781-b659-883b5a1c96fb tempest-VolumeQuotasAdminTestJSON-596316284 tempest-VolumeQuotasAdminTestJSON-596316284-project] GET http://10.222.0.39/volume/v3/0d867e34b58441af864d1dad81e4cb8a/volumes/bff35a50-10a6-45fc-8629-4d2cf7588934
Jan 19 21:35:57.643484 dv-cinder-821602-16-iscsi devstack@c-api.service[109608]: DEBUG cinder.api.openstack.wsgi [None req-4ed85056-cbc3-4781-b659-883b5a1c96fb tempest-VolumeQuotasAdminTestJSON-596316284 tempest-VolumeQuotasAdminTestJSON-596316284-project] Empty body provided in request {{(pid=109608) get_body /opt/stack/cinder/cinder/api/openstack/wsgi.py:715}}
Jan 19 21:35:57.643981 dv-cinder-821602-16-iscsi devstack@c-api.service[109608]: DEBUG cinder.api.openstack.wsgi [None req-4ed85056-cbc3-4781-b659-883b5a1c96fb tempest-VolumeQuotasAdminTestJSON-596316284 tempest-VolumeQuotasAdminTestJSON-596316284-project] Calling method 'show' {{(pid=109608) _process_stack /opt/stack/cinder/cinder/api/openstack/wsgi.py:868}}
Jan 19 21:35:57.667125 dv-cinder-821602-16-iscsi devstack@c-api.service[109608]: /usr/local/lib/python3.8/dist-packages/oslo_context/context.py:105: DeprecationWarning: Policy enforcement is depending on the value of is_admin. This key is deprecated. Please update your policy file to use the standard policy values.
Jan 19 21:35:57.667125 dv-cinder-821602-16-iscsi devstack@c-api.service[109608]: warnings.warn('Policy enforcement is depending on the value of '
Jan 19 21:35:57.677810 dv-cinder-821602-16-iscsi devstack@c-api.service[109608]: INFO cinder.volume.api [None req-4ed85056-cbc3-4781-b659-883b5a1c96fb tempest-VolumeQuotasAdminTestJSON-596316284 tempest-VolumeQuotasAdminTestJSON-596316284-project] Volume info retrieved successfully.
Jan 19 21:35:57.695680 dv-cinder-821602-16-iscsi devstack@c-api.service[109608]: INFO cinder.api.openstack.wsgi [None req-4ed85056-cbc3-4781-b659-883b5a1c96fb tempest-VolumeQuotasAdminTestJSON-596316284 tempest-VolumeQuotasAdminTestJSON-596316284-project] http://10.222.0.39/volume/v3/0d867e34b58441af864d1dad81e4cb8a/volumes/bff35a50-10a6-45fc-8629-4d2cf7588934 returned with HTTP 200
Jan 19 21:35:57.697035 dv-cinder-821602-16-iscsi devstack@c-api.service[109608]: [pid: 109608|app: 0|req: 149/300] 10.222.0.39 () {58 vars in 1324 bytes} [Wed Jan 19 21:35:57 2022] GET /volume/v3/0d867e34b58441af864d1dad81e4cb8a/volumes/bff35a50-10a6-45fc-8629-4d2cf7588934 => generated 918 bytes in 58 msecs (HTTP/1.1 200) 7 headers in 285 bytes (2 switches on core 0)
Jan 19 21:35:57.714677 dv-cinder-821602-16-iscsi devstack@c-api.service[109611]: INFO cinder.api.openstack.wsgi [None req-64e9931f-7f39-40a8-a4d1-5ef9b9fd4b5d tempest-VolumeQuotasAdminTestJSON-1231127142 tempest-VolumeQuotasAdminTestJSON-1231127142-project-admin] GET http://10.222.0.39/volume/v3/c8d20abef60945a4a3592e715ef28cb0/os-quota-sets/0d867e34b58441af864d1dad81e4cb8a?usage=True
Jan 19 21:35:57.714847 dv-cinder-821602-16-iscsi devstack@c-api.service[109611]: DEBUG cinder.api.openstack.wsgi [None req-64e9931f-7f39-40a8-a4d1-5ef9b9fd4b5d tempest-VolumeQuotasAdminTestJSON-1231127142 tempest-VolumeQuotasAdminTestJSON-1231127142-project-admin] Empty body provided in request {{(pid=109611) get_body /opt/stack/cinder/cinder/api/openstack/wsgi.py:715}}
Jan 19 21:35:57.715274 dv-cinder-821602-16-iscsi devstack@c-api.service[109611]: DEBUG cinder.api.openstack.wsgi [None req-64e9931f-7f39-40a8-a4d1-5ef9b9fd4b5d tempest-VolumeQuotasAdminTestJSON-1231127142 tempest-VolumeQuotasAdminTestJSON-1231127142-project-admin] Calling method 'show' {{(pid=109611) _process_stack /opt/stack/cinder/cinder/api/openstack/wsgi.py:868}}
Jan 19 21:35:57.760632 dv-cinder-821602-16-iscsi devstack@c-api.service[109611]: INFO cinder.api.openstack.wsgi [None req-64e9931f-7f39-40a8-a4d1-5ef9b9fd4b5d tempest-VolumeQuotasAdminTestJSON-1231127142 tempest-VolumeQuotasAdminTestJSON-1231127142-project-admin] http://10.222.0.39/volume/v3/c8d20abef60945a4a3592e715ef28cb0/os-quota-sets/0d867e34b58441af864d1dad81e4cb8a?usage=True returned with HTTP 200
Jan 19 21:35:57.772305 dv-cinder-821602-16-iscsi devstack@c-api.service[109611]: [pid: 109611|app: 0|req: 152/301] 10.222.0.39 () {58 vars in 1351 bytes} [Wed Jan 19 21:35:57 2022] GET /volume/v3/c8d20abef60945a4a3592e715ef28cb0/os-quota-sets/0d867e34b58441af864d1dad81e4cb8a?usage=True => generated 868 bytes in 63 msecs (HTTP/1.1 200) 7 headers in 285 bytes (1 switches on core 0)
Jan 19 21:35:57.780537 dv-cinder-821602-16-iscsi devstack@c-api.service[109608]: INFO cinder.api.openstack.wsgi [None req-98586b65-e994-489e-ab97-4347a4771407 tempest-VolumeQuotasAdminTestJSON-1231127142 tempest-VolumeQuotasAdminTestJSON-1231127142-project-admin] GET http://10.222.0.39/volume/v3/c8d20abef60945a4a3592e715ef28cb0/os-quota-sets/2b111072529f416ca22ddb7cee643230?usage=True
Jan 19 21:35:57.781682 dv-cinder-821602-16-iscsi devstack@c-api.service[109608]: DEBUG cinder.api.openstack.wsgi [None req-98586b65-e994-489e-ab97-4347a4771407 tempest-VolumeQuotasAdminTestJSON-1231127142 tempest-VolumeQuotasAdminTestJSON-1231127142-project-admin] Empty body provided in request {{(pid=109608) get_body /opt/stack/cinder/cinder/api/openstack/wsgi.py:715}}
Jan 19 21:35:57.782429 dv-cinder-821602-16-iscsi devstack@c-api.service[109608]: DEBUG cinder.api.openstack.wsgi [None req-98586b65-e994-489e-ab97-4347a4771407 tempest-VolumeQuotasAdminTestJSON-1231127142 tempest-VolumeQuotasAdminTestJSON-1231127142-project-admin] Calling method 'show' {{(pid=109608) _process_stack /opt/stack/cinder/cinder/api/openstack/wsgi.py:868}}
Jan 19 21:35:57.814151 dv-cinder-821602-16-iscsi devstack@c-api.service[109608]: INFO cinder.api.openstack.wsgi [None req-98586b65-e994-489e-ab97-4347a4771407 tempest-VolumeQuotasAdminTestJSON-1231127142 tempest-VolumeQuotasAdminTestJSON-1231127142-project-admin] http://10.222.0.39/volume/v3/c8d20abef60945a4a3592e715ef28cb0/os-quota-sets/2b111072529f416ca22ddb7cee643230?usage=True returned with HTTP 200
Jan 19 21:35:57.814918 dv-cinder-821602-16-iscsi devstack@c-api.service[109608]: [pid: 109608|app: 0|req: 150/302] 10.222.0.39 () {58 vars in 1351 bytes} [Wed Jan 19 21:35:57 2022] GET /volume/v3/c8d20abef60945a4a3592e715ef28cb0/os-quota-sets/2b111072529f416ca22ddb7cee643230?usage=True => generated 868 bytes in 41 msecs (HTTP/1.1 200) 7 headers in 285 bytes (1 switches on core 0)
Jan 19 21:35:57.830736 dv-cinder-821602-16-iscsi devstack@c-api.service[109611]: INFO cinder.api.openstack.wsgi [None req-dd2584ae-24f3-4456-af9f-dd7730695fea tempest-VolumeQuotasAdminTestJSON-596316284 tempest-VolumeQuotasAdminTestJSON-596316284-project] POST http://10.222.0.39/volume/v3/0d867e34b58441af864d1dad81e4cb8a/os-volume-transfer
Jan 19 21:35:57.831746 dv-cinder-821602-16-iscsi devstack@c-api.service[109611]: DEBUG cinder.api.openstack.wsgi [None req-dd2584ae-24f3-4456-af9f-dd7730695fea tempest-VolumeQuotasAdminTestJSON-596316284 tempest-VolumeQuotasAdminTestJSON-596316284-project] Action: 'create', calling method: create, body: {"transfer": {"volume_id": "bff35a50-10a6-45fc-8629-4d2cf7588934"}} {{(pid=109611) _process_stack /opt/stack/cinder/cinder/api/openstack/wsgi.py:866}}
Jan 19 21:35:57.832754 dv-cinder-821602-16-iscsi devstack@c-api.service[109611]: DEBUG cinder.api.contrib.volume_transfer [None req-dd2584ae-24f3-4456-af9f-dd7730695fea tempest-VolumeQuotasAdminTestJSON-596316284 tempest-VolumeQuotasAdminTestJSON-596316284-project] Creating new volume transfer {'transfer': {'volume_id': 'bff35a50-10a6-45fc-8629-4d2cf7588934'}} {{(pid=109611) create /opt/stack/cinder/cinder/api/contrib/volume_transfer.py:85}}
Jan 19 21:35:57.833223 dv-cinder-821602-16-iscsi devstack@c-api.service[109611]: INFO cinder.api.contrib.volume_transfer [None req-dd2584ae-24f3-4456-af9f-dd7730695fea tempest-VolumeQuotasAdminTestJSON-596316284 tempest-VolumeQuotasAdminTestJSON-596316284-project] Creating transfer of volume bff35a50-10a6-45fc-8629-4d2cf7588934
Jan 19 21:35:57.833729 dv-cinder-821602-16-iscsi devstack@c-api.service[109611]: INFO cinder.transfer.api [None req-dd2584ae-24f3-4456-af9f-dd7730695fea tempest-VolumeQuotasAdminTestJSON-596316284 tempest-VolumeQuotasAdminTestJSON-596316284-project] Generating transfer record for volume bff35a50-10a6-45fc-8629-4d2cf7588934
Jan 19 21:35:57.858170 dv-cinder-821602-16-iscsi devstack@c-api.service[109611]: /usr/local/lib/python3.8/dist-packages/oslo_context/context.py:105: DeprecationWarning: Policy enforcement is depending on the value of is_admin. This key is deprecated. Please update your policy file to use the standard policy values.
Jan 19 21:35:57.858170 dv-cinder-821602-16-iscsi devstack@c-api.service[109611]: warnings.warn('Policy enforcement is depending on the value of '
Jan 19 21:35:57.898107 dv-cinder-821602-16-iscsi devstack@c-api.service[109611]: INFO cinder.api.openstack.wsgi [None req-dd2584ae-24f3-4456-af9f-dd7730695fea tempest-VolumeQuotasAdminTestJSON-596316284 tempest-VolumeQuotasAdminTestJSON-596316284-project] http://10.222.0.39/volume/v3/0d867e34b58441af864d1dad81e4cb8a/os-volume-transfer returned with HTTP 202
Jan 19 21:35:57.899079 dv-cinder-821602-16-iscsi devstack@c-api.service[109611]: [pid: 109611|app: 0|req: 153/303] 10.222.0.39 () {60 vars in 1267 bytes} [Wed Jan 19 21:35:57 2022] POST /volume/v3/0d867e34b58441af864d1dad81e4cb8a/os-volume-transfer => generated 507 bytes in 75 msecs (HTTP/1.1 202) 7 headers in 291 bytes (2 switches on core 0)
Jan 19 21:35:57.968311 dv-cinder-821602-16-iscsi devstack@c-api.service[109608]: INFO cinder.api.openstack.wsgi [None req-164d903e-b663-40f7-889a-49f0d7061d84 tempest-VolumeTypesAccessTest-2052628751 tempest-VolumeTypesAccessTest-2052628751-project-admin] POST http://10.222.0.39/volume/v3/a762620048384c049673b5b42b772e05/types
Jan 19 21:35:57.969315 dv-cinder-821602-16-iscsi devstack@c-api.service[109608]: DEBUG cinder.api.openstack.wsgi [None req-164d903e-b663-40f7-889a-49f0d7061d84 tempest-VolumeTypesAccessTest-2052628751 tempest-VolumeTypesAccessTest-2052628751-project-admin] Action: 'create', calling method: _create, body: {"volume_type": {"name": "tempest-VolumeTypesAccessTest-volume-type-758056690", "os-volume-type-access:is_public": false}} {{(pid=109608) _process_stack /opt/stack/cinder/cinder/api/openstack/wsgi.py:866}}
Jan 19 21:35:58.002849 dv-cinder-821602-16-iscsi devstack@c-api.service[109608]: INFO cinder.api.openstack.wsgi [None req-164d903e-b663-40f7-889a-49f0d7061d84 tempest-VolumeTypesAccessTest-2052628751 tempest-VolumeTypesAccessTest-2052628751-project-admin] http://10.222.0.39/volume/v3/a762620048384c049673b5b42b772e05/types returned with HTTP 200
Jan 19 21:35:58.003752 dv-cinder-821602-16-iscsi devstack@c-api.service[109608]: [pid: 109608|app: 0|req: 151/304] 10.222.0.39 () {60 vars in 1229 bytes} [Wed Jan 19 21:35:57 2022] POST /volume/v3/a762620048384c049673b5b42b772e05/types => generated 228 bytes in 172 msecs (HTTP/1.1 200) 7 headers in 285 bytes (1 switches on core 0)
Jan 19 21:35:58.087080 dv-cinder-821602-16-iscsi devstack@c-api.service[109611]: INFO cinder.api.openstack.wsgi [None req-4a5ef235-4f03-4a20-9a5a-fe83efda61f4 tempest-VolumeQuotasAdminTestJSON-1942696439 tempest-VolumeQuotasAdminTestJSON-1942696439-project] POST http://10.222.0.39/volume/v3/2b111072529f416ca22ddb7cee643230/os-volume-transfer/d0dab0fe-49d7-461d-9f18-6753a2135bfc/accept
Jan 19 21:35:58.087806 dv-cinder-821602-16-iscsi devstack@c-api.service[109611]: DEBUG cinder.api.openstack.wsgi [None req-4a5ef235-4f03-4a20-9a5a-fe83efda61f4 tempest-VolumeQuotasAdminTestJSON-1942696439 tempest-VolumeQuotasAdminTestJSON-1942696439-project] Action: 'accept', calling method: accept, body: {"accept": {"auth_key": "cf881e4509b21b79"}} {{(pid=109611) _process_stack /opt/stack/cinder/cinder/api/openstack/wsgi.py:866}}
Jan 19 21:35:58.088665 dv-cinder-821602-16-iscsi devstack@c-api.service[109611]: DEBUG cinder.api.contrib.volume_transfer [None req-4a5ef235-4f03-4a20-9a5a-fe83efda61f4 tempest-VolumeQuotasAdminTestJSON-1942696439 tempest-VolumeQuotasAdminTestJSON-1942696439-project] Accepting volume transfer d0dab0fe-49d7-461d-9f18-6753a2135bfc {{(pid=109611) accept /opt/stack/cinder/cinder/api/contrib/volume_transfer.py:115}}
Jan 19 21:35:58.089041 dv-cinder-821602-16-iscsi devstack@c-api.service[109611]: INFO cinder.api.contrib.volume_transfer [None req-4a5ef235-4f03-4a20-9a5a-fe83efda61f4 tempest-VolumeQuotasAdminTestJSON-1942696439 tempest-VolumeQuotasAdminTestJSON-1942696439-project] Accepting transfer d0dab0fe-49d7-461d-9f18-6753a2135bfc
Jan 19 21:35:58.172394 dv-cinder-821602-16-iscsi devstack@c-api.service[109608]: INFO cinder.api.openstack.wsgi [None req-85da01dd-4ad4-4133-92d2-53c93aa0b00e tempest-VolumeTypesAccessTest-1428753136 tempest-VolumeTypesAccessTest-1428753136-project] POST http://10.222.0.39/volume/v3/87d1745bb94a4acfae84c2223328c9d4/volumes
Jan 19 21:35:58.173443 dv-cinder-821602-16-iscsi devstack@c-api.service[109608]: DEBUG cinder.api.openstack.wsgi [None req-85da01dd-4ad4-4133-92d2-53c93aa0b00e tempest-VolumeTypesAccessTest-1428753136 tempest-VolumeTypesAccessTest-1428753136-project] Action: 'create', calling method: create, body: {"volume": {"volume_type": "062be45c-c636-4874-8ed9-de4812ae76ca", "size": 1}} {{(pid=109608) _process_stack /opt/stack/cinder/cinder/api/openstack/wsgi.py:866}}
Jan 19 21:35:58.174708 dv-cinder-821602-16-iscsi devstack@c-api.service[109608]: DEBUG cinder.api.v3.volumes [None req-85da01dd-4ad4-4133-92d2-53c93aa0b00e tempest-VolumeTypesAccessTest-1428753136 tempest-VolumeTypesAccessTest-1428753136-project] Create volume request body: {'volume': {'volume_type': '062be45c-c636-4874-8ed9-de4812ae76ca', 'size': 1}} {{(pid=109608) create /opt/stack/cinder/cinder/api/v3/volumes.py:298}}
Jan 19 21:35:58.186796 dv-cinder-821602-16-iscsi devstack@c-api.service[109608]: INFO cinder.api.openstack.wsgi [None req-85da01dd-4ad4-4133-92d2-53c93aa0b00e tempest-VolumeTypesAccessTest-1428753136 tempest-VolumeTypesAccessTest-1428753136-project] http://10.222.0.39/volume/v3/87d1745bb94a4acfae84c2223328c9d4/volumes returned with HTTP 404
Jan 19 21:35:58.192403 dv-cinder-821602-16-iscsi devstack@c-api.service[109608]: [pid: 109608|app: 0|req: 152/305] 10.222.0.39 () {60 vars in 1234 bytes} [Wed Jan 19 21:35:58 2022] POST /volume/v3/87d1745bb94a4acfae84c2223328c9d4/volumes => generated 114 bytes in 183 msecs (HTTP/1.1 404) 7 headers in 292 bytes (1 switches on core 0)
Jan 19 21:35:58.196481 dv-cinder-821602-16-iscsi devstack@c-api.service[109608]: INFO cinder.api.openstack.wsgi [None req-2d01dbf9-18b2-4398-a478-0ad245f62913 tempest-AttachVolumeNegativeTest-1914897291 tempest-AttachVolumeNegativeTest-1914897291-project] GET http://10.222.0.39/volume/v3/caf30a5370f445d7b4419ccdbf3e6176/volumes/00c67558-758b-4758-9cea-6873b6464cf8
Jan 19 21:35:58.196928 dv-cinder-821602-16-iscsi devstack@c-api.service[109608]: DEBUG cinder.api.openstack.wsgi [None req-2d01dbf9-18b2-4398-a478-0ad245f62913 tempest-AttachVolumeNegativeTest-1914897291 tempest-AttachVolumeNegativeTest-1914897291-project] Empty body provided in request {{(pid=109608) get_body /opt/stack/cinder/cinder/api/openstack/wsgi.py:715}}
Jan 19 21:35:58.197978 dv-cinder-821602-16-iscsi devstack@c-api.service[109608]: DEBUG cinder.api.openstack.wsgi [None req-2d01dbf9-18b2-4398-a478-0ad245f62913 tempest-AttachVolumeNegativeTest-1914897291 tempest-AttachVolumeNegativeTest-1914897291-project] Calling method 'show' {{(pid=109608) _process_stack /opt/stack/cinder/cinder/api/openstack/wsgi.py:868}}
Jan 19 21:35:58.221104 dv-cinder-821602-16-iscsi devstack@c-api.service[109608]: /usr/local/lib/python3.8/dist-packages/oslo_context/context.py:105: DeprecationWarning: Policy enforcement is depending on the value of is_admin. This key is deprecated. Please update your policy file to use the standard policy values.
Jan 19 21:35:58.221104 dv-cinder-821602-16-iscsi devstack@c-api.service[109608]: warnings.warn('Policy enforcement is depending on the value of '
Jan 19 21:35:58.231597 dv-cinder-821602-16-iscsi devstack@c-api.service[109608]: INFO cinder.volume.api [None req-2d01dbf9-18b2-4398-a478-0ad245f62913 tempest-AttachVolumeNegativeTest-1914897291 tempest-AttachVolumeNegativeTest-1914897291-project] Volume info retrieved successfully.
Jan 19 21:35:58.262611 dv-cinder-821602-16-iscsi devstack@c-api.service[109611]: DEBUG cinder.quota [None req-4a5ef235-4f03-4a20-9a5a-fe83efda61f4 tempest-VolumeQuotasAdminTestJSON-1942696439 tempest-VolumeQuotasAdminTestJSON-1942696439-project] Created reservations ['60d4d2a0-0a34-4c37-9dd3-4a2623d40771', '6f72cc5d-55cc-4132-8ad6-c1accdedd5a7', '4a53d616-a868-49d5-a92e-2d2b66924733', 'b4d985f2-ce46-4063-ac47-c047c66ed416'] {{(pid=109611) reserve /opt/stack/cinder/cinder/quota.py:755}}
Jan 19 21:35:58.263683 dv-cinder-821602-16-iscsi devstack@c-api.service[109608]: INFO cinder.api.openstack.wsgi [None req-2d01dbf9-18b2-4398-a478-0ad245f62913 tempest-AttachVolumeNegativeTest-1914897291 tempest-AttachVolumeNegativeTest-1914897291-project] http://10.222.0.39/volume/v3/caf30a5370f445d7b4419ccdbf3e6176/volumes/00c67558-758b-4758-9cea-6873b6464cf8 returned with HTTP 200
Jan 19 21:35:58.264980 dv-cinder-821602-16-iscsi devstack@c-api.service[109608]: [pid: 109608|app: 0|req: 153/306] 10.222.0.39 () {58 vars in 1324 bytes} [Wed Jan 19 21:35:58 2022] GET /volume/v3/caf30a5370f445d7b4419ccdbf3e6176/volumes/00c67558-758b-4758-9cea-6873b6464cf8 => generated 916 bytes in 72 msecs (HTTP/1.1 200) 7 headers in 285 bytes (1 switches on core 0)
Jan 19 21:35:58.269677 dv-cinder-821602-16-iscsi devstack@c-api.service[109608]: INFO cinder.api.openstack.wsgi [None req-0f3e1c39-0de5-40d3-af18-0b836c407a0e tempest-VolumeTypesAccessTest-2052628751 tempest-VolumeTypesAccessTest-2052628751-project-admin] POST http://10.222.0.39/volume/v3/a762620048384c049673b5b42b772e05/types/062be45c-c636-4874-8ed9-de4812ae76ca/action
Jan 19 21:35:58.270756 dv-cinder-821602-16-iscsi devstack@c-api.service[109608]: DEBUG cinder.api.openstack.wsgi [None req-0f3e1c39-0de5-40d3-af18-0b836c407a0e tempest-VolumeTypesAccessTest-2052628751 tempest-VolumeTypesAccessTest-2052628751-project-admin] Action body: b'{"addProjectAccess": {"project": "87d1745bb94a4acfae84c2223328c9d4"}}' {{(pid=109608) get_method /opt/stack/cinder/cinder/api/openstack/wsgi.py:983}}
Jan 19 21:35:58.271265 dv-cinder-821602-16-iscsi devstack@c-api.service[109608]: DEBUG cinder.api.openstack.wsgi [None req-0f3e1c39-0de5-40d3-af18-0b836c407a0e tempest-VolumeTypesAccessTest-2052628751 tempest-VolumeTypesAccessTest-2052628751-project-admin] Action: 'action', calling method: _addProjectAccess, body: {"addProjectAccess": {"project": "87d1745bb94a4acfae84c2223328c9d4"}} {{(pid=109608) _process_stack /opt/stack/cinder/cinder/api/openstack/wsgi.py:866}}
Jan 19 21:35:58.292632 dv-cinder-821602-16-iscsi devstack@c-api.service[109608]: INFO cinder.api.openstack.wsgi [None req-0f3e1c39-0de5-40d3-af18-0b836c407a0e tempest-VolumeTypesAccessTest-2052628751 tempest-VolumeTypesAccessTest-2052628751-project-admin] http://10.222.0.39/volume/v3/a762620048384c049673b5b42b772e05/types/062be45c-c636-4874-8ed9-de4812ae76ca/action returned with HTTP 202
Jan 19 21:35:58.295431 dv-cinder-821602-16-iscsi devstack@c-api.service[109608]: [pid: 109608|app: 0|req: 154/307] 10.222.0.39 () {60 vars in 1360 bytes} [Wed Jan 19 21:35:58 2022] POST /volume/v3/a762620048384c049673b5b42b772e05/types/062be45c-c636-4874-8ed9-de4812ae76ca/action => generated 0 bytes in 30 msecs (HTTP/1.1 202) 6 headers in 233 bytes (1 switches on core 0)
Jan 19 21:35:58.302473 dv-cinder-821602-16-iscsi devstack@c-api.service[109608]: INFO cinder.api.openstack.wsgi [None req-761f7219-b32e-4535-b11c-7327c61ed341 tempest-DeleteServersTestJSON-158460258 tempest-DeleteServersTestJSON-158460258-project] GET http://10.222.0.39/volume/v3/52b59e6a16ad4a5cb5d1b250b9cadc54/volumes/ff979650-47cc-4115-b286-895388511dc6
Jan 19 21:35:58.303313 dv-cinder-821602-16-iscsi devstack@c-api.service[109608]: DEBUG cinder.api.openstack.wsgi [None req-761f7219-b32e-4535-b11c-7327c61ed341 tempest-DeleteServersTestJSON-158460258 tempest-DeleteServersTestJSON-158460258-project] Empty body provided in request {{(pid=109608) get_body /opt/stack/cinder/cinder/api/openstack/wsgi.py:715}}
Jan 19 21:35:58.304174 dv-cinder-821602-16-iscsi devstack@c-api.service[109608]: DEBUG cinder.api.openstack.wsgi [None req-761f7219-b32e-4535-b11c-7327c61ed341 tempest-DeleteServersTestJSON-158460258 tempest-DeleteServersTestJSON-158460258-project] Calling method 'show' {{(pid=109608) _process_stack /opt/stack/cinder/cinder/api/openstack/wsgi.py:868}}
Jan 19 21:35:58.321669 dv-cinder-821602-16-iscsi devstack@c-api.service[109611]: DEBUG cinder.quota [None req-4a5ef235-4f03-4a20-9a5a-fe83efda61f4 tempest-VolumeQuotasAdminTestJSON-1942696439 tempest-VolumeQuotasAdminTestJSON-1942696439-project] Created reservations ['b385eb92-9227-4286-b8d7-95233e16e6a4', '7c2e65dd-fb88-4da2-a168-82d96a28b0e3', 'f6958531-2dd0-40be-a71f-0939ba0c6695', '82ea4324-0146-43c6-a10a-afa0d7c309db'] {{(pid=109611) reserve /opt/stack/cinder/cinder/quota.py:755}}
Jan 19 21:35:58.333470 dv-cinder-821602-16-iscsi devstack@c-api.service[109608]: /usr/local/lib/python3.8/dist-packages/oslo_context/context.py:105: DeprecationWarning: Policy enforcement is depending on the value of is_admin. This key is deprecated. Please update your policy file to use the standard policy values.
Jan 19 21:35:58.333470 dv-cinder-821602-16-iscsi devstack@c-api.service[109608]: warnings.warn('Policy enforcement is depending on the value of '
Jan 19 21:35:58.342940 dv-cinder-821602-16-iscsi devstack@c-api.service[109608]: INFO cinder.volume.api [None req-761f7219-b32e-4535-b11c-7327c61ed341 tempest-DeleteServersTestJSON-158460258 tempest-DeleteServersTestJSON-158460258-project] Volume info retrieved successfully.
Jan 19 21:35:58.353741 dv-cinder-821602-16-iscsi devstack@c-api.service[109608]: INFO cinder.api.openstack.wsgi [None req-761f7219-b32e-4535-b11c-7327c61ed341 tempest-DeleteServersTestJSON-158460258 tempest-DeleteServersTestJSON-158460258-project] http://10.222.0.39/volume/v3/52b59e6a16ad4a5cb5d1b250b9cadc54/volumes/ff979650-47cc-4115-b286-895388511dc6 returned with HTTP 200
Jan 19 21:35:58.363464 dv-cinder-821602-16-iscsi devstack@c-api.service[109608]: [pid: 109608|app: 0|req: 155/308] 10.222.0.39 () {58 vars in 1324 bytes} [Wed Jan 19 21:35:58 2022] GET /volume/v3/52b59e6a16ad4a5cb5d1b250b9cadc54/volumes/ff979650-47cc-4115-b286-895388511dc6 => generated 913 bytes in 58 msecs (HTTP/1.1 200) 7 headers in 285 bytes (1 switches on core 0)
Jan 19 21:35:58.370039 dv-cinder-821602-16-iscsi devstack@c-api.service[109608]: INFO cinder.api.openstack.wsgi [None req-5b532185-9e5d-4e4a-a652-b0b834c7c552 tempest-VolumeTypesAccessTest-1428753136 tempest-VolumeTypesAccessTest-1428753136-project] POST http://10.222.0.39/volume/v3/87d1745bb94a4acfae84c2223328c9d4/volumes
Jan 19 21:35:58.372709 dv-cinder-821602-16-iscsi devstack@c-api.service[109608]: DEBUG cinder.api.openstack.wsgi [None req-5b532185-9e5d-4e4a-a652-b0b834c7c552 tempest-VolumeTypesAccessTest-1428753136 tempest-VolumeTypesAccessTest-1428753136-project] Action: 'create', calling method: create, body: {"volume": {"volume_type": "062be45c-c636-4874-8ed9-de4812ae76ca", "size": 1, "name": "tempest-VolumeTypesAccessTest-Volume-1496645738"}} {{(pid=109608) _process_stack /opt/stack/cinder/cinder/api/openstack/wsgi.py:866}}
Jan 19 21:35:58.375925 dv-cinder-821602-16-iscsi devstack@c-api.service[109608]: DEBUG cinder.api.v3.volumes [None req-5b532185-9e5d-4e4a-a652-b0b834c7c552 tempest-VolumeTypesAccessTest-1428753136 tempest-VolumeTypesAccessTest-1428753136-project] Create volume request body: {'volume': {'volume_type': '062be45c-c636-4874-8ed9-de4812ae76ca', 'size': 1, 'name': 'tempest-VolumeTypesAccessTest-Volume-1496645738'}} {{(pid=109608) create /opt/stack/cinder/cinder/api/v3/volumes.py:298}}
Jan 19 21:35:58.384066 dv-cinder-821602-16-iscsi devstack@c-api.service[109608]: INFO cinder.api.v3.volumes [None req-5b532185-9e5d-4e4a-a652-b0b834c7c552 tempest-VolumeTypesAccessTest-1428753136 tempest-VolumeTypesAccessTest-1428753136-project] Create volume of 1 GB
Jan 19 21:35:58.385715 dv-cinder-821602-16-iscsi devstack@c-api.service[109608]: /usr/local/lib/python3.8/dist-packages/oslo_context/context.py:105: DeprecationWarning: Policy enforcement is depending on the value of is_admin. This key is deprecated. Please update your policy file to use the standard policy values.
Jan 19 21:35:58.385715 dv-cinder-821602-16-iscsi devstack@c-api.service[109608]: warnings.warn('Policy enforcement is depending on the value of '
Jan 19 21:35:58.387212 dv-cinder-821602-16-iscsi devstack@c-api.service[109608]: INFO cinder.volume.api [None req-5b532185-9e5d-4e4a-a652-b0b834c7c552 tempest-VolumeTypesAccessTest-1428753136 tempest-VolumeTypesAccessTest-1428753136-project] Availability Zones retrieved successfully.
Jan 19 21:35:58.407527 dv-cinder-821602-16-iscsi devstack@c-api.service[109608]: DEBUG cinder.volume.api [None req-5b532185-9e5d-4e4a-a652-b0b834c7c552 tempest-VolumeTypesAccessTest-1428753136 tempest-VolumeTypesAccessTest-1428753136-project] Flow 'volume_create_api' (43d10aa5-6b78-452e-9093-5aa9f92de787) transitioned into state 'RUNNING' from state 'PENDING' {{(pid=109608) _flow_receiver /usr/local/lib/python3.8/dist-packages/taskflow/listeners/logging.py:141}}
Jan 19 21:35:58.410966 dv-cinder-821602-16-iscsi devstack@c-api.service[109608]: DEBUG cinder.volume.api [None req-5b532185-9e5d-4e4a-a652-b0b834c7c552 tempest-VolumeTypesAccessTest-1428753136 tempest-VolumeTypesAccessTest-1428753136-project] Task 'cinder.volume.flows.api.create_volume.ExtractVolumeRequestTask;volume:create' (e5be45b5-3dd6-423e-bb86-b27d476590a3) transitioned into state 'RUNNING' from state 'PENDING' {{(pid=109608) _task_receiver /usr/local/lib/python3.8/dist-packages/taskflow/listeners/logging.py:190}}
Jan 19 21:35:58.414028 dv-cinder-821602-16-iscsi devstack@c-api.service[109608]: DEBUG cinder.volume.flows.api.create_volume [None req-5b532185-9e5d-4e4a-a652-b0b834c7c552 tempest-VolumeTypesAccessTest-1428753136 tempest-VolumeTypesAccessTest-1428753136-project] Validating volume size '1' using validate_int {{(pid=109608) _extract_size /opt/stack/cinder/cinder/volume/flows/api/create_volume.py:225}}
Jan 19 21:35:58.419816 dv-cinder-821602-16-iscsi devstack@c-api.service[109611]: DEBUG cinder.quota [None req-4a5ef235-4f03-4a20-9a5a-fe83efda61f4 tempest-VolumeQuotasAdminTestJSON-1942696439 tempest-VolumeQuotasAdminTestJSON-1942696439-project] Created reservations ['ec3d9081-d808-42d7-ab52-882a1a39c6f8', 'ee45f7cc-c1f7-444f-99bf-460ea381a99a', 'f24210c3-46ff-4ef7-8d93-2e7ca9201723', 'bbbb0f8e-4924-4b18-882d-ae907eb75224'] {{(pid=109611) reserve /opt/stack/cinder/cinder/quota.py:755}}
Jan 19 21:35:58.441537 dv-cinder-821602-16-iscsi devstack@c-api.service[109608]: DEBUG cinder.volume.api [None req-5b532185-9e5d-4e4a-a652-b0b834c7c552 tempest-VolumeTypesAccessTest-1428753136 tempest-VolumeTypesAccessTest-1428753136-project] Task 'cinder.volume.flows.api.create_volume.ExtractVolumeRequestTask;volume:create' (e5be45b5-3dd6-423e-bb86-b27d476590a3) transitioned into state 'SUCCESS' from state 'RUNNING' with result '{'size': 1, 'snapshot_id': None, 'source_volid': None, 'volume_type': VolumeType(created_at=2022-01-19T21:35:58Z,deleted=False,deleted_at=None,description=None,extra_specs={},id=062be45c-c636-4874-8ed9-de4812ae76ca,is_public=False,name='tempest-VolumeTypesAccessTest-volume-type-758056690',projects=[],qos_specs=,qos_specs_id=None,updated_at=None), 'volume_type_id': '062be45c-c636-4874-8ed9-de4812ae76ca', 'encryption_key_id': None, 'qos_specs': None, 'consistencygroup_id': None, 'cgsnapshot_id': None, 'group_id': None, 'replication_status': 'disabled', 'refresh_az': False, 'backup_id': None, 'multiattach': False, 'availability_zones': ['nova']}' {{(pid=109608) _task_receiver /usr/local/lib/python3.8/dist-packages/taskflow/listeners/logging.py:178}}
Jan 19 21:35:58.444179 dv-cinder-821602-16-iscsi devstack@c-api.service[109608]: DEBUG cinder.volume.api [None req-5b532185-9e5d-4e4a-a652-b0b834c7c552 tempest-VolumeTypesAccessTest-1428753136 tempest-VolumeTypesAccessTest-1428753136-project] Task 'cinder.volume.flows.api.create_volume.QuotaReserveTask;volume:create' (fa308916-1fde-4243-a8c1-ccc55d79e8e8) transitioned into state 'RUNNING' from state 'PENDING' {{(pid=109608) _task_receiver /usr/local/lib/python3.8/dist-packages/taskflow/listeners/logging.py:190}}
Jan 19 21:35:58.513231 dv-cinder-821602-16-iscsi devstack@c-api.service[109608]: WARNING cinder.quota [None req-5b532185-9e5d-4e4a-a652-b0b834c7c552 tempest-VolumeTypesAccessTest-1428753136 tempest-VolumeTypesAccessTest-1428753136-project] Deprecated: Default quota for resource: volumes_tempest-VolumeTypesAccessTest-volume-type-758056690 is set by the default quota flag: quota_volumes_tempest-VolumeTypesAccessTest-volume-type-758056690, it is now deprecated. Please use the default quota class for default quota.
Jan 19 21:35:58.514382 dv-cinder-821602-16-iscsi devstack@c-api.service[109608]: WARNING cinder.quota [None req-5b532185-9e5d-4e4a-a652-b0b834c7c552 tempest-VolumeTypesAccessTest-1428753136 tempest-VolumeTypesAccessTest-1428753136-project] Deprecated: Default quota for resource: gigabytes_tempest-VolumeTypesAccessTest-volume-type-758056690 is set by the default quota flag: quota_gigabytes_tempest-VolumeTypesAccessTest-volume-type-758056690, it is now deprecated. Please use the default quota class for default quota.
Jan 19 21:35:58.516788 dv-cinder-821602-16-iscsi devstack@c-api.service[109611]: DEBUG cinder.quota [None req-4a5ef235-4f03-4a20-9a5a-fe83efda61f4 tempest-VolumeQuotasAdminTestJSON-1942696439 tempest-VolumeQuotasAdminTestJSON-1942696439-project] Created reservations ['dfdc6165-8885-44df-bbba-5c6b68be5be6', '32ede8a7-932d-4bfe-992c-773febe65199', '6487e2f7-7461-4cc5-8025-b9794d91ee31', '5afe0580-2cd7-4cac-914e-a0298dd3a350'] {{(pid=109611) reserve /opt/stack/cinder/cinder/quota.py:755}}
Jan 19 21:35:58.545750 dv-cinder-821602-16-iscsi devstack@c-api.service[109611]: INFO cinder.volume.api [None req-4a5ef235-4f03-4a20-9a5a-fe83efda61f4 tempest-VolumeQuotasAdminTestJSON-1942696439 tempest-VolumeQuotasAdminTestJSON-1942696439-project] Transfer volume completed successfully.
Jan 19 21:35:58.615011 dv-cinder-821602-16-iscsi devstack@c-api.service[109608]: DEBUG cinder.quota [None req-5b532185-9e5d-4e4a-a652-b0b834c7c552 tempest-VolumeTypesAccessTest-1428753136 tempest-VolumeTypesAccessTest-1428753136-project] Created reservations ['d78e8983-50cf-4c9b-bf25-60566b0ee30a', '15f03124-2924-4733-82d2-fe42ef802123', '7062f9ef-9e35-44c8-a059-4a6ed1964aa8', '1581ff47-0981-4187-bd2b-0f3fc15e9344'] {{(pid=109608) reserve /opt/stack/cinder/cinder/quota.py:755}}
Jan 19 21:35:58.617658 dv-cinder-821602-16-iscsi devstack@c-api.service[109608]: DEBUG cinder.volume.api [None req-5b532185-9e5d-4e4a-a652-b0b834c7c552 tempest-VolumeTypesAccessTest-1428753136 tempest-VolumeTypesAccessTest-1428753136-project] Task 'cinder.volume.flows.api.create_volume.QuotaReserveTask;volume:create' (fa308916-1fde-4243-a8c1-ccc55d79e8e8) transitioned into state 'SUCCESS' from state 'RUNNING' with result '{'reservations': ['d78e8983-50cf-4c9b-bf25-60566b0ee30a', '15f03124-2924-4733-82d2-fe42ef802123', '7062f9ef-9e35-44c8-a059-4a6ed1964aa8', '1581ff47-0981-4187-bd2b-0f3fc15e9344']}' {{(pid=109608) _task_receiver /usr/local/lib/python3.8/dist-packages/taskflow/listeners/logging.py:178}}
Jan 19 21:35:58.623047 dv-cinder-821602-16-iscsi devstack@c-api.service[109608]: DEBUG cinder.volume.api [None req-5b532185-9e5d-4e4a-a652-b0b834c7c552 tempest-VolumeTypesAccessTest-1428753136 tempest-VolumeTypesAccessTest-1428753136-project] Task 'cinder.volume.flows.api.create_volume.EntryCreateTask;volume:create' (5bf0d6b0-ec2a-413c-998f-48d5ee2e5d47) transitioned into state 'RUNNING' from state 'PENDING' {{(pid=109608) _task_receiver /usr/local/lib/python3.8/dist-packages/taskflow/listeners/logging.py:190}}
Jan 19 21:35:58.665732 dv-cinder-821602-16-iscsi devstack@c-api.service[109608]: DEBUG cinder.volume.api [None req-5b532185-9e5d-4e4a-a652-b0b834c7c552 tempest-VolumeTypesAccessTest-1428753136 tempest-VolumeTypesAccessTest-1428753136-project] Task 'cinder.volume.flows.api.create_volume.EntryCreateTask;volume:create' (5bf0d6b0-ec2a-413c-998f-48d5ee2e5d47) transitioned into state 'SUCCESS' from state 'RUNNING' with result '{'volume_id': '9bef6157-3dcb-45c1-8028-07038b6221fc', 'volume_properties': VolumeProperties(attach_status='detached',availability_zone='nova',cgsnapshot_id=None,consistencygroup_id=None,display_description=None,display_name='tempest-VolumeTypesAccessTest-Volume-1496645738',encryption_key_id=None,group_id=None,group_type_id=,metadata={},multiattach=False,project_id='87d1745bb94a4acfae84c2223328c9d4',qos_specs=None,replication_status=,reservations=['d78e8983-50cf-4c9b-bf25-60566b0ee30a','15f03124-2924-4733-82d2-fe42ef802123','7062f9ef-9e35-44c8-a059-4a6ed1964aa8','1581ff47-0981-4187-bd2b-0f3fc15e9344'],size=1,snapshot_id=None,source_replicaid=,source_volid=None,status='creating',user_id='f9d3fb5eb9bf4a2bb5d91ee67c85071c',volume_type_id=062be45c-c636-4874-8ed9-de4812ae76ca), 'volume': Volume(_name_id=None,admin_metadata=,attach_status='detached',availability_zone='nova',bootable=False,cluster=,cluster_name=None,consistencygroup=,consistencygroup_id=None,created_at=2022-01-19T21:35:58Z,deleted=False,deleted_at=None,display_description=None,display_name='tempest-VolumeTypesAccessTest-Volume-1496645738',ec2_id=None,encryption_key_id=None,glance_metadata=,group=,group_id=None,host=None,id=9bef6157-3dcb-45c1-8028-07038b6221fc,launched_at=None,metadata={},migration_status=None,multiattach=False,previous_status=None,project_id='87d1745bb94a4acfae84c2223328c9d4',provider_auth=None,provider_geometry=None,provider_id=None,provider_location=None,replication_driver_data=None,replication_extended_status=None,replication_status=None,scheduled_at=None,service_uuid=None,shared_targets=True,size=1,snapshot_id=None,snapshots=,source_volid=None,status='creating',terminated_at=None,updated_at=None,use_quota=True,user_id='f9d3fb5eb9bf4a2bb5d91ee67c85071c',volume_attachment=VolumeAttachmentList,volume_type=VolumeType(062be45c-c636-4874-8ed9-de4812ae76ca),volume_type_id=062be45c-c636-4874-8ed9-de4812ae76ca)}' {{(pid=109608) _task_receiver /usr/local/lib/python3.8/dist-packages/taskflow/listeners/logging.py:178}}
Jan 19 21:35:58.669213 dv-cinder-821602-16-iscsi devstack@c-api.service[109608]: DEBUG cinder.volume.api [None req-5b532185-9e5d-4e4a-a652-b0b834c7c552 tempest-VolumeTypesAccessTest-1428753136 tempest-VolumeTypesAccessTest-1428753136-project] Task 'cinder.volume.flows.api.create_volume.QuotaCommitTask;volume:create' (68e8da18-4fb6-40ba-9a78-bcb54310c4cf) transitioned into state 'RUNNING' from state 'PENDING' {{(pid=109608) _task_receiver /usr/local/lib/python3.8/dist-packages/taskflow/listeners/logging.py:190}}
Jan 19 21:35:58.718374 dv-cinder-821602-16-iscsi devstack@c-api.service[109608]: DEBUG cinder.volume.api [None req-5b532185-9e5d-4e4a-a652-b0b834c7c552 tempest-VolumeTypesAccessTest-1428753136 tempest-VolumeTypesAccessTest-1428753136-project] Task 'cinder.volume.flows.api.create_volume.QuotaCommitTask;volume:create' (68e8da18-4fb6-40ba-9a78-bcb54310c4cf) transitioned into state 'SUCCESS' from state 'RUNNING' with result '{'volume_properties': VolumeProperties(attach_status='detached',availability_zone='nova',cgsnapshot_id=None,consistencygroup_id=None,display_description=None,display_name='tempest-VolumeTypesAccessTest-Volume-1496645738',encryption_key_id=None,group_id=None,group_type_id=,metadata={},multiattach=False,project_id='87d1745bb94a4acfae84c2223328c9d4',qos_specs=None,replication_status=,reservations=['d78e8983-50cf-4c9b-bf25-60566b0ee30a','15f03124-2924-4733-82d2-fe42ef802123','7062f9ef-9e35-44c8-a059-4a6ed1964aa8','1581ff47-0981-4187-bd2b-0f3fc15e9344'],size=1,snapshot_id=None,source_replicaid=,source_volid=None,status='creating',user_id='f9d3fb5eb9bf4a2bb5d91ee67c85071c',volume_type_id=062be45c-c636-4874-8ed9-de4812ae76ca)}' {{(pid=109608) _task_receiver /usr/local/lib/python3.8/dist-packages/taskflow/listeners/logging.py:178}}
Jan 19 21:35:58.720193 dv-cinder-821602-16-iscsi devstack@c-api.service[109608]: DEBUG cinder.volume.api [None req-5b532185-9e5d-4e4a-a652-b0b834c7c552 tempest-VolumeTypesAccessTest-1428753136 tempest-VolumeTypesAccessTest-1428753136-project] Task 'cinder.volume.flows.api.create_volume.VolumeCastTask;volume:create' (d382b8f4-b5bf-443a-83b2-cc813244f054) transitioned into state 'RUNNING' from state 'PENDING' {{(pid=109608) _task_receiver /usr/local/lib/python3.8/dist-packages/taskflow/listeners/logging.py:190}}
Jan 19 21:35:58.759126 dv-cinder-821602-16-iscsi devstack@c-api.service[109608]: DEBUG cinder.volume.api [None req-5b532185-9e5d-4e4a-a652-b0b834c7c552 tempest-VolumeTypesAccessTest-1428753136 tempest-VolumeTypesAccessTest-1428753136-project] Task 'cinder.volume.flows.api.create_volume.VolumeCastTask;volume:create' (d382b8f4-b5bf-443a-83b2-cc813244f054) transitioned into state 'SUCCESS' from state 'RUNNING' with result 'None' {{(pid=109608) _task_receiver /usr/local/lib/python3.8/dist-packages/taskflow/listeners/logging.py:178}}
Jan 19 21:35:58.762974 dv-cinder-821602-16-iscsi devstack@c-api.service[109608]: DEBUG cinder.volume.api [None req-5b532185-9e5d-4e4a-a652-b0b834c7c552 tempest-VolumeTypesAccessTest-1428753136 tempest-VolumeTypesAccessTest-1428753136-project] Flow 'volume_create_api' (43d10aa5-6b78-452e-9093-5aa9f92de787) transitioned into state 'SUCCESS' from state 'RUNNING' {{(pid=109608) _flow_receiver /usr/local/lib/python3.8/dist-packages/taskflow/listeners/logging.py:141}}
Jan 19 21:35:58.764134 dv-cinder-821602-16-iscsi devstack@c-api.service[109608]: INFO cinder.volume.api [None req-5b532185-9e5d-4e4a-a652-b0b834c7c552 tempest-VolumeTypesAccessTest-1428753136 tempest-VolumeTypesAccessTest-1428753136-project] Create volume request issued successfully.
Jan 19 21:35:58.765600 dv-cinder-821602-16-iscsi devstack@c-api.service[109608]: INFO cinder.api.openstack.wsgi [None req-5b532185-9e5d-4e4a-a652-b0b834c7c552 tempest-VolumeTypesAccessTest-1428753136 tempest-VolumeTypesAccessTest-1428753136-project] http://10.222.0.39/volume/v3/87d1745bb94a4acfae84c2223328c9d4/volumes returned with HTTP 202
Jan 19 21:35:58.766612 dv-cinder-821602-16-iscsi devstack@c-api.service[109608]: [pid: 109608|app: 0|req: 156/309] 10.222.0.39 () {60 vars in 1235 bytes} [Wed Jan 19 21:35:58 2022] POST /volume/v3/87d1745bb94a4acfae84c2223328c9d4/volumes => generated 861 bytes in 411 msecs (HTTP/1.1 202) 7 headers in 291 bytes (1 switches on core 0)
Jan 19 21:35:58.771196 dv-cinder-821602-16-iscsi devstack@c-api.service[109608]: INFO cinder.api.openstack.wsgi [None req-1de8421f-8b06-43f0-bb0d-9d6d831662eb tempest-VolumeSnapshotQuotasNegativeTestJSON-126862261 tempest-VolumeSnapshotQuotasNegativeTestJSON-126862261-project] GET http://10.222.0.39/volume/v3/0238dc58cc474afa8462c3bd2b9735cf/volumes/b29afc2c-73b1-4f1f-9943-4ad7147a4b6b
Jan 19 21:35:58.771353 dv-cinder-821602-16-iscsi devstack@c-api.service[109611]: INFO cinder.transfer.api [None req-4a5ef235-4f03-4a20-9a5a-fe83efda61f4 tempest-VolumeQuotasAdminTestJSON-1942696439 tempest-VolumeQuotasAdminTestJSON-1942696439-project] Volume bff35a50-10a6-45fc-8629-4d2cf7588934 has been transferred.
Jan 19 21:35:58.771635 dv-cinder-821602-16-iscsi devstack@c-api.service[109608]: DEBUG cinder.api.openstack.wsgi [None req-1de8421f-8b06-43f0-bb0d-9d6d831662eb tempest-VolumeSnapshotQuotasNegativeTestJSON-126862261 tempest-VolumeSnapshotQuotasNegativeTestJSON-126862261-project] Empty body provided in request {{(pid=109608) get_body /opt/stack/cinder/cinder/api/openstack/wsgi.py:715}}
Jan 19 21:35:58.772197 dv-cinder-821602-16-iscsi devstack@c-api.service[109608]: DEBUG cinder.api.openstack.wsgi [None req-1de8421f-8b06-43f0-bb0d-9d6d831662eb tempest-VolumeSnapshotQuotasNegativeTestJSON-126862261 tempest-VolumeSnapshotQuotasNegativeTestJSON-126862261-project] Calling method 'show' {{(pid=109608) _process_stack /opt/stack/cinder/cinder/api/openstack/wsgi.py:868}}
