Jan 18 20:22:20.122714 dv-cinder-821602-14-iscsi devstack@n-api.service[116375]: WSGI app 0 (mountpoint='') ready in 6 seconds on interpreter 0x55d8df0b39c0 pid: 116375 (default app)
Jan 18 20:22:59.966223 dv-cinder-821602-14-iscsi devstack@n-api.service[116376]: DEBUG nova.api.openstack.wsgi [None req-ca12b7a0-08d5-41d5-a47b-7311356ac2a0 tempest-VolumesSnapshotsTestJSON-459681866 tempest-VolumesSnapshotsTestJSON-459681866-project] Action: 'create', calling method: .version_select at 0x7f1788d5ddc0>, body: {"volume": {"size": 1, "display_name": "tempest-VolumesSnapshotsTestJSON-volume-1761030929"}} {{(pid=116376) _process_stack /opt/stack/nova/nova/api/openstack/wsgi.py:511}}
Jan 18 20:23:00.043629 dv-cinder-821602-14-iscsi devstack@n-api.service[116375]: DEBUG nova.api.openstack.wsgi [None req-2e7bf2b7-418e-4076-ae77-e2f4edf6f282 tempest-DeleteServersTestJSON-1179100681 tempest-DeleteServersTestJSON-1179100681-project] Action: 'create', calling method: >, body: {"server": {"name": "tempest-DeleteServersTestJSON-server-452821363", "imageRef": "c7d259ac-b206-430f-a3c0-794cee408236", "flavorRef": "452", "networks": [{"uuid": "2d9683a0-21df-40c1-a588-afe062762ffa"}]}} {{(pid=116375) _process_stack /opt/stack/nova/nova/api/openstack/wsgi.py:511}}
Jan 18 20:23:00.975174 dv-cinder-821602-14-iscsi devstack@n-api.service[116375]: DEBUG nova.network.neutron [None req-2e7bf2b7-418e-4076-ae77-e2f4edf6f282 tempest-DeleteServersTestJSON-1179100681 tempest-DeleteServersTestJSON-1179100681-project] validate_networks() for [('2d9683a0-21df-40c1-a588-afe062762ffa', None, None, None, None, None)] {{(pid=116375) validate_networks /opt/stack/nova/nova/network/neutron.py:2482}}
Jan 18 20:23:01.808971 dv-cinder-821602-14-iscsi devstack@n-api.service[116376]: INFO nova.api.openstack.requestlog [None req-ca12b7a0-08d5-41d5-a47b-7311356ac2a0 tempest-VolumesSnapshotsTestJSON-459681866 tempest-VolumesSnapshotsTestJSON-459681866-project] 10.222.0.67 "POST /compute/v2.1/os-volumes" status: 200 len: 345 microversion: 2.1 time: 3.647784
Jan 18 20:23:01.809798 dv-cinder-821602-14-iscsi devstack@n-api.service[116376]: [pid: 116376|app: 0|req: 1/1] 10.222.0.67 () {60 vars in 1154 bytes} [Tue Jan 18 20:22:58 2022] POST /compute/v2.1/os-volumes => generated 345 bytes in 3654 msecs (HTTP/1.1 200) 10 headers in 448 bytes (1 switches on core 0)
Jan 18 20:23:02.295237 dv-cinder-821602-14-iscsi devstack@n-api.service[116376]: DEBUG nova.api.openstack.wsgi [None req-cb1b2374-93de-46fb-a1d7-5526dd077be6 tempest-AttachVolumeNegativeTest-43109402 tempest-AttachVolumeNegativeTest-43109402-project] Action: 'create', calling method: >, body: {"server": {"name": "tempest-AttachVolumeNegativeTest-server-1144842869", "imageRef": "c7d259ac-b206-430f-a3c0-794cee408236", "flavorRef": "452", "networks": [{"uuid": "dcb439eb-a130-48e2-8bcd-35ade9b8c9da"}]}} {{(pid=116376) _process_stack /opt/stack/nova/nova/api/openstack/wsgi.py:511}}
Jan 18 20:23:02.496789 dv-cinder-821602-14-iscsi devstack@n-api.service[116376]: DEBUG nova.network.neutron [None req-cb1b2374-93de-46fb-a1d7-5526dd077be6 tempest-AttachVolumeNegativeTest-43109402 tempest-AttachVolumeNegativeTest-43109402-project] validate_networks() for [('dcb439eb-a130-48e2-8bcd-35ade9b8c9da', None, None, None, None, None)] {{(pid=116376) validate_networks /opt/stack/nova/nova/network/neutron.py:2482}}
Jan 18 20:23:03.025984 dv-cinder-821602-14-iscsi devstack@n-api.service[116375]: DEBUG nova.virt.hardware [None req-2e7bf2b7-418e-4076-ae77-e2f4edf6f282 tempest-DeleteServersTestJSON-1179100681 tempest-DeleteServersTestJSON-1179100681-project] Flavor limits 0:0:0 {{(pid=116375) get_cpu_topology_constraints /opt/stack/nova/nova/virt/hardware.py:343}}
Jan 18 20:23:03.028076 dv-cinder-821602-14-iscsi devstack@n-api.service[116375]: DEBUG nova.virt.hardware [None req-2e7bf2b7-418e-4076-ae77-e2f4edf6f282 tempest-DeleteServersTestJSON-1179100681 tempest-DeleteServersTestJSON-1179100681-project] Image limits 0:0:0 {{(pid=116375) get_cpu_topology_constraints /opt/stack/nova/nova/virt/hardware.py:347}}
Jan 18 20:23:03.130946 dv-cinder-821602-14-iscsi devstack@n-api.service[116375]: DEBUG nova.virt.hardware [None req-2e7bf2b7-418e-4076-ae77-e2f4edf6f282 tempest-DeleteServersTestJSON-1179100681 tempest-DeleteServersTestJSON-1179100681-project] Flavor pref 0:0:0 {{(pid=116375) get_cpu_topology_constraints /opt/stack/nova/nova/virt/hardware.py:383}}
Jan 18 20:23:03.130946 dv-cinder-821602-14-iscsi devstack@n-api.service[116375]: DEBUG nova.virt.hardware [None req-2e7bf2b7-418e-4076-ae77-e2f4edf6f282 tempest-DeleteServersTestJSON-1179100681 tempest-DeleteServersTestJSON-1179100681-project] Image pref 0:0:0 {{(pid=116375) get_cpu_topology_constraints /opt/stack/nova/nova/virt/hardware.py:387}}
Jan 18 20:23:03.130946 dv-cinder-821602-14-iscsi devstack@n-api.service[116375]: DEBUG nova.virt.hardware [None req-2e7bf2b7-418e-4076-ae77-e2f4edf6f282 tempest-DeleteServersTestJSON-1179100681 tempest-DeleteServersTestJSON-1179100681-project] Chose sockets=0, cores=0, threads=0; limits were sockets=65536, cores=65536, threads=65536 {{(pid=116375) get_cpu_topology_constraints /opt/stack/nova/nova/virt/hardware.py:425}}
Jan 18 20:23:03.130946 dv-cinder-821602-14-iscsi devstack@n-api.service[116375]: DEBUG oslo_concurrency.lockutils [None req-2e7bf2b7-418e-4076-ae77-e2f4edf6f282 tempest-DeleteServersTestJSON-1179100681 tempest-DeleteServersTestJSON-1179100681-project] Lock "00000000-0000-0000-0000-000000000000" acquired by "nova.context.set_target_cell..get_or_set_cached_cell_and_set_connections" :: waited 0.000s {{(pid=116375) inner /usr/local/lib/python3.8/dist-packages/oslo_concurrency/lockutils.py:386}}
Jan 18 20:23:03.166524 dv-cinder-821602-14-iscsi devstack@n-api.service[116375]: DEBUG oslo_concurrency.lockutils [None req-2e7bf2b7-418e-4076-ae77-e2f4edf6f282 tempest-DeleteServersTestJSON-1179100681 tempest-DeleteServersTestJSON-1179100681-project] Lock "00000000-0000-0000-0000-000000000000" "released" by "nova.context.set_target_cell..get_or_set_cached_cell_and_set_connections" :: held 0.001s {{(pid=116375) inner /usr/local/lib/python3.8/dist-packages/oslo_concurrency/lockutils.py:400}}
Jan 18 20:23:03.166524 dv-cinder-821602-14-iscsi devstack@n-api.service[116375]: DEBUG oslo_concurrency.lockutils [None req-2e7bf2b7-418e-4076-ae77-e2f4edf6f282 tempest-DeleteServersTestJSON-1179100681 tempest-DeleteServersTestJSON-1179100681-project] Lock "f3f10cc4-091c-4f8e-95bd-0bc3374e1059" acquired by "nova.context.set_target_cell..get_or_set_cached_cell_and_set_connections" :: waited 0.000s {{(pid=116375) inner /usr/local/lib/python3.8/dist-packages/oslo_concurrency/lockutils.py:386}}
Jan 18 20:23:03.166524 dv-cinder-821602-14-iscsi devstack@n-api.service[116375]: DEBUG oslo_concurrency.lockutils [None req-2e7bf2b7-418e-4076-ae77-e2f4edf6f282 tempest-DeleteServersTestJSON-1179100681 tempest-DeleteServersTestJSON-1179100681-project] Lock "f3f10cc4-091c-4f8e-95bd-0bc3374e1059" "released" by "nova.context.set_target_cell..get_or_set_cached_cell_and_set_connections" :: held 0.000s {{(pid=116375) inner /usr/local/lib/python3.8/dist-packages/oslo_concurrency/lockutils.py:400}}
Jan 18 20:23:03.186071 dv-cinder-821602-14-iscsi devstack@n-api.service[116375]: DEBUG nova.quota [None req-2e7bf2b7-418e-4076-ae77-e2f4edf6f282 tempest-DeleteServersTestJSON-1179100681 tempest-DeleteServersTestJSON-1179100681-project] Getting quotas for project 53df14bc8279467abba49fbed7498d26. Resources: {'cores', 'ram', 'instances'} {{(pid=116375) _get_quotas /opt/stack/nova/nova/quota.py:387}}
Jan 18 20:23:03.209334 dv-cinder-821602-14-iscsi devstack@n-api.service[116375]: DEBUG nova.quota [None req-2e7bf2b7-418e-4076-ae77-e2f4edf6f282 tempest-DeleteServersTestJSON-1179100681 tempest-DeleteServersTestJSON-1179100681-project] Getting quotas for user e208af39fae54cebb2a93c20b0f0d317 and project 53df14bc8279467abba49fbed7498d26. Resources: {'cores', 'ram', 'instances'} {{(pid=116375) _get_quotas /opt/stack/nova/nova/quota.py:377}}
Jan 18 20:23:03.257296 dv-cinder-821602-14-iscsi devstack@n-api.service[116375]: DEBUG nova.compute.api [None req-2e7bf2b7-418e-4076-ae77-e2f4edf6f282 tempest-DeleteServersTestJSON-1179100681 tempest-DeleteServersTestJSON-1179100681-project] Going to run 1 instances... {{(pid=116375) _provision_instances /opt/stack/nova/nova/compute/api.py:1350}}
Jan 18 20:23:03.261779 dv-cinder-821602-14-iscsi devstack@n-api.service[116375]: DEBUG nova.compute.api [None req-2e7bf2b7-418e-4076-ae77-e2f4edf6f282 tempest-DeleteServersTestJSON-1179100681 tempest-DeleteServersTestJSON-1179100681-project] [instance: 2962a0f0-ce3a-4351-84d7-f3155f5bd129] block_device_mapping [BlockDeviceMapping(attachment_id=,boot_index=0,connection_info=None,created_at=,delete_on_termination=True,deleted=,deleted_at=,destination_type='local',device_name=None,device_type='disk',disk_bus=None,guest_format=None,id=,image_id='c7d259ac-b206-430f-a3c0-794cee408236',instance=,instance_uuid=,no_device=False,snapshot_id=None,source_type='image',tag=None,updated_at=,uuid=,volume_id=None,volume_size=None,volume_type=None)] {{(pid=116375) _bdm_validate_set_size_and_instance /opt/stack/nova/nova/compute/api.py:1757}}
Jan 18 20:23:03.466016 dv-cinder-821602-14-iscsi devstack@n-api.service[116375]: INFO nova.api.openstack.requestlog [None req-2e7bf2b7-418e-4076-ae77-e2f4edf6f282 tempest-DeleteServersTestJSON-1179100681 tempest-DeleteServersTestJSON-1179100681-project] 10.222.0.67 "POST /compute/v2.1/servers" status: 202 len: 380 microversion: 2.1 time: 5.151629
Jan 18 20:23:03.476094 dv-cinder-821602-14-iscsi devstack@n-api.service[116375]: [pid: 116375|app: 0|req: 1/2] 10.222.0.67 () {60 vars in 1146 bytes} [Tue Jan 18 20:22:58 2022] POST /compute/v2.1/servers => generated 380 bytes in 5156 msecs (HTTP/1.1 202) 10 headers in 451 bytes (1 switches on core 0)
Jan 18 20:23:03.480568 dv-cinder-821602-14-iscsi devstack@n-api.service[116375]: DEBUG nova.api.openstack.wsgi [None req-6823f1b7-e614-47ce-bb39-fe9ffffeb6bb tempest-VolumesTestJSON-692849036 tempest-VolumesTestJSON-692849036-project] Calling method '.version_select at 0x7f1788bce700>' {{(pid=116375) _process_stack /opt/stack/nova/nova/api/openstack/wsgi.py:513}}
Jan 18 20:23:03.746559 dv-cinder-821602-14-iscsi devstack@n-api.service[116375]: INFO nova.api.openstack.requestlog [None req-6823f1b7-e614-47ce-bb39-fe9ffffeb6bb tempest-VolumesTestJSON-692849036 tempest-VolumesTestJSON-692849036-project] 10.222.0.67 "GET /compute/v2.1/os-volumes/988c818b-2d28-463d-a838-06e093f45002" status: 200 len: 350 microversion: 2.1 time: 0.277549
Jan 18 20:23:03.751496 dv-cinder-821602-14-iscsi devstack@n-api.service[116375]: [pid: 116375|app: 0|req: 2/3] 10.222.0.67 () {58 vars in 1244 bytes} [Tue Jan 18 20:23:03 2022] GET /compute/v2.1/os-volumes/988c818b-2d28-463d-a838-06e093f45002 => generated 350 bytes in 284 msecs (HTTP/1.1 200) 9 headers in 357 bytes (1 switches on core 0)
Jan 18 20:23:03.776847 dv-cinder-821602-14-iscsi devstack@n-api.service[116375]: DEBUG nova.api.openstack.wsgi [None req-3494cc52-c955-408d-b5d9-2dca82d9863e tempest-VolumesSnapshotsTestJSON-459681866 tempest-VolumesSnapshotsTestJSON-459681866-project] Calling method '.version_select at 0x7f1788bceee0>' {{(pid=116375) _process_stack /opt/stack/nova/nova/api/openstack/wsgi.py:513}}
Jan 18 20:23:04.040370 dv-cinder-821602-14-iscsi devstack@n-api.service[116375]: INFO nova.api.openstack.requestlog [None req-3494cc52-c955-408d-b5d9-2dca82d9863e tempest-VolumesSnapshotsTestJSON-459681866 tempest-VolumesSnapshotsTestJSON-459681866-project] 10.222.0.67 "GET /compute/v2.1/os-volumes/cdffcddb-d8ab-48aa-a26d-1cee1bad146a" status: 200 len: 346 microversion: 2.1 time: 0.286600
Jan 18 20:23:04.041855 dv-cinder-821602-14-iscsi devstack@n-api.service[116375]: [pid: 116375|app: 0|req: 3/4] 10.222.0.67 () {58 vars in 1244 bytes} [Tue Jan 18 20:23:03 2022] GET /compute/v2.1/os-volumes/cdffcddb-d8ab-48aa-a26d-1cee1bad146a => generated 346 bytes in 289 msecs (HTTP/1.1 200) 9 headers in 357 bytes (1 switches on core 0)
Jan 18 20:23:04.064044 dv-cinder-821602-14-iscsi devstack@n-api.service[116375]: DEBUG nova.api.openstack.wsgi [None req-4ce2049a-a4c6-4846-a0b5-6d7440d1a46d tempest-DeleteServersTestJSON-1179100681 tempest-DeleteServersTestJSON-1179100681-project] Calling method '>' {{(pid=116375) _process_stack /opt/stack/nova/nova/api/openstack/wsgi.py:513}}
Jan 18 20:23:04.065421 dv-cinder-821602-14-iscsi devstack@n-api.service[116375]: DEBUG nova.compute.api [None req-4ce2049a-a4c6-4846-a0b5-6d7440d1a46d tempest-DeleteServersTestJSON-1179100681 tempest-DeleteServersTestJSON-1179100681-project] [instance: 2962a0f0-ce3a-4351-84d7-f3155f5bd129] Fetching instance by UUID {{(pid=116375) get /opt/stack/nova/nova/compute/api.py:2865}}
Jan 18 20:23:04.427638 dv-cinder-821602-14-iscsi devstack@n-api.service[116375]: DEBUG nova.policy [None req-4ce2049a-a4c6-4846-a0b5-6d7440d1a46d tempest-DeleteServersTestJSON-1179100681 tempest-DeleteServersTestJSON-1179100681-project] Policy check for os_compute_api:os-extended-server-attributes failed with credentials {'is_admin': False, 'user_id': 'e208af39fae54cebb2a93c20b0f0d317', 'user_domain_id': 'default', 'system_scope': None, 'domain_id': None, 'project_id': '53df14bc8279467abba49fbed7498d26', 'project_domain_id': 'default', 'roles': ['member', 'reader'], 'is_admin_project': True, 'service_user_id': None, 'service_user_domain_id': None, 'service_project_id': None, 'service_project_domain_id': None, 'service_roles': []} {{(pid=116375) authorize /opt/stack/nova/nova/policy.py:199}}
Jan 18 20:23:04.450561 dv-cinder-821602-14-iscsi devstack@n-api.service[116375]: INFO nova.api.openstack.requestlog [None req-4ce2049a-a4c6-4846-a0b5-6d7440d1a46d tempest-DeleteServersTestJSON-1179100681 tempest-DeleteServersTestJSON-1179100681-project] 10.222.0.67 "GET /compute/v2.1/servers/2962a0f0-ce3a-4351-84d7-f3155f5bd129" status: 200 len: 1214 microversion: 2.1 time: 0.406693
Jan 18 20:23:04.451945 dv-cinder-821602-14-iscsi devstack@n-api.service[116375]: [pid: 116375|app: 0|req: 4/5] 10.222.0.67 () {58 vars in 1235 bytes} [Tue Jan 18 20:23:04 2022] GET /compute/v2.1/servers/2962a0f0-ce3a-4351-84d7-f3155f5bd129 => generated 1214 bytes in 409 msecs (HTTP/1.1 200) 9 headers in 358 bytes (1 switches on core 0)
Jan 18 20:23:04.456996 dv-cinder-821602-14-iscsi devstack@n-api.service[116375]: DEBUG nova.api.openstack.wsgi [None req-9a4816c7-7511-40d8-ad24-f043747b4616 tempest-VolumesSnapshotsTestJSON-459681866 tempest-VolumesSnapshotsTestJSON-459681866-project] Action: 'create', calling method: .version_select at 0x7f1788bcee50>, body: {"snapshot": {"volume_id": "cdffcddb-d8ab-48aa-a26d-1cee1bad146a", "display_name": "tempest-VolumesSnapshotsTestJSON-Snapshot-1729563319"}} {{(pid=116375) _process_stack /opt/stack/nova/nova/api/openstack/wsgi.py:511}}
Jan 18 20:23:05.330145 dv-cinder-821602-14-iscsi devstack@n-api.service[116375]: INFO nova.api.openstack.requestlog [None req-9a4816c7-7511-40d8-ad24-f043747b4616 tempest-VolumesSnapshotsTestJSON-459681866 tempest-VolumesSnapshotsTestJSON-459681866-project] 10.222.0.67 "POST /compute/v2.1/os-snapshots" status: 200 len: 287 microversion: 2.1 time: 0.876748
Jan 18 20:23:05.341998 dv-cinder-821602-14-iscsi devstack@n-api.service[116375]: [pid: 116375|app: 0|req: 5/6] 10.222.0.67 () {60 vars in 1161 bytes} [Tue Jan 18 20:23:04 2022] POST /compute/v2.1/os-snapshots => generated 287 bytes in 889 msecs (HTTP/1.1 200) 9 headers in 357 bytes (1 switches on core 0)
Jan 18 20:23:05.353271 dv-cinder-821602-14-iscsi devstack@n-api.service[116375]: DEBUG nova.api.openstack.wsgi [None req-fb661e83-c4e7-41d3-98c4-e9d1eab880a8 tempest-VolumesSnapshotsTestJSON-459681866 tempest-VolumesSnapshotsTestJSON-459681866-project] Calling method '.version_select at 0x7f17882f6e50>' {{(pid=116375) _process_stack /opt/stack/nova/nova/api/openstack/wsgi.py:513}}
Jan 18 20:23:05.652299 dv-cinder-821602-14-iscsi devstack@n-api.service[116375]: INFO nova.api.openstack.requestlog [None req-fb661e83-c4e7-41d3-98c4-e9d1eab880a8 tempest-VolumesSnapshotsTestJSON-459681866 tempest-VolumesSnapshotsTestJSON-459681866-project] 10.222.0.67 "GET /compute/v2.1/os-snapshots/75d1dbca-48cc-436f-9e7c-fff695088dfe" status: 200 len: 287 microversion: 2.1 time: 0.309102
Jan 18 20:23:05.653121 dv-cinder-821602-14-iscsi devstack@n-api.service[116375]: [pid: 116375|app: 0|req: 6/7] 10.222.0.67 () {58 vars in 1250 bytes} [Tue Jan 18 20:23:05 2022] GET /compute/v2.1/os-snapshots/75d1dbca-48cc-436f-9e7c-fff695088dfe => generated 287 bytes in 311 msecs (HTTP/1.1 200) 9 headers in 357 bytes (1 switches on core 0)
Jan 18 20:23:05.659333 dv-cinder-821602-14-iscsi devstack@n-api.service[116375]: DEBUG nova.api.openstack.wsgi [None req-cae36b09-6ed5-4bc8-8d5b-e64b9ab6034c tempest-DeleteServersTestJSON-1179100681 tempest-DeleteServersTestJSON-1179100681-project] Calling method '>' {{(pid=116375) _process_stack /opt/stack/nova/nova/api/openstack/wsgi.py:513}}
Jan 18 20:23:05.660514 dv-cinder-821602-14-iscsi devstack@n-api.service[116375]: DEBUG nova.compute.api [None req-cae36b09-6ed5-4bc8-8d5b-e64b9ab6034c tempest-DeleteServersTestJSON-1179100681 tempest-DeleteServersTestJSON-1179100681-project] [instance: 2962a0f0-ce3a-4351-84d7-f3155f5bd129] Fetching instance by UUID {{(pid=116375) get /opt/stack/nova/nova/compute/api.py:2865}}
Jan 18 20:23:05.821971 dv-cinder-821602-14-iscsi devstack@n-api.service[116375]: DEBUG nova.policy [None req-cae36b09-6ed5-4bc8-8d5b-e64b9ab6034c tempest-DeleteServersTestJSON-1179100681 tempest-DeleteServersTestJSON-1179100681-project] Policy check for os_compute_api:os-extended-server-attributes failed with credentials {'is_admin': False, 'user_id': 'e208af39fae54cebb2a93c20b0f0d317', 'user_domain_id': 'default', 'system_scope': None, 'domain_id': None, 'project_id': '53df14bc8279467abba49fbed7498d26', 'project_domain_id': 'default', 'roles': ['member', 'reader'], 'is_admin_project': True, 'service_user_id': None, 'service_user_domain_id': None, 'service_project_id': None, 'service_project_domain_id': None, 'service_roles': []} {{(pid=116375) authorize /opt/stack/nova/nova/policy.py:199}}
Jan 18 20:23:05.829610 dv-cinder-821602-14-iscsi devstack@n-api.service[116375]: INFO nova.api.openstack.requestlog [None req-cae36b09-6ed5-4bc8-8d5b-e64b9ab6034c tempest-DeleteServersTestJSON-1179100681 tempest-DeleteServersTestJSON-1179100681-project] 10.222.0.67 "GET /compute/v2.1/servers/2962a0f0-ce3a-4351-84d7-f3155f5bd129" status: 200 len: 1214 microversion: 2.1 time: 0.175037
Jan 18 20:23:05.830221 dv-cinder-821602-14-iscsi devstack@n-api.service[116375]: [pid: 116375|app: 0|req: 7/8] 10.222.0.67 () {58 vars in 1235 bytes} [Tue Jan 18 20:23:05 2022] GET /compute/v2.1/servers/2962a0f0-ce3a-4351-84d7-f3155f5bd129 => generated 1214 bytes in 176 msecs (HTTP/1.1 200) 9 headers in 358 bytes (1 switches on core 0)
Jan 18 20:23:05.837739 dv-cinder-821602-14-iscsi devstack@n-api.service[116375]: DEBUG nova.api.openstack.wsgi [None req-cfcaab52-ecb8-44a7-a561-4d75929607d5 tempest-VolumesSnapshotsTestJSON-459681866 tempest-VolumesSnapshotsTestJSON-459681866-project] Calling method '.version_select at 0x7f178834ef70>' {{(pid=116375) _process_stack /opt/stack/nova/nova/api/openstack/wsgi.py:513}}
Jan 18 20:23:05.952937 dv-cinder-821602-14-iscsi devstack@n-api.service[116375]: INFO nova.api.openstack.requestlog [None req-cfcaab52-ecb8-44a7-a561-4d75929607d5 tempest-VolumesSnapshotsTestJSON-459681866 tempest-VolumesSnapshotsTestJSON-459681866-project] 10.222.0.67 "GET /compute/v2.1/os-snapshots" status: 200 len: 290 microversion: 2.1 time: 0.121523
Jan 18 20:23:05.953710 dv-cinder-821602-14-iscsi devstack@n-api.service[116375]: [pid: 116375|app: 0|req: 8/9] 10.222.0.67 () {58 vars in 1139 bytes} [Tue Jan 18 20:23:05 2022] GET /compute/v2.1/os-snapshots => generated 290 bytes in 123 msecs (HTTP/1.1 200) 9 headers in 357 bytes (1 switches on core 0)
Jan 18 20:23:05.968958 dv-cinder-821602-14-iscsi devstack@n-api.service[116375]: DEBUG nova.api.openstack.wsgi [None req-821f3fea-2e5c-4d0a-9e23-ef61e150548e tempest-VolumesSnapshotsTestJSON-459681866 tempest-VolumesSnapshotsTestJSON-459681866-project] Calling method '.version_select at 0x7f17882ec0d0>' {{(pid=116375) _process_stack /opt/stack/nova/nova/api/openstack/wsgi.py:513}}
Jan 18 20:23:06.010803 dv-cinder-821602-14-iscsi devstack@n-api.service[116376]: DEBUG nova.virt.hardware [None req-cb1b2374-93de-46fb-a1d7-5526dd077be6 tempest-AttachVolumeNegativeTest-43109402 tempest-AttachVolumeNegativeTest-43109402-project] Flavor limits 0:0:0 {{(pid=116376) get_cpu_topology_constraints /opt/stack/nova/nova/virt/hardware.py:343}}
Jan 18 20:23:06.011655 dv-cinder-821602-14-iscsi devstack@n-api.service[116376]: DEBUG nova.virt.hardware [None req-cb1b2374-93de-46fb-a1d7-5526dd077be6 tempest-AttachVolumeNegativeTest-43109402 tempest-AttachVolumeNegativeTest-43109402-project] Image limits 0:0:0 {{(pid=116376) get_cpu_topology_constraints /opt/stack/nova/nova/virt/hardware.py:347}}
Jan 18 20:23:06.011798 dv-cinder-821602-14-iscsi devstack@n-api.service[116376]: DEBUG nova.virt.hardware [None req-cb1b2374-93de-46fb-a1d7-5526dd077be6 tempest-AttachVolumeNegativeTest-43109402 tempest-AttachVolumeNegativeTest-43109402-project] Flavor pref 0:0:0 {{(pid=116376) get_cpu_topology_constraints /opt/stack/nova/nova/virt/hardware.py:383}}
Jan 18 20:23:06.012305 dv-cinder-821602-14-iscsi devstack@n-api.service[116376]: DEBUG nova.virt.hardware [None req-cb1b2374-93de-46fb-a1d7-5526dd077be6 tempest-AttachVolumeNegativeTest-43109402 tempest-AttachVolumeNegativeTest-43109402-project] Image pref 0:0:0 {{(pid=116376) get_cpu_topology_constraints /opt/stack/nova/nova/virt/hardware.py:387}}
Jan 18 20:23:06.012733 dv-cinder-821602-14-iscsi devstack@n-api.service[116376]: DEBUG nova.virt.hardware [None req-cb1b2374-93de-46fb-a1d7-5526dd077be6 tempest-AttachVolumeNegativeTest-43109402 tempest-AttachVolumeNegativeTest-43109402-project] Chose sockets=0, cores=0, threads=0; limits were sockets=65536, cores=65536, threads=65536 {{(pid=116376) get_cpu_topology_constraints /opt/stack/nova/nova/virt/hardware.py:425}}
Jan 18 20:23:06.063617 dv-cinder-821602-14-iscsi devstack@n-api.service[116375]: INFO nova.api.openstack.requestlog [None req-821f3fea-2e5c-4d0a-9e23-ef61e150548e tempest-VolumesSnapshotsTestJSON-459681866 tempest-VolumesSnapshotsTestJSON-459681866-project] 10.222.0.67 "GET /compute/v2.1/os-snapshots/75d1dbca-48cc-436f-9e7c-fff695088dfe" status: 200 len: 287 microversion: 2.1 time: 0.098881
Jan 18 20:23:06.064302 dv-cinder-821602-14-iscsi devstack@n-api.service[116375]: [pid: 116375|app: 0|req: 9/10] 10.222.0.67 () {58 vars in 1250 bytes} [Tue Jan 18 20:23:05 2022] GET /compute/v2.1/os-snapshots/75d1dbca-48cc-436f-9e7c-fff695088dfe => generated 287 bytes in 100 msecs (HTTP/1.1 200) 9 headers in 357 bytes (2 switches on core 0)
Jan 18 20:23:06.072446 dv-cinder-821602-14-iscsi devstack@n-api.service[116375]: DEBUG nova.api.openstack.wsgi [None req-b1a68ca3-99f3-45ec-b468-a25bf51b6d1a tempest-VolumesTestJSON-692849036 tempest-VolumesTestJSON-692849036-project] Calling method '.version_select at 0x7f17883075e0>' {{(pid=116375) _process_stack /opt/stack/nova/nova/api/openstack/wsgi.py:513}}
Jan 18 20:23:06.085602 dv-cinder-821602-14-iscsi devstack@n-api.service[116376]: DEBUG oslo_concurrency.lockutils [None req-cb1b2374-93de-46fb-a1d7-5526dd077be6 tempest-AttachVolumeNegativeTest-43109402 tempest-AttachVolumeNegativeTest-43109402-project] Lock "00000000-0000-0000-0000-000000000000" acquired by "nova.context.set_target_cell..get_or_set_cached_cell_and_set_connections" :: waited 0.000s {{(pid=116376) inner /usr/local/lib/python3.8/dist-packages/oslo_concurrency/lockutils.py:386}}
Jan 18 20:23:06.092640 dv-cinder-821602-14-iscsi devstack@n-api.service[116376]: DEBUG oslo_concurrency.lockutils [None req-cb1b2374-93de-46fb-a1d7-5526dd077be6 tempest-AttachVolumeNegativeTest-43109402 tempest-AttachVolumeNegativeTest-43109402-project] Lock "00000000-0000-0000-0000-000000000000" "released" by "nova.context.set_target_cell..get_or_set_cached_cell_and_set_connections" :: held 0.006s {{(pid=116376) inner /usr/local/lib/python3.8/dist-packages/oslo_concurrency/lockutils.py:400}}
Jan 18 20:23:06.098359 dv-cinder-821602-14-iscsi devstack@n-api.service[116376]: DEBUG oslo_concurrency.lockutils [None req-cb1b2374-93de-46fb-a1d7-5526dd077be6 tempest-AttachVolumeNegativeTest-43109402 tempest-AttachVolumeNegativeTest-43109402-project] Lock "f3f10cc4-091c-4f8e-95bd-0bc3374e1059" acquired by "nova.context.set_target_cell..get_or_set_cached_cell_and_set_connections" :: waited 0.000s {{(pid=116376) inner /usr/local/lib/python3.8/dist-packages/oslo_concurrency/lockutils.py:386}}
Jan 18 20:23:06.101646 dv-cinder-821602-14-iscsi devstack@n-api.service[116376]: DEBUG oslo_concurrency.lockutils [None req-cb1b2374-93de-46fb-a1d7-5526dd077be6 tempest-AttachVolumeNegativeTest-43109402 tempest-AttachVolumeNegativeTest-43109402-project] Lock "f3f10cc4-091c-4f8e-95bd-0bc3374e1059" "released" by "nova.context.set_target_cell..get_or_set_cached_cell_and_set_connections" :: held 0.008s {{(pid=116376) inner /usr/local/lib/python3.8/dist-packages/oslo_concurrency/lockutils.py:400}}
Jan 18 20:23:06.164908 dv-cinder-821602-14-iscsi devstack@n-api.service[116376]: DEBUG nova.quota [None req-cb1b2374-93de-46fb-a1d7-5526dd077be6 tempest-AttachVolumeNegativeTest-43109402 tempest-AttachVolumeNegativeTest-43109402-project] Getting quotas for project ac7d65640ff94651a7ef1d826ade4cfe. Resources: {'cores', 'ram', 'instances'} {{(pid=116376) _get_quotas /opt/stack/nova/nova/quota.py:387}}
Jan 18 20:23:06.185929 dv-cinder-821602-14-iscsi devstack@n-api.service[116376]: DEBUG nova.quota [None req-cb1b2374-93de-46fb-a1d7-5526dd077be6 tempest-AttachVolumeNegativeTest-43109402 tempest-AttachVolumeNegativeTest-43109402-project] Getting quotas for user 6c8a95c08cbe4253b4c279403eeb2bb6 and project ac7d65640ff94651a7ef1d826ade4cfe. Resources: {'cores', 'ram', 'instances'} {{(pid=116376) _get_quotas /opt/stack/nova/nova/quota.py:377}}
Jan 18 20:23:06.221403 dv-cinder-821602-14-iscsi devstack@n-api.service[116376]: DEBUG nova.compute.api [None req-cb1b2374-93de-46fb-a1d7-5526dd077be6 tempest-AttachVolumeNegativeTest-43109402 tempest-AttachVolumeNegativeTest-43109402-project] Going to run 1 instances... {{(pid=116376) _provision_instances /opt/stack/nova/nova/compute/api.py:1350}}
Jan 18 20:23:06.231948 dv-cinder-821602-14-iscsi devstack@n-api.service[116376]: DEBUG nova.compute.api [None req-cb1b2374-93de-46fb-a1d7-5526dd077be6 tempest-AttachVolumeNegativeTest-43109402 tempest-AttachVolumeNegativeTest-43109402-project] [instance: 46334d7f-6fa1-41ba-bc9d-a80684750c70] block_device_mapping [BlockDeviceMapping(attachment_id=,boot_index=0,connection_info=None,created_at=,delete_on_termination=True,deleted=,deleted_at=,destination_type='local',device_name=None,device_type='disk',disk_bus=None,guest_format=None,id=,image_id='c7d259ac-b206-430f-a3c0-794cee408236',instance=,instance_uuid=,no_device=False,snapshot_id=None,source_type='image',tag=None,updated_at=,uuid=,volume_id=None,volume_size=None,volume_type=None)] {{(pid=116376) _bdm_validate_set_size_and_instance /opt/stack/nova/nova/compute/api.py:1757}}
Jan 18 20:23:06.325350 dv-cinder-821602-14-iscsi devstack@n-api.service[116375]: INFO nova.api.openstack.requestlog [None req-b1a68ca3-99f3-45ec-b468-a25bf51b6d1a tempest-VolumesTestJSON-692849036 tempest-VolumesTestJSON-692849036-project] 10.222.0.67 "GET /compute/v2.1/os-volumes/e23fb83c-9053-4f78-a9c5-33725a59607e" status: 200 len: 351 microversion: 2.1 time: 0.259555
Jan 18 20:23:06.326252 dv-cinder-821602-14-iscsi devstack@n-api.service[116375]: [pid: 116375|app: 0|req: 10/11] 10.222.0.67 () {58 vars in 1244 bytes} [Tue Jan 18 20:23:06 2022] GET /compute/v2.1/os-volumes/e23fb83c-9053-4f78-a9c5-33725a59607e => generated 351 bytes in 261 msecs (HTTP/1.1 200) 9 headers in 357 bytes (1 switches on core 0)
Jan 18 20:23:06.395458 dv-cinder-821602-14-iscsi devstack@n-api.service[116376]: INFO nova.api.openstack.requestlog [None req-cb1b2374-93de-46fb-a1d7-5526dd077be6 tempest-AttachVolumeNegativeTest-43109402 tempest-AttachVolumeNegativeTest-43109402-project] 10.222.0.67 "POST /compute/v2.1/servers" status: 202 len: 380 microversion: 2.1 time: 4.575806
Jan 18 20:23:06.406806 dv-cinder-821602-14-iscsi devstack@n-api.service[116376]: [pid: 116376|app: 0|req: 2/12] 10.222.0.67 () {60 vars in 1146 bytes} [Tue Jan 18 20:23:01 2022] POST /compute/v2.1/servers => generated 380 bytes in 4596 msecs (HTTP/1.1 202) 10 headers in 451 bytes (1 switches on core 0)
Jan 18 20:23:06.411429 dv-cinder-821602-14-iscsi devstack@n-api.service[116375]: DEBUG nova.api.openstack.wsgi [None req-127640f3-7af7-49ee-ad94-291385141239 tempest-AttachVolumeNegativeTest-43109402 tempest-AttachVolumeNegativeTest-43109402-project] Calling method '>' {{(pid=116375) _process_stack /opt/stack/nova/nova/api/openstack/wsgi.py:513}}
Jan 18 20:23:06.412057 dv-cinder-821602-14-iscsi devstack@n-api.service[116375]: DEBUG nova.compute.api [None req-127640f3-7af7-49ee-ad94-291385141239 tempest-AttachVolumeNegativeTest-43109402 tempest-AttachVolumeNegativeTest-43109402-project] [instance: 46334d7f-6fa1-41ba-bc9d-a80684750c70] Fetching instance by UUID {{(pid=116375) get /opt/stack/nova/nova/compute/api.py:2865}}
Jan 18 20:23:06.723805 dv-cinder-821602-14-iscsi devstack@n-api.service[116375]: DEBUG nova.policy [None req-127640f3-7af7-49ee-ad94-291385141239 tempest-AttachVolumeNegativeTest-43109402 tempest-AttachVolumeNegativeTest-43109402-project] Policy check for os_compute_api:os-extended-server-attributes failed with credentials {'is_admin': False, 'user_id': '6c8a95c08cbe4253b4c279403eeb2bb6', 'user_domain_id': 'default', 'system_scope': None, 'domain_id': None, 'project_id': 'ac7d65640ff94651a7ef1d826ade4cfe', 'project_domain_id': 'default', 'roles': ['member', 'reader'], 'is_admin_project': True, 'service_user_id': None, 'service_user_domain_id': None, 'service_project_id': None, 'service_project_domain_id': None, 'service_roles': []} {{(pid=116375) authorize /opt/stack/nova/nova/policy.py:199}}
Jan 18 20:23:06.749017 dv-cinder-821602-14-iscsi devstack@n-api.service[116375]: INFO nova.api.openstack.requestlog [None req-127640f3-7af7-49ee-ad94-291385141239 tempest-AttachVolumeNegativeTest-43109402 tempest-AttachVolumeNegativeTest-43109402-project] 10.222.0.67 "GET /compute/v2.1/servers/46334d7f-6fa1-41ba-bc9d-a80684750c70" status: 200 len: 1218 microversion: 2.1 time: 0.340960
Jan 18 20:23:06.764210 dv-cinder-821602-14-iscsi devstack@n-api.service[116375]: [pid: 116375|app: 0|req: 11/13] 10.222.0.67 () {58 vars in 1235 bytes} [Tue Jan 18 20:23:06 2022] GET /compute/v2.1/servers/46334d7f-6fa1-41ba-bc9d-a80684750c70 => generated 1218 bytes in 357 msecs (HTTP/1.1 200) 9 headers in 358 bytes (2 switches on core 0)
Jan 18 20:23:06.849363 dv-cinder-821602-14-iscsi devstack@n-api.service[116376]: DEBUG nova.api.openstack.wsgi [None req-7c4df947-95a6-456a-99de-b1239fbf0ec6 tempest-DeleteServersTestJSON-1179100681 tempest-DeleteServersTestJSON-1179100681-project] Calling method '>' {{(pid=116376) _process_stack /opt/stack/nova/nova/api/openstack/wsgi.py:513}}
Jan 18 20:23:06.850743 dv-cinder-821602-14-iscsi devstack@n-api.service[116376]: DEBUG nova.compute.api [None req-7c4df947-95a6-456a-99de-b1239fbf0ec6 tempest-DeleteServersTestJSON-1179100681 tempest-DeleteServersTestJSON-1179100681-project] [instance: 2962a0f0-ce3a-4351-84d7-f3155f5bd129] Fetching instance by UUID {{(pid=116376) get /opt/stack/nova/nova/compute/api.py:2865}}
Jan 18 20:23:06.908231 dv-cinder-821602-14-iscsi devstack@n-api.service[116376]: DEBUG oslo_concurrency.lockutils [None req-7c4df947-95a6-456a-99de-b1239fbf0ec6 tempest-DeleteServersTestJSON-1179100681 tempest-DeleteServersTestJSON-1179100681-project] Lock "f3f10cc4-091c-4f8e-95bd-0bc3374e1059" acquired by "nova.context.set_target_cell..get_or_set_cached_cell_and_set_connections" :: waited 0.000s {{(pid=116376) inner /usr/local/lib/python3.8/dist-packages/oslo_concurrency/lockutils.py:386}}
Jan 18 20:23:06.913968 dv-cinder-821602-14-iscsi devstack@n-api.service[116376]: DEBUG oslo_concurrency.lockutils [None req-7c4df947-95a6-456a-99de-b1239fbf0ec6 tempest-DeleteServersTestJSON-1179100681 tempest-DeleteServersTestJSON-1179100681-project] Lock "f3f10cc4-091c-4f8e-95bd-0bc3374e1059" "released" by "nova.context.set_target_cell..get_or_set_cached_cell_and_set_connections" :: held 0.001s {{(pid=116376) inner /usr/local/lib/python3.8/dist-packages/oslo_concurrency/lockutils.py:400}}
Jan 18 20:23:06.914911 dv-cinder-821602-14-iscsi devstack@n-api.service[116376]: DEBUG oslo_concurrency.lockutils [None req-7c4df947-95a6-456a-99de-b1239fbf0ec6 tempest-DeleteServersTestJSON-1179100681 tempest-DeleteServersTestJSON-1179100681-project] Lock "f3f10cc4-091c-4f8e-95bd-0bc3374e1059" acquired by "nova.context.set_target_cell..get_or_set_cached_cell_and_set_connections" :: waited 0.000s {{(pid=116376) inner /usr/local/lib/python3.8/dist-packages/oslo_concurrency/lockutils.py:386}}
Jan 18 20:23:06.933349 dv-cinder-821602-14-iscsi devstack@n-api.service[116376]: DEBUG oslo_concurrency.lockutils [None req-7c4df947-95a6-456a-99de-b1239fbf0ec6 tempest-DeleteServersTestJSON-1179100681 tempest-DeleteServersTestJSON-1179100681-project] Lock "f3f10cc4-091c-4f8e-95bd-0bc3374e1059" "released" by "nova.context.set_target_cell..get_or_set_cached_cell_and_set_connections" :: held 0.018s {{(pid=116376) inner /usr/local/lib/python3.8/dist-packages/oslo_concurrency/lockutils.py:400}}
Jan 18 20:23:07.078789 dv-cinder-821602-14-iscsi devstack@n-api.service[116375]: DEBUG nova.api.openstack.wsgi [None req-4d279fa4-44a7-4a28-8a18-2c7832fdb008 tempest-VolumesSnapshotsTestJSON-459681866 tempest-VolumesSnapshotsTestJSON-459681866-project] Calling method '.version_select at 0x7f1788bce700>' {{(pid=116375) _process_stack /opt/stack/nova/nova/api/openstack/wsgi.py:513}}
Jan 18 20:23:07.234945 dv-cinder-821602-14-iscsi devstack@n-api.service[116375]: INFO nova.api.openstack.requestlog [None req-4d279fa4-44a7-4a28-8a18-2c7832fdb008 tempest-VolumesSnapshotsTestJSON-459681866 tempest-VolumesSnapshotsTestJSON-459681866-project] 10.222.0.67 "GET /compute/v2.1/os-snapshots/75d1dbca-48cc-436f-9e7c-fff695088dfe" status: 200 len: 287 microversion: 2.1 time: 0.161343
Jan 18 20:23:07.241259 dv-cinder-821602-14-iscsi devstack@n-api.service[116375]: [pid: 116375|app: 0|req: 12/14] 10.222.0.67 () {58 vars in 1250 bytes} [Tue Jan 18 20:23:07 2022] GET /compute/v2.1/os-snapshots/75d1dbca-48cc-436f-9e7c-fff695088dfe => generated 287 bytes in 163 msecs (HTTP/1.1 200) 9 headers in 357 bytes (2 switches on core 0)
Jan 18 20:23:07.282472 dv-cinder-821602-14-iscsi devstack@n-api.service[116376]: DEBUG nova.policy [None req-7c4df947-95a6-456a-99de-b1239fbf0ec6 tempest-DeleteServersTestJSON-1179100681 tempest-DeleteServersTestJSON-1179100681-project] Policy check for os_compute_api:os-extended-server-attributes failed with credentials {'is_admin': False, 'user_id': 'e208af39fae54cebb2a93c20b0f0d317', 'user_domain_id': 'default', 'system_scope': None, 'domain_id': None, 'project_id': '53df14bc8279467abba49fbed7498d26', 'project_domain_id': 'default', 'roles': ['member', 'reader'], 'is_admin_project': True, 'service_user_id': None, 'service_user_domain_id': None, 'service_project_id': None, 'service_project_domain_id': None, 'service_roles': []} {{(pid=116376) authorize /opt/stack/nova/nova/policy.py:199}}
Jan 18 20:23:07.331874 dv-cinder-821602-14-iscsi devstack@n-api.service[116376]: INFO nova.api.openstack.requestlog [None req-7c4df947-95a6-456a-99de-b1239fbf0ec6 tempest-DeleteServersTestJSON-1179100681 tempest-DeleteServersTestJSON-1179100681-project] 10.222.0.67 "GET /compute/v2.1/servers/2962a0f0-ce3a-4351-84d7-f3155f5bd129" status: 200 len: 1218 microversion: 2.1 time: 0.486677
Jan 18 20:23:07.334173 dv-cinder-821602-14-iscsi devstack@n-api.service[116376]: [pid: 116376|app: 0|req: 3/15] 10.222.0.67 () {58 vars in 1235 bytes} [Tue Jan 18 20:23:06 2022] GET /compute/v2.1/servers/2962a0f0-ce3a-4351-84d7-f3155f5bd129 => generated 1218 bytes in 490 msecs (HTTP/1.1 200) 9 headers in 358 bytes (2 switches on core 0)
Jan 18 20:23:07.769146 dv-cinder-821602-14-iscsi devstack@n-api.service[116375]: DEBUG nova.api.openstack.wsgi [None req-4f573725-33c3-41f1-9eb0-8f56adbe2de0 tempest-AttachVolumeNegativeTest-43109402 tempest-AttachVolumeNegativeTest-43109402-project] Calling method '>' {{(pid=116375) _process_stack /opt/stack/nova/nova/api/openstack/wsgi.py:513}}
Jan 18 20:23:07.769839 dv-cinder-821602-14-iscsi devstack@n-api.service[116375]: DEBUG nova.compute.api [None req-4f573725-33c3-41f1-9eb0-8f56adbe2de0 tempest-AttachVolumeNegativeTest-43109402 tempest-AttachVolumeNegativeTest-43109402-project] [instance: 46334d7f-6fa1-41ba-bc9d-a80684750c70] Fetching instance by UUID {{(pid=116375) get /opt/stack/nova/nova/compute/api.py:2865}}
Jan 18 20:23:07.928899 dv-cinder-821602-14-iscsi devstack@n-api.service[116375]: DEBUG nova.policy [None req-4f573725-33c3-41f1-9eb0-8f56adbe2de0 tempest-AttachVolumeNegativeTest-43109402 tempest-AttachVolumeNegativeTest-43109402-project] Policy check for os_compute_api:os-extended-server-attributes failed with credentials {'is_admin': False, 'user_id': '6c8a95c08cbe4253b4c279403eeb2bb6', 'user_domain_id': 'default', 'system_scope': None, 'domain_id': None, 'project_id': 'ac7d65640ff94651a7ef1d826ade4cfe', 'project_domain_id': 'default', 'roles': ['member', 'reader'], 'is_admin_project': True, 'service_user_id': None, 'service_user_domain_id': None, 'service_project_id': None, 'service_project_domain_id': None, 'service_roles': []} {{(pid=116375) authorize /opt/stack/nova/nova/policy.py:199}}
Jan 18 20:23:07.948527 dv-cinder-821602-14-iscsi devstack@n-api.service[116375]: INFO nova.api.openstack.requestlog [None req-4f573725-33c3-41f1-9eb0-8f56adbe2de0 tempest-AttachVolumeNegativeTest-43109402 tempest-AttachVolumeNegativeTest-43109402-project] 10.222.0.67 "GET /compute/v2.1/servers/46334d7f-6fa1-41ba-bc9d-a80684750c70" status: 200 len: 1218 microversion: 2.1 time: 0.183768
Jan 18 20:23:07.953840 dv-cinder-821602-14-iscsi devstack@n-api.service[116375]: [pid: 116375|app: 0|req: 13/16] 10.222.0.67 () {58 vars in 1235 bytes} [Tue Jan 18 20:23:07 2022] GET /compute/v2.1/servers/46334d7f-6fa1-41ba-bc9d-a80684750c70 => generated 1218 bytes in 190 msecs (HTTP/1.1 200) 9 headers in 358 bytes (2 switches on core 0)
Jan 18 20:23:08.250056 dv-cinder-821602-14-iscsi devstack@n-api.service[116376]: DEBUG nova.api.openstack.wsgi [None req-c8712ac1-a9ab-46e1-945a-57f2df7a1900 tempest-VolumesSnapshotsTestJSON-459681866 tempest-VolumesSnapshotsTestJSON-459681866-project] Calling method '.version_select at 0x7f1788256820>' {{(pid=116376) _process_stack /opt/stack/nova/nova/api/openstack/wsgi.py:513}}
Jan 18 20:23:08.360830 dv-cinder-821602-14-iscsi devstack@n-api.service[116375]: DEBUG nova.api.openstack.wsgi [None req-bc8fdcb0-367c-47f3-81f4-10a82ffa8422 tempest-DeleteServersTestJSON-1179100681 tempest-DeleteServersTestJSON-1179100681-project] Calling method '>' {{(pid=116375) _process_stack /opt/stack/nova/nova/api/openstack/wsgi.py:513}}
Jan 18 20:23:08.361999 dv-cinder-821602-14-iscsi devstack@n-api.service[116375]: DEBUG nova.compute.api [None req-bc8fdcb0-367c-47f3-81f4-10a82ffa8422 tempest-DeleteServersTestJSON-1179100681 tempest-DeleteServersTestJSON-1179100681-project] [instance: 2962a0f0-ce3a-4351-84d7-f3155f5bd129] Fetching instance by UUID {{(pid=116375) get /opt/stack/nova/nova/compute/api.py:2865}}
Jan 18 20:23:08.372835 dv-cinder-821602-14-iscsi devstack@n-api.service[116376]: INFO nova.api.openstack.requestlog [None req-c8712ac1-a9ab-46e1-945a-57f2df7a1900 tempest-VolumesSnapshotsTestJSON-459681866 tempest-VolumesSnapshotsTestJSON-459681866-project] 10.222.0.67 "GET /compute/v2.1/os-snapshots/75d1dbca-48cc-436f-9e7c-fff695088dfe" status: 200 len: 287 microversion: 2.1 time: 0.126364
Jan 18 20:23:08.379604 dv-cinder-821602-14-iscsi devstack@n-api.service[116376]: [pid: 116376|app: 0|req: 4/17] 10.222.0.67 () {58 vars in 1250 bytes} [Tue Jan 18 20:23:08 2022] GET /compute/v2.1/os-snapshots/75d1dbca-48cc-436f-9e7c-fff695088dfe => generated 287 bytes in 130 msecs (HTTP/1.1 200) 9 headers in 357 bytes (1 switches on core 0)
Jan 18 20:23:08.400594 dv-cinder-821602-14-iscsi devstack@n-api.service[116375]: DEBUG oslo_concurrency.lockutils [None req-bc8fdcb0-367c-47f3-81f4-10a82ffa8422 tempest-DeleteServersTestJSON-1179100681 tempest-DeleteServersTestJSON-1179100681-project] Lock "f3f10cc4-091c-4f8e-95bd-0bc3374e1059" acquired by "nova.context.set_target_cell..get_or_set_cached_cell_and_set_connections" :: waited 0.000s {{(pid=116375) inner /usr/local/lib/python3.8/dist-packages/oslo_concurrency/lockutils.py:386}}
Jan 18 20:23:08.401833 dv-cinder-821602-14-iscsi devstack@n-api.service[116375]: DEBUG oslo_concurrency.lockutils [None req-bc8fdcb0-367c-47f3-81f4-10a82ffa8422 tempest-DeleteServersTestJSON-1179100681 tempest-DeleteServersTestJSON-1179100681-project] Lock "f3f10cc4-091c-4f8e-95bd-0bc3374e1059" "released" by "nova.context.set_target_cell..get_or_set_cached_cell_and_set_connections" :: held 0.005s {{(pid=116375) inner /usr/local/lib/python3.8/dist-packages/oslo_concurrency/lockutils.py:400}}
Jan 18 20:23:08.409799 dv-cinder-821602-14-iscsi devstack@n-api.service[116375]: DEBUG oslo_concurrency.lockutils [None req-bc8fdcb0-367c-47f3-81f4-10a82ffa8422 tempest-DeleteServersTestJSON-1179100681 tempest-DeleteServersTestJSON-1179100681-project] Lock "f3f10cc4-091c-4f8e-95bd-0bc3374e1059" acquired by "nova.context.set_target_cell..get_or_set_cached_cell_and_set_connections" :: waited 0.000s {{(pid=116375) inner /usr/local/lib/python3.8/dist-packages/oslo_concurrency/lockutils.py:386}}
Jan 18 20:23:08.410922 dv-cinder-821602-14-iscsi devstack@n-api.service[116375]: DEBUG oslo_concurrency.lockutils [None req-bc8fdcb0-367c-47f3-81f4-10a82ffa8422 tempest-DeleteServersTestJSON-1179100681 tempest-DeleteServersTestJSON-1179100681-project] Lock "f3f10cc4-091c-4f8e-95bd-0bc3374e1059" "released" by "nova.context.set_target_cell..get_or_set_cached_cell_and_set_connections" :: held 0.004s {{(pid=116375) inner /usr/local/lib/python3.8/dist-packages/oslo_concurrency/lockutils.py:400}}
Jan 18 20:23:08.984816 dv-cinder-821602-14-iscsi devstack@n-api.service[116376]: DEBUG nova.api.openstack.wsgi [None req-a138e2d3-2f26-44ca-b6b4-94deadf476e6 tempest-AttachVolumeNegativeTest-43109402 tempest-AttachVolumeNegativeTest-43109402-project] Calling method '>' {{(pid=116376) _process_stack /opt/stack/nova/nova/api/openstack/wsgi.py:513}}
Jan 18 20:23:09.000471 dv-cinder-821602-14-iscsi devstack@n-api.service[116376]: DEBUG nova.compute.api [None req-a138e2d3-2f26-44ca-b6b4-94deadf476e6 tempest-AttachVolumeNegativeTest-43109402 tempest-AttachVolumeNegativeTest-43109402-project] [instance: 46334d7f-6fa1-41ba-bc9d-a80684750c70] Fetching instance by UUID {{(pid=116376) get /opt/stack/nova/nova/compute/api.py:2865}}
Jan 18 20:23:09.025785 dv-cinder-821602-14-iscsi devstack@n-api.service[116376]: DEBUG oslo_concurrency.lockutils [None req-a138e2d3-2f26-44ca-b6b4-94deadf476e6 tempest-AttachVolumeNegativeTest-43109402 tempest-AttachVolumeNegativeTest-43109402-project] Lock "f3f10cc4-091c-4f8e-95bd-0bc3374e1059" acquired by "nova.context.set_target_cell..get_or_set_cached_cell_and_set_connections" :: waited 0.000s {{(pid=116376) inner /usr/local/lib/python3.8/dist-packages/oslo_concurrency/lockutils.py:386}}
Jan 18 20:23:09.046186 dv-cinder-821602-14-iscsi devstack@n-api.service[116376]: DEBUG oslo_concurrency.lockutils [None req-a138e2d3-2f26-44ca-b6b4-94deadf476e6 tempest-AttachVolumeNegativeTest-43109402 tempest-AttachVolumeNegativeTest-43109402-project] Lock "f3f10cc4-091c-4f8e-95bd-0bc3374e1059" "released" by "nova.context.set_target_cell..get_or_set_cached_cell_and_set_connections" :: held 0.001s {{(pid=116376) inner /usr/local/lib/python3.8/dist-packages/oslo_concurrency/lockutils.py:400}}
Jan 18 20:23:09.055850 dv-cinder-821602-14-iscsi devstack@n-api.service[116376]: DEBUG oslo_concurrency.lockutils [None req-a138e2d3-2f26-44ca-b6b4-94deadf476e6 tempest-AttachVolumeNegativeTest-43109402 tempest-AttachVolumeNegativeTest-43109402-project] Lock "f3f10cc4-091c-4f8e-95bd-0bc3374e1059" acquired by "nova.context.set_target_cell..get_or_set_cached_cell_and_set_connections" :: waited 0.000s {{(pid=116376) inner /usr/local/lib/python3.8/dist-packages/oslo_concurrency/lockutils.py:386}}
Jan 18 20:23:09.062648 dv-cinder-821602-14-iscsi devstack@n-api.service[116376]: DEBUG oslo_concurrency.lockutils [None req-a138e2d3-2f26-44ca-b6b4-94deadf476e6 tempest-AttachVolumeNegativeTest-43109402 tempest-AttachVolumeNegativeTest-43109402-project] Lock "f3f10cc4-091c-4f8e-95bd-0bc3374e1059" "released" by "nova.context.set_target_cell..get_or_set_cached_cell_and_set_connections" :: held 0.001s {{(pid=116376) inner /usr/local/lib/python3.8/dist-packages/oslo_concurrency/lockutils.py:400}}
Jan 18 20:23:09.278039 dv-cinder-821602-14-iscsi devstack@n-api.service[116375]: DEBUG nova.policy [None req-bc8fdcb0-367c-47f3-81f4-10a82ffa8422 tempest-DeleteServersTestJSON-1179100681 tempest-DeleteServersTestJSON-1179100681-project] Policy check for os_compute_api:os-extended-server-attributes failed with credentials {'is_admin': False, 'user_id': 'e208af39fae54cebb2a93c20b0f0d317', 'user_domain_id': 'default', 'system_scope': None, 'domain_id': None, 'project_id': '53df14bc8279467abba49fbed7498d26', 'project_domain_id': 'default', 'roles': ['member', 'reader'], 'is_admin_project': True, 'service_user_id': None, 'service_user_domain_id': None, 'service_project_id': None, 'service_project_domain_id': None, 'service_roles': []} {{(pid=116375) authorize /opt/stack/nova/nova/policy.py:199}}
Jan 18 20:23:09.345188 dv-cinder-821602-14-iscsi devstack@n-api.service[116376]: DEBUG nova.policy [None req-a138e2d3-2f26-44ca-b6b4-94deadf476e6 tempest-AttachVolumeNegativeTest-43109402 tempest-AttachVolumeNegativeTest-43109402-project] Policy check for os_compute_api:os-extended-server-attributes failed with credentials {'is_admin': False, 'user_id': '6c8a95c08cbe4253b4c279403eeb2bb6', 'user_domain_id': 'default', 'system_scope': None, 'domain_id': None, 'project_id': 'ac7d65640ff94651a7ef1d826ade4cfe', 'project_domain_id': 'default', 'roles': ['member', 'reader'], 'is_admin_project': True, 'service_user_id': None, 'service_user_domain_id': None, 'service_project_id': None, 'service_project_domain_id': None, 'service_roles': []} {{(pid=116376) authorize /opt/stack/nova/nova/policy.py:199}}
Jan 18 20:23:09.361648 dv-cinder-821602-14-iscsi devstack@n-api.service[116376]: INFO nova.api.openstack.requestlog [None req-a138e2d3-2f26-44ca-b6b4-94deadf476e6 tempest-AttachVolumeNegativeTest-43109402 tempest-AttachVolumeNegativeTest-43109402-project] 10.222.0.67 "GET /compute/v2.1/servers/46334d7f-6fa1-41ba-bc9d-a80684750c70" status: 200 len: 1214 microversion: 2.1 time: 0.384173
Jan 18 20:23:09.367268 dv-cinder-821602-14-iscsi devstack@n-api.service[116376]: [pid: 116376|app: 0|req: 5/18] 10.222.0.67 () {58 vars in 1235 bytes} [Tue Jan 18 20:23:08 2022] GET /compute/v2.1/servers/46334d7f-6fa1-41ba-bc9d-a80684750c70 => generated 1214 bytes in 391 msecs (HTTP/1.1 200) 9 headers in 358 bytes (2 switches on core 0)
Jan 18 20:23:09.372559 dv-cinder-821602-14-iscsi devstack@n-api.service[116376]: DEBUG nova.api.openstack.wsgi [None req-fa763f0b-6a68-45bd-bf7d-c81710aecdd1 tempest-VolumesTestJSON-692849036 tempest-VolumesTestJSON-692849036-project] Calling method '.version_select at 0x7f1788289e50>' {{(pid=116376) _process_stack /opt/stack/nova/nova/api/openstack/wsgi.py:513}}
Jan 18 20:23:09.377399 dv-cinder-821602-14-iscsi devstack@n-api.service[116375]: INFO nova.api.openstack.requestlog [None req-bc8fdcb0-367c-47f3-81f4-10a82ffa8422 tempest-DeleteServersTestJSON-1179100681 tempest-DeleteServersTestJSON-1179100681-project] 10.222.0.67 "GET /compute/v2.1/servers/2962a0f0-ce3a-4351-84d7-f3155f5bd129" status: 200 len: 1218 microversion: 2.1 time: 1.017936
Jan 18 20:23:09.388560 dv-cinder-821602-14-iscsi devstack@n-api.service[116375]: [pid: 116375|app: 0|req: 14/19] 10.222.0.67 () {58 vars in 1235 bytes} [Tue Jan 18 20:23:08 2022] GET /compute/v2.1/servers/2962a0f0-ce3a-4351-84d7-f3155f5bd129 => generated 1218 bytes in 1027 msecs (HTTP/1.1 200) 9 headers in 358 bytes (2 switches on core 0)
Jan 18 20:23:09.404865 dv-cinder-821602-14-iscsi devstack@n-api.service[116375]: DEBUG nova.api.openstack.wsgi [None req-5836505f-9157-4232-bc22-8e7fd6db788d tempest-VolumesSnapshotsTestJSON-459681866 tempest-VolumesSnapshotsTestJSON-459681866-project] Calling method '.version_select at 0x7f178821a310>' {{(pid=116375) _process_stack /opt/stack/nova/nova/api/openstack/wsgi.py:513}}
Jan 18 20:23:09.519844 dv-cinder-821602-14-iscsi devstack@n-api.service[116375]: INFO nova.api.openstack.requestlog [None req-5836505f-9157-4232-bc22-8e7fd6db788d tempest-VolumesSnapshotsTestJSON-459681866 tempest-VolumesSnapshotsTestJSON-459681866-project] 10.222.0.67 "GET /compute/v2.1/os-snapshots/75d1dbca-48cc-436f-9e7c-fff695088dfe" status: 200 len: 288 microversion: 2.1 time: 0.128752
Jan 18 20:23:09.521076 dv-cinder-821602-14-iscsi devstack@n-api.service[116375]: [pid: 116375|app: 0|req: 15/20] 10.222.0.67 () {58 vars in 1250 bytes} [Tue Jan 18 20:23:09 2022] GET /compute/v2.1/os-snapshots/75d1dbca-48cc-436f-9e7c-fff695088dfe => generated 288 bytes in 131 msecs (HTTP/1.1 200) 9 headers in 357 bytes (2 switches on core 0)
