Jan 15 10:41:24.417157 dv-cinder-821602-12-smb devstack@c-api.service[116755]: [pid: 116755|app: 0|req: 75/155] 10.222.0.26 () {58 vars in 1324 bytes} [Sat Jan 15 10:41:24 2022] GET /volume/v3/0bdf0abc74f844c4a4d82eb402704771/volumes/4d521466-20bc-4f0b-a47f-df617e2159df => generated 916 bytes in 150 msecs (HTTP/1.1 200) 7 headers in 285 bytes (1 switches on core 0)
Jan 15 10:41:24.424519 dv-cinder-821602-12-smb devstack@c-api.service[116756]: /usr/local/lib/python3.8/dist-packages/oslo_context/context.py:105: DeprecationWarning: Policy enforcement is depending on the value of is_admin. This key is deprecated. Please update your policy file to use the standard policy values.
Jan 15 10:41:24.424519 dv-cinder-821602-12-smb devstack@c-api.service[116756]: warnings.warn('Policy enforcement is depending on the value of '
Jan 15 10:41:24.429391 dv-cinder-821602-12-smb devstack@c-api.service[116755]: INFO cinder.api.openstack.wsgi [None req-00132fa4-17cc-4f8a-b0eb-de53cfc9cc14 tempest-VolumesListAdminTestJSON-269070114 tempest-VolumesListAdminTestJSON-269070114-project] POST http://10.222.0.26/volume/v3/0bdf0abc74f844c4a4d82eb402704771/volumes
Jan 15 10:41:24.430131 dv-cinder-821602-12-smb devstack@c-api.service[116755]: DEBUG cinder.api.openstack.wsgi [None req-00132fa4-17cc-4f8a-b0eb-de53cfc9cc14 tempest-VolumesListAdminTestJSON-269070114 tempest-VolumesListAdminTestJSON-269070114-project] Action: 'create', calling method: create, body: {"volume": {"size": 1, "name": "tempest-VolumesListAdminTestJSON-Volume-2064911883"}} {{(pid=116755) _process_stack /opt/stack/cinder/cinder/api/openstack/wsgi.py:866}}
Jan 15 10:41:24.434411 dv-cinder-821602-12-smb devstack@c-api.service[116755]: DEBUG cinder.api.v3.volumes [None req-00132fa4-17cc-4f8a-b0eb-de53cfc9cc14 tempest-VolumesListAdminTestJSON-269070114 tempest-VolumesListAdminTestJSON-269070114-project] Create volume request body: {'volume': {'size': 1, 'name': 'tempest-VolumesListAdminTestJSON-Volume-2064911883'}} {{(pid=116755) create /opt/stack/cinder/cinder/api/v3/volumes.py:298}}
Jan 15 10:41:24.438796 dv-cinder-821602-12-smb devstack@c-api.service[116755]: INFO cinder.api.v3.volumes [None req-00132fa4-17cc-4f8a-b0eb-de53cfc9cc14 tempest-VolumesListAdminTestJSON-269070114 tempest-VolumesListAdminTestJSON-269070114-project] Create volume of 1 GB
Jan 15 10:41:24.455131 dv-cinder-821602-12-smb devstack@c-api.service[116755]: INFO cinder.volume.api [None req-00132fa4-17cc-4f8a-b0eb-de53cfc9cc14 tempest-VolumesListAdminTestJSON-269070114 tempest-VolumesListAdminTestJSON-269070114-project] Availability Zones retrieved successfully.
Jan 15 10:41:24.458975 dv-cinder-821602-12-smb devstack@c-api.service[116756]: INFO cinder.volume.api [None req-ba18daaf-27d0-473b-a838-9ea2b0da861e tempest-AttachVolumeNegativeTest-561213382 tempest-AttachVolumeNegativeTest-561213382-project] Volume info retrieved successfully.
Jan 15 10:41:24.481903 dv-cinder-821602-12-smb devstack@c-api.service[116756]: INFO cinder.api.openstack.wsgi [None req-ba18daaf-27d0-473b-a838-9ea2b0da861e tempest-AttachVolumeNegativeTest-561213382 tempest-AttachVolumeNegativeTest-561213382-project] http://10.222.0.26/volume/v3/d97ec8d0fc1c4df6b71900c73e07176b/volumes/42ca4fbb-6b83-464f-bd2d-a1d187098e49 returned with HTTP 200
Jan 15 10:41:24.483522 dv-cinder-821602-12-smb devstack@c-api.service[116756]: [pid: 116756|app: 0|req: 81/156] 10.222.0.26 () {58 vars in 1324 bytes} [Sat Jan 15 10:41:24 2022] GET /volume/v3/d97ec8d0fc1c4df6b71900c73e07176b/volumes/42ca4fbb-6b83-464f-bd2d-a1d187098e49 => generated 892 bytes in 108 msecs (HTTP/1.1 200) 7 headers in 285 bytes (1 switches on core 0)
Jan 15 10:41:24.508460 dv-cinder-821602-12-smb devstack@c-api.service[116755]: DEBUG cinder.volume.api [None req-00132fa4-17cc-4f8a-b0eb-de53cfc9cc14 tempest-VolumesListAdminTestJSON-269070114 tempest-VolumesListAdminTestJSON-269070114-project] Flow 'volume_create_api' (3249979f-addb-469f-b658-97d5fcb99d5d) transitioned into state 'RUNNING' from state 'PENDING' {{(pid=116755) _flow_receiver /usr/local/lib/python3.8/dist-packages/taskflow/listeners/logging.py:141}}
Jan 15 10:41:24.518108 dv-cinder-821602-12-smb devstack@c-api.service[116755]: DEBUG cinder.volume.api [None req-00132fa4-17cc-4f8a-b0eb-de53cfc9cc14 tempest-VolumesListAdminTestJSON-269070114 tempest-VolumesListAdminTestJSON-269070114-project] Task 'cinder.volume.flows.api.create_volume.ExtractVolumeRequestTask;volume:create' (336b9389-641b-4c80-b268-736fdc38b5cb) transitioned into state 'RUNNING' from state 'PENDING' {{(pid=116755) _task_receiver /usr/local/lib/python3.8/dist-packages/taskflow/listeners/logging.py:190}}
Jan 15 10:41:24.524703 dv-cinder-821602-12-smb devstack@c-api.service[116755]: DEBUG cinder.volume.flows.api.create_volume [None req-00132fa4-17cc-4f8a-b0eb-de53cfc9cc14 tempest-VolumesListAdminTestJSON-269070114 tempest-VolumesListAdminTestJSON-269070114-project] Validating volume size '1' using validate_int {{(pid=116755) _extract_size /opt/stack/cinder/cinder/volume/flows/api/create_volume.py:225}}
Jan 15 10:41:24.587466 dv-cinder-821602-12-smb devstack@c-api.service[116755]: DEBUG cinder.volume.api [None req-00132fa4-17cc-4f8a-b0eb-de53cfc9cc14 tempest-VolumesListAdminTestJSON-269070114 tempest-VolumesListAdminTestJSON-269070114-project] Task 'cinder.volume.flows.api.create_volume.ExtractVolumeRequestTask;volume:create' (336b9389-641b-4c80-b268-736fdc38b5cb) transitioned into state 'SUCCESS' from state 'RUNNING' with result '{'size': 1, 'snapshot_id': None, 'source_volid': None, 'volume_type': VolumeType(created_at=2022-01-15T10:23:56Z,deleted=False,deleted_at=None,description='Default Volume Type',extra_specs={},id=4ee281e0-8307-4d71-b647-006e7fe0d065,is_public=True,name='__DEFAULT__',projects=[],qos_specs=,qos_specs_id=None,updated_at=2022-01-15T10:23:56Z), 'volume_type_id': '4ee281e0-8307-4d71-b647-006e7fe0d065', 'encryption_key_id': None, 'qos_specs': None, 'consistencygroup_id': None, 'cgsnapshot_id': None, 'group_id': None, 'replication_status': 'disabled', 'refresh_az': False, 'backup_id': None, 'multiattach': False, 'availability_zones': ['nova']}' {{(pid=116755) _task_receiver /usr/local/lib/python3.8/dist-packages/taskflow/listeners/logging.py:178}}
Jan 15 10:41:24.590409 dv-cinder-821602-12-smb devstack@c-api.service[116755]: DEBUG cinder.volume.api [None req-00132fa4-17cc-4f8a-b0eb-de53cfc9cc14 tempest-VolumesListAdminTestJSON-269070114 tempest-VolumesListAdminTestJSON-269070114-project] Task 'cinder.volume.flows.api.create_volume.QuotaReserveTask;volume:create' (2dbe2f41-a610-4a12-9024-85e4af9827fc) transitioned into state 'RUNNING' from state 'PENDING' {{(pid=116755) _task_receiver /usr/local/lib/python3.8/dist-packages/taskflow/listeners/logging.py:190}}
Jan 15 10:41:24.733138 dv-cinder-821602-12-smb devstack@c-api.service[116755]: DEBUG cinder.quota [None req-00132fa4-17cc-4f8a-b0eb-de53cfc9cc14 tempest-VolumesListAdminTestJSON-269070114 tempest-VolumesListAdminTestJSON-269070114-project] Created reservations ['3b906d34-0cb7-44b4-b2eb-d13cbbe6c4e3', 'c46064c7-83a8-44dd-b383-5f3df54558e4', '2d0dae50-b203-468d-8671-f5af0b36d5b7', 'faad7bf8-bb19-47cc-8de4-cb9ec21e4dc1'] {{(pid=116755) reserve /opt/stack/cinder/cinder/quota.py:755}}
Jan 15 10:41:24.735844 dv-cinder-821602-12-smb devstack@c-api.service[116755]: DEBUG cinder.volume.api [None req-00132fa4-17cc-4f8a-b0eb-de53cfc9cc14 tempest-VolumesListAdminTestJSON-269070114 tempest-VolumesListAdminTestJSON-269070114-project] Task 'cinder.volume.flows.api.create_volume.QuotaReserveTask;volume:create' (2dbe2f41-a610-4a12-9024-85e4af9827fc) transitioned into state 'SUCCESS' from state 'RUNNING' with result '{'reservations': ['3b906d34-0cb7-44b4-b2eb-d13cbbe6c4e3', 'c46064c7-83a8-44dd-b383-5f3df54558e4', '2d0dae50-b203-468d-8671-f5af0b36d5b7', 'faad7bf8-bb19-47cc-8de4-cb9ec21e4dc1']}' {{(pid=116755) _task_receiver /usr/local/lib/python3.8/dist-packages/taskflow/listeners/logging.py:178}}
Jan 15 10:41:24.738004 dv-cinder-821602-12-smb devstack@c-api.service[116755]: DEBUG cinder.volume.api [None req-00132fa4-17cc-4f8a-b0eb-de53cfc9cc14 tempest-VolumesListAdminTestJSON-269070114 tempest-VolumesListAdminTestJSON-269070114-project] Task 'cinder.volume.flows.api.create_volume.EntryCreateTask;volume:create' (02e45cbf-d896-4717-a4fa-f37cbf1ee25b) transitioned into state 'RUNNING' from state 'PENDING' {{(pid=116755) _task_receiver /usr/local/lib/python3.8/dist-packages/taskflow/listeners/logging.py:190}}
Jan 15 10:41:24.832687 dv-cinder-821602-12-smb devstack@c-api.service[116755]: DEBUG cinder.volume.api [None req-00132fa4-17cc-4f8a-b0eb-de53cfc9cc14 tempest-VolumesListAdminTestJSON-269070114 tempest-VolumesListAdminTestJSON-269070114-project] Task 'cinder.volume.flows.api.create_volume.EntryCreateTask;volume:create' (02e45cbf-d896-4717-a4fa-f37cbf1ee25b) transitioned into state 'SUCCESS' from state 'RUNNING' with result '{'volume_id': '4a9a855b-12b3-41ae-9f25-5511dcd5456e', 'volume_properties': VolumeProperties(attach_status='detached',availability_zone='nova',cgsnapshot_id=None,consistencygroup_id=None,display_description=None,display_name='tempest-VolumesListAdminTestJSON-Volume-2064911883',encryption_key_id=None,group_id=None,group_type_id=,metadata={},multiattach=False,project_id='0bdf0abc74f844c4a4d82eb402704771',qos_specs=None,replication_status=,reservations=['3b906d34-0cb7-44b4-b2eb-d13cbbe6c4e3','c46064c7-83a8-44dd-b383-5f3df54558e4','2d0dae50-b203-468d-8671-f5af0b36d5b7','faad7bf8-bb19-47cc-8de4-cb9ec21e4dc1'],size=1,snapshot_id=None,source_replicaid=,source_volid=None,status='creating',user_id='1fac43b31b1c4c11a8366bfad592538a',volume_type_id=4ee281e0-8307-4d71-b647-006e7fe0d065), 'volume': Volume(_name_id=None,admin_metadata=,attach_status='detached',availability_zone='nova',bootable=False,cluster=,cluster_name=None,consistencygroup=,consistencygroup_id=None,created_at=2022-01-15T10:41:24Z,deleted=False,deleted_at=None,display_description=None,display_name='tempest-VolumesListAdminTestJSON-Volume-2064911883',ec2_id=None,encryption_key_id=None,glance_metadata=,group=,group_id=None,host=None,id=4a9a855b-12b3-41ae-9f25-5511dcd5456e,launched_at=None,metadata={},migration_status=None,multiattach=False,previous_status=None,project_id='0bdf0abc74f844c4a4d82eb402704771',provider_auth=None,provider_geometry=None,provider_id=None,provider_location=None,replication_driver_data=None,replication_extended_status=None,replication_status=None,scheduled_at=None,service_uuid=None,shared_targets=True,size=1,snapshot_id=None,snapshots=,source_volid=None,status='creating',terminated_at=None,updated_at=None,use_quota=True,user_id='1fac43b31b1c4c11a8366bfad592538a',volume_attachment=VolumeAttachmentList,volume_type=VolumeType(4ee281e0-8307-4d71-b647-006e7fe0d065),volume_type_id=4ee281e0-8307-4d71-b647-006e7fe0d065)}' {{(pid=116755) _task_receiver /usr/local/lib/python3.8/dist-packages/taskflow/listeners/logging.py:178}}
Jan 15 10:41:24.835417 dv-cinder-821602-12-smb devstack@c-api.service[116755]: DEBUG cinder.volume.api [None req-00132fa4-17cc-4f8a-b0eb-de53cfc9cc14 tempest-VolumesListAdminTestJSON-269070114 tempest-VolumesListAdminTestJSON-269070114-project] Task 'cinder.volume.flows.api.create_volume.QuotaCommitTask;volume:create' (36880b25-e588-4e9e-93e6-0eb9f9c1792e) transitioned into state 'RUNNING' from state 'PENDING' {{(pid=116755) _task_receiver /usr/local/lib/python3.8/dist-packages/taskflow/listeners/logging.py:190}}
Jan 15 10:41:24.991858 dv-cinder-821602-12-smb devstack@c-api.service[116755]: DEBUG cinder.volume.api [None req-00132fa4-17cc-4f8a-b0eb-de53cfc9cc14 tempest-VolumesListAdminTestJSON-269070114 tempest-VolumesListAdminTestJSON-269070114-project] Task 'cinder.volume.flows.api.create_volume.QuotaCommitTask;volume:create' (36880b25-e588-4e9e-93e6-0eb9f9c1792e) transitioned into state 'SUCCESS' from state 'RUNNING' with result '{'volume_properties': VolumeProperties(attach_status='detached',availability_zone='nova',cgsnapshot_id=None,consistencygroup_id=None,display_description=None,display_name='tempest-VolumesListAdminTestJSON-Volume-2064911883',encryption_key_id=None,group_id=None,group_type_id=,metadata={},multiattach=False,project_id='0bdf0abc74f844c4a4d82eb402704771',qos_specs=None,replication_status=,reservations=['3b906d34-0cb7-44b4-b2eb-d13cbbe6c4e3','c46064c7-83a8-44dd-b383-5f3df54558e4','2d0dae50-b203-468d-8671-f5af0b36d5b7','faad7bf8-bb19-47cc-8de4-cb9ec21e4dc1'],size=1,snapshot_id=None,source_replicaid=,source_volid=None,status='creating',user_id='1fac43b31b1c4c11a8366bfad592538a',volume_type_id=4ee281e0-8307-4d71-b647-006e7fe0d065)}' {{(pid=116755) _task_receiver /usr/local/lib/python3.8/dist-packages/taskflow/listeners/logging.py:178}}
Jan 15 10:41:24.994023 dv-cinder-821602-12-smb devstack@c-api.service[116755]: DEBUG cinder.volume.api [None req-00132fa4-17cc-4f8a-b0eb-de53cfc9cc14 tempest-VolumesListAdminTestJSON-269070114 tempest-VolumesListAdminTestJSON-269070114-project] Task 'cinder.volume.flows.api.create_volume.VolumeCastTask;volume:create' (2f0bbdb3-6d6e-469b-a7eb-b2a0c85d5758) transitioned into state 'RUNNING' from state 'PENDING' {{(pid=116755) _task_receiver /usr/local/lib/python3.8/dist-packages/taskflow/listeners/logging.py:190}}
Jan 15 10:41:25.189832 dv-cinder-821602-12-smb devstack@c-api.service[116755]: DEBUG cinder.volume.api [None req-00132fa4-17cc-4f8a-b0eb-de53cfc9cc14 tempest-VolumesListAdminTestJSON-269070114 tempest-VolumesListAdminTestJSON-269070114-project] Task 'cinder.volume.flows.api.create_volume.VolumeCastTask;volume:create' (2f0bbdb3-6d6e-469b-a7eb-b2a0c85d5758) transitioned into state 'SUCCESS' from state 'RUNNING' with result 'None' {{(pid=116755) _task_receiver /usr/local/lib/python3.8/dist-packages/taskflow/listeners/logging.py:178}}
Jan 15 10:41:25.192502 dv-cinder-821602-12-smb devstack@c-api.service[116755]: DEBUG cinder.volume.api [None req-00132fa4-17cc-4f8a-b0eb-de53cfc9cc14 tempest-VolumesListAdminTestJSON-269070114 tempest-VolumesListAdminTestJSON-269070114-project] Flow 'volume_create_api' (3249979f-addb-469f-b658-97d5fcb99d5d) transitioned into state 'SUCCESS' from state 'RUNNING' {{(pid=116755) _flow_receiver /usr/local/lib/python3.8/dist-packages/taskflow/listeners/logging.py:141}}
Jan 15 10:41:25.193373 dv-cinder-821602-12-smb devstack@c-api.service[116755]: INFO cinder.volume.api [None req-00132fa4-17cc-4f8a-b0eb-de53cfc9cc14 tempest-VolumesListAdminTestJSON-269070114 tempest-VolumesListAdminTestJSON-269070114-project] Create volume request issued successfully.
Jan 15 10:41:25.194621 dv-cinder-821602-12-smb devstack@c-api.service[116755]: INFO cinder.api.openstack.wsgi [None req-00132fa4-17cc-4f8a-b0eb-de53cfc9cc14 tempest-VolumesListAdminTestJSON-269070114 tempest-VolumesListAdminTestJSON-269070114-project] http://10.222.0.26/volume/v3/0bdf0abc74f844c4a4d82eb402704771/volumes returned with HTTP 202
Jan 15 10:41:25.195480 dv-cinder-821602-12-smb devstack@c-api.service[116755]: [pid: 116755|app: 0|req: 76/157] 10.222.0.26 () {60 vars in 1234 bytes} [Sat Jan 15 10:41:24 2022] POST /volume/v3/0bdf0abc74f844c4a4d82eb402704771/volumes => generated 824 bytes in 778 msecs (HTTP/1.1 202) 7 headers in 291 bytes (1 switches on core 0)
Jan 15 10:41:25.213401 dv-cinder-821602-12-smb devstack@c-api.service[116756]: INFO cinder.api.openstack.wsgi [None req-e96ff2cd-1f06-4a3b-b862-cc2c5db2c052 tempest-VolumesListAdminTestJSON-269070114 tempest-VolumesListAdminTestJSON-269070114-project] GET http://10.222.0.26/volume/v3/0bdf0abc74f844c4a4d82eb402704771/volumes/4a9a855b-12b3-41ae-9f25-5511dcd5456e
Jan 15 10:41:25.213870 dv-cinder-821602-12-smb devstack@c-api.service[116756]: DEBUG cinder.api.openstack.wsgi [None req-e96ff2cd-1f06-4a3b-b862-cc2c5db2c052 tempest-VolumesListAdminTestJSON-269070114 tempest-VolumesListAdminTestJSON-269070114-project] Empty body provided in request {{(pid=116756) get_body /opt/stack/cinder/cinder/api/openstack/wsgi.py:715}}
Jan 15 10:41:25.214351 dv-cinder-821602-12-smb devstack@c-api.service[116756]: DEBUG cinder.api.openstack.wsgi [None req-e96ff2cd-1f06-4a3b-b862-cc2c5db2c052 tempest-VolumesListAdminTestJSON-269070114 tempest-VolumesListAdminTestJSON-269070114-project] Calling method 'show' {{(pid=116756) _process_stack /opt/stack/cinder/cinder/api/openstack/wsgi.py:868}}
Jan 15 10:41:25.229014 dv-cinder-821602-12-smb devstack@c-api.service[116756]: /usr/local/lib/python3.8/dist-packages/oslo_context/context.py:105: DeprecationWarning: Policy enforcement is depending on the value of is_admin. This key is deprecated. Please update your policy file to use the standard policy values.
Jan 15 10:41:25.229014 dv-cinder-821602-12-smb devstack@c-api.service[116756]: warnings.warn('Policy enforcement is depending on the value of '
Jan 15 10:41:25.236858 dv-cinder-821602-12-smb devstack@c-api.service[116756]: INFO cinder.volume.api [None req-e96ff2cd-1f06-4a3b-b862-cc2c5db2c052 tempest-VolumesListAdminTestJSON-269070114 tempest-VolumesListAdminTestJSON-269070114-project] Volume info retrieved successfully.
Jan 15 10:41:25.246275 dv-cinder-821602-12-smb devstack@c-api.service[116756]: INFO cinder.api.openstack.wsgi [None req-e96ff2cd-1f06-4a3b-b862-cc2c5db2c052 tempest-VolumesListAdminTestJSON-269070114 tempest-VolumesListAdminTestJSON-269070114-project] http://10.222.0.26/volume/v3/0bdf0abc74f844c4a4d82eb402704771/volumes/4a9a855b-12b3-41ae-9f25-5511dcd5456e returned with HTTP 200
Jan 15 10:41:25.247027 dv-cinder-821602-12-smb devstack@c-api.service[116756]: [pid: 116756|app: 0|req: 82/158] 10.222.0.26 () {58 vars in 1324 bytes} [Sat Jan 15 10:41:25 2022] GET /volume/v3/0bdf0abc74f844c4a4d82eb402704771/volumes/4a9a855b-12b3-41ae-9f25-5511dcd5456e => generated 892 bytes in 37 msecs (HTTP/1.1 200) 7 headers in 285 bytes (1 switches on core 0)
Jan 15 10:41:25.283322 dv-cinder-821602-12-smb devstack@c-api.service[116755]: INFO cinder.api.openstack.wsgi [None req-1b70499e-fa44-4c02-a744-73c1a970a50f tempest-DeleteServersTestJSON-1434842473 tempest-DeleteServersTestJSON-1434842473-project] GET http://10.222.0.26/volume/v3/fa5ed6683c5e4b49889115ffd4a32814/volumes/c021af17-e4d3-46d4-b7bd-182678334a90
Jan 15 10:41:25.283854 dv-cinder-821602-12-smb devstack@c-api.service[116755]: DEBUG cinder.api.openstack.wsgi [None req-1b70499e-fa44-4c02-a744-73c1a970a50f tempest-DeleteServersTestJSON-1434842473 tempest-DeleteServersTestJSON-1434842473-project] Empty body provided in request {{(pid=116755) get_body /opt/stack/cinder/cinder/api/openstack/wsgi.py:715}}
Jan 15 10:41:25.284590 dv-cinder-821602-12-smb devstack@c-api.service[116755]: DEBUG cinder.api.openstack.wsgi [None req-1b70499e-fa44-4c02-a744-73c1a970a50f tempest-DeleteServersTestJSON-1434842473 tempest-DeleteServersTestJSON-1434842473-project] Calling method 'show' {{(pid=116755) _process_stack /opt/stack/cinder/cinder/api/openstack/wsgi.py:868}}
Jan 15 10:41:25.298678 dv-cinder-821602-12-smb devstack@c-api.service[116755]: /usr/local/lib/python3.8/dist-packages/oslo_context/context.py:105: DeprecationWarning: Policy enforcement is depending on the value of is_admin. This key is deprecated. Please update your policy file to use the standard policy values.
Jan 15 10:41:25.298678 dv-cinder-821602-12-smb devstack@c-api.service[116755]: warnings.warn('Policy enforcement is depending on the value of '
Jan 15 10:41:25.308390 dv-cinder-821602-12-smb devstack@c-api.service[116755]: INFO cinder.volume.api [None req-1b70499e-fa44-4c02-a744-73c1a970a50f tempest-DeleteServersTestJSON-1434842473 tempest-DeleteServersTestJSON-1434842473-project] Volume info retrieved successfully.
Jan 15 10:41:25.318670 dv-cinder-821602-12-smb devstack@c-api.service[116755]: INFO cinder.api.openstack.wsgi [None req-1b70499e-fa44-4c02-a744-73c1a970a50f tempest-DeleteServersTestJSON-1434842473 tempest-DeleteServersTestJSON-1434842473-project] http://10.222.0.26/volume/v3/fa5ed6683c5e4b49889115ffd4a32814/volumes/c021af17-e4d3-46d4-b7bd-182678334a90 returned with HTTP 200
Jan 15 10:41:25.329086 dv-cinder-821602-12-smb devstack@c-api.service[116755]: [pid: 116755|app: 0|req: 77/159] 10.222.0.26 () {58 vars in 1324 bytes} [Sat Jan 15 10:41:25 2022] GET /volume/v3/fa5ed6683c5e4b49889115ffd4a32814/volumes/c021af17-e4d3-46d4-b7bd-182678334a90 => generated 914 bytes in 50 msecs (HTTP/1.1 200) 7 headers in 285 bytes (1 switches on core 0)
Jan 15 10:41:25.381528 dv-cinder-821602-12-smb devstack@c-api.service[116756]: INFO cinder.api.openstack.wsgi [None req-5b922e4f-1364-4330-9190-24ac0beb4093 tempest-GroupsV314Test-1333736435 tempest-GroupsV314Test-1333736435-project] GET http://10.222.0.26/volume/v3/dc0f9d0e339e47e092003488161f0244/volumes/acf9c9bb-7297-4c36-9abe-768d9f6e15a8
Jan 15 10:41:25.382066 dv-cinder-821602-12-smb devstack@c-api.service[116756]: DEBUG cinder.api.openstack.wsgi [None req-5b922e4f-1364-4330-9190-24ac0beb4093 tempest-GroupsV314Test-1333736435 tempest-GroupsV314Test-1333736435-project] Empty body provided in request {{(pid=116756) get_body /opt/stack/cinder/cinder/api/openstack/wsgi.py:715}}
Jan 15 10:41:25.382522 dv-cinder-821602-12-smb devstack@c-api.service[116756]: DEBUG cinder.api.openstack.wsgi [None req-5b922e4f-1364-4330-9190-24ac0beb4093 tempest-GroupsV314Test-1333736435 tempest-GroupsV314Test-1333736435-project] Calling method 'show' {{(pid=116756) _process_stack /opt/stack/cinder/cinder/api/openstack/wsgi.py:868}}
Jan 15 10:41:25.398589 dv-cinder-821602-12-smb devstack@c-api.service[116756]: /usr/local/lib/python3.8/dist-packages/oslo_context/context.py:105: DeprecationWarning: Policy enforcement is depending on the value of is_admin. This key is deprecated. Please update your policy file to use the standard policy values.
Jan 15 10:41:25.398589 dv-cinder-821602-12-smb devstack@c-api.service[116756]: warnings.warn('Policy enforcement is depending on the value of '
Jan 15 10:41:25.406991 dv-cinder-821602-12-smb devstack@c-api.service[116756]: INFO cinder.volume.api [None req-5b922e4f-1364-4330-9190-24ac0beb4093 tempest-GroupsV314Test-1333736435 tempest-GroupsV314Test-1333736435-project] Volume info retrieved successfully.
Jan 15 10:41:25.408632 dv-cinder-821602-12-smb devstack@c-api.service[116756]: WARNING stevedore.named [None req-5b922e4f-1364-4330-9190-24ac0beb4093 tempest-GroupsV314Test-1333736435 tempest-GroupsV314Test-1333736435-project] Could not load cinder.keymgr.conf_key_mgr.ConfKeyManager
Jan 15 10:41:25.409113 dv-cinder-821602-12-smb devstack@c-api.service[116756]: WARNING castellan.key_manager [None req-5b922e4f-1364-4330-9190-24ac0beb4093 tempest-GroupsV314Test-1333736435 tempest-GroupsV314Test-1333736435-project] Deprecation Warning : cinder.keymgr.conf_key_mgr.ConfKeyManager is not a stevedore based driver, trying to load it as a class: stevedore.exception.NoMatches: No 'castellan.drivers' driver found, looking for 'cinder.keymgr.conf_key_mgr.ConfKeyManager'
Jan 15 10:41:25.418000 dv-cinder-821602-12-smb devstack@c-api.service[116756]: DEBUG oslo_db.sqlalchemy.engines [None req-5b922e4f-1364-4330-9190-24ac0beb4093 tempest-GroupsV314Test-1333736435 tempest-GroupsV314Test-1333736435-project] MySQL server mode set to STRICT_TRANS_TABLES,STRICT_ALL_TABLES,NO_ZERO_IN_DATE,NO_ZERO_DATE,ERROR_FOR_DIVISION_BY_ZERO,TRADITIONAL,NO_ENGINE_SUBSTITUTION {{(pid=116756) _check_effective_sql_mode /usr/local/lib/python3.8/dist-packages/oslo_db/sqlalchemy/engines.py:314}}
Jan 15 10:41:25.425963 dv-cinder-821602-12-smb devstack@c-api.service[116756]: /usr/local/lib/python3.8/dist-packages/oslo_context/context.py:105: DeprecationWarning: Policy enforcement is depending on the value of is_admin. This key is deprecated. Please update your policy file to use the standard policy values.
Jan 15 10:41:25.425963 dv-cinder-821602-12-smb devstack@c-api.service[116756]: warnings.warn('Policy enforcement is depending on the value of '
Jan 15 10:41:25.443238 dv-cinder-821602-12-smb devstack@c-api.service[116755]: WARNING keystonemiddleware.auth_token [None req-1b70499e-fa44-4c02-a744-73c1a970a50f tempest-DeleteServersTestJSON-1434842473 tempest-DeleteServersTestJSON-1434842473-project] A valid token was submitted as a service token, but it was not a valid service token. This is incorrect but backwards compatible behaviour. This will be removed in future releases.
Jan 15 10:41:25.443761 dv-cinder-821602-12-smb devstack@c-api.service[116756]: INFO cinder.api.openstack.wsgi [None req-5b922e4f-1364-4330-9190-24ac0beb4093 tempest-GroupsV314Test-1333736435 tempest-GroupsV314Test-1333736435-project] http://10.222.0.26/volume/v3/dc0f9d0e339e47e092003488161f0244/volumes/acf9c9bb-7297-4c36-9abe-768d9f6e15a8 returned with HTTP 200
Jan 15 10:41:25.444164 dv-cinder-821602-12-smb devstack@c-api.service[116756]: [pid: 116756|app: 0|req: 83/160] 10.222.0.26 () {60 vars in 1365 bytes} [Sat Jan 15 10:41:25 2022] GET /volume/v3/dc0f9d0e339e47e092003488161f0244/volumes/acf9c9bb-7297-4c36-9abe-768d9f6e15a8 => generated 993 bytes in 67 msecs (HTTP/1.1 200) 7 headers in 286 bytes (2 switches on core 0)
Jan 15 10:41:25.446740 dv-cinder-821602-12-smb devstack@c-api.service[116755]: INFO cinder.api.openstack.wsgi [req-61877590-090d-4af3-af79-441f0d49b2a5 req-b3422381-205b-4850-8cb5-33bf659f895f tempest-DeleteServersTestJSON-1434842473 tempest-DeleteServersTestJSON-1434842473-project] GET http://10.222.0.26/volume/v3/fa5ed6683c5e4b49889115ffd4a32814/volumes/c021af17-e4d3-46d4-b7bd-182678334a90
Jan 15 10:41:25.447498 dv-cinder-821602-12-smb devstack@c-api.service[116755]: DEBUG cinder.api.openstack.wsgi [req-61877590-090d-4af3-af79-441f0d49b2a5 req-b3422381-205b-4850-8cb5-33bf659f895f tempest-DeleteServersTestJSON-1434842473 tempest-DeleteServersTestJSON-1434842473-project] Empty body provided in request {{(pid=116755) get_body /opt/stack/cinder/cinder/api/openstack/wsgi.py:715}}
Jan 15 10:41:25.447975 dv-cinder-821602-12-smb devstack@c-api.service[116755]: DEBUG cinder.api.openstack.wsgi [req-61877590-090d-4af3-af79-441f0d49b2a5 req-b3422381-205b-4850-8cb5-33bf659f895f tempest-DeleteServersTestJSON-1434842473 tempest-DeleteServersTestJSON-1434842473-project] Calling method 'show' {{(pid=116755) _process_stack /opt/stack/cinder/cinder/api/openstack/wsgi.py:868}}
Jan 15 10:41:25.462645 dv-cinder-821602-12-smb devstack@c-api.service[116756]: INFO cinder.api.openstack.wsgi [None req-ccf520d3-ae47-499e-9720-765535b94b23 tempest-GroupsV314Test-1333736435 tempest-GroupsV314Test-1333736435-project] POST http://10.222.0.26/volume/v3/dc0f9d0e339e47e092003488161f0244/groups/action
Jan 15 10:41:25.463892 dv-cinder-821602-12-smb devstack@c-api.service[116756]: DEBUG cinder.api.openstack.wsgi [None req-ccf520d3-ae47-499e-9720-765535b94b23 tempest-GroupsV314Test-1333736435 tempest-GroupsV314Test-1333736435-project] Action body: b'{"create-from-src": {"source_group_id": "acb4fb9b-99f4-4e98-8f14-4b387ca4c715", "name": "tempest-Group_from_grp-806095668"}}' {{(pid=116756) get_method /opt/stack/cinder/cinder/api/openstack/wsgi.py:983}}
Jan 15 10:41:25.464542 dv-cinder-821602-12-smb devstack@c-api.service[116756]: DEBUG cinder.api.openstack.wsgi [None req-ccf520d3-ae47-499e-9720-765535b94b23 tempest-GroupsV314Test-1333736435 tempest-GroupsV314Test-1333736435-project] Action: 'action', calling method: version_select, body: {"create-from-src": {"source_group_id": "acb4fb9b-99f4-4e98-8f14-4b387ca4c715", "name": "tempest-Group_from_grp-806095668"}} {{(pid=116756) _process_stack /opt/stack/cinder/cinder/api/openstack/wsgi.py:866}}
Jan 15 10:41:25.468890 dv-cinder-821602-12-smb devstack@c-api.service[116755]: /usr/local/lib/python3.8/dist-packages/oslo_context/context.py:105: DeprecationWarning: Policy enforcement is depending on the value of is_admin. This key is deprecated. Please update your policy file to use the standard policy values.
Jan 15 10:41:25.468890 dv-cinder-821602-12-smb devstack@c-api.service[116755]: warnings.warn('Policy enforcement is depending on the value of '
Jan 15 10:41:25.471395 dv-cinder-821602-12-smb devstack@c-api.service[116756]: DEBUG cinder.api.v3.groups [None req-ccf520d3-ae47-499e-9720-765535b94b23 tempest-GroupsV314Test-1333736435 tempest-GroupsV314Test-1333736435-project] Creating new group {'create-from-src': {'source_group_id': 'acb4fb9b-99f4-4e98-8f14-4b387ca4c715', 'name': 'tempest-Group_from_grp-806095668'}}. {{(pid=116756) create_from_src /opt/stack/cinder/cinder/api/v3/groups.py:236}}
Jan 15 10:41:25.471888 dv-cinder-821602-12-smb devstack@c-api.service[116756]: INFO cinder.api.v3.groups [None req-ccf520d3-ae47-499e-9720-765535b94b23 tempest-GroupsV314Test-1333736435 tempest-GroupsV314Test-1333736435-project] Creating group tempest-Group_from_grp-806095668 from source group acb4fb9b-99f4-4e98-8f14-4b387ca4c715.
Jan 15 10:41:25.475854 dv-cinder-821602-12-smb devstack@c-api.service[116755]: INFO cinder.volume.api [req-61877590-090d-4af3-af79-441f0d49b2a5 req-b3422381-205b-4850-8cb5-33bf659f895f tempest-DeleteServersTestJSON-1434842473 tempest-DeleteServersTestJSON-1434842473-project] Volume info retrieved successfully.
Jan 15 10:41:25.478364 dv-cinder-821602-12-smb devstack@c-api.service[116756]: /usr/local/lib/python3.8/dist-packages/oslo_context/context.py:105: DeprecationWarning: Policy enforcement is depending on the value of is_admin. This key is deprecated. Please update your policy file to use the standard policy values.
Jan 15 10:41:25.478364 dv-cinder-821602-12-smb devstack@c-api.service[116756]: warnings.warn('Policy enforcement is depending on the value of '
Jan 15 10:41:25.488811 dv-cinder-821602-12-smb devstack@c-api.service[116755]: INFO cinder.api.openstack.wsgi [req-61877590-090d-4af3-af79-441f0d49b2a5 req-b3422381-205b-4850-8cb5-33bf659f895f tempest-DeleteServersTestJSON-1434842473 tempest-DeleteServersTestJSON-1434842473-project] http://10.222.0.26/volume/v3/fa5ed6683c5e4b49889115ffd4a32814/volumes/c021af17-e4d3-46d4-b7bd-182678334a90 returned with HTTP 200
Jan 15 10:41:25.491383 dv-cinder-821602-12-smb devstack@c-api.service[116755]: [pid: 116755|app: 0|req: 78/161] 10.222.0.26 () {60 vars in 1578 bytes} [Sat Jan 15 10:41:25 2022] GET /volume/v3/fa5ed6683c5e4b49889115ffd4a32814/volumes/c021af17-e4d3-46d4-b7bd-182678334a90 => generated 914 bytes in 50 msecs (HTTP/1.1 200) 7 headers in 285 bytes (1 switches on core 0)
Jan 15 10:41:25.498949 dv-cinder-821602-12-smb devstack@c-api.service[116756]: /usr/local/lib/python3.8/dist-packages/oslo_context/context.py:105: DeprecationWarning: Policy enforcement is depending on the value of is_admin. This key is deprecated. Please update your policy file to use the standard policy values.
Jan 15 10:41:25.498949 dv-cinder-821602-12-smb devstack@c-api.service[116756]: warnings.warn('Policy enforcement is depending on the value of '
Jan 15 10:41:25.502630 dv-cinder-821602-12-smb devstack@c-api.service[116755]: INFO cinder.api.openstack.wsgi [None req-b32faf57-a56b-4888-9ebf-b49043b4b491 tempest-AttachVolumeNegativeTest-561213382 tempest-AttachVolumeNegativeTest-561213382-project] GET http://10.222.0.26/volume/v3/d97ec8d0fc1c4df6b71900c73e07176b/volumes/42ca4fbb-6b83-464f-bd2d-a1d187098e49
Jan 15 10:41:25.502969 dv-cinder-821602-12-smb devstack@c-api.service[116755]: DEBUG cinder.api.openstack.wsgi [None req-b32faf57-a56b-4888-9ebf-b49043b4b491 tempest-AttachVolumeNegativeTest-561213382 tempest-AttachVolumeNegativeTest-561213382-project] Empty body provided in request {{(pid=116755) get_body /opt/stack/cinder/cinder/api/openstack/wsgi.py:715}}
Jan 15 10:41:25.504491 dv-cinder-821602-12-smb devstack@c-api.service[116755]: DEBUG cinder.api.openstack.wsgi [None req-b32faf57-a56b-4888-9ebf-b49043b4b491 tempest-AttachVolumeNegativeTest-561213382 tempest-AttachVolumeNegativeTest-561213382-project] Calling method 'show' {{(pid=116755) _process_stack /opt/stack/cinder/cinder/api/openstack/wsgi.py:868}}
Jan 15 10:41:25.526778 dv-cinder-821602-12-smb devstack@c-api.service[116755]: /usr/local/lib/python3.8/dist-packages/oslo_context/context.py:105: DeprecationWarning: Policy enforcement is depending on the value of is_admin. This key is deprecated. Please update your policy file to use the standard policy values.
Jan 15 10:41:25.526778 dv-cinder-821602-12-smb devstack@c-api.service[116755]: warnings.warn('Policy enforcement is depending on the value of '
Jan 15 10:41:25.537362 dv-cinder-821602-12-smb devstack@c-api.service[116755]: INFO cinder.volume.api [None req-b32faf57-a56b-4888-9ebf-b49043b4b491 tempest-AttachVolumeNegativeTest-561213382 tempest-AttachVolumeNegativeTest-561213382-project] Volume info retrieved successfully.
Jan 15 10:41:25.550213 dv-cinder-821602-12-smb devstack@c-api.service[116755]: INFO cinder.api.openstack.wsgi [None req-b32faf57-a56b-4888-9ebf-b49043b4b491 tempest-AttachVolumeNegativeTest-561213382 tempest-AttachVolumeNegativeTest-561213382-project] http://10.222.0.26/volume/v3/d97ec8d0fc1c4df6b71900c73e07176b/volumes/42ca4fbb-6b83-464f-bd2d-a1d187098e49 returned with HTTP 200
Jan 15 10:41:25.551728 dv-cinder-821602-12-smb devstack@c-api.service[116755]: [pid: 116755|app: 0|req: 79/162] 10.222.0.26 () {58 vars in 1324 bytes} [Sat Jan 15 10:41:25 2022] GET /volume/v3/d97ec8d0fc1c4df6b71900c73e07176b/volumes/42ca4fbb-6b83-464f-bd2d-a1d187098e49 => generated 917 bytes in 56 msecs (HTTP/1.1 200) 7 headers in 285 bytes (1 switches on core 0)
Jan 15 10:41:25.708439 dv-cinder-821602-12-smb devstack@c-api.service[116756]: DEBUG cinder.quota [None req-ccf520d3-ae47-499e-9720-765535b94b23 tempest-GroupsV314Test-1333736435 tempest-GroupsV314Test-1333736435-project] Created reservations ['6ecdcc38-3156-4a63-9dce-9b9148f6627d'] {{(pid=116756) reserve /opt/stack/cinder/cinder/quota.py:755}}
Jan 15 10:41:25.815433 dv-cinder-821602-12-smb devstack@c-api.service[116755]: INFO cinder.api.openstack.wsgi [None req-b32faf57-a56b-4888-9ebf-b49043b4b491 tempest-AttachVolumeNegativeTest-561213382 tempest-AttachVolumeNegativeTest-561213382-project] GET http://10.222.0.26/volume//
Jan 15 10:41:25.816247 dv-cinder-821602-12-smb devstack@c-api.service[116755]: DEBUG cinder.api.openstack.wsgi [None req-b32faf57-a56b-4888-9ebf-b49043b4b491 tempest-AttachVolumeNegativeTest-561213382 tempest-AttachVolumeNegativeTest-561213382-project] Empty body provided in request {{(pid=116755) get_body /opt/stack/cinder/cinder/api/openstack/wsgi.py:715}}
Jan 15 10:41:25.819104 dv-cinder-821602-12-smb devstack@c-api.service[116755]: DEBUG cinder.api.openstack.wsgi [None req-b32faf57-a56b-4888-9ebf-b49043b4b491 tempest-AttachVolumeNegativeTest-561213382 tempest-AttachVolumeNegativeTest-561213382-project] Calling method 'all' {{(pid=116755) _process_stack /opt/stack/cinder/cinder/api/openstack/wsgi.py:868}}
Jan 15 10:41:25.820649 dv-cinder-821602-12-smb devstack@c-api.service[116755]: INFO cinder.api.openstack.wsgi [None req-b32faf57-a56b-4888-9ebf-b49043b4b491 tempest-AttachVolumeNegativeTest-561213382 tempest-AttachVolumeNegativeTest-561213382-project] http://10.222.0.26/volume// returned with HTTP 300
Jan 15 10:41:25.823383 dv-cinder-821602-12-smb devstack@c-api.service[116755]: [pid: 116755|app: 0|req: 80/163] 10.222.0.26 () {58 vars in 1299 bytes} [Sat Jan 15 10:41:25 2022] GET /volume/ => generated 386 bytes in 12 msecs (HTTP/1.1 300) 5 headers in 169 bytes (1 switches on core 0)
Jan 15 10:41:25.837610 dv-cinder-821602-12-smb devstack@c-api.service[116755]: INFO cinder.api.openstack.wsgi [req-61877590-090d-4af3-af79-441f0d49b2a5 req-6dd8218d-e085-4781-8f36-8319c50bf152 tempest-DeleteServersTestJSON-1434842473 tempest-DeleteServersTestJSON-1434842473-project] POST http://10.222.0.26/volume/v3/fa5ed6683c5e4b49889115ffd4a32814/attachments
Jan 15 10:41:25.838027 dv-cinder-821602-12-smb devstack@c-api.service[116755]: DEBUG cinder.api.openstack.wsgi [req-61877590-090d-4af3-af79-441f0d49b2a5 req-6dd8218d-e085-4781-8f36-8319c50bf152 tempest-DeleteServersTestJSON-1434842473 tempest-DeleteServersTestJSON-1434842473-project] Action: 'create', calling method: version_select, body: {"attachment": {"volume_uuid": "c021af17-e4d3-46d4-b7bd-182678334a90", "connector": null, "instance_uuid": "d54e8721-f5e6-4d87-993c-eef03b79de24"}} {{(pid=116755) _process_stack /opt/stack/cinder/cinder/api/openstack/wsgi.py:866}}
Jan 15 10:41:25.859440 dv-cinder-821602-12-smb devstack@c-api.service[116755]: /usr/local/lib/python3.8/dist-packages/oslo_context/context.py:105: DeprecationWarning: Policy enforcement is depending on the value of is_admin. This key is deprecated. Please update your policy file to use the standard policy values.
Jan 15 10:41:25.859440 dv-cinder-821602-12-smb devstack@c-api.service[116755]: warnings.warn('Policy enforcement is depending on the value of '
Jan 15 10:41:26.065940 dv-cinder-821602-12-smb devstack@c-api.service[116756]: INFO cinder.group.api [None req-ccf520d3-ae47-499e-9720-765535b94b23 tempest-GroupsV314Test-1333736435 tempest-GroupsV314Test-1333736435-project] A mapping entry already exists for group c9d7546b-6617-448e-837d-7dd1e8dab7c5 and volume type 27fb6994-9fcd-476c-9c04-fb33d0211620. Do not need to create again.
Jan 15 10:41:26.066787 dv-cinder-821602-12-smb devstack@c-api.service[116756]: /usr/local/lib/python3.8/dist-packages/oslo_context/context.py:105: DeprecationWarning: Policy enforcement is depending on the value of is_admin. This key is deprecated. Please update your policy file to use the standard policy values.
Jan 15 10:41:26.066787 dv-cinder-821602-12-smb devstack@c-api.service[116756]: warnings.warn('Policy enforcement is depending on the value of '
Jan 15 10:41:26.068069 dv-cinder-821602-12-smb devstack@c-api.service[116756]: INFO cinder.volume.api [None req-ccf520d3-ae47-499e-9720-765535b94b23 tempest-GroupsV314Test-1333736435 tempest-GroupsV314Test-1333736435-project] Availability Zones retrieved successfully.
Jan 15 10:41:26.081659 dv-cinder-821602-12-smb devstack@c-api.service[116756]: DEBUG cinder.volume.api [None req-ccf520d3-ae47-499e-9720-765535b94b23 tempest-GroupsV314Test-1333736435 tempest-GroupsV314Test-1333736435-project] Flow 'volume_create_api' (b1c35749-28f5-4ad1-afe0-24c5186f6b49) transitioned into state 'RUNNING' from state 'PENDING' {{(pid=116756) _flow_receiver /usr/local/lib/python3.8/dist-packages/taskflow/listeners/logging.py:141}}
Jan 15 10:41:26.084093 dv-cinder-821602-12-smb devstack@c-api.service[116756]: DEBUG cinder.volume.api [None req-ccf520d3-ae47-499e-9720-765535b94b23 tempest-GroupsV314Test-1333736435 tempest-GroupsV314Test-1333736435-project] Task 'cinder.volume.flows.api.create_volume.ExtractVolumeRequestTask;volume:create' (fdf38ded-3274-4e6e-bd78-bda6413a4cf5) transitioned into state 'RUNNING' from state 'PENDING' {{(pid=116756) _task_receiver /usr/local/lib/python3.8/dist-packages/taskflow/listeners/logging.py:190}}
Jan 15 10:41:26.086769 dv-cinder-821602-12-smb devstack@c-api.service[116756]: DEBUG cinder.volume.flows.api.create_volume [None req-ccf520d3-ae47-499e-9720-765535b94b23 tempest-GroupsV314Test-1333736435 tempest-GroupsV314Test-1333736435-project] Validating volume size '1' using validate_int, validate_source_size {{(pid=116756) _extract_size /opt/stack/cinder/cinder/volume/flows/api/create_volume.py:225}}
Jan 15 10:41:26.112643 dv-cinder-821602-12-smb devstack@c-api.service[116756]: DEBUG cinder.volume.api [None req-ccf520d3-ae47-499e-9720-765535b94b23 tempest-GroupsV314Test-1333736435 tempest-GroupsV314Test-1333736435-project] Task 'cinder.volume.flows.api.create_volume.ExtractVolumeRequestTask;volume:create' (fdf38ded-3274-4e6e-bd78-bda6413a4cf5) transitioned into state 'SUCCESS' from state 'RUNNING' with result '{'size': 1, 'snapshot_id': None, 'source_volid': 'acf9c9bb-7297-4c36-9abe-768d9f6e15a8', 'volume_type': VolumeType(created_at=2022-01-15T10:41:20Z,deleted=False,deleted_at=None,description=None,extra_specs={},id=27fb6994-9fcd-476c-9c04-fb33d0211620,is_public=True,name='tempest-GroupsV314Test-volume-type-1481750548',projects=[],qos_specs=,qos_specs_id=None,updated_at=None), 'volume_type_id': '27fb6994-9fcd-476c-9c04-fb33d0211620', 'encryption_key_id': None, 'qos_specs': None, 'consistencygroup_id': None, 'cgsnapshot_id': None, 'group_id': 'c9d7546b-6617-448e-837d-7dd1e8dab7c5', 'replication_status': 'disabled', 'refresh_az': False, 'backup_id': None, 'multiattach': False, 'availability_zones': ['nova']}' {{(pid=116756) _task_receiver /usr/local/lib/python3.8/dist-packages/taskflow/listeners/logging.py:178}}
Jan 15 10:41:26.114877 dv-cinder-821602-12-smb devstack@c-api.service[116756]: DEBUG cinder.volume.api [None req-ccf520d3-ae47-499e-9720-765535b94b23 tempest-GroupsV314Test-1333736435 tempest-GroupsV314Test-1333736435-project] Task 'cinder.volume.flows.api.create_volume.QuotaReserveTask;volume:create' (0acd6591-4ed8-485e-9397-acb968205f9f) transitioned into state 'RUNNING' from state 'PENDING' {{(pid=116756) _task_receiver /usr/local/lib/python3.8/dist-packages/taskflow/listeners/logging.py:190}}
Jan 15 10:41:26.150617 dv-cinder-821602-12-smb devstack@c-api.service[116756]: WARNING cinder.quota [None req-ccf520d3-ae47-499e-9720-765535b94b23 tempest-GroupsV314Test-1333736435 tempest-GroupsV314Test-1333736435-project] Deprecated: Default quota for resource: volumes_tempest-GroupsV314Test-volume-type-1481750548 is set by the default quota flag: quota_volumes_tempest-GroupsV314Test-volume-type-1481750548, it is now deprecated. Please use the default quota class for default quota.
Jan 15 10:41:26.151630 dv-cinder-821602-12-smb devstack@c-api.service[116756]: WARNING cinder.quota [None req-ccf520d3-ae47-499e-9720-765535b94b23 tempest-GroupsV314Test-1333736435 tempest-GroupsV314Test-1333736435-project] Deprecated: Default quota for resource: gigabytes_tempest-GroupsV314Test-volume-type-1481750548 is set by the default quota flag: quota_gigabytes_tempest-GroupsV314Test-volume-type-1481750548, it is now deprecated. Please use the default quota class for default quota.
Jan 15 10:41:26.244385 dv-cinder-821602-12-smb devstack@c-api.service[116755]: INFO cinder.api.openstack.wsgi [req-61877590-090d-4af3-af79-441f0d49b2a5 req-6dd8218d-e085-4781-8f36-8319c50bf152 tempest-DeleteServersTestJSON-1434842473 tempest-DeleteServersTestJSON-1434842473-project] http://10.222.0.26/volume/v3/fa5ed6683c5e4b49889115ffd4a32814/attachments returned with HTTP 200
Jan 15 10:41:26.249030 dv-cinder-821602-12-smb devstack@c-api.service[116755]: [pid: 116755|app: 0|req: 81/164] 10.222.0.26 () {66 vars in 1574 bytes} [Sat Jan 15 10:41:25 2022] POST /volume/v3/fa5ed6683c5e4b49889115ffd4a32814/attachments => generated 273 bytes in 416 msecs (HTTP/1.1 200) 7 headers in 286 bytes (2 switches on core 0)
Jan 15 10:41:26.250913 dv-cinder-821602-12-smb devstack@c-api.service[116755]: INFO cinder.api.openstack.wsgi [req-f6483e18-d855-42fc-8f99-de09fcbab4a6 req-8e4e3e29-9b51-4518-ab06-35aebd0f6edc tempest-AttachVolumeNegativeTest-561213382 tempest-AttachVolumeNegativeTest-561213382-project] GET http://10.222.0.26/volume/v3/d97ec8d0fc1c4df6b71900c73e07176b/volumes/42ca4fbb-6b83-464f-bd2d-a1d187098e49
Jan 15 10:41:26.251381 dv-cinder-821602-12-smb devstack@c-api.service[116755]: DEBUG cinder.api.openstack.wsgi [req-f6483e18-d855-42fc-8f99-de09fcbab4a6 req-8e4e3e29-9b51-4518-ab06-35aebd0f6edc tempest-AttachVolumeNegativeTest-561213382 tempest-AttachVolumeNegativeTest-561213382-project] Empty body provided in request {{(pid=116755) get_body /opt/stack/cinder/cinder/api/openstack/wsgi.py:715}}
Jan 15 10:41:26.251843 dv-cinder-821602-12-smb devstack@c-api.service[116755]: DEBUG cinder.api.openstack.wsgi [req-f6483e18-d855-42fc-8f99-de09fcbab4a6 req-8e4e3e29-9b51-4518-ab06-35aebd0f6edc tempest-AttachVolumeNegativeTest-561213382 tempest-AttachVolumeNegativeTest-561213382-project] Calling method 'show' {{(pid=116755) _process_stack /opt/stack/cinder/cinder/api/openstack/wsgi.py:868}}
Jan 15 10:41:26.267292 dv-cinder-821602-12-smb devstack@c-api.service[116755]: /usr/local/lib/python3.8/dist-packages/oslo_context/context.py:105: DeprecationWarning: Policy enforcement is depending on the value of is_admin. This key is deprecated. Please update your policy file to use the standard policy values.
Jan 15 10:41:26.267292 dv-cinder-821602-12-smb devstack@c-api.service[116755]: warnings.warn('Policy enforcement is depending on the value of '
Jan 15 10:41:26.272984 dv-cinder-821602-12-smb devstack@c-api.service[116756]: DEBUG cinder.quota [None req-ccf520d3-ae47-499e-9720-765535b94b23 tempest-GroupsV314Test-1333736435 tempest-GroupsV314Test-1333736435-project] Created reservations ['ebf9a1ab-7a45-48b1-bbca-9dfe7743e8f6', '14ec9ace-2df9-4e90-bed0-4baff4090200', '9323766e-2b69-48a2-9234-aea543dec67a', '6123fe00-af84-491b-8e69-4a247ec04d72'] {{(pid=116756) reserve /opt/stack/cinder/cinder/quota.py:755}}
Jan 15 10:41:26.275334 dv-cinder-821602-12-smb devstack@c-api.service[116756]: DEBUG cinder.volume.api [None req-ccf520d3-ae47-499e-9720-765535b94b23 tempest-GroupsV314Test-1333736435 tempest-GroupsV314Test-1333736435-project] Task 'cinder.volume.flows.api.create_volume.QuotaReserveTask;volume:create' (0acd6591-4ed8-485e-9397-acb968205f9f) transitioned into state 'SUCCESS' from state 'RUNNING' with result '{'reservations': ['ebf9a1ab-7a45-48b1-bbca-9dfe7743e8f6', '14ec9ace-2df9-4e90-bed0-4baff4090200', '9323766e-2b69-48a2-9234-aea543dec67a', '6123fe00-af84-491b-8e69-4a247ec04d72']}' {{(pid=116756) _task_receiver /usr/local/lib/python3.8/dist-packages/taskflow/listeners/logging.py:178}}
Jan 15 10:41:26.276813 dv-cinder-821602-12-smb devstack@c-api.service[116755]: INFO cinder.volume.api [req-f6483e18-d855-42fc-8f99-de09fcbab4a6 req-8e4e3e29-9b51-4518-ab06-35aebd0f6edc tempest-AttachVolumeNegativeTest-561213382 tempest-AttachVolumeNegativeTest-561213382-project] Volume info retrieved successfully.
Jan 15 10:41:26.277664 dv-cinder-821602-12-smb devstack@c-api.service[116756]: DEBUG cinder.volume.api [None req-ccf520d3-ae47-499e-9720-765535b94b23 tempest-GroupsV314Test-1333736435 tempest-GroupsV314Test-1333736435-project] Task 'cinder.volume.flows.api.create_volume.EntryCreateTask;volume:create' (9f3cf659-7ecd-4324-942f-ff726c7a4c51) transitioned into state 'RUNNING' from state 'PENDING' {{(pid=116756) _task_receiver /usr/local/lib/python3.8/dist-packages/taskflow/listeners/logging.py:190}}
Jan 15 10:41:26.292205 dv-cinder-821602-12-smb devstack@c-api.service[116755]: INFO cinder.api.openstack.wsgi [req-f6483e18-d855-42fc-8f99-de09fcbab4a6 req-8e4e3e29-9b51-4518-ab06-35aebd0f6edc tempest-AttachVolumeNegativeTest-561213382 tempest-AttachVolumeNegativeTest-561213382-project] http://10.222.0.26/volume/v3/d97ec8d0fc1c4df6b71900c73e07176b/volumes/42ca4fbb-6b83-464f-bd2d-a1d187098e49 returned with HTTP 200
Jan 15 10:41:26.296940 dv-cinder-821602-12-smb devstack@c-api.service[116755]: [pid: 116755|app: 0|req: 82/165] 10.222.0.26 () {60 vars in 1578 bytes} [Sat Jan 15 10:41:26 2022] GET /volume/v3/d97ec8d0fc1c4df6b71900c73e07176b/volumes/42ca4fbb-6b83-464f-bd2d-a1d187098e49 => generated 917 bytes in 48 msecs (HTTP/1.1 200) 7 headers in 285 bytes (1 switches on core 0)
Jan 15 10:41:26.301907 dv-cinder-821602-12-smb devstack@c-api.service[116755]: INFO cinder.api.openstack.wsgi [None req-fadb921b-25cd-4de0-84c7-b4f97d46539f tempest-VolumesListAdminTestJSON-269070114 tempest-VolumesListAdminTestJSON-269070114-project] GET http://10.222.0.26/volume/v3/0bdf0abc74f844c4a4d82eb402704771/volumes/4a9a855b-12b3-41ae-9f25-5511dcd5456e
Jan 15 10:41:26.302729 dv-cinder-821602-12-smb devstack@c-api.service[116755]: DEBUG cinder.api.openstack.wsgi [None req-fadb921b-25cd-4de0-84c7-b4f97d46539f tempest-VolumesListAdminTestJSON-269070114 tempest-VolumesListAdminTestJSON-269070114-project] Empty body provided in request {{(pid=116755) get_body /opt/stack/cinder/cinder/api/openstack/wsgi.py:715}}
Jan 15 10:41:26.303556 dv-cinder-821602-12-smb devstack@c-api.service[116755]: DEBUG cinder.api.openstack.wsgi [None req-fadb921b-25cd-4de0-84c7-b4f97d46539f tempest-VolumesListAdminTestJSON-269070114 tempest-VolumesListAdminTestJSON-269070114-project] Calling method 'show' {{(pid=116755) _process_stack /opt/stack/cinder/cinder/api/openstack/wsgi.py:868}}
Jan 15 10:41:26.320993 dv-cinder-821602-12-smb devstack@c-api.service[116755]: /usr/local/lib/python3.8/dist-packages/oslo_context/context.py:105: DeprecationWarning: Policy enforcement is depending on the value of is_admin. This key is deprecated. Please update your policy file to use the standard policy values.
Jan 15 10:41:26.320993 dv-cinder-821602-12-smb devstack@c-api.service[116755]: warnings.warn('Policy enforcement is depending on the value of '
Jan 15 10:41:26.333357 dv-cinder-821602-12-smb devstack@c-api.service[116755]: INFO cinder.volume.api [None req-fadb921b-25cd-4de0-84c7-b4f97d46539f tempest-VolumesListAdminTestJSON-269070114 tempest-VolumesListAdminTestJSON-269070114-project] Volume info retrieved successfully.
Jan 15 10:41:26.344908 dv-cinder-821602-12-smb devstack@c-api.service[116755]: INFO cinder.api.openstack.wsgi [None req-fadb921b-25cd-4de0-84c7-b4f97d46539f tempest-VolumesListAdminTestJSON-269070114 tempest-VolumesListAdminTestJSON-269070114-project] http://10.222.0.26/volume/v3/0bdf0abc74f844c4a4d82eb402704771/volumes/4a9a855b-12b3-41ae-9f25-5511dcd5456e returned with HTTP 200
Jan 15 10:41:26.345958 dv-cinder-821602-12-smb devstack@c-api.service[116755]: [pid: 116755|app: 0|req: 83/166] 10.222.0.26 () {58 vars in 1324 bytes} [Sat Jan 15 10:41:26 2022] GET /volume/v3/0bdf0abc74f844c4a4d82eb402704771/volumes/4a9a855b-12b3-41ae-9f25-5511dcd5456e => generated 917 bytes in 48 msecs (HTTP/1.1 200) 7 headers in 285 bytes (1 switches on core 0)
Jan 15 10:41:26.360846 dv-cinder-821602-12-smb devstack@c-api.service[116755]: INFO cinder.api.openstack.wsgi [None req-26141459-9478-41ef-9109-0aedf6c67a9a tempest-VolumesListAdminTestJSON-269070114 tempest-VolumesListAdminTestJSON-269070114-project] GET http://10.222.0.26/volume/v3/0bdf0abc74f844c4a4d82eb402704771/volumes/4a9a855b-12b3-41ae-9f25-5511dcd5456e
