Jan 14 09:47:03.355117 dv-cinder-821602-11-smb neutron-server[114491]: DEBUG neutron.pecan_wsgi.hooks.policy_enforcement [req-507ede58-d4e8-4dcf-b75c-3f3a0a34a90c req-3c7f5e90-87e3-4f14-bf05-7c700a86711d service neutron] Attributes excluded by policy engine: ['standard_attr_id', 'shared'] {{(pid=114491) _exclude_attributes_by_policy /opt/stack/neutron/neutron/pecan_wsgi/hooks/policy_enforcement.py:255}}
Jan 14 09:47:03.356723 dv-cinder-821602-11-smb neutron-server[114491]: INFO neutron.wsgi [req-507ede58-d4e8-4dcf-b75c-3f3a0a34a90c req-3c7f5e90-87e3-4f14-bf05-7c700a86711d service neutron] 10.222.0.20 "GET /v2.0/subnets?id=14bb3098-9861-4fe3-a91e-2a8500b79785 HTTP/1.1" status: 200 len: 854 time: 0.0592885
Jan 14 09:47:03.402013 dv-cinder-821602-11-smb neutron-server[114491]: INFO neutron.wsgi [req-507ede58-d4e8-4dcf-b75c-3f3a0a34a90c req-faca846f-5186-4a81-83d4-ff26746b5160 service neutron] 10.222.0.20 "GET /v2.0/ports?network_id=0a9da4c7-70a3-45ba-80bd-2146833b30c8&device_owner=network%3Adhcp HTTP/1.1" status: 200 len: 210 time: 0.0309713
Jan 14 09:47:03.544053 dv-cinder-821602-11-smb neutron-server[114492]: DEBUG neutron.pecan_wsgi.hooks.policy_enforcement [req-d97984e5-1cfa-4fbd-8625-0af407bad99d req-71523655-1856-4b7a-a303-432db0e55b63 tempest-AttachVolumeNegativeTest-246729490 tempest-AttachVolumeNegativeTest-246729490-project] Attributes excluded by policy engine: ['standard_attr_id', 'binding:profile', 'binding:host_id', 'binding:vif_type', 'binding:vif_details'] {{(pid=114492) _exclude_attributes_by_policy /opt/stack/neutron/neutron/pecan_wsgi/hooks/policy_enforcement.py:255}}
Jan 14 09:47:03.548587 dv-cinder-821602-11-smb neutron-server[114491]: INFO neutron.wsgi [req-507ede58-d4e8-4dcf-b75c-3f3a0a34a90c req-0361316a-ab16-44cb-be17-4b338ca7784a service neutron] 10.222.0.20 "GET /v2.0/networks/0a9da4c7-70a3-45ba-80bd-2146833b30c8?fields=segments HTTP/1.1" status: 200 len: 212 time: 0.1389000
Jan 14 09:47:03.548896 dv-cinder-821602-11-smb neutron-server[114492]: INFO neutron.wsgi [req-d97984e5-1cfa-4fbd-8625-0af407bad99d req-71523655-1856-4b7a-a303-432db0e55b63 tempest-AttachVolumeNegativeTest-246729490 tempest-AttachVolumeNegativeTest-246729490-project] 10.222.0.24 "GET /v2.0/ports?device_id=fea3c83b-ee12-43ec-91a5-ef82699a7df1 HTTP/1.1" status: 200 len: 944 time: 0.0899994
Jan 14 09:47:03.618267 dv-cinder-821602-11-smb neutron-server[114492]: INFO neutron.wsgi [req-d97984e5-1cfa-4fbd-8625-0af407bad99d req-800ae414-d01e-4b67-bd6c-7746ce14c054 tempest-AttachVolumeNegativeTest-246729490 tempest-AttachVolumeNegativeTest-246729490-project] 10.222.0.24 "GET /v2.0/security-groups?id=94a1fdbe-c55d-4db2-973b-72489ae23207&fields=id&fields=name HTTP/1.1" status: 200 len: 286 time: 0.0616302
Jan 14 09:47:03.677506 dv-cinder-821602-11-smb neutron-server[114491]: INFO neutron.wsgi [req-507ede58-d4e8-4dcf-b75c-3f3a0a34a90c req-19f699fb-4f2c-4993-a600-33ec22f8edb0 service neutron] 10.222.0.20 "GET /v2.0/networks/0a9da4c7-70a3-45ba-80bd-2146833b30c8?fields=provider%3Aphysical_network&fields=provider%3Anetwork_type HTTP/1.1" status: 200 len: 281 time: 0.1215198
Jan 14 09:47:03.806923 dv-cinder-821602-11-smb neutron-server[114491]: DEBUG neutron.pecan_wsgi.hooks.policy_enforcement [req-99c846e0-96aa-47cb-afb3-a5caedc2812f req-bbf2819b-1fde-42bd-969b-c67e78f3d688 service neutron] Attributes excluded by policy engine: ['standard_attr_id'] {{(pid=114491) _exclude_attributes_by_policy /opt/stack/neutron/neutron/pecan_wsgi/hooks/policy_enforcement.py:255}}
Jan 14 09:47:03.808476 dv-cinder-821602-11-smb neutron-server[114491]: INFO neutron.wsgi [req-99c846e0-96aa-47cb-afb3-a5caedc2812f req-bbf2819b-1fde-42bd-969b-c67e78f3d688 service neutron] 10.222.0.20 "GET /v2.0/ports?tenant_id=2ccecb2b2570465b9ec4a405f16b347d&device_id=fea3c83b-ee12-43ec-91a5-ef82699a7df1 HTTP/1.1" status: 200 len: 1097 time: 0.0539372
Jan 14 09:47:03.838655 dv-cinder-821602-11-smb neutron-server[114492]: DEBUG neutron.pecan_wsgi.hooks.policy_enforcement [req-657b0f41-3a3e-4ce8-9358-d5b5ef3e2fd5 req-780ba95e-f75d-4e11-b26d-b2c94c6b1226 tempest-ServerRescueNegativeTestJSON-1795496892 tempest-ServerRescueNegativeTestJSON-1795496892-project] Attributes excluded by policy engine: ['standard_attr_id', 'binding:profile', 'binding:host_id', 'binding:vif_type', 'binding:vif_details'] {{(pid=114492) _exclude_attributes_by_policy /opt/stack/neutron/neutron/pecan_wsgi/hooks/policy_enforcement.py:255}}
Jan 14 09:47:03.840421 dv-cinder-821602-11-smb neutron-server[114492]: INFO neutron.wsgi [req-657b0f41-3a3e-4ce8-9358-d5b5ef3e2fd5 req-780ba95e-f75d-4e11-b26d-b2c94c6b1226 tempest-ServerRescueNegativeTestJSON-1795496892 tempest-ServerRescueNegativeTestJSON-1795496892-project] 10.222.0.24 "GET /v2.0/ports?device_id=d62ed1c3-4fe9-4991-b082-418e76e0ab42 HTTP/1.1" status: 200 len: 946 time: 0.0747693
Jan 14 09:47:03.897262 dv-cinder-821602-11-smb neutron-server[114492]: INFO neutron.wsgi [req-657b0f41-3a3e-4ce8-9358-d5b5ef3e2fd5 req-b2fd1d54-9afd-4507-86a0-174bd2d25d7f tempest-ServerRescueNegativeTestJSON-1795496892 tempest-ServerRescueNegativeTestJSON-1795496892-project] 10.222.0.24 "GET /v2.0/security-groups?id=8c175bf4-de24-473c-8bf9-9f1b0d7670a8&fields=id&fields=name HTTP/1.1" status: 200 len: 286 time: 0.0486865
Jan 14 09:47:03.939324 dv-cinder-821602-11-smb neutron-server[114491]: DEBUG neutron.pecan_wsgi.hooks.policy_enforcement [req-99c846e0-96aa-47cb-afb3-a5caedc2812f req-42f07413-bc1d-4d72-8d5a-aeb1d5cc61ff service neutron] Attributes excluded by policy engine: ['standard_attr_id', 'vlan_transparent'] {{(pid=114491) _exclude_attributes_by_policy /opt/stack/neutron/neutron/pecan_wsgi/hooks/policy_enforcement.py:255}}
Jan 14 09:47:03.941613 dv-cinder-821602-11-smb neutron-server[114491]: INFO neutron.wsgi [req-99c846e0-96aa-47cb-afb3-a5caedc2812f req-42f07413-bc1d-4d72-8d5a-aeb1d5cc61ff service neutron] 10.222.0.20 "GET /v2.0/networks?id=0a9da4c7-70a3-45ba-80bd-2146833b30c8 HTTP/1.1" status: 200 len: 915 time: 0.1247149
Jan 14 09:47:03.994361 dv-cinder-821602-11-smb neutron-server[114491]: INFO neutron.wsgi [req-99c846e0-96aa-47cb-afb3-a5caedc2812f req-6d39dfe1-0ab4-4ba7-a5f0-d5977a456078 service neutron] 10.222.0.20 "GET /v2.0/floatingips?fixed_ip_address=172.20.0.10&port_id=e26a02cf-0ea2-4d87-8570-3597ac876fb3 HTTP/1.1" status: 200 len: 217 time: 0.0403488
Jan 14 09:47:04.051740 dv-cinder-821602-11-smb neutron-server[114491]: DEBUG neutron.pecan_wsgi.hooks.policy_enforcement [req-99c846e0-96aa-47cb-afb3-a5caedc2812f req-cbdea235-2efa-45a4-83b4-f87830285434 service neutron] Attributes excluded by policy engine: ['standard_attr_id', 'shared'] {{(pid=114491) _exclude_attributes_by_policy /opt/stack/neutron/neutron/pecan_wsgi/hooks/policy_enforcement.py:255}}
Jan 14 09:47:04.053362 dv-cinder-821602-11-smb neutron-server[114491]: INFO neutron.wsgi [req-99c846e0-96aa-47cb-afb3-a5caedc2812f req-cbdea235-2efa-45a4-83b4-f87830285434 service neutron] 10.222.0.20 "GET /v2.0/subnets?id=14bb3098-9861-4fe3-a91e-2a8500b79785 HTTP/1.1" status: 200 len: 854 time: 0.0520327
Jan 14 09:47:04.097728 dv-cinder-821602-11-smb neutron-server[114491]: INFO neutron.wsgi [req-99c846e0-96aa-47cb-afb3-a5caedc2812f req-3aac4677-8b03-44db-ae58-6d0050b28337 service neutron] 10.222.0.20 "GET /v2.0/ports?network_id=0a9da4c7-70a3-45ba-80bd-2146833b30c8&device_owner=network%3Adhcp HTTP/1.1" status: 200 len: 210 time: 0.0298429
Jan 14 09:47:04.255290 dv-cinder-821602-11-smb neutron-server[114491]: INFO neutron.wsgi [req-99c846e0-96aa-47cb-afb3-a5caedc2812f req-80fe9fd4-7b95-4559-a0c2-73f3cafd2a2a service neutron] 10.222.0.20 "GET /v2.0/networks/0a9da4c7-70a3-45ba-80bd-2146833b30c8?fields=segments HTTP/1.1" status: 200 len: 212 time: 0.1436465
Jan 14 09:47:04.365340 dv-cinder-821602-11-smb neutron-server[114491]: INFO neutron.wsgi [req-99c846e0-96aa-47cb-afb3-a5caedc2812f req-dbd5c7ea-d55f-4e60-b465-62a03569b1de service neutron] 10.222.0.20 "GET /v2.0/networks/0a9da4c7-70a3-45ba-80bd-2146833b30c8?fields=provider%3Aphysical_network&fields=provider%3Anetwork_type HTTP/1.1" status: 200 len: 281 time: 0.1028006
Jan 14 09:47:04.753574 dv-cinder-821602-11-smb neutron-server[114492]: DEBUG neutron.pecan_wsgi.hooks.policy_enforcement [req-5ce2f943-1f55-40c3-9a86-39646f542980 req-3f4057cd-5650-44d5-bf8b-0402f5498cc0 tempest-AttachVolumeNegativeTest-246729490 tempest-AttachVolumeNegativeTest-246729490-project] Attributes excluded by policy engine: ['standard_attr_id', 'binding:profile', 'binding:host_id', 'binding:vif_type', 'binding:vif_details'] {{(pid=114492) _exclude_attributes_by_policy /opt/stack/neutron/neutron/pecan_wsgi/hooks/policy_enforcement.py:255}}
Jan 14 09:47:04.755079 dv-cinder-821602-11-smb neutron-server[114492]: INFO neutron.wsgi [req-5ce2f943-1f55-40c3-9a86-39646f542980 req-3f4057cd-5650-44d5-bf8b-0402f5498cc0 tempest-AttachVolumeNegativeTest-246729490 tempest-AttachVolumeNegativeTest-246729490-project] 10.222.0.24 "GET /v2.0/ports?device_id=fea3c83b-ee12-43ec-91a5-ef82699a7df1 HTTP/1.1" status: 200 len: 944 time: 0.0573013
Jan 14 09:47:04.812121 dv-cinder-821602-11-smb neutron-server[114492]: INFO neutron.wsgi [req-5ce2f943-1f55-40c3-9a86-39646f542980 req-c544ca35-24d8-4b57-9e2e-795c34105a8b tempest-AttachVolumeNegativeTest-246729490 tempest-AttachVolumeNegativeTest-246729490-project] 10.222.0.24 "GET /v2.0/security-groups?id=94a1fdbe-c55d-4db2-973b-72489ae23207&fields=id&fields=name HTTP/1.1" status: 200 len: 286 time: 0.0510566
Jan 14 09:47:05.031484 dv-cinder-821602-11-smb neutron-server[114492]: DEBUG neutron.pecan_wsgi.hooks.policy_enforcement [req-4ea4673b-a374-4a37-ad2b-8970a60322c9 req-11e21542-7325-46d9-bc3d-688229d40e01 tempest-ServerRescueNegativeTestJSON-1795496892 tempest-ServerRescueNegativeTestJSON-1795496892-project] Attributes excluded by policy engine: ['standard_attr_id', 'binding:profile', 'binding:host_id', 'binding:vif_type', 'binding:vif_details'] {{(pid=114492) _exclude_attributes_by_policy /opt/stack/neutron/neutron/pecan_wsgi/hooks/policy_enforcement.py:255}}
Jan 14 09:47:05.033014 dv-cinder-821602-11-smb neutron-server[114492]: INFO neutron.wsgi [req-4ea4673b-a374-4a37-ad2b-8970a60322c9 req-11e21542-7325-46d9-bc3d-688229d40e01 tempest-ServerRescueNegativeTestJSON-1795496892 tempest-ServerRescueNegativeTestJSON-1795496892-project] 10.222.0.24 "GET /v2.0/ports?device_id=d62ed1c3-4fe9-4991-b082-418e76e0ab42 HTTP/1.1" status: 200 len: 946 time: 0.0574613
Jan 14 09:47:05.084173 dv-cinder-821602-11-smb neutron-server[114492]: INFO neutron.wsgi [req-4ea4673b-a374-4a37-ad2b-8970a60322c9 req-51794206-0ba6-47bf-b1d7-7ccb2514dd4e tempest-ServerRescueNegativeTestJSON-1795496892 tempest-ServerRescueNegativeTestJSON-1795496892-project] 10.222.0.24 "GET /v2.0/security-groups?id=8c175bf4-de24-473c-8bf9-9f1b0d7670a8&fields=id&fields=name HTTP/1.1" status: 200 len: 286 time: 0.0454516
Jan 14 09:47:05.467363 dv-cinder-821602-11-smb neutron-server[114493]: DEBUG neutron_lib.callbacks.manager [None req-bc89c07e-b638-4695-a7da-0cef27f28b72 None None] Publish callbacks ['neutron.services.segments.db._update_segment_host_mapping_for_agent-8749634329110', 'neutron.plugins.ml2.plugin.Ml2Plugin._retry_binding_revived_agents-3696976'] for agent (ff87f479-2e5f-4056-9ea9-96140e53c6f7), after_update {{(pid=114493) _notify_loop /usr/local/lib/python3.8/dist-packages/neutron_lib/callbacks/manager.py:176}}
Jan 14 09:47:05.578038 dv-cinder-821602-11-smb neutron-server[114492]: DEBUG neutron.wsgi [-] (114492) accepted ('10.222.0.24', 33480) {{(pid=114492) server /usr/local/lib/python3.8/dist-packages/eventlet/wsgi.py:1004}}
Jan 14 09:47:05.714328 dv-cinder-821602-11-smb neutron-server[114492]: DEBUG neutron_lib.callbacks.manager [None req-a5190424-d8e2-475e-96a8-1cc6aca51d65 admin admin] Publish callbacks [] for security_group (None), before_create {{(pid=114492) _notify_loop /usr/local/lib/python3.8/dist-packages/neutron_lib/callbacks/manager.py:176}}
Jan 14 09:47:05.805615 dv-cinder-821602-11-smb neutron-server[114492]: DEBUG neutron_lib.callbacks.manager [None req-a5190424-d8e2-475e-96a8-1cc6aca51d65 admin admin] Publish callbacks [] for security_group (7a4c6145-4719-46b6-8d90-27fec17a4192), precommit_create {{(pid=114492) _notify_loop /usr/local/lib/python3.8/dist-packages/neutron_lib/callbacks/manager.py:176}}
Jan 14 09:47:05.810404 dv-cinder-821602-11-smb neutron-server[114492]: DEBUG neutron_lib.callbacks.manager [None req-a5190424-d8e2-475e-96a8-1cc6aca51d65 admin admin] Publish callbacks ['neutron.plugins.ml2.ovo_rpc._ObjectChangeHandler.handle_event-555077'] for security_group (7a4c6145-4719-46b6-8d90-27fec17a4192), after_create {{(pid=114492) _notify_loop /usr/local/lib/python3.8/dist-packages/neutron_lib/callbacks/manager.py:176}}
Jan 14 09:47:05.855083 dv-cinder-821602-11-smb neutron-server[114492]: DEBUG neutron.api.rpc.handlers.resources_rpc [None req-a5190424-d8e2-475e-96a8-1cc6aca51d65 admin admin] Pushing event updated for resources: {'SecurityGroup': ['ID=7a4c6145-4719-46b6-8d90-27fec17a4192,revision_number=1']} {{(pid=114492) push /opt/stack/neutron/neutron/api/rpc/handlers/resources_rpc.py:237}}
Jan 14 09:47:05.869396 dv-cinder-821602-11-smb neutron-server[114491]: DEBUG neutron.wsgi [-] (114491) accepted ('10.222.0.24', 33486) {{(pid=114491) server /usr/local/lib/python3.8/dist-packages/eventlet/wsgi.py:1004}}
Jan 14 09:47:05.870033 dv-cinder-821602-11-smb neutron-server[114492]: INFO neutron.wsgi [None req-a5190424-d8e2-475e-96a8-1cc6aca51d65 admin admin] 10.222.0.24 "GET /v2.0/security-groups?tenant_id=64aa386149704f4486c4894c76c48179&name=default HTTP/1.1" status: 200 len: 2996 time: 0.2890694
Jan 14 09:47:05.945652 dv-cinder-821602-11-smb neutron-server[114491]: DEBUG neutron_lib.callbacks.manager [None req-904ab517-ff8d-49eb-80e0-cda001154dd4 admin admin] Publish callbacks [] for security_group (7a4c6145-4719-46b6-8d90-27fec17a4192), before_delete {{(pid=114491) _notify_loop /usr/local/lib/python3.8/dist-packages/neutron_lib/callbacks/manager.py:176}}
Jan 14 09:47:05.978359 dv-cinder-821602-11-smb neutron-server[114491]: DEBUG neutron_lib.callbacks.manager [None req-904ab517-ff8d-49eb-80e0-cda001154dd4 admin admin] Publish callbacks [] for security_group (7a4c6145-4719-46b6-8d90-27fec17a4192), precommit_delete {{(pid=114491) _notify_loop /usr/local/lib/python3.8/dist-packages/neutron_lib/callbacks/manager.py:176}}
Jan 14 09:47:06.036887 dv-cinder-821602-11-smb neutron-server[114492]: DEBUG neutron.pecan_wsgi.hooks.policy_enforcement [req-508b187d-abc1-4cb6-9d29-bdf31e249461 req-b42aa1fa-b9f7-4dda-a417-f21641079797 tempest-AttachVolumeNegativeTest-246729490 tempest-AttachVolumeNegativeTest-246729490-project] Attributes excluded by policy engine: ['standard_attr_id', 'binding:profile', 'binding:host_id', 'binding:vif_type', 'binding:vif_details'] {{(pid=114492) _exclude_attributes_by_policy /opt/stack/neutron/neutron/pecan_wsgi/hooks/policy_enforcement.py:255}}
Jan 14 09:47:06.039967 dv-cinder-821602-11-smb neutron-server[114492]: INFO neutron.wsgi [req-508b187d-abc1-4cb6-9d29-bdf31e249461 req-b42aa1fa-b9f7-4dda-a417-f21641079797 tempest-AttachVolumeNegativeTest-246729490 tempest-AttachVolumeNegativeTest-246729490-project] 10.222.0.24 "GET /v2.0/ports?device_id=fea3c83b-ee12-43ec-91a5-ef82699a7df1 HTTP/1.1" status: 200 len: 944 time: 0.0880959
Jan 14 09:47:06.049512 dv-cinder-821602-11-smb neutron-server[114491]: DEBUG neutron_lib.callbacks.manager [None req-904ab517-ff8d-49eb-80e0-cda001154dd4 admin admin] Publish callbacks ['neutron.plugins.ml2.ovo_rpc._ObjectChangeHandler.handle_event-555077'] for security_group (7a4c6145-4719-46b6-8d90-27fec17a4192), after_delete {{(pid=114491) _notify_loop /usr/local/lib/python3.8/dist-packages/neutron_lib/callbacks/manager.py:176}}
Jan 14 09:47:06.054948 dv-cinder-821602-11-smb neutron-server[114491]: DEBUG neutron_lib.callbacks.manager [None req-904ab517-ff8d-49eb-80e0-cda001154dd4 admin admin] Publish callbacks [] for security_group (None), before_response {{(pid=114491) _notify_loop /usr/local/lib/python3.8/dist-packages/neutron_lib/callbacks/manager.py:176}}
Jan 14 09:47:06.056993 dv-cinder-821602-11-smb neutron-server[114491]: INFO neutron.wsgi [None req-904ab517-ff8d-49eb-80e0-cda001154dd4 admin admin] 10.222.0.24 "DELETE /v2.0/security-groups/7a4c6145-4719-46b6-8d90-27fec17a4192 HTTP/1.1" status: 204 len: 168 time: 0.1868720
Jan 14 09:47:06.068299 dv-cinder-821602-11-smb neutron-server[114491]: DEBUG neutron.api.rpc.handlers.resources_rpc [None req-904ab517-ff8d-49eb-80e0-cda001154dd4 admin admin] Pushing event deleted for resources: {'SecurityGroup': ['ID=7a4c6145-4719-46b6-8d90-27fec17a4192,revision_number=None']} {{(pid=114491) push /opt/stack/neutron/neutron/api/rpc/handlers/resources_rpc.py:237}}
Jan 14 09:47:06.132865 dv-cinder-821602-11-smb neutron-server[114492]: INFO neutron.wsgi [req-508b187d-abc1-4cb6-9d29-bdf31e249461 req-7bae30ab-c2ea-411f-a1c2-b645eca0f519 tempest-AttachVolumeNegativeTest-246729490 tempest-AttachVolumeNegativeTest-246729490-project] 10.222.0.24 "GET /v2.0/security-groups?id=94a1fdbe-c55d-4db2-973b-72489ae23207&fields=id&fields=name HTTP/1.1" status: 200 len: 286 time: 0.0869143
Jan 14 09:47:06.281755 dv-cinder-821602-11-smb neutron-server[114491]: DEBUG neutron.pecan_wsgi.hooks.policy_enforcement [req-9bbac833-91bb-49fb-a532-081a06c48648 req-8df6b996-29dd-47db-b7e4-69abbc7396fe tempest-ServerRescueNegativeTestJSON-1795496892 tempest-ServerRescueNegativeTestJSON-1795496892-project] Attributes excluded by policy engine: ['standard_attr_id', 'binding:profile', 'binding:host_id', 'binding:vif_type', 'binding:vif_details'] {{(pid=114491) _exclude_attributes_by_policy /opt/stack/neutron/neutron/pecan_wsgi/hooks/policy_enforcement.py:255}}
Jan 14 09:47:06.288914 dv-cinder-821602-11-smb neutron-server[114491]: INFO neutron.wsgi [req-9bbac833-91bb-49fb-a532-081a06c48648 req-8df6b996-29dd-47db-b7e4-69abbc7396fe tempest-ServerRescueNegativeTestJSON-1795496892 tempest-ServerRescueNegativeTestJSON-1795496892-project] 10.222.0.24 "GET /v2.0/ports?device_id=d62ed1c3-4fe9-4991-b082-418e76e0ab42 HTTP/1.1" status: 200 len: 946 time: 0.0896442
Jan 14 09:47:06.363478 dv-cinder-821602-11-smb neutron-server[114491]: INFO neutron.wsgi [req-9bbac833-91bb-49fb-a532-081a06c48648 req-dc3bc04b-194c-420d-adb1-681b7ab07ca9 tempest-ServerRescueNegativeTestJSON-1795496892 tempest-ServerRescueNegativeTestJSON-1795496892-project] 10.222.0.24 "GET /v2.0/security-groups?id=8c175bf4-de24-473c-8bf9-9f1b0d7670a8&fields=id&fields=name HTTP/1.1" status: 200 len: 286 time: 0.0719554
Jan 14 09:47:06.475085 dv-cinder-821602-11-smb neutron-server[114492]: DEBUG neutron.wsgi [-] (114492) accepted ('10.222.0.24', 33496) {{(pid=114492) server /usr/local/lib/python3.8/dist-packages/eventlet/wsgi.py:1004}}
Jan 14 09:47:06.489827 dv-cinder-821602-11-smb neutron-server[114492]: DEBUG neutron_lib.callbacks.manager [None req-95237f25-3eb3-4692-b1df-579f832cae14 admin admin] Publish callbacks [] for security_group (None), before_create {{(pid=114492) _notify_loop /usr/local/lib/python3.8/dist-packages/neutron_lib/callbacks/manager.py:176}}
Jan 14 09:47:06.601133 dv-cinder-821602-11-smb neutron-server[114492]: DEBUG neutron_lib.callbacks.manager [None req-95237f25-3eb3-4692-b1df-579f832cae14 admin admin] Publish callbacks [] for security_group (cc46ed31-2d25-4f22-96c4-249161d69732), precommit_create {{(pid=114492) _notify_loop /usr/local/lib/python3.8/dist-packages/neutron_lib/callbacks/manager.py:176}}
Jan 14 09:47:06.607470 dv-cinder-821602-11-smb neutron-server[114492]: DEBUG neutron_lib.callbacks.manager [None req-95237f25-3eb3-4692-b1df-579f832cae14 admin admin] Publish callbacks ['neutron.plugins.ml2.ovo_rpc._ObjectChangeHandler.handle_event-555077'] for security_group (cc46ed31-2d25-4f22-96c4-249161d69732), after_create {{(pid=114492) _notify_loop /usr/local/lib/python3.8/dist-packages/neutron_lib/callbacks/manager.py:176}}
Jan 14 09:47:06.673470 dv-cinder-821602-11-smb neutron-server[114492]: INFO neutron.wsgi [None req-95237f25-3eb3-4692-b1df-579f832cae14 admin admin] 10.222.0.24 "GET /v2.0/security-groups?tenant_id=56b3acecd3f949ccaaceed1218bee74d&name=default HTTP/1.1" status: 200 len: 2996 time: 0.1941893
Jan 14 09:47:06.674099 dv-cinder-821602-11-smb neutron-server[114491]: DEBUG neutron.wsgi [-] (114491) accepted ('10.222.0.24', 33506) {{(pid=114491) server /usr/local/lib/python3.8/dist-packages/eventlet/wsgi.py:1004}}
Jan 14 09:47:06.731733 dv-cinder-821602-11-smb neutron-server[114492]: DEBUG neutron.api.rpc.handlers.resources_rpc [None req-95237f25-3eb3-4692-b1df-579f832cae14 admin admin] Pushing event updated for resources: {'SecurityGroup': ['ID=cc46ed31-2d25-4f22-96c4-249161d69732,revision_number=1']} {{(pid=114492) push /opt/stack/neutron/neutron/api/rpc/handlers/resources_rpc.py:237}}
Jan 14 09:47:06.764810 dv-cinder-821602-11-smb neutron-server[114491]: DEBUG neutron_lib.callbacks.manager [None req-75d8124b-0549-49de-ab4e-0bc34c4502fa admin admin] Publish callbacks [] for security_group (cc46ed31-2d25-4f22-96c4-249161d69732), before_delete {{(pid=114491) _notify_loop /usr/local/lib/python3.8/dist-packages/neutron_lib/callbacks/manager.py:176}}
Jan 14 09:47:06.792997 dv-cinder-821602-11-smb neutron-server[114491]: DEBUG neutron_lib.callbacks.manager [None req-75d8124b-0549-49de-ab4e-0bc34c4502fa admin admin] Publish callbacks [] for security_group (cc46ed31-2d25-4f22-96c4-249161d69732), precommit_delete {{(pid=114491) _notify_loop /usr/local/lib/python3.8/dist-packages/neutron_lib/callbacks/manager.py:176}}
Jan 14 09:47:06.873332 dv-cinder-821602-11-smb neutron-server[114491]: DEBUG neutron_lib.callbacks.manager [None req-75d8124b-0549-49de-ab4e-0bc34c4502fa admin admin] Publish callbacks ['neutron.plugins.ml2.ovo_rpc._ObjectChangeHandler.handle_event-555077'] for security_group (cc46ed31-2d25-4f22-96c4-249161d69732), after_delete {{(pid=114491) _notify_loop /usr/local/lib/python3.8/dist-packages/neutron_lib/callbacks/manager.py:176}}
Jan 14 09:47:06.878727 dv-cinder-821602-11-smb neutron-server[114491]: DEBUG neutron_lib.callbacks.manager [None req-75d8124b-0549-49de-ab4e-0bc34c4502fa admin admin] Publish callbacks [] for security_group (None), before_response {{(pid=114491) _notify_loop /usr/local/lib/python3.8/dist-packages/neutron_lib/callbacks/manager.py:176}}
Jan 14 09:47:06.880706 dv-cinder-821602-11-smb neutron-server[114491]: INFO neutron.wsgi [None req-75d8124b-0549-49de-ab4e-0bc34c4502fa admin admin] 10.222.0.24 "DELETE /v2.0/security-groups/cc46ed31-2d25-4f22-96c4-249161d69732 HTTP/1.1" status: 204 len: 168 time: 0.2048645
Jan 14 09:47:06.898003 dv-cinder-821602-11-smb neutron-server[114491]: DEBUG neutron.api.rpc.handlers.resources_rpc [None req-75d8124b-0549-49de-ab4e-0bc34c4502fa admin admin] Pushing event deleted for resources: {'SecurityGroup': ['ID=cc46ed31-2d25-4f22-96c4-249161d69732,revision_number=None']} {{(pid=114491) push /opt/stack/neutron/neutron/api/rpc/handlers/resources_rpc.py:237}}
Jan 14 09:47:07.281572 dv-cinder-821602-11-smb neutron-server[114492]: DEBUG neutron.pecan_wsgi.hooks.policy_enforcement [req-2a6b1ea1-4d6f-4f45-bfc1-4eaa585b6d58 req-a6a0795b-f3d6-44be-b934-a70c951513fe tempest-AttachVolumeNegativeTest-246729490 tempest-AttachVolumeNegativeTest-246729490-project] Attributes excluded by policy engine: ['standard_attr_id', 'binding:profile', 'binding:host_id', 'binding:vif_type', 'binding:vif_details'] {{(pid=114492) _exclude_attributes_by_policy /opt/stack/neutron/neutron/pecan_wsgi/hooks/policy_enforcement.py:255}}
Jan 14 09:47:07.283176 dv-cinder-821602-11-smb neutron-server[114492]: INFO neutron.wsgi [req-2a6b1ea1-4d6f-4f45-bfc1-4eaa585b6d58 req-a6a0795b-f3d6-44be-b934-a70c951513fe tempest-AttachVolumeNegativeTest-246729490 tempest-AttachVolumeNegativeTest-246729490-project] 10.222.0.24 "GET /v2.0/ports?device_id=fea3c83b-ee12-43ec-91a5-ef82699a7df1 HTTP/1.1" status: 200 len: 944 time: 0.0649657
Jan 14 09:47:07.350025 dv-cinder-821602-11-smb neutron-server[114492]: INFO neutron.wsgi [req-2a6b1ea1-4d6f-4f45-bfc1-4eaa585b6d58 req-b3e9cbca-e83b-4d03-866b-7be5638b34b6 tempest-AttachVolumeNegativeTest-246729490 tempest-AttachVolumeNegativeTest-246729490-project] 10.222.0.24 "GET /v2.0/security-groups?id=94a1fdbe-c55d-4db2-973b-72489ae23207&fields=id&fields=name HTTP/1.1" status: 200 len: 286 time: 0.0598259
Jan 14 09:47:07.509785 dv-cinder-821602-11-smb neutron-server[114491]: DEBUG neutron.pecan_wsgi.hooks.policy_enforcement [req-a0a8fd4d-64cd-4314-b32c-00c0f1e2bf41 req-22617ebf-c343-4c2f-b516-a066ad1b7ab5 tempest-ServerRescueNegativeTestJSON-1795496892 tempest-ServerRescueNegativeTestJSON-1795496892-project] Attributes excluded by policy engine: ['standard_attr_id', 'binding:profile', 'binding:host_id', 'binding:vif_type', 'binding:vif_details'] {{(pid=114491) _exclude_attributes_by_policy /opt/stack/neutron/neutron/pecan_wsgi/hooks/policy_enforcement.py:255}}
Jan 14 09:47:07.511436 dv-cinder-821602-11-smb neutron-server[114491]: INFO neutron.wsgi [req-a0a8fd4d-64cd-4314-b32c-00c0f1e2bf41 req-22617ebf-c343-4c2f-b516-a066ad1b7ab5 tempest-ServerRescueNegativeTestJSON-1795496892 tempest-ServerRescueNegativeTestJSON-1795496892-project] 10.222.0.24 "GET /v2.0/ports?device_id=d62ed1c3-4fe9-4991-b082-418e76e0ab42 HTTP/1.1" status: 200 len: 946 time: 0.0642653
Jan 14 09:47:07.584039 dv-cinder-821602-11-smb neutron-server[114491]: INFO neutron.wsgi [req-a0a8fd4d-64cd-4314-b32c-00c0f1e2bf41 req-25f2fd09-c6fc-40f4-a129-fde6f7f56184 tempest-ServerRescueNegativeTestJSON-1795496892 tempest-ServerRescueNegativeTestJSON-1795496892-project] 10.222.0.24 "GET /v2.0/security-groups?id=8c175bf4-de24-473c-8bf9-9f1b0d7670a8&fields=id&fields=name HTTP/1.1" status: 200 len: 286 time: 0.0655608
Jan 14 09:47:08.314971 dv-cinder-821602-11-smb neutron-server[114491]: DEBUG neutron.wsgi [-] (114491) accepted ('10.222.0.24', 33580) {{(pid=114491) server /usr/local/lib/python3.8/dist-packages/eventlet/wsgi.py:1004}}
Jan 14 09:47:08.347877 dv-cinder-821602-11-smb neutron-server[114493]: DEBUG neutron.plugins.ml2.rpc [None req-bc89c07e-b638-4695-a7da-0cef27f28b72 None None] Device e26a02cf-0ea2-4d87-8570-3597ac876fb3 details requested by agent hyperv_hv-cinder-82160 with host hv-cinder-82160 {{(pid=114493) get_device_details /opt/stack/neutron/neutron/plugins/ml2/rpc.py:102}}
Jan 14 09:47:08.516680 dv-cinder-821602-11-smb neutron-server[114492]: DEBUG neutron.pecan_wsgi.hooks.policy_enforcement [req-1cd148ab-c8c2-4bf2-b84f-4ea7a2618088 req-75af9fac-59c9-4ff6-a92f-7d47741ae1f3 tempest-AttachVolumeNegativeTest-246729490 tempest-AttachVolumeNegativeTest-246729490-project] Attributes excluded by policy engine: ['standard_attr_id', 'binding:profile', 'binding:host_id', 'binding:vif_type', 'binding:vif_details'] {{(pid=114492) _exclude_attributes_by_policy /opt/stack/neutron/neutron/pecan_wsgi/hooks/policy_enforcement.py:255}}
Jan 14 09:47:08.519742 dv-cinder-821602-11-smb neutron-server[114493]: DEBUG neutron.plugins.ml2.db [None req-bc89c07e-b638-4695-a7da-0cef27f28b72 None None] For port e26a02cf-0ea2-4d87-8570-3597ac876fb3, host hv-cinder-82160, got binding levels [PortBindingLevel(driver='hyperv',host='hv-cinder-82160',level=0,port_id=e26a02cf-0ea2-4d87-8570-3597ac876fb3,segment=NetworkSegment(fa10d4aa-416d-4552-adbd-17dcda636d30),segment_id=fa10d4aa-416d-4552-adbd-17dcda636d30)] {{(pid=114493) get_binding_level_objs /opt/stack/neutron/neutron/plugins/ml2/db.py:74}}
Jan 14 09:47:08.525116 dv-cinder-821602-11-smb neutron-server[114492]: INFO neutron.wsgi [req-1cd148ab-c8c2-4bf2-b84f-4ea7a2618088 req-75af9fac-59c9-4ff6-a92f-7d47741ae1f3 tempest-AttachVolumeNegativeTest-246729490 tempest-AttachVolumeNegativeTest-246729490-project] 10.222.0.24 "GET /v2.0/ports?device_id=fea3c83b-ee12-43ec-91a5-ef82699a7df1 HTTP/1.1" status: 200 len: 944 time: 0.0782917
Jan 14 09:47:08.540597 dv-cinder-821602-11-smb neutron-server[114493]: DEBUG neutron.plugins.ml2.rpc [None req-bc89c07e-b638-4695-a7da-0cef27f28b72 None None] Returning: {'device': 'e26a02cf-0ea2-4d87-8570-3597ac876fb3', 'network_id': '0a9da4c7-70a3-45ba-80bd-2146833b30c8', 'port_id': 'e26a02cf-0ea2-4d87-8570-3597ac876fb3', 'mac_address': 'fa:16:3e:9b:2f:d9', 'admin_state_up': True, 'network_type': 'vlan', 'segmentation_id': 308, 'physical_network': 'physnet1', 'mtu': 1500, 'fixed_ips': [{'subnet_id': '14bb3098-9861-4fe3-a91e-2a8500b79785', 'ip_address': '172.20.0.10'}], 'device_owner': 'compute:nova', 'allowed_address_pairs': [], 'port_security_enabled': True, 'qos_policy_id': None, 'network_qos_policy_id': None, 'profile': {}, 'propagate_uplink_status': False} {{(pid=114493) _get_device_details /opt/stack/neutron/neutron/plugins/ml2/rpc.py:184}}
Jan 14 09:47:08.561854 dv-cinder-821602-11-smb neutron-server[114491]: DEBUG neutron_lib.callbacks.manager [None req-fd514124-16bc-4c54-9807-e788a6429cd5 admin admin] Publish callbacks [] for security_group (None), before_create {{(pid=114491) _notify_loop /usr/local/lib/python3.8/dist-packages/neutron_lib/callbacks/manager.py:176}}
Jan 14 09:47:08.581686 dv-cinder-821602-11-smb neutron-server[114492]: INFO neutron.wsgi [req-1cd148ab-c8c2-4bf2-b84f-4ea7a2618088 req-8b2181ec-1571-486f-8dd4-6e25b68cfcb9 tempest-AttachVolumeNegativeTest-246729490 tempest-AttachVolumeNegativeTest-246729490-project] 10.222.0.24 "GET /v2.0/security-groups?id=94a1fdbe-c55d-4db2-973b-72489ae23207&fields=id&fields=name HTTP/1.1" status: 200 len: 286 time: 0.0546603
Jan 14 09:47:08.625339 dv-cinder-821602-11-smb neutron-server[114493]: DEBUG neutron.plugins.ml2.plugin [None req-bc89c07e-b638-4695-a7da-0cef27f28b72 None None] Current status of the port e26a02cf-0ea2-4d87-8570-3597ac876fb3 is: DOWN; New status is: BUILD {{(pid=114493) _update_individual_port_db_status /opt/stack/neutron/neutron/plugins/ml2/plugin.py:2213}}
Jan 14 09:47:08.625866 dv-cinder-821602-11-smb neutron-server[114493]: DEBUG neutron_lib.callbacks.manager [None req-bc89c07e-b638-4695-a7da-0cef27f28b72 None None] Publish callbacks ['neutron.plugins.ml2.plugin.SecurityGroupDbMixin._ensure_default_security_group_handler-3560994'] for port (e26a02cf-0ea2-4d87-8570-3597ac876fb3), before_update {{(pid=114493) _notify_loop /usr/local/lib/python3.8/dist-packages/neutron_lib/callbacks/manager.py:176}}
Jan 14 09:47:08.651989 dv-cinder-821602-11-smb neutron-server[114493]: DEBUG neutron.notifiers.nova [None req-bc89c07e-b638-4695-a7da-0cef27f28b72 None None] Ignoring state change previous_port_status: DOWN current_port_status: BUILD port_id e26a02cf-0ea2-4d87-8570-3597ac876fb3 {{(pid=114493) record_port_status_changed /opt/stack/neutron/neutron/notifiers/nova.py:224}}
Jan 14 09:47:08.687936 dv-cinder-821602-11-smb neutron-server[114493]: DEBUG neutron.plugins.ml2.db [None req-bc89c07e-b638-4695-a7da-0cef27f28b72 None None] For port e26a02cf-0ea2-4d87-8570-3597ac876fb3, host hv-cinder-82160, got binding levels [PortBindingLevel(driver='hyperv',host='hv-cinder-82160',level=0,port_id=e26a02cf-0ea2-4d87-8570-3597ac876fb3,segment=NetworkSegment(fa10d4aa-416d-4552-adbd-17dcda636d30),segment_id=fa10d4aa-416d-4552-adbd-17dcda636d30)] {{(pid=114493) get_binding_level_objs /opt/stack/neutron/neutron/plugins/ml2/db.py:74}}
Jan 14 09:47:08.692818 dv-cinder-821602-11-smb neutron-server[114493]: DEBUG neutron_lib.callbacks.manager [None req-bc89c07e-b638-4695-a7da-0cef27f28b72 None None] Publish callbacks ['neutron.plugins.ml2.plugin.SecurityGroupServerNotifierRpcMixin._notify_sg_on_port_change-3559653', 'neutron.plugins.ml2.ovo_rpc._ObjectChangeHandler.handle_event-954328', 'neutron.api.rpc.agentnotifiers.dhcp_rpc_agent_api.DhcpAgentNotifyAPI._native_event_send_dhcp_notification-652742', 'neutron.db.l3_db.L3RpcNotifierMixin._notify_gateway_port_ip_changed-8749634372428', 'neutron.db.l3_dvrscheduler_db._notify_l3_agent_port_update-8749633776424', 'neutron.db.l3_hascheduler_db._notify_l3_agent_ha_port_update-8749633776442'] for port (e26a02cf-0ea2-4d87-8570-3597ac876fb3), after_update {{(pid=114493) _notify_loop /usr/local/lib/python3.8/dist-packages/neutron_lib/callbacks/manager.py:176}}
Jan 14 09:47:08.693570 dv-cinder-821602-11-smb neutron-server[114491]: DEBUG neutron_lib.callbacks.manager [None req-fd514124-16bc-4c54-9807-e788a6429cd5 admin admin] Publish callbacks [] for security_group (78ff4d7e-2c43-49f8-a1d5-e86e0382ef3a), precommit_create {{(pid=114491) _notify_loop /usr/local/lib/python3.8/dist-packages/neutron_lib/callbacks/manager.py:176}}
Jan 14 09:47:08.698804 dv-cinder-821602-11-smb neutron-server[114491]: DEBUG neutron_lib.callbacks.manager [None req-fd514124-16bc-4c54-9807-e788a6429cd5 admin admin] Publish callbacks ['neutron.plugins.ml2.ovo_rpc._ObjectChangeHandler.handle_event-555077'] for security_group (78ff4d7e-2c43-49f8-a1d5-e86e0382ef3a), after_create {{(pid=114491) _notify_loop /usr/local/lib/python3.8/dist-packages/neutron_lib/callbacks/manager.py:176}}
Jan 14 09:47:08.736809 dv-cinder-821602-11-smb neutron-server[114491]: INFO neutron.wsgi [None req-fd514124-16bc-4c54-9807-e788a6429cd5 admin admin] 10.222.0.24 "GET /v2.0/security-groups?tenant_id=8c0bc4bd837849108cf542ba7a077170&name=default HTTP/1.1" status: 200 len: 2996 time: 0.4203980
Jan 14 09:47:08.740415 dv-cinder-821602-11-smb neutron-server[114492]: DEBUG neutron.wsgi [-] (114492) accepted ('10.222.0.24', 33598) {{(pid=114492) server /usr/local/lib/python3.8/dist-packages/eventlet/wsgi.py:1004}}
Jan 14 09:47:08.765092 dv-cinder-821602-11-smb neutron-server[114493]: DEBUG neutron.api.rpc.handlers.resources_rpc [None req-bc89c07e-b638-4695-a7da-0cef27f28b72 None None] Pushing event updated for resources: {'Port': ['ID=e26a02cf-0ea2-4d87-8570-3597ac876fb3,revision_number=4']} {{(pid=114493) push /opt/stack/neutron/neutron/api/rpc/handlers/resources_rpc.py:237}}
Jan 14 09:47:08.791417 dv-cinder-821602-11-smb neutron-server[114491]: DEBUG neutron.api.rpc.handlers.resources_rpc [None req-fd514124-16bc-4c54-9807-e788a6429cd5 admin admin] Pushing event updated for resources: {'SecurityGroup': ['ID=78ff4d7e-2c43-49f8-a1d5-e86e0382ef3a,revision_number=1']} {{(pid=114491) push /opt/stack/neutron/neutron/api/rpc/handlers/resources_rpc.py:237}}
Jan 14 09:47:08.820276 dv-cinder-821602-11-smb neutron-server[114492]: DEBUG neutron_lib.callbacks.manager [None req-83c76afe-a248-49f0-85c8-c6d12344da4b admin admin] Publish callbacks [] for security_group (78ff4d7e-2c43-49f8-a1d5-e86e0382ef3a), before_delete {{(pid=114492) _notify_loop /usr/local/lib/python3.8/dist-packages/neutron_lib/callbacks/manager.py:176}}
Jan 14 09:47:08.825976 dv-cinder-821602-11-smb neutron-server[114491]: DEBUG neutron.pecan_wsgi.hooks.policy_enforcement [req-d70b8155-b744-4b3b-a12b-5a67b3235ad2 req-709161a7-9a74-4fd8-8cd4-46daf8c612ed tempest-ServerRescueNegativeTestJSON-1795496892 tempest-ServerRescueNegativeTestJSON-1795496892-project] Attributes excluded by policy engine: ['standard_attr_id', 'binding:profile', 'binding:host_id', 'binding:vif_type', 'binding:vif_details'] {{(pid=114491) _exclude_attributes_by_policy /opt/stack/neutron/neutron/pecan_wsgi/hooks/policy_enforcement.py:255}}
Jan 14 09:47:08.833675 dv-cinder-821602-11-smb neutron-server[114491]: INFO neutron.wsgi [req-d70b8155-b744-4b3b-a12b-5a67b3235ad2 req-709161a7-9a74-4fd8-8cd4-46daf8c612ed tempest-ServerRescueNegativeTestJSON-1795496892 tempest-ServerRescueNegativeTestJSON-1795496892-project] 10.222.0.24 "GET /v2.0/ports?device_id=d62ed1c3-4fe9-4991-b082-418e76e0ab42 HTTP/1.1" status: 200 len: 946 time: 0.1016049
Jan 14 09:47:08.853825 dv-cinder-821602-11-smb neutron-server[114492]: DEBUG neutron_lib.callbacks.manager [None req-83c76afe-a248-49f0-85c8-c6d12344da4b admin admin] Publish callbacks [] for security_group (78ff4d7e-2c43-49f8-a1d5-e86e0382ef3a), precommit_delete {{(pid=114492) _notify_loop /usr/local/lib/python3.8/dist-packages/neutron_lib/callbacks/manager.py:176}}
Jan 14 09:47:08.891329 dv-cinder-821602-11-smb neutron-server[114491]: INFO neutron.wsgi [req-d70b8155-b744-4b3b-a12b-5a67b3235ad2 req-8a2d97ec-7236-4742-bf41-0cbab80db812 tempest-ServerRescueNegativeTestJSON-1795496892 tempest-ServerRescueNegativeTestJSON-1795496892-project] 10.222.0.24 "GET /v2.0/security-groups?id=8c175bf4-de24-473c-8bf9-9f1b0d7670a8&fields=id&fields=name HTTP/1.1" status: 200 len: 286 time: 0.0562994
Jan 14 09:47:08.923225 dv-cinder-821602-11-smb neutron-server[114492]: DEBUG neutron_lib.callbacks.manager [None req-83c76afe-a248-49f0-85c8-c6d12344da4b admin admin] Publish callbacks ['neutron.plugins.ml2.ovo_rpc._ObjectChangeHandler.handle_event-555077'] for security_group (78ff4d7e-2c43-49f8-a1d5-e86e0382ef3a), after_delete {{(pid=114492) _notify_loop /usr/local/lib/python3.8/dist-packages/neutron_lib/callbacks/manager.py:176}}
Jan 14 09:47:08.926482 dv-cinder-821602-11-smb neutron-server[114492]: DEBUG neutron_lib.callbacks.manager [None req-83c76afe-a248-49f0-85c8-c6d12344da4b admin admin] Publish callbacks [] for security_group (None), before_response {{(pid=114492) _notify_loop /usr/local/lib/python3.8/dist-packages/neutron_lib/callbacks/manager.py:176}}
Jan 14 09:47:08.927908 dv-cinder-821602-11-smb neutron-server[114492]: INFO neutron.wsgi [None req-83c76afe-a248-49f0-85c8-c6d12344da4b admin admin] 10.222.0.24 "DELETE /v2.0/security-groups/78ff4d7e-2c43-49f8-a1d5-e86e0382ef3a HTTP/1.1" status: 204 len: 168 time: 0.1863849
Jan 14 09:47:08.937188 dv-cinder-821602-11-smb neutron-server[114492]: DEBUG neutron.api.rpc.handlers.resources_rpc [None req-83c76afe-a248-49f0-85c8-c6d12344da4b admin admin] Pushing event deleted for resources: {'SecurityGroup': ['ID=78ff4d7e-2c43-49f8-a1d5-e86e0382ef3a,revision_number=None']} {{(pid=114492) push /opt/stack/neutron/neutron/api/rpc/handlers/resources_rpc.py:237}}
Jan 14 09:47:08.964866 dv-cinder-821602-11-smb neutron-server[114492]: DEBUG neutron.wsgi [-] (114492) accepted ('10.222.0.24', 33608) {{(pid=114492) server /usr/local/lib/python3.8/dist-packages/eventlet/wsgi.py:1004}}
Jan 14 09:47:09.108707 dv-cinder-821602-11-smb neutron-server[114492]: DEBUG neutron_lib.callbacks.manager [None req-b76a01cc-c040-444a-bcd2-44084e658b01 admin admin] Publish callbacks [] for security_group (None), before_create {{(pid=114492) _notify_loop /usr/local/lib/python3.8/dist-packages/neutron_lib/callbacks/manager.py:176}}
Jan 14 09:47:09.171508 dv-cinder-821602-11-smb neutron-server[114493]: DEBUG neutron.plugins.ml2.db [None req-bc89c07e-b638-4695-a7da-0cef27f28b72 None None] get_ports_and_sgs() called for port_ids ['e26a02cf-0ea2-4d87-8570-3597ac876fb3'] {{(pid=114493) get_ports_and_sgs /opt/stack/neutron/neutron/plugins/ml2/db.py:156}}
Jan 14 09:47:09.204089 dv-cinder-821602-11-smb neutron-server[114492]: DEBUG neutron_lib.callbacks.manager [None req-b76a01cc-c040-444a-bcd2-44084e658b01 admin admin] Publish callbacks [] for security_group (c55065b7-c287-4e8e-95a9-a76a4497d1e9), precommit_create {{(pid=114492) _notify_loop /usr/local/lib/python3.8/dist-packages/neutron_lib/callbacks/manager.py:176}}
Jan 14 09:47:09.211301 dv-cinder-821602-11-smb neutron-server[114492]: DEBUG neutron_lib.callbacks.manager [None req-b76a01cc-c040-444a-bcd2-44084e658b01 admin admin] Publish callbacks ['neutron.plugins.ml2.ovo_rpc._ObjectChangeHandler.handle_event-555077'] for security_group (c55065b7-c287-4e8e-95a9-a76a4497d1e9), after_create {{(pid=114492) _notify_loop /usr/local/lib/python3.8/dist-packages/neutron_lib/callbacks/manager.py:176}}
Jan 14 09:47:09.271812 dv-cinder-821602-11-smb neutron-server[114492]: DEBUG neutron.api.rpc.handlers.resources_rpc [None req-b76a01cc-c040-444a-bcd2-44084e658b01 admin admin] Pushing event updated for resources: {'SecurityGroup': ['ID=c55065b7-c287-4e8e-95a9-a76a4497d1e9,revision_number=1']} {{(pid=114492) push /opt/stack/neutron/neutron/api/rpc/handlers/resources_rpc.py:237}}
Jan 14 09:47:09.281893 dv-cinder-821602-11-smb neutron-server[114491]: DEBUG neutron.wsgi [-] (114491) accepted ('10.222.0.24', 33616) {{(pid=114491) server /usr/local/lib/python3.8/dist-packages/eventlet/wsgi.py:1004}}
Jan 14 09:47:09.289962 dv-cinder-821602-11-smb neutron-server[114492]: INFO neutron.wsgi [None req-b76a01cc-c040-444a-bcd2-44084e658b01 admin admin] 10.222.0.24 "GET /v2.0/security-groups?tenant_id=ce558d09d93d4559a7ea07880cdbffc0&name=default HTTP/1.1" status: 200 len: 2996 time: 0.3235090
Jan 14 09:47:09.361545 dv-cinder-821602-11-smb neutron-server[114491]: DEBUG neutron_lib.callbacks.manager [None req-3b945c64-f81f-49b1-8628-a0fc766eea25 admin admin] Publish callbacks [] for security_group (c55065b7-c287-4e8e-95a9-a76a4497d1e9), before_delete {{(pid=114491) _notify_loop /usr/local/lib/python3.8/dist-packages/neutron_lib/callbacks/manager.py:176}}
Jan 14 09:47:09.392917 dv-cinder-821602-11-smb neutron-server[114491]: DEBUG neutron_lib.callbacks.manager [None req-3b945c64-f81f-49b1-8628-a0fc766eea25 admin admin] Publish callbacks [] for security_group (c55065b7-c287-4e8e-95a9-a76a4497d1e9), precommit_delete {{(pid=114491) _notify_loop /usr/local/lib/python3.8/dist-packages/neutron_lib/callbacks/manager.py:176}}
Jan 14 09:47:09.446261 dv-cinder-821602-11-smb neutron-server[114491]: DEBUG neutron_lib.callbacks.manager [None req-3b945c64-f81f-49b1-8628-a0fc766eea25 admin admin] Publish callbacks ['neutron.plugins.ml2.ovo_rpc._ObjectChangeHandler.handle_event-555077'] for security_group (c55065b7-c287-4e8e-95a9-a76a4497d1e9), after_delete {{(pid=114491) _notify_loop /usr/local/lib/python3.8/dist-packages/neutron_lib/callbacks/manager.py:176}}
Jan 14 09:47:09.449581 dv-cinder-821602-11-smb neutron-server[114491]: DEBUG neutron_lib.callbacks.manager [None req-3b945c64-f81f-49b1-8628-a0fc766eea25 admin admin] Publish callbacks [] for security_group (None), before_response {{(pid=114491) _notify_loop /usr/local/lib/python3.8/dist-packages/neutron_lib/callbacks/manager.py:176}}
Jan 14 09:47:09.450845 dv-cinder-821602-11-smb neutron-server[114491]: INFO neutron.wsgi [None req-3b945c64-f81f-49b1-8628-a0fc766eea25 admin admin] 10.222.0.24 "DELETE /v2.0/security-groups/c55065b7-c287-4e8e-95a9-a76a4497d1e9 HTTP/1.1" status: 204 len: 168 time: 0.1678421
Jan 14 09:47:09.462329 dv-cinder-821602-11-smb neutron-server[114491]: DEBUG neutron.api.rpc.handlers.resources_rpc [None req-3b945c64-f81f-49b1-8628-a0fc766eea25 admin admin] Pushing event deleted for resources: {'SecurityGroup': ['ID=c55065b7-c287-4e8e-95a9-a76a4497d1e9,revision_number=None']} {{(pid=114491) push /opt/stack/neutron/neutron/api/rpc/handlers/resources_rpc.py:237}}
Jan 14 09:47:09.725330 dv-cinder-821602-11-smb neutron-server[114492]: DEBUG neutron.pecan_wsgi.hooks.policy_enforcement [req-d1837b8e-1ea0-4cbf-93ca-a0eb69108611 req-81c3ef9d-8428-4050-ac9c-4f88e7f618d7 tempest-AttachVolumeNegativeTest-246729490 tempest-AttachVolumeNegativeTest-246729490-project] Attributes excluded by policy engine: ['standard_attr_id', 'binding:profile', 'binding:host_id', 'binding:vif_type', 'binding:vif_details'] {{(pid=114492) _exclude_attributes_by_policy /opt/stack/neutron/neutron/pecan_wsgi/hooks/policy_enforcement.py:255}}
Jan 14 09:47:09.726893 dv-cinder-821602-11-smb neutron-server[114492]: INFO neutron.wsgi [req-d1837b8e-1ea0-4cbf-93ca-a0eb69108611 req-81c3ef9d-8428-4050-ac9c-4f88e7f618d7 tempest-AttachVolumeNegativeTest-246729490 tempest-AttachVolumeNegativeTest-246729490-project] 10.222.0.24 "GET /v2.0/ports?device_id=fea3c83b-ee12-43ec-91a5-ef82699a7df1 HTTP/1.1" status: 200 len: 945 time: 0.0603535
Jan 14 09:47:09.791708 dv-cinder-821602-11-smb neutron-server[114492]: INFO neutron.wsgi [req-d1837b8e-1ea0-4cbf-93ca-a0eb69108611 req-ba2a7aae-0e75-420d-9755-289fafd3e7ef tempest-AttachVolumeNegativeTest-246729490 tempest-AttachVolumeNegativeTest-246729490-project] 10.222.0.24 "GET /v2.0/security-groups?id=94a1fdbe-c55d-4db2-973b-72489ae23207&fields=id&fields=name HTTP/1.1" status: 200 len: 286 time: 0.0563912
Jan 14 09:47:09.974843 dv-cinder-821602-11-smb neutron-server[114491]: DEBUG neutron.wsgi [-] (114491) accepted ('10.222.0.24', 33648) {{(pid=114491) server /usr/local/lib/python3.8/dist-packages/eventlet/wsgi.py:1004}}
Jan 14 09:47:10.030414 dv-cinder-821602-11-smb neutron-server[114491]: DEBUG neutron_lib.callbacks.manager [None req-12361182-2127-48cd-8b44-a9bf6c455f11 admin admin] Publish callbacks [] for security_group (None), before_create {{(pid=114491) _notify_loop /usr/local/lib/python3.8/dist-packages/neutron_lib/callbacks/manager.py:176}}
Jan 14 09:47:10.075285 dv-cinder-821602-11-smb neutron-server[114491]: DEBUG neutron.pecan_wsgi.hooks.policy_enforcement [req-73f580f6-69f3-43f6-8e51-ba2d021b8621 req-c656fc08-3002-4133-a80a-6a97a6063bf7 tempest-ServerRescueNegativeTestJSON-1795496892 tempest-ServerRescueNegativeTestJSON-1795496892-project] Attributes excluded by policy engine: ['standard_attr_id', 'binding:profile', 'binding:host_id', 'binding:vif_type', 'binding:vif_details'] {{(pid=114491) _exclude_attributes_by_policy /opt/stack/neutron/neutron/pecan_wsgi/hooks/policy_enforcement.py:255}}
Jan 14 09:47:10.077011 dv-cinder-821602-11-smb neutron-server[114491]: INFO neutron.wsgi [req-73f580f6-69f3-43f6-8e51-ba2d021b8621 req-c656fc08-3002-4133-a80a-6a97a6063bf7 tempest-ServerRescueNegativeTestJSON-1795496892 tempest-ServerRescueNegativeTestJSON-1795496892-project] 10.222.0.24 "GET /v2.0/ports?device_id=d62ed1c3-4fe9-4991-b082-418e76e0ab42 HTTP/1.1" status: 200 len: 946 time: 0.1052978
Jan 14 09:47:10.222358 dv-cinder-821602-11-smb neutron-server[114491]: INFO neutron.wsgi [req-73f580f6-69f3-43f6-8e51-ba2d021b8621 req-139ee41e-e190-4cc4-9d9a-fa8df4b0b857 tempest-ServerRescueNegativeTestJSON-1795496892 tempest-ServerRescueNegativeTestJSON-1795496892-project] 10.222.0.24 "GET /v2.0/security-groups?id=8c175bf4-de24-473c-8bf9-9f1b0d7670a8&fields=id&fields=name HTTP/1.1" status: 200 len: 286 time: 0.1291938
Jan 14 09:47:10.254535 dv-cinder-821602-11-smb neutron-server[114491]: DEBUG neutron_lib.callbacks.manager [None req-12361182-2127-48cd-8b44-a9bf6c455f11 admin admin] Publish callbacks [] for security_group (1c0387cb-c40b-4097-bec4-dd5bd045749f), precommit_create {{(pid=114491) _notify_loop /usr/local/lib/python3.8/dist-packages/neutron_lib/callbacks/manager.py:176}}
Jan 14 09:47:10.260097 dv-cinder-821602-11-smb neutron-server[114491]: DEBUG neutron_lib.callbacks.manager [None req-12361182-2127-48cd-8b44-a9bf6c455f11 admin admin] Publish callbacks ['neutron.plugins.ml2.ovo_rpc._ObjectChangeHandler.handle_event-555077'] for security_group (1c0387cb-c40b-4097-bec4-dd5bd045749f), after_create {{(pid=114491) _notify_loop /usr/local/lib/python3.8/dist-packages/neutron_lib/callbacks/manager.py:176}}
Jan 14 09:47:10.335993 dv-cinder-821602-11-smb neutron-server[114491]: INFO neutron.wsgi [None req-12361182-2127-48cd-8b44-a9bf6c455f11 admin admin] 10.222.0.24 "GET /v2.0/security-groups?tenant_id=1e7afbc9017f4709acc0b8567c00d556&name=default HTTP/1.1" status: 200 len: 2996 time: 0.3461874
Jan 14 09:47:10.337143 dv-cinder-821602-11-smb neutron-server[114491]: DEBUG neutron.api.rpc.handlers.resources_rpc [None req-12361182-2127-48cd-8b44-a9bf6c455f11 admin admin] Pushing event updated for resources: {'SecurityGroup': ['ID=1c0387cb-c40b-4097-bec4-dd5bd045749f,revision_number=1']} {{(pid=114491) push /opt/stack/neutron/neutron/api/rpc/handlers/resources_rpc.py:237}}
Jan 14 09:47:10.338883 dv-cinder-821602-11-smb neutron-server[114492]: DEBUG neutron.wsgi [-] (114492) accepted ('10.222.0.24', 33654) {{(pid=114492) server /usr/local/lib/python3.8/dist-packages/eventlet/wsgi.py:1004}}
Jan 14 09:47:10.424997 dv-cinder-821602-11-smb neutron-server[114492]: DEBUG neutron_lib.callbacks.manager [None req-3bfc8d98-6fdd-4794-8275-af2ff8517458 admin admin] Publish callbacks [] for security_group (1c0387cb-c40b-4097-bec4-dd5bd045749f), before_delete {{(pid=114492) _notify_loop /usr/local/lib/python3.8/dist-packages/neutron_lib/callbacks/manager.py:176}}
Jan 14 09:47:10.456363 dv-cinder-821602-11-smb neutron-server[114492]: DEBUG neutron_lib.callbacks.manager [None req-3bfc8d98-6fdd-4794-8275-af2ff8517458 admin admin] Publish callbacks [] for security_group (1c0387cb-c40b-4097-bec4-dd5bd045749f), precommit_delete {{(pid=114492) _notify_loop /usr/local/lib/python3.8/dist-packages/neutron_lib/callbacks/manager.py:176}}
Jan 14 09:47:10.514432 dv-cinder-821602-11-smb neutron-server[114492]: DEBUG neutron_lib.callbacks.manager [None req-3bfc8d98-6fdd-4794-8275-af2ff8517458 admin admin] Publish callbacks ['neutron.plugins.ml2.ovo_rpc._ObjectChangeHandler.handle_event-555077'] for security_group (1c0387cb-c40b-4097-bec4-dd5bd045749f), after_delete {{(pid=114492) _notify_loop /usr/local/lib/python3.8/dist-packages/neutron_lib/callbacks/manager.py:176}}
Jan 14 09:47:10.520206 dv-cinder-821602-11-smb neutron-server[114492]: DEBUG neutron_lib.callbacks.manager [None req-3bfc8d98-6fdd-4794-8275-af2ff8517458 admin admin] Publish callbacks [] for security_group (None), before_response {{(pid=114492) _notify_loop /usr/local/lib/python3.8/dist-packages/neutron_lib/callbacks/manager.py:176}}
Jan 14 09:47:10.521868 dv-cinder-821602-11-smb neutron-server[114492]: INFO neutron.wsgi [None req-3bfc8d98-6fdd-4794-8275-af2ff8517458 admin admin] 10.222.0.24 "DELETE /v2.0/security-groups/1c0387cb-c40b-4097-bec4-dd5bd045749f HTTP/1.1" status: 204 len: 168 time: 0.1818216
Jan 14 09:47:10.536461 dv-cinder-821602-11-smb neutron-server[114492]: DEBUG neutron.api.rpc.handlers.resources_rpc [None req-3bfc8d98-6fdd-4794-8275-af2ff8517458 admin admin] Pushing event deleted for resources: {'SecurityGroup': ['ID=1c0387cb-c40b-4097-bec4-dd5bd045749f,revision_number=None']} {{(pid=114492) push /opt/stack/neutron/neutron/api/rpc/handlers/resources_rpc.py:237}}
Jan 14 09:47:10.538188 dv-cinder-821602-11-smb neutron-server[114491]: DEBUG neutron.wsgi [-] (114491) accepted ('10.222.0.24', 33662) {{(pid=114491) server /usr/local/lib/python3.8/dist-packages/eventlet/wsgi.py:1004}}
