Sep 19 11:25:56.073355 dv-cinder-820994-5-smb devstack@placement-api.service[106707]: DEBUG placement.handlers.allocation [req-f36816cb-b9d4-4125-ad96-771876d4971f req-0d0db0d5-8a21-441a-b664-2073eb48731d service placement] Successfully wrote allocations [, , ] {{(pid=106707) _update_consumers_and_create_allocations /opt/stack/placement/placement/handlers/allocation.py:462}}
Sep 19 11:25:56.079198 dv-cinder-820994-5-smb devstack@placement-api.service[106707]: INFO placement.requestlog [req-f36816cb-b9d4-4125-ad96-771876d4971f req-0d0db0d5-8a21-441a-b664-2073eb48731d service placement] 10.222.0.71 "PUT /placement/allocations/c08c0482-40bd-4b41-83ee-d380dfdbd9b9" status: 204 len: 0 microversion: 1.36
Sep 19 11:25:56.079877 dv-cinder-820994-5-smb devstack@placement-api.service[106707]: [pid: 106707|app: 0|req: 11/23] 10.222.0.71 () {64 vars in 1433 bytes} [Mon Sep 19 11:25:55 2022] PUT /placement/allocations/c08c0482-40bd-4b41-83ee-d380dfdbd9b9 => generated 0 bytes in 351 msecs (HTTP/1.1 204) 5 headers in 199 bytes (2 switches on core 0)
Sep 19 11:25:57.049601 dv-cinder-820994-5-smb devstack@placement-api.service[106706]: DEBUG placement.requestlog [req-70b86143-1590-4b4a-b698-a92878098288 req-28c3a33f-6d73-4d12-a819-ffda4992a9f5 None None] Starting request: 10.222.0.71 "GET /placement/allocation_candidates?limit=1000&resources=DISK_GB%3A1%2CMEMORY_MB%3A1024%2CVCPU%3A1&root_required=%21COMPUTE_STATUS_DISABLED" {{(pid=106706) __call__ /opt/stack/placement/placement/requestlog.py:55}}
Sep 19 11:25:57.199134 dv-cinder-820994-5-smb devstack@placement-api.service[106706]: DEBUG placement.objects.research_context [req-70b86143-1590-4b4a-b698-a92878098288 req-28c3a33f-6d73-4d12-a819-ffda4992a9f5 service placement] getting providers with 1 DISK_GB {{(pid=106706) __init__ /opt/stack/placement/placement/objects/research_context.py:136}}
Sep 19 11:25:57.211287 dv-cinder-820994-5-smb devstack@placement-api.service[106706]: DEBUG placement.objects.research_context [req-70b86143-1590-4b4a-b698-a92878098288 req-28c3a33f-6d73-4d12-a819-ffda4992a9f5 service placement] getting providers with 1024 MEMORY_MB {{(pid=106706) __init__ /opt/stack/placement/placement/objects/research_context.py:136}}
Sep 19 11:25:57.220081 dv-cinder-820994-5-smb devstack@placement-api.service[106706]: DEBUG placement.objects.research_context [req-70b86143-1590-4b4a-b698-a92878098288 req-28c3a33f-6d73-4d12-a819-ffda4992a9f5 service placement] getting providers with 1 VCPU {{(pid=106706) __init__ /opt/stack/placement/placement/objects/research_context.py:136}}
Sep 19 11:25:57.227336 dv-cinder-820994-5-smb devstack@placement-api.service[106706]: DEBUG placement.objects.research_context [req-70b86143-1590-4b4a-b698-a92878098288 req-28c3a33f-6d73-4d12-a819-ffda4992a9f5 service placement] found 1 providers with available 1 DISK_GB {{(pid=106706) get_provider_ids_matching /opt/stack/placement/placement/objects/research_context.py:563}}
Sep 19 11:25:57.228402 dv-cinder-820994-5-smb devstack@placement-api.service[106706]: DEBUG placement.objects.research_context [req-70b86143-1590-4b4a-b698-a92878098288 req-28c3a33f-6d73-4d12-a819-ffda4992a9f5 service placement] found 1 providers with available 1024 MEMORY_MB {{(pid=106706) get_provider_ids_matching /opt/stack/placement/placement/objects/research_context.py:563}}
Sep 19 11:25:57.229495 dv-cinder-820994-5-smb devstack@placement-api.service[106706]: DEBUG placement.objects.research_context [req-70b86143-1590-4b4a-b698-a92878098288 req-28c3a33f-6d73-4d12-a819-ffda4992a9f5 service placement] found 1 providers after filtering by previous result {{(pid=106706) get_provider_ids_matching /opt/stack/placement/placement/objects/research_context.py:594}}
Sep 19 11:25:57.229907 dv-cinder-820994-5-smb devstack@placement-api.service[106706]: DEBUG placement.objects.research_context [req-70b86143-1590-4b4a-b698-a92878098288 req-28c3a33f-6d73-4d12-a819-ffda4992a9f5 service placement] found 1 providers with available 1 VCPU {{(pid=106706) get_provider_ids_matching /opt/stack/placement/placement/objects/research_context.py:563}}
Sep 19 11:25:57.230313 dv-cinder-820994-5-smb devstack@placement-api.service[106706]: DEBUG placement.objects.research_context [req-70b86143-1590-4b4a-b698-a92878098288 req-28c3a33f-6d73-4d12-a819-ffda4992a9f5 service placement] found 1 providers after filtering by previous result {{(pid=106706) get_provider_ids_matching /opt/stack/placement/placement/objects/research_context.py:594}}
Sep 19 11:25:57.247353 dv-cinder-820994-5-smb devstack@placement-api.service[106706]: DEBUG placement.objects.allocation_candidate [req-70b86143-1590-4b4a-b698-a92878098288 req-28c3a33f-6d73-4d12-a819-ffda4992a9f5 service placement] RequestGroup(use_same_provider=False, resources={DISK_GB:1, MEMORY_MB:1024, VCPU:1}, traits=(), aggregates=[]) (suffix '') returned 1 matches {{(pid=106706) _get_by_requests /opt/stack/placement/placement/objects/allocation_candidate.py:156}}
Sep 19 11:25:57.247913 dv-cinder-820994-5-smb devstack@placement-api.service[106706]: DEBUG placement.objects.allocation_candidate [req-70b86143-1590-4b4a-b698-a92878098288 req-28c3a33f-6d73-4d12-a819-ffda4992a9f5 service placement] Merging candidates yields 1 allocation requests and 1 provider summaries {{(pid=106706) _merge_candidates /opt/stack/placement/placement/objects/allocation_candidate.py:809}}
Sep 19 11:25:57.250395 dv-cinder-820994-5-smb devstack@placement-api.service[106706]: INFO placement.requestlog [req-70b86143-1590-4b4a-b698-a92878098288 req-28c3a33f-6d73-4d12-a819-ffda4992a9f5 service placement] 10.222.0.71 "GET /placement/allocation_candidates?limit=1000&resources=DISK_GB%3A1%2CMEMORY_MB%3A1024%2CVCPU%3A1&root_required=%21COMPUTE_STATUS_DISABLED" status: 200 len: 767 microversion: 1.36
Sep 19 11:25:57.251346 dv-cinder-820994-5-smb devstack@placement-api.service[106706]: [pid: 106706|app: 0|req: 13/24] 10.222.0.71 () {60 vars in 1506 bytes} [Mon Sep 19 11:25:57 2022] GET /placement/allocation_candidates?limit=1000&resources=DISK_GB%3A1%2CMEMORY_MB%3A1024%2CVCPU%3A1&root_required=%21COMPUTE_STATUS_DISABLED => generated 767 bytes in 203 msecs (HTTP/1.1 200) 8 headers in 296 bytes (1 switches on core 0)
Sep 19 11:25:57.503078 dv-cinder-820994-5-smb devstack@placement-api.service[106707]: DEBUG placement.requestlog [req-70b86143-1590-4b4a-b698-a92878098288 req-a67b8803-ea98-438b-99cb-73b63da32f45 None None] Starting request: 10.222.0.71 "GET /placement/allocations/e42a0981-85de-4f77-8fe5-e5195f2c777e" {{(pid=106707) __call__ /opt/stack/placement/placement/requestlog.py:55}}
Sep 19 11:25:57.531323 dv-cinder-820994-5-smb devstack@placement-api.service[106707]: INFO placement.requestlog [req-70b86143-1590-4b4a-b698-a92878098288 req-a67b8803-ea98-438b-99cb-73b63da32f45 service placement] 10.222.0.71 "GET /placement/allocations/e42a0981-85de-4f77-8fe5-e5195f2c777e" status: 200 len: 19 microversion: 1.28
Sep 19 11:25:57.531706 dv-cinder-820994-5-smb devstack@placement-api.service[106707]: [pid: 106707|app: 0|req: 12/25] 10.222.0.71 () {60 vars in 1380 bytes} [Mon Sep 19 11:25:57 2022] GET /placement/allocations/e42a0981-85de-4f77-8fe5-e5195f2c777e => generated 19 bytes in 29 msecs (HTTP/1.1 200) 8 headers in 295 bytes (1 switches on core 0)
Sep 19 11:25:57.539768 dv-cinder-820994-5-smb devstack@placement-api.service[106706]: DEBUG placement.requestlog [req-70b86143-1590-4b4a-b698-a92878098288 req-81f0c45f-614e-4a74-892d-a7b60a5e7fc1 None None] Starting request: 10.222.0.71 "PUT /placement/allocations/e42a0981-85de-4f77-8fe5-e5195f2c777e" {{(pid=106706) __call__ /opt/stack/placement/placement/requestlog.py:55}}
Sep 19 11:25:57.634122 dv-cinder-820994-5-smb devstack@placement-api.service[106707]: DEBUG placement.requestlog [req-f36816cb-b9d4-4125-ad96-771876d4971f req-2e915069-e56d-4e27-a64f-3c626de9d95c None None] Starting request: 10.222.0.82 "GET /placement/allocations/c08c0482-40bd-4b41-83ee-d380dfdbd9b9" {{(pid=106707) __call__ /opt/stack/placement/placement/requestlog.py:55}}
Sep 19 11:25:57.665885 dv-cinder-820994-5-smb devstack@placement-api.service[106707]: INFO placement.requestlog [req-f36816cb-b9d4-4125-ad96-771876d4971f req-2e915069-e56d-4e27-a64f-3c626de9d95c service placement] 10.222.0.82 "GET /placement/allocations/c08c0482-40bd-4b41-83ee-d380dfdbd9b9" status: 200 len: 258 microversion: 1.28
Sep 19 11:25:57.667077 dv-cinder-820994-5-smb devstack@placement-api.service[106707]: [pid: 106707|app: 0|req: 13/26] 10.222.0.82 () {60 vars in 1377 bytes} [Mon Sep 19 11:25:57 2022] GET /placement/allocations/c08c0482-40bd-4b41-83ee-d380dfdbd9b9 => generated 258 bytes in 33 msecs (HTTP/1.1 200) 8 headers in 296 bytes (1 switches on core 0)
Sep 19 11:25:57.761441 dv-cinder-820994-5-smb devstack@placement-api.service[106706]: DEBUG placement.handlers.allocation [req-70b86143-1590-4b4a-b698-a92878098288 req-81f0c45f-614e-4a74-892d-a7b60a5e7fc1 service placement] Successfully wrote allocations [, , ] {{(pid=106706) _update_consumers_and_create_allocations /opt/stack/placement/placement/handlers/allocation.py:462}}
Sep 19 11:25:57.768986 dv-cinder-820994-5-smb devstack@placement-api.service[106706]: INFO placement.requestlog [req-70b86143-1590-4b4a-b698-a92878098288 req-81f0c45f-614e-4a74-892d-a7b60a5e7fc1 service placement] 10.222.0.71 "PUT /placement/allocations/e42a0981-85de-4f77-8fe5-e5195f2c777e" status: 204 len: 0 microversion: 1.36
Sep 19 11:25:57.770189 dv-cinder-820994-5-smb devstack@placement-api.service[106706]: [pid: 106706|app: 0|req: 14/27] 10.222.0.71 () {64 vars in 1433 bytes} [Mon Sep 19 11:25:57 2022] PUT /placement/allocations/e42a0981-85de-4f77-8fe5-e5195f2c777e => generated 0 bytes in 231 msecs (HTTP/1.1 204) 5 headers in 199 bytes (1 switches on core 0)
Sep 19 11:25:58.028110 dv-cinder-820994-5-smb devstack@placement-api.service[106707]: DEBUG placement.requestlog [req-f36816cb-b9d4-4125-ad96-771876d4971f req-bd45283c-e133-473f-bb00-13e5055bd6d5 None None] Starting request: 10.222.0.82 "GET /placement/resource_providers/c5fe459a-3155-4f26-9f69-c42de60c9ec1/allocations" {{(pid=106707) __call__ /opt/stack/placement/placement/requestlog.py:55}}
Sep 19 11:25:58.070563 dv-cinder-820994-5-smb devstack@placement-api.service[106707]: INFO placement.requestlog [req-f36816cb-b9d4-4125-ad96-771876d4971f req-bd45283c-e133-473f-bb00-13e5055bd6d5 service placement] 10.222.0.82 "GET /placement/resource_providers/c5fe459a-3155-4f26-9f69-c42de60c9ec1/allocations" status: 200 len: 254 microversion: 1.0
Sep 19 11:25:58.072537 dv-cinder-820994-5-smb devstack@placement-api.service[106707]: [pid: 106707|app: 0|req: 14/28] 10.222.0.82 () {58 vars in 1390 bytes} [Mon Sep 19 11:25:58 2022] GET /placement/resource_providers/c5fe459a-3155-4f26-9f69-c42de60c9ec1/allocations => generated 254 bytes in 45 msecs (HTTP/1.1 200) 6 headers in 224 bytes (1 switches on core 0)
Sep 19 11:25:58.081377 dv-cinder-820994-5-smb devstack@placement-api.service[106706]: DEBUG placement.requestlog [req-f36816cb-b9d4-4125-ad96-771876d4971f req-1f1df1cd-37d8-4edb-a3dd-726d74c845f6 None None] Starting request: 10.222.0.82 "GET /placement/allocations/e42a0981-85de-4f77-8fe5-e5195f2c777e" {{(pid=106706) __call__ /opt/stack/placement/placement/requestlog.py:55}}
Sep 19 11:25:58.112006 dv-cinder-820994-5-smb devstack@placement-api.service[106706]: INFO placement.requestlog [req-f36816cb-b9d4-4125-ad96-771876d4971f req-1f1df1cd-37d8-4edb-a3dd-726d74c845f6 service placement] 10.222.0.82 "GET /placement/allocations/e42a0981-85de-4f77-8fe5-e5195f2c777e" status: 200 len: 258 microversion: 1.28
Sep 19 11:25:58.112923 dv-cinder-820994-5-smb devstack@placement-api.service[106706]: [pid: 106706|app: 0|req: 15/29] 10.222.0.82 () {60 vars in 1377 bytes} [Mon Sep 19 11:25:58 2022] GET /placement/allocations/e42a0981-85de-4f77-8fe5-e5195f2c777e => generated 258 bytes in 32 msecs (HTTP/1.1 200) 8 headers in 296 bytes (1 switches on core 0)
Sep 19 11:25:58.119809 dv-cinder-820994-5-smb devstack@placement-api.service[106707]: DEBUG placement.requestlog [req-f36816cb-b9d4-4125-ad96-771876d4971f req-1ba08ce7-3fcb-4d49-bfad-33b4ad53ee14 None None] Starting request: 10.222.0.82 "GET /placement/allocations/c08c0482-40bd-4b41-83ee-d380dfdbd9b9" {{(pid=106707) __call__ /opt/stack/placement/placement/requestlog.py:55}}
Sep 19 11:25:58.157115 dv-cinder-820994-5-smb devstack@placement-api.service[106707]: INFO placement.requestlog [req-f36816cb-b9d4-4125-ad96-771876d4971f req-1ba08ce7-3fcb-4d49-bfad-33b4ad53ee14 service placement] 10.222.0.82 "GET /placement/allocations/c08c0482-40bd-4b41-83ee-d380dfdbd9b9" status: 200 len: 258 microversion: 1.28
Sep 19 11:25:58.159436 dv-cinder-820994-5-smb devstack@placement-api.service[106707]: [pid: 106707|app: 0|req: 15/30] 10.222.0.82 () {60 vars in 1377 bytes} [Mon Sep 19 11:25:58 2022] GET /placement/allocations/c08c0482-40bd-4b41-83ee-d380dfdbd9b9 => generated 258 bytes in 40 msecs (HTTP/1.1 200) 8 headers in 296 bytes (1 switches on core 0)
Sep 19 11:25:59.040746 dv-cinder-820994-5-smb devstack@placement-api.service[106706]: DEBUG placement.requestlog [req-70b86143-1590-4b4a-b698-a92878098288 req-637ebbfd-3033-4f32-b72a-c5d666840fb3 None None] Starting request: 10.222.0.82 "GET /placement/allocations/e42a0981-85de-4f77-8fe5-e5195f2c777e" {{(pid=106706) __call__ /opt/stack/placement/placement/requestlog.py:55}}
Sep 19 11:25:59.089979 dv-cinder-820994-5-smb devstack@placement-api.service[106706]: INFO placement.requestlog [req-70b86143-1590-4b4a-b698-a92878098288 req-637ebbfd-3033-4f32-b72a-c5d666840fb3 service placement] 10.222.0.82 "GET /placement/allocations/e42a0981-85de-4f77-8fe5-e5195f2c777e" status: 200 len: 258 microversion: 1.28
Sep 19 11:25:59.103820 dv-cinder-820994-5-smb devstack@placement-api.service[106706]: [pid: 106706|app: 0|req: 16/31] 10.222.0.82 () {60 vars in 1377 bytes} [Mon Sep 19 11:25:59 2022] GET /placement/allocations/e42a0981-85de-4f77-8fe5-e5195f2c777e => generated 258 bytes in 50 msecs (HTTP/1.1 200) 8 headers in 296 bytes (1 switches on core 0)
Sep 19 11:25:59.352495 dv-cinder-820994-5-smb devstack@placement-api.service[106707]: DEBUG placement.requestlog [req-70b86143-1590-4b4a-b698-a92878098288 req-3e4244c6-a89c-4ab3-8249-34df0c471f68 None None] Starting request: 10.222.0.82 "GET /placement/resource_providers/c5fe459a-3155-4f26-9f69-c42de60c9ec1/allocations" {{(pid=106707) __call__ /opt/stack/placement/placement/requestlog.py:55}}
Sep 19 11:25:59.397089 dv-cinder-820994-5-smb devstack@placement-api.service[106707]: INFO placement.requestlog [req-70b86143-1590-4b4a-b698-a92878098288 req-3e4244c6-a89c-4ab3-8249-34df0c471f68 service placement] 10.222.0.82 "GET /placement/resource_providers/c5fe459a-3155-4f26-9f69-c42de60c9ec1/allocations" status: 200 len: 254 microversion: 1.0
Sep 19 11:25:59.398036 dv-cinder-820994-5-smb devstack@placement-api.service[106707]: [pid: 106707|app: 0|req: 16/32] 10.222.0.82 () {58 vars in 1390 bytes} [Mon Sep 19 11:25:59 2022] GET /placement/resource_providers/c5fe459a-3155-4f26-9f69-c42de60c9ec1/allocations => generated 254 bytes in 46 msecs (HTTP/1.1 200) 6 headers in 224 bytes (1 switches on core 0)
Sep 19 11:25:59.404562 dv-cinder-820994-5-smb devstack@placement-api.service[106706]: DEBUG placement.requestlog [req-70b86143-1590-4b4a-b698-a92878098288 req-4b76d83c-eb1f-415f-a7c2-2a8e7f46ad27 None None] Starting request: 10.222.0.82 "GET /placement/allocations/e42a0981-85de-4f77-8fe5-e5195f2c777e" {{(pid=106706) __call__ /opt/stack/placement/placement/requestlog.py:55}}
Sep 19 11:25:59.437489 dv-cinder-820994-5-smb devstack@placement-api.service[106706]: INFO placement.requestlog [req-70b86143-1590-4b4a-b698-a92878098288 req-4b76d83c-eb1f-415f-a7c2-2a8e7f46ad27 service placement] 10.222.0.82 "GET /placement/allocations/e42a0981-85de-4f77-8fe5-e5195f2c777e" status: 200 len: 258 microversion: 1.28
Sep 19 11:25:59.441918 dv-cinder-820994-5-smb devstack@placement-api.service[106706]: [pid: 106706|app: 0|req: 17/33] 10.222.0.82 () {60 vars in 1377 bytes} [Mon Sep 19 11:25:59 2022] GET /placement/allocations/e42a0981-85de-4f77-8fe5-e5195f2c777e => generated 258 bytes in 38 msecs (HTTP/1.1 200) 8 headers in 296 bytes (1 switches on core 0)
Sep 19 11:25:59.448111 dv-cinder-820994-5-smb devstack@placement-api.service[106707]: DEBUG placement.requestlog [req-70b86143-1590-4b4a-b698-a92878098288 req-9775ab8c-f0d1-4319-98c8-769bb8e8d758 None None] Starting request: 10.222.0.82 "GET /placement/allocations/c08c0482-40bd-4b41-83ee-d380dfdbd9b9" {{(pid=106707) __call__ /opt/stack/placement/placement/requestlog.py:55}}
Sep 19 11:25:59.476065 dv-cinder-820994-5-smb devstack@placement-api.service[106707]: INFO placement.requestlog [req-70b86143-1590-4b4a-b698-a92878098288 req-9775ab8c-f0d1-4319-98c8-769bb8e8d758 service placement] 10.222.0.82 "GET /placement/allocations/c08c0482-40bd-4b41-83ee-d380dfdbd9b9" status: 200 len: 258 microversion: 1.28
Sep 19 11:25:59.478349 dv-cinder-820994-5-smb devstack@placement-api.service[106707]: [pid: 106707|app: 0|req: 17/34] 10.222.0.82 () {60 vars in 1377 bytes} [Mon Sep 19 11:25:59 2022] GET /placement/allocations/c08c0482-40bd-4b41-83ee-d380dfdbd9b9 => generated 258 bytes in 30 msecs (HTTP/1.1 200) 8 headers in 296 bytes (1 switches on core 0)
Sep 19 11:26:00.227935 dv-cinder-820994-5-smb devstack@placement-api.service[106706]: DEBUG placement.requestlog [req-1ea958cc-8453-42ec-965d-61da685cb768 req-11034f10-186e-4824-928d-35eb42762a60 None None] Starting request: 10.222.0.71 "GET /placement/allocation_candidates?limit=1000&resources=DISK_GB%3A1%2CMEMORY_MB%3A1024%2CVCPU%3A1&root_required=%21COMPUTE_STATUS_DISABLED" {{(pid=106706) __call__ /opt/stack/placement/placement/requestlog.py:55}}
Sep 19 11:26:00.384816 dv-cinder-820994-5-smb devstack@placement-api.service[106706]: DEBUG placement.objects.research_context [req-1ea958cc-8453-42ec-965d-61da685cb768 req-11034f10-186e-4824-928d-35eb42762a60 service placement] getting providers with 1 DISK_GB {{(pid=106706) __init__ /opt/stack/placement/placement/objects/research_context.py:136}}
Sep 19 11:26:00.403946 dv-cinder-820994-5-smb devstack@placement-api.service[106706]: DEBUG placement.objects.research_context [req-1ea958cc-8453-42ec-965d-61da685cb768 req-11034f10-186e-4824-928d-35eb42762a60 service placement] getting providers with 1024 MEMORY_MB {{(pid=106706) __init__ /opt/stack/placement/placement/objects/research_context.py:136}}
Sep 19 11:26:00.421362 dv-cinder-820994-5-smb devstack@placement-api.service[106706]: DEBUG placement.objects.research_context [req-1ea958cc-8453-42ec-965d-61da685cb768 req-11034f10-186e-4824-928d-35eb42762a60 service placement] getting providers with 1 VCPU {{(pid=106706) __init__ /opt/stack/placement/placement/objects/research_context.py:136}}
Sep 19 11:26:00.463472 dv-cinder-820994-5-smb devstack@placement-api.service[106706]: DEBUG placement.objects.research_context [req-1ea958cc-8453-42ec-965d-61da685cb768 req-11034f10-186e-4824-928d-35eb42762a60 service placement] found 1 providers with available 1 DISK_GB {{(pid=106706) get_provider_ids_matching /opt/stack/placement/placement/objects/research_context.py:563}}
Sep 19 11:26:00.464032 dv-cinder-820994-5-smb devstack@placement-api.service[106706]: DEBUG placement.objects.research_context [req-1ea958cc-8453-42ec-965d-61da685cb768 req-11034f10-186e-4824-928d-35eb42762a60 service placement] found 1 providers with available 1024 MEMORY_MB {{(pid=106706) get_provider_ids_matching /opt/stack/placement/placement/objects/research_context.py:563}}
Sep 19 11:26:00.464316 dv-cinder-820994-5-smb devstack@placement-api.service[106706]: DEBUG placement.objects.research_context [req-1ea958cc-8453-42ec-965d-61da685cb768 req-11034f10-186e-4824-928d-35eb42762a60 service placement] found 1 providers after filtering by previous result {{(pid=106706) get_provider_ids_matching /opt/stack/placement/placement/objects/research_context.py:594}}
Sep 19 11:26:00.464601 dv-cinder-820994-5-smb devstack@placement-api.service[106706]: DEBUG placement.objects.research_context [req-1ea958cc-8453-42ec-965d-61da685cb768 req-11034f10-186e-4824-928d-35eb42762a60 service placement] found 1 providers with available 1 VCPU {{(pid=106706) get_provider_ids_matching /opt/stack/placement/placement/objects/research_context.py:563}}
Sep 19 11:26:00.469113 dv-cinder-820994-5-smb devstack@placement-api.service[106706]: DEBUG placement.objects.research_context [req-1ea958cc-8453-42ec-965d-61da685cb768 req-11034f10-186e-4824-928d-35eb42762a60 service placement] found 1 providers after filtering by previous result {{(pid=106706) get_provider_ids_matching /opt/stack/placement/placement/objects/research_context.py:594}}
Sep 19 11:26:00.546490 dv-cinder-820994-5-smb devstack@placement-api.service[106706]: DEBUG placement.objects.allocation_candidate [req-1ea958cc-8453-42ec-965d-61da685cb768 req-11034f10-186e-4824-928d-35eb42762a60 service placement] RequestGroup(use_same_provider=False, resources={DISK_GB:1, MEMORY_MB:1024, VCPU:1}, traits=(), aggregates=[]) (suffix '') returned 1 matches {{(pid=106706) _get_by_requests /opt/stack/placement/placement/objects/allocation_candidate.py:156}}
Sep 19 11:26:00.547897 dv-cinder-820994-5-smb devstack@placement-api.service[106706]: DEBUG placement.objects.allocation_candidate [req-1ea958cc-8453-42ec-965d-61da685cb768 req-11034f10-186e-4824-928d-35eb42762a60 service placement] Merging candidates yields 1 allocation requests and 1 provider summaries {{(pid=106706) _merge_candidates /opt/stack/placement/placement/objects/allocation_candidate.py:809}}
Sep 19 11:26:00.554436 dv-cinder-820994-5-smb devstack@placement-api.service[106706]: INFO placement.requestlog [req-1ea958cc-8453-42ec-965d-61da685cb768 req-11034f10-186e-4824-928d-35eb42762a60 service placement] 10.222.0.71 "GET /placement/allocation_candidates?limit=1000&resources=DISK_GB%3A1%2CMEMORY_MB%3A1024%2CVCPU%3A1&root_required=%21COMPUTE_STATUS_DISABLED" status: 200 len: 767 microversion: 1.36
Sep 19 11:26:00.557666 dv-cinder-820994-5-smb devstack@placement-api.service[106706]: [pid: 106706|app: 0|req: 18/35] 10.222.0.71 () {60 vars in 1506 bytes} [Mon Sep 19 11:26:00 2022] GET /placement/allocation_candidates?limit=1000&resources=DISK_GB%3A1%2CMEMORY_MB%3A1024%2CVCPU%3A1&root_required=%21COMPUTE_STATUS_DISABLED => generated 767 bytes in 330 msecs (HTTP/1.1 200) 8 headers in 296 bytes (2 switches on core 0)
Sep 19 11:26:00.690273 dv-cinder-820994-5-smb devstack@placement-api.service[106707]: DEBUG placement.requestlog [req-1ea958cc-8453-42ec-965d-61da685cb768 req-e22a1cca-0e4c-4918-8539-75fb9d92643a None None] Starting request: 10.222.0.71 "GET /placement/allocations/c386d024-c7aa-4756-8d9d-5c03c6f9a8a5" {{(pid=106707) __call__ /opt/stack/placement/placement/requestlog.py:55}}
Sep 19 11:26:00.709838 dv-cinder-820994-5-smb devstack@placement-api.service[106707]: INFO placement.requestlog [req-1ea958cc-8453-42ec-965d-61da685cb768 req-e22a1cca-0e4c-4918-8539-75fb9d92643a service placement] 10.222.0.71 "GET /placement/allocations/c386d024-c7aa-4756-8d9d-5c03c6f9a8a5" status: 200 len: 19 microversion: 1.28
Sep 19 11:26:00.711332 dv-cinder-820994-5-smb devstack@placement-api.service[106707]: [pid: 106707|app: 0|req: 18/36] 10.222.0.71 () {60 vars in 1380 bytes} [Mon Sep 19 11:26:00 2022] GET /placement/allocations/c386d024-c7aa-4756-8d9d-5c03c6f9a8a5 => generated 19 bytes in 21 msecs (HTTP/1.1 200) 8 headers in 295 bytes (1 switches on core 0)
Sep 19 11:26:00.719694 dv-cinder-820994-5-smb devstack@placement-api.service[106706]: DEBUG placement.requestlog [req-1ea958cc-8453-42ec-965d-61da685cb768 req-3f67bc41-d4d0-4452-829a-31a423809a58 None None] Starting request: 10.222.0.71 "PUT /placement/allocations/c386d024-c7aa-4756-8d9d-5c03c6f9a8a5" {{(pid=106706) __call__ /opt/stack/placement/placement/requestlog.py:55}}
Sep 19 11:26:01.022776 dv-cinder-820994-5-smb devstack@placement-api.service[106706]: DEBUG placement.handlers.allocation [req-1ea958cc-8453-42ec-965d-61da685cb768 req-3f67bc41-d4d0-4452-829a-31a423809a58 service placement] Successfully wrote allocations [, , ] {{(pid=106706) _update_consumers_and_create_allocations /opt/stack/placement/placement/handlers/allocation.py:462}}
Sep 19 11:26:01.032246 dv-cinder-820994-5-smb devstack@placement-api.service[106706]: INFO placement.requestlog [req-1ea958cc-8453-42ec-965d-61da685cb768 req-3f67bc41-d4d0-4452-829a-31a423809a58 service placement] 10.222.0.71 "PUT /placement/allocations/c386d024-c7aa-4756-8d9d-5c03c6f9a8a5" status: 204 len: 0 microversion: 1.36
Sep 19 11:26:01.032677 dv-cinder-820994-5-smb devstack@placement-api.service[106706]: [pid: 106706|app: 0|req: 19/37] 10.222.0.71 () {64 vars in 1433 bytes} [Mon Sep 19 11:26:00 2022] PUT /placement/allocations/c386d024-c7aa-4756-8d9d-5c03c6f9a8a5 => generated 0 bytes in 314 msecs (HTTP/1.1 204) 5 headers in 199 bytes (1 switches on core 0)
Sep 19 11:26:01.871332 dv-cinder-820994-5-smb devstack@placement-api.service[106707]: DEBUG placement.requestlog [req-1ea958cc-8453-42ec-965d-61da685cb768 req-82da285e-eb84-4cd2-a55e-4c3e9f2a7aa4 None None] Starting request: 10.222.0.82 "GET /placement/allocations/c386d024-c7aa-4756-8d9d-5c03c6f9a8a5" {{(pid=106707) __call__ /opt/stack/placement/placement/requestlog.py:55}}
Sep 19 11:26:01.918356 dv-cinder-820994-5-smb devstack@placement-api.service[106707]: INFO placement.requestlog [req-1ea958cc-8453-42ec-965d-61da685cb768 req-82da285e-eb84-4cd2-a55e-4c3e9f2a7aa4 service placement] 10.222.0.82 "GET /placement/allocations/c386d024-c7aa-4756-8d9d-5c03c6f9a8a5" status: 200 len: 258 microversion: 1.28
Sep 19 11:26:01.923759 dv-cinder-820994-5-smb devstack@placement-api.service[106707]: [pid: 106707|app: 0|req: 19/38] 10.222.0.82 () {60 vars in 1377 bytes} [Mon Sep 19 11:26:01 2022] GET /placement/allocations/c386d024-c7aa-4756-8d9d-5c03c6f9a8a5 => generated 258 bytes in 53 msecs (HTTP/1.1 200) 8 headers in 296 bytes (1 switches on core 0)
Sep 19 11:26:02.267320 dv-cinder-820994-5-smb devstack@placement-api.service[106706]: DEBUG placement.requestlog [req-1ea958cc-8453-42ec-965d-61da685cb768 req-f1f18e05-1a98-41b8-8f4c-60b765d3d87d None None] Starting request: 10.222.0.82 "GET /placement/resource_providers/c5fe459a-3155-4f26-9f69-c42de60c9ec1/allocations" {{(pid=106706) __call__ /opt/stack/placement/placement/requestlog.py:55}}
Sep 19 11:26:02.379149 dv-cinder-820994-5-smb devstack@placement-api.service[106706]: INFO placement.requestlog [req-1ea958cc-8453-42ec-965d-61da685cb768 req-f1f18e05-1a98-41b8-8f4c-60b765d3d87d service placement] 10.222.0.82 "GET /placement/resource_providers/c5fe459a-3155-4f26-9f69-c42de60c9ec1/allocations" status: 200 len: 355 microversion: 1.0
Sep 19 11:26:02.393223 dv-cinder-820994-5-smb devstack@placement-api.service[106707]: DEBUG placement.requestlog [req-1ea958cc-8453-42ec-965d-61da685cb768 req-e00ea99a-a8d7-416c-9ce9-3378607f0e83 None None] Starting request: 10.222.0.82 "GET /placement/allocations/e42a0981-85de-4f77-8fe5-e5195f2c777e" {{(pid=106707) __call__ /opt/stack/placement/placement/requestlog.py:55}}
Sep 19 11:26:02.408351 dv-cinder-820994-5-smb devstack@placement-api.service[106706]: [pid: 106706|app: 0|req: 20/39] 10.222.0.82 () {58 vars in 1390 bytes} [Mon Sep 19 11:26:02 2022] GET /placement/resource_providers/c5fe459a-3155-4f26-9f69-c42de60c9ec1/allocations => generated 355 bytes in 141 msecs (HTTP/1.1 200) 6 headers in 224 bytes (1 switches on core 0)
Sep 19 11:26:02.433418 dv-cinder-820994-5-smb devstack@placement-api.service[106707]: INFO placement.requestlog [req-1ea958cc-8453-42ec-965d-61da685cb768 req-e00ea99a-a8d7-416c-9ce9-3378607f0e83 service placement] 10.222.0.82 "GET /placement/allocations/e42a0981-85de-4f77-8fe5-e5195f2c777e" status: 200 len: 258 microversion: 1.28
Sep 19 11:26:02.434547 dv-cinder-820994-5-smb devstack@placement-api.service[106707]: [pid: 106707|app: 0|req: 20/40] 10.222.0.82 () {60 vars in 1377 bytes} [Mon Sep 19 11:26:02 2022] GET /placement/allocations/e42a0981-85de-4f77-8fe5-e5195f2c777e => generated 258 bytes in 42 msecs (HTTP/1.1 200) 8 headers in 296 bytes (1 switches on core 0)
Sep 19 11:26:02.451002 dv-cinder-820994-5-smb devstack@placement-api.service[106706]: DEBUG placement.requestlog [req-1ea958cc-8453-42ec-965d-61da685cb768 req-acc1b4f0-123a-4966-9592-35b73cd59e05 None None] Starting request: 10.222.0.82 "GET /placement/allocations/c386d024-c7aa-4756-8d9d-5c03c6f9a8a5" {{(pid=106706) __call__ /opt/stack/placement/placement/requestlog.py:55}}
Sep 19 11:26:02.482042 dv-cinder-820994-5-smb devstack@placement-api.service[106706]: INFO placement.requestlog [req-1ea958cc-8453-42ec-965d-61da685cb768 req-acc1b4f0-123a-4966-9592-35b73cd59e05 service placement] 10.222.0.82 "GET /placement/allocations/c386d024-c7aa-4756-8d9d-5c03c6f9a8a5" status: 200 len: 258 microversion: 1.28
Sep 19 11:26:02.488149 dv-cinder-820994-5-smb devstack@placement-api.service[106706]: [pid: 106706|app: 0|req: 21/41] 10.222.0.82 () {60 vars in 1377 bytes} [Mon Sep 19 11:26:02 2022] GET /placement/allocations/c386d024-c7aa-4756-8d9d-5c03c6f9a8a5 => generated 258 bytes in 37 msecs (HTTP/1.1 200) 8 headers in 296 bytes (1 switches on core 0)
Sep 19 11:26:02.492219 dv-cinder-820994-5-smb devstack@placement-api.service[106707]: DEBUG placement.requestlog [req-1ea958cc-8453-42ec-965d-61da685cb768 req-7b3e2117-f742-4308-bada-080a4767d69c None None] Starting request: 10.222.0.82 "GET /placement/allocations/c08c0482-40bd-4b41-83ee-d380dfdbd9b9" {{(pid=106707) __call__ /opt/stack/placement/placement/requestlog.py:55}}
Sep 19 11:26:02.539073 dv-cinder-820994-5-smb devstack@placement-api.service[106707]: INFO placement.requestlog [req-1ea958cc-8453-42ec-965d-61da685cb768 req-7b3e2117-f742-4308-bada-080a4767d69c service placement] 10.222.0.82 "GET /placement/allocations/c08c0482-40bd-4b41-83ee-d380dfdbd9b9" status: 200 len: 258 microversion: 1.28
Sep 19 11:26:02.539970 dv-cinder-820994-5-smb devstack@placement-api.service[106707]: [pid: 106707|app: 0|req: 21/42] 10.222.0.82 () {60 vars in 1377 bytes} [Mon Sep 19 11:26:02 2022] GET /placement/allocations/c08c0482-40bd-4b41-83ee-d380dfdbd9b9 => generated 258 bytes in 48 msecs (HTTP/1.1 200) 8 headers in 296 bytes (1 switches on core 0)
Sep 19 11:26:12.369898 dv-cinder-820994-5-smb devstack@placement-api.service[106706]: DEBUG placement.requestlog [req-3ec45288-cd2e-452d-9dfa-c1966004f704 req-30f73b06-c42c-4c11-9282-ba738a303597 None None] Starting request: 10.222.0.71 "GET /placement/allocation_candidates?limit=1000&resources=DISK_GB%3A1%2CMEMORY_MB%3A1024%2CVCPU%3A1&root_required=%21COMPUTE_STATUS_DISABLED" {{(pid=106706) __call__ /opt/stack/placement/placement/requestlog.py:55}}
Sep 19 11:26:12.427435 dv-cinder-820994-5-smb devstack@placement-api.service[106706]: DEBUG dbcounter [-] [106706] Writing DB stats placement:SELECT=82,placement:INSERT=10,placement:DELETE=4,placement:UPDATE=4 {{(pid=106706) stat_writer /usr/local/lib/python3.8/dist-packages/dbcounter.py:114}}
Sep 19 11:26:12.498816 dv-cinder-820994-5-smb devstack@placement-api.service[106706]: DEBUG placement.objects.research_context [req-3ec45288-cd2e-452d-9dfa-c1966004f704 req-30f73b06-c42c-4c11-9282-ba738a303597 service placement] getting providers with 1 DISK_GB {{(pid=106706) __init__ /opt/stack/placement/placement/objects/research_context.py:136}}
Sep 19 11:26:12.524175 dv-cinder-820994-5-smb devstack@placement-api.service[106706]: DEBUG placement.objects.research_context [req-3ec45288-cd2e-452d-9dfa-c1966004f704 req-30f73b06-c42c-4c11-9282-ba738a303597 service placement] getting providers with 1024 MEMORY_MB {{(pid=106706) __init__ /opt/stack/placement/placement/objects/research_context.py:136}}
Sep 19 11:26:12.531861 dv-cinder-820994-5-smb devstack@placement-api.service[106707]: DEBUG dbcounter [-] [106707] Writing DB stats placement:SELECT=71,placement:INSERT=6,placement:DELETE=2,placement:UPDATE=2 {{(pid=106707) stat_writer /usr/local/lib/python3.8/dist-packages/dbcounter.py:114}}
Sep 19 11:26:12.544183 dv-cinder-820994-5-smb devstack@placement-api.service[106706]: DEBUG placement.objects.research_context [req-3ec45288-cd2e-452d-9dfa-c1966004f704 req-30f73b06-c42c-4c11-9282-ba738a303597 service placement] getting providers with 1 VCPU {{(pid=106706) __init__ /opt/stack/placement/placement/objects/research_context.py:136}}
Sep 19 11:26:12.561430 dv-cinder-820994-5-smb devstack@placement-api.service[106706]: DEBUG placement.objects.research_context [req-3ec45288-cd2e-452d-9dfa-c1966004f704 req-30f73b06-c42c-4c11-9282-ba738a303597 service placement] found 1 providers with available 1 DISK_GB {{(pid=106706) get_provider_ids_matching /opt/stack/placement/placement/objects/research_context.py:563}}
Sep 19 11:26:12.561769 dv-cinder-820994-5-smb devstack@placement-api.service[106706]: DEBUG placement.objects.research_context [req-3ec45288-cd2e-452d-9dfa-c1966004f704 req-30f73b06-c42c-4c11-9282-ba738a303597 service placement] found 1 providers with available 1024 MEMORY_MB {{(pid=106706) get_provider_ids_matching /opt/stack/placement/placement/objects/research_context.py:563}}
Sep 19 11:26:12.562050 dv-cinder-820994-5-smb devstack@placement-api.service[106706]: DEBUG placement.objects.research_context [req-3ec45288-cd2e-452d-9dfa-c1966004f704 req-30f73b06-c42c-4c11-9282-ba738a303597 service placement] found 1 providers after filtering by previous result {{(pid=106706) get_provider_ids_matching /opt/stack/placement/placement/objects/research_context.py:594}}
Sep 19 11:26:12.562549 dv-cinder-820994-5-smb devstack@placement-api.service[106706]: DEBUG placement.objects.research_context [req-3ec45288-cd2e-452d-9dfa-c1966004f704 req-30f73b06-c42c-4c11-9282-ba738a303597 service placement] found 1 providers with available 1 VCPU {{(pid=106706) get_provider_ids_matching /opt/stack/placement/placement/objects/research_context.py:563}}
Sep 19 11:26:12.562879 dv-cinder-820994-5-smb devstack@placement-api.service[106706]: DEBUG placement.objects.research_context [req-3ec45288-cd2e-452d-9dfa-c1966004f704 req-30f73b06-c42c-4c11-9282-ba738a303597 service placement] found 1 providers after filtering by previous result {{(pid=106706) get_provider_ids_matching /opt/stack/placement/placement/objects/research_context.py:594}}
Sep 19 11:26:12.585200 dv-cinder-820994-5-smb devstack@placement-api.service[106706]: DEBUG placement.objects.allocation_candidate [req-3ec45288-cd2e-452d-9dfa-c1966004f704 req-30f73b06-c42c-4c11-9282-ba738a303597 service placement] RequestGroup(use_same_provider=False, resources={DISK_GB:1, MEMORY_MB:1024, VCPU:1}, traits=(), aggregates=[]) (suffix '') returned 1 matches {{(pid=106706) _get_by_requests /opt/stack/placement/placement/objects/allocation_candidate.py:156}}
Sep 19 11:26:12.585800 dv-cinder-820994-5-smb devstack@placement-api.service[106706]: DEBUG placement.objects.allocation_candidate [req-3ec45288-cd2e-452d-9dfa-c1966004f704 req-30f73b06-c42c-4c11-9282-ba738a303597 service placement] Merging candidates yields 1 allocation requests and 1 provider summaries {{(pid=106706) _merge_candidates /opt/stack/placement/placement/objects/allocation_candidate.py:809}}
Sep 19 11:26:12.589954 dv-cinder-820994-5-smb devstack@placement-api.service[106706]: INFO placement.requestlog [req-3ec45288-cd2e-452d-9dfa-c1966004f704 req-30f73b06-c42c-4c11-9282-ba738a303597 service placement] 10.222.0.71 "GET /placement/allocation_candidates?limit=1000&resources=DISK_GB%3A1%2CMEMORY_MB%3A1024%2CVCPU%3A1&root_required=%21COMPUTE_STATUS_DISABLED" status: 200 len: 767 microversion: 1.36
Sep 19 11:26:12.604390 dv-cinder-820994-5-smb devstack@placement-api.service[106706]: [pid: 106706|app: 0|req: 22/43] 10.222.0.71 () {60 vars in 1506 bytes} [Mon Sep 19 11:26:12 2022] GET /placement/allocation_candidates?limit=1000&resources=DISK_GB%3A1%2CMEMORY_MB%3A1024%2CVCPU%3A1&root_required=%21COMPUTE_STATUS_DISABLED => generated 767 bytes in 234 msecs (HTTP/1.1 200) 8 headers in 296 bytes (1 switches on core 0)
Sep 19 11:26:12.640320 dv-cinder-820994-5-smb devstack@placement-api.service[106707]: DEBUG placement.requestlog [req-3ec45288-cd2e-452d-9dfa-c1966004f704 req-7a390ca7-d69c-4ccf-9176-42e6defe1d39 None None] Starting request: 10.222.0.71 "GET /placement/allocations/9b86e966-7248-48db-995b-f92e87f8bb88" {{(pid=106707) __call__ /opt/stack/placement/placement/requestlog.py:55}}
Sep 19 11:26:12.654789 dv-cinder-820994-5-smb devstack@placement-api.service[106707]: INFO placement.requestlog [req-3ec45288-cd2e-452d-9dfa-c1966004f704 req-7a390ca7-d69c-4ccf-9176-42e6defe1d39 service placement] 10.222.0.71 "GET /placement/allocations/9b86e966-7248-48db-995b-f92e87f8bb88" status: 200 len: 19 microversion: 1.28
Sep 19 11:26:12.670945 dv-cinder-820994-5-smb devstack@placement-api.service[106707]: [pid: 106707|app: 0|req: 22/44] 10.222.0.71 () {60 vars in 1380 bytes} [Mon Sep 19 11:26:12 2022] GET /placement/allocations/9b86e966-7248-48db-995b-f92e87f8bb88 => generated 19 bytes in 31 msecs (HTTP/1.1 200) 8 headers in 295 bytes (1 switches on core 0)
Sep 19 11:26:12.674783 dv-cinder-820994-5-smb devstack@placement-api.service[106706]: DEBUG placement.requestlog [req-3ec45288-cd2e-452d-9dfa-c1966004f704 req-4f166f6c-83d9-4bc1-a21c-6fc6a2fb5518 None None] Starting request: 10.222.0.71 "PUT /placement/allocations/9b86e966-7248-48db-995b-f92e87f8bb88" {{(pid=106706) __call__ /opt/stack/placement/placement/requestlog.py:55}}
Sep 19 11:26:12.921735 dv-cinder-820994-5-smb devstack@placement-api.service[106706]: DEBUG placement.handlers.allocation [req-3ec45288-cd2e-452d-9dfa-c1966004f704 req-4f166f6c-83d9-4bc1-a21c-6fc6a2fb5518 service placement] Successfully wrote allocations [, , ] {{(pid=106706) _update_consumers_and_create_allocations /opt/stack/placement/placement/handlers/allocation.py:462}}
Sep 19 11:26:12.930725 dv-cinder-820994-5-smb devstack@placement-api.service[106706]: INFO placement.requestlog [req-3ec45288-cd2e-452d-9dfa-c1966004f704 req-4f166f6c-83d9-4bc1-a21c-6fc6a2fb5518 service placement] 10.222.0.71 "PUT /placement/allocations/9b86e966-7248-48db-995b-f92e87f8bb88" status: 204 len: 0 microversion: 1.36
Sep 19 11:26:12.931520 dv-cinder-820994-5-smb devstack@placement-api.service[106706]: [pid: 106706|app: 0|req: 23/45] 10.222.0.71 () {64 vars in 1433 bytes} [Mon Sep 19 11:26:12 2022] PUT /placement/allocations/9b86e966-7248-48db-995b-f92e87f8bb88 => generated 0 bytes in 257 msecs (HTTP/1.1 204) 5 headers in 199 bytes (2 switches on core 0)
Sep 19 11:26:13.666351 dv-cinder-820994-5-smb devstack@placement-api.service[106707]: DEBUG placement.requestlog [req-3ec45288-cd2e-452d-9dfa-c1966004f704 req-e83f408d-b063-4f9f-9e0e-a67c0cae3915 None None] Starting request: 10.222.0.82 "GET /placement/allocations/9b86e966-7248-48db-995b-f92e87f8bb88" {{(pid=106707) __call__ /opt/stack/placement/placement/requestlog.py:55}}
Sep 19 11:26:13.703332 dv-cinder-820994-5-smb devstack@placement-api.service[106707]: INFO placement.requestlog [req-3ec45288-cd2e-452d-9dfa-c1966004f704 req-e83f408d-b063-4f9f-9e0e-a67c0cae3915 service placement] 10.222.0.82 "GET /placement/allocations/9b86e966-7248-48db-995b-f92e87f8bb88" status: 200 len: 258 microversion: 1.28
Sep 19 11:26:13.705176 dv-cinder-820994-5-smb devstack@placement-api.service[106707]: [pid: 106707|app: 0|req: 23/46] 10.222.0.82 () {60 vars in 1377 bytes} [Mon Sep 19 11:26:13 2022] GET /placement/allocations/9b86e966-7248-48db-995b-f92e87f8bb88 => generated 258 bytes in 39 msecs (HTTP/1.1 200) 8 headers in 296 bytes (1 switches on core 0)
Sep 19 11:26:15.951214 dv-cinder-820994-5-smb devstack@placement-api.service[106706]: DEBUG placement.requestlog [req-3ec45288-cd2e-452d-9dfa-c1966004f704 req-76240897-7ff3-4d75-8313-04f84c28e094 None None] Starting request: 10.222.0.82 "GET /placement/resource_providers/c5fe459a-3155-4f26-9f69-c42de60c9ec1/allocations" {{(pid=106706) __call__ /opt/stack/placement/placement/requestlog.py:55}}
Sep 19 11:26:15.997747 dv-cinder-820994-5-smb devstack@placement-api.service[106706]: INFO placement.requestlog [req-3ec45288-cd2e-452d-9dfa-c1966004f704 req-76240897-7ff3-4d75-8313-04f84c28e094 service placement] 10.222.0.82 "GET /placement/resource_providers/c5fe459a-3155-4f26-9f69-c42de60c9ec1/allocations" status: 200 len: 456 microversion: 1.0
Sep 19 11:26:15.998298 dv-cinder-820994-5-smb devstack@placement-api.service[106706]: [pid: 106706|app: 0|req: 24/47] 10.222.0.82 () {58 vars in 1390 bytes} [Mon Sep 19 11:26:15 2022] GET /placement/resource_providers/c5fe459a-3155-4f26-9f69-c42de60c9ec1/allocations => generated 456 bytes in 48 msecs (HTTP/1.1 200) 6 headers in 224 bytes (1 switches on core 0)
Sep 19 11:26:16.006355 dv-cinder-820994-5-smb devstack@placement-api.service[106707]: DEBUG placement.requestlog [req-3ec45288-cd2e-452d-9dfa-c1966004f704 req-5ea000b1-0112-4b3d-9aa8-82dc29b7e5b0 None None] Starting request: 10.222.0.82 "GET /placement/allocations/e42a0981-85de-4f77-8fe5-e5195f2c777e" {{(pid=106707) __call__ /opt/stack/placement/placement/requestlog.py:55}}
Sep 19 11:26:16.034546 dv-cinder-820994-5-smb devstack@placement-api.service[106707]: INFO placement.requestlog [req-3ec45288-cd2e-452d-9dfa-c1966004f704 req-5ea000b1-0112-4b3d-9aa8-82dc29b7e5b0 service placement] 10.222.0.82 "GET /placement/allocations/e42a0981-85de-4f77-8fe5-e5195f2c777e" status: 200 len: 258 microversion: 1.28
Sep 19 11:26:16.034932 dv-cinder-820994-5-smb devstack@placement-api.service[106707]: [pid: 106707|app: 0|req: 24/48] 10.222.0.82 () {60 vars in 1377 bytes} [Mon Sep 19 11:26:16 2022] GET /placement/allocations/e42a0981-85de-4f77-8fe5-e5195f2c777e => generated 258 bytes in 29 msecs (HTTP/1.1 200) 8 headers in 296 bytes (2 switches on core 0)
Sep 19 11:26:16.042144 dv-cinder-820994-5-smb devstack@placement-api.service[106706]: DEBUG placement.requestlog [req-3ec45288-cd2e-452d-9dfa-c1966004f704 req-662408c4-e248-463d-8fc1-7460c0e27606 None None] Starting request: 10.222.0.82 "GET /placement/allocations/c386d024-c7aa-4756-8d9d-5c03c6f9a8a5" {{(pid=106706) __call__ /opt/stack/placement/placement/requestlog.py:55}}
Sep 19 11:26:16.067945 dv-cinder-820994-5-smb devstack@placement-api.service[106706]: INFO placement.requestlog [req-3ec45288-cd2e-452d-9dfa-c1966004f704 req-662408c4-e248-463d-8fc1-7460c0e27606 service placement] 10.222.0.82 "GET /placement/allocations/c386d024-c7aa-4756-8d9d-5c03c6f9a8a5" status: 200 len: 258 microversion: 1.28
Sep 19 11:26:16.068404 dv-cinder-820994-5-smb devstack@placement-api.service[106706]: [pid: 106706|app: 0|req: 25/49] 10.222.0.82 () {60 vars in 1377 bytes} [Mon Sep 19 11:26:16 2022] GET /placement/allocations/c386d024-c7aa-4756-8d9d-5c03c6f9a8a5 => generated 258 bytes in 26 msecs (HTTP/1.1 200) 8 headers in 296 bytes (1 switches on core 0)
Sep 19 11:26:16.081731 dv-cinder-820994-5-smb devstack@placement-api.service[106707]: DEBUG placement.requestlog [req-3ec45288-cd2e-452d-9dfa-c1966004f704 req-9f7015ce-7ffe-48d5-be12-3270422666a0 None None] Starting request: 10.222.0.82 "GET /placement/allocations/9b86e966-7248-48db-995b-f92e87f8bb88" {{(pid=106707) __call__ /opt/stack/placement/placement/requestlog.py:55}}
Sep 19 11:26:16.105403 dv-cinder-820994-5-smb devstack@placement-api.service[106707]: INFO placement.requestlog [req-3ec45288-cd2e-452d-9dfa-c1966004f704 req-9f7015ce-7ffe-48d5-be12-3270422666a0 service placement] 10.222.0.82 "GET /placement/allocations/9b86e966-7248-48db-995b-f92e87f8bb88" status: 200 len: 258 microversion: 1.28
Sep 19 11:26:16.105847 dv-cinder-820994-5-smb devstack@placement-api.service[106707]: [pid: 106707|app: 0|req: 25/50] 10.222.0.82 () {60 vars in 1377 bytes} [Mon Sep 19 11:26:16 2022] GET /placement/allocations/9b86e966-7248-48db-995b-f92e87f8bb88 => generated 258 bytes in 24 msecs (HTTP/1.1 200) 8 headers in 296 bytes (1 switches on core 0)
Sep 19 11:26:16.129784 dv-cinder-820994-5-smb devstack@placement-api.service[106706]: DEBUG placement.requestlog [req-3ec45288-cd2e-452d-9dfa-c1966004f704 req-a9b81804-b929-41fd-abb4-c868185cc7d7 None None] Starting request: 10.222.0.82 "GET /placement/allocations/c08c0482-40bd-4b41-83ee-d380dfdbd9b9" {{(pid=106706) __call__ /opt/stack/placement/placement/requestlog.py:55}}
Sep 19 11:26:16.162056 dv-cinder-820994-5-smb devstack@placement-api.service[106706]: INFO placement.requestlog [req-3ec45288-cd2e-452d-9dfa-c1966004f704 req-a9b81804-b929-41fd-abb4-c868185cc7d7 service placement] 10.222.0.82 "GET /placement/allocations/c08c0482-40bd-4b41-83ee-d380dfdbd9b9" status: 200 len: 258 microversion: 1.28
Sep 19 11:26:16.163075 dv-cinder-820994-5-smb devstack@placement-api.service[106706]: [pid: 106706|app: 0|req: 26/51] 10.222.0.82 () {60 vars in 1377 bytes} [Mon Sep 19 11:26:16 2022] GET /placement/allocations/c08c0482-40bd-4b41-83ee-d380dfdbd9b9 => generated 258 bytes in 33 msecs (HTTP/1.1 200) 8 headers in 296 bytes (1 switches on core 0)
Sep 19 11:26:26.101373 dv-cinder-820994-5-smb devstack@placement-api.service[106707]: DEBUG dbcounter [-] [106707] Writing DB stats placement:SELECT=14 {{(pid=106707) stat_writer /usr/local/lib/python3.8/dist-packages/dbcounter.py:114}}
Sep 19 11:26:26.155432 dv-cinder-820994-5-smb devstack@placement-api.service[106706]: DEBUG dbcounter [-] [106706] Writing DB stats placement:SELECT=39,placement:INSERT=6,placement:DELETE=2,placement:UPDATE=2 {{(pid=106706) stat_writer /usr/local/lib/python3.8/dist-packages/dbcounter.py:114}}
Sep 19 11:26:36.637702 dv-cinder-820994-5-smb devstack@placement-api.service[106707]: DEBUG placement.requestlog [req-c73144a8-6183-4f63-b12d-ed9467c0b1ea req-5b0dcdc1-1e8b-4779-8b2d-812a8b0d1eb1 None None] Starting request: 10.222.0.82 "GET /placement/resource_providers/c5fe459a-3155-4f26-9f69-c42de60c9ec1/allocations" {{(pid=106707) __call__ /opt/stack/placement/placement/requestlog.py:55}}
Sep 19 11:26:36.703844 dv-cinder-820994-5-smb devstack@placement-api.service[106707]: INFO placement.requestlog [req-c73144a8-6183-4f63-b12d-ed9467c0b1ea req-5b0dcdc1-1e8b-4779-8b2d-812a8b0d1eb1 service placement] 10.222.0.82 "GET /placement/resource_providers/c5fe459a-3155-4f26-9f69-c42de60c9ec1/allocations" status: 200 len: 456 microversion: 1.0
Sep 19 11:26:36.704350 dv-cinder-820994-5-smb devstack@placement-api.service[106707]: [pid: 106707|app: 0|req: 26/52] 10.222.0.82 () {58 vars in 1390 bytes} [Mon Sep 19 11:26:36 2022] GET /placement/resource_providers/c5fe459a-3155-4f26-9f69-c42de60c9ec1/allocations => generated 456 bytes in 67 msecs (HTTP/1.1 200) 6 headers in 224 bytes (1 switches on core 0)
Sep 19 11:26:38.341251 dv-cinder-820994-5-smb devstack@placement-api.service[106706]: DEBUG placement.requestlog [req-c73144a8-6183-4f63-b12d-ed9467c0b1ea req-1f99a9fe-aa08-4389-9133-629388e34ae2 None None] Starting request: 10.222.0.82 "GET /placement/resource_providers/c5fe459a-3155-4f26-9f69-c42de60c9ec1/allocations" {{(pid=106706) __call__ /opt/stack/placement/placement/requestlog.py:55}}
Sep 19 11:26:38.389713 dv-cinder-820994-5-smb devstack@placement-api.service[106706]: INFO placement.requestlog [req-c73144a8-6183-4f63-b12d-ed9467c0b1ea req-1f99a9fe-aa08-4389-9133-629388e34ae2 service placement] 10.222.0.82 "GET /placement/resource_providers/c5fe459a-3155-4f26-9f69-c42de60c9ec1/allocations" status: 200 len: 456 microversion: 1.0
Sep 19 11:26:38.390369 dv-cinder-820994-5-smb devstack@placement-api.service[106706]: [pid: 106706|app: 0|req: 27/53] 10.222.0.82 () {58 vars in 1390 bytes} [Mon Sep 19 11:26:38 2022] GET /placement/resource_providers/c5fe459a-3155-4f26-9f69-c42de60c9ec1/allocations => generated 456 bytes in 50 msecs (HTTP/1.1 200) 6 headers in 224 bytes (1 switches on core 0)
Sep 19 11:26:38.399973 dv-cinder-820994-5-smb devstack@placement-api.service[106707]: DEBUG placement.requestlog [req-c73144a8-6183-4f63-b12d-ed9467c0b1ea req-5846c13b-f2ac-434e-a8f9-6ffa2077d30f None None] Starting request: 10.222.0.82 "GET /placement/allocations/e42a0981-85de-4f77-8fe5-e5195f2c777e" {{(pid=106707) __call__ /opt/stack/placement/placement/requestlog.py:55}}
Sep 19 11:26:38.431033 dv-cinder-820994-5-smb devstack@placement-api.service[106707]: INFO placement.requestlog [req-c73144a8-6183-4f63-b12d-ed9467c0b1ea req-5846c13b-f2ac-434e-a8f9-6ffa2077d30f service placement] 10.222.0.82 "GET /placement/allocations/e42a0981-85de-4f77-8fe5-e5195f2c777e" status: 200 len: 258 microversion: 1.28
Sep 19 11:26:38.432098 dv-cinder-820994-5-smb devstack@placement-api.service[106707]: [pid: 106707|app: 0|req: 27/54] 10.222.0.82 () {60 vars in 1377 bytes} [Mon Sep 19 11:26:38 2022] GET /placement/allocations/e42a0981-85de-4f77-8fe5-e5195f2c777e => generated 258 bytes in 32 msecs (HTTP/1.1 200) 8 headers in 296 bytes (2 switches on core 0)
Sep 19 11:26:38.438912 dv-cinder-820994-5-smb devstack@placement-api.service[106706]: DEBUG placement.requestlog [req-c73144a8-6183-4f63-b12d-ed9467c0b1ea req-9086ee30-eb9c-4295-a147-4db2811782f8 None None] Starting request: 10.222.0.82 "GET /placement/allocations/c386d024-c7aa-4756-8d9d-5c03c6f9a8a5" {{(pid=106706) __call__ /opt/stack/placement/placement/requestlog.py:55}}
Sep 19 11:26:38.466242 dv-cinder-820994-5-smb devstack@placement-api.service[106706]: INFO placement.requestlog [req-c73144a8-6183-4f63-b12d-ed9467c0b1ea req-9086ee30-eb9c-4295-a147-4db2811782f8 service placement] 10.222.0.82 "GET /placement/allocations/c386d024-c7aa-4756-8d9d-5c03c6f9a8a5" status: 200 len: 258 microversion: 1.28
Sep 19 11:26:38.466639 dv-cinder-820994-5-smb devstack@placement-api.service[106706]: [pid: 106706|app: 0|req: 28/55] 10.222.0.82 () {60 vars in 1377 bytes} [Mon Sep 19 11:26:38 2022] GET /placement/allocations/c386d024-c7aa-4756-8d9d-5c03c6f9a8a5 => generated 258 bytes in 28 msecs (HTTP/1.1 200) 8 headers in 296 bytes (1 switches on core 0)
Sep 19 11:26:38.475421 dv-cinder-820994-5-smb devstack@placement-api.service[106707]: DEBUG placement.requestlog [req-c73144a8-6183-4f63-b12d-ed9467c0b1ea req-36da0460-0d6f-4d8b-ad95-0ba20ed112a0 None None] Starting request: 10.222.0.82 "GET /placement/allocations/9b86e966-7248-48db-995b-f92e87f8bb88" {{(pid=106707) __call__ /opt/stack/placement/placement/requestlog.py:55}}
