Sep 19 11:26:21.448185 dv-cinder-820994-5-smb devstack@c-api.service[113217]: DEBUG cinder.api.v3.volumes [None req-70feb7af-a8f4-4711-97c0-c061ed17735c tempest-VolumeTypesAccessTest-915234239 tempest-VolumeTypesAccessTest-915234239-project] Create volume request body: {'volume': {'volume_type': '4529c98f-d7d0-4c0a-aa0c-ab164ed52ecf', 'size': 1}} {{(pid=113217) create /opt/stack/cinder/cinder/api/v3/volumes.py:298}}
Sep 19 11:26:21.489943 dv-cinder-820994-5-smb devstack@c-api.service[113217]: INFO cinder.api.openstack.wsgi [None req-70feb7af-a8f4-4711-97c0-c061ed17735c tempest-VolumeTypesAccessTest-915234239 tempest-VolumeTypesAccessTest-915234239-project] http://10.222.0.71/volume/v3/5a0e85c5b2984db184f791dcc80d0506/volumes returned with HTTP 404
Sep 19 11:26:21.491385 dv-cinder-820994-5-smb devstack@c-api.service[113217]: [pid: 113217|app: 0|req: 123/259] 10.222.0.71 () {60 vars in 1235 bytes} [Mon Sep 19 11:26:21 2022] POST /volume/v3/5a0e85c5b2984db184f791dcc80d0506/volumes => generated 114 bytes in 334 msecs (HTTP/1.1 404) 7 headers in 292 bytes (1 switches on core 0)
Sep 19 11:26:21.492996 dv-cinder-820994-5-smb devstack@c-api.service[113217]: DEBUG cinder.api.middleware.request_id [None req-6dcfdb8c-b4db-4158-be72-7988fe0ed799 None None] RequestId filter calling following filter/app {{(pid=113217) _context_setter /opt/stack/cinder/cinder/api/middleware/request_id.py:62}}
Sep 19 11:26:21.506435 dv-cinder-820994-5-smb devstack@c-api.service[113217]: INFO cinder.api.openstack.wsgi [None req-6dcfdb8c-b4db-4158-be72-7988fe0ed799 tempest-GroupSnapshotsTest-1404129502 tempest-GroupSnapshotsTest-1404129502-project] GET http://10.222.0.71/volume/v3/296bd88ce3e540a1a3e06672ff1ff58f/volumes/e4792109-0a17-4cbd-8fef-bf025fe62795
Sep 19 11:26:21.508789 dv-cinder-820994-5-smb devstack@c-api.service[113217]: DEBUG cinder.api.openstack.wsgi [None req-6dcfdb8c-b4db-4158-be72-7988fe0ed799 tempest-GroupSnapshotsTest-1404129502 tempest-GroupSnapshotsTest-1404129502-project] Empty body provided in request {{(pid=113217) get_body /opt/stack/cinder/cinder/api/openstack/wsgi.py:715}}
Sep 19 11:26:21.509514 dv-cinder-820994-5-smb devstack@c-api.service[113217]: DEBUG cinder.api.openstack.wsgi [None req-6dcfdb8c-b4db-4158-be72-7988fe0ed799 tempest-GroupSnapshotsTest-1404129502 tempest-GroupSnapshotsTest-1404129502-project] Calling method 'show' {{(pid=113217) _process_stack /opt/stack/cinder/cinder/api/openstack/wsgi.py:868}}
Sep 19 11:26:21.535937 dv-cinder-820994-5-smb devstack@c-api.service[113217]: INFO cinder.api.openstack.wsgi [None req-6dcfdb8c-b4db-4158-be72-7988fe0ed799 tempest-GroupSnapshotsTest-1404129502 tempest-GroupSnapshotsTest-1404129502-project] http://10.222.0.71/volume/v3/296bd88ce3e540a1a3e06672ff1ff58f/volumes/e4792109-0a17-4cbd-8fef-bf025fe62795 returned with HTTP 404
Sep 19 11:26:21.540555 dv-cinder-820994-5-smb devstack@c-api.service[113217]: [pid: 113217|app: 0|req: 124/260] 10.222.0.71 () {60 vars in 1366 bytes} [Mon Sep 19 11:26:21 2022] GET /volume/v3/296bd88ce3e540a1a3e06672ff1ff58f/volumes/e4792109-0a17-4cbd-8fef-bf025fe62795 => generated 109 bytes in 48 msecs (HTTP/1.1 404) 7 headers in 293 bytes (1 switches on core 0)
Sep 19 11:26:21.541972 dv-cinder-820994-5-smb devstack@c-api.service[113217]: DEBUG cinder.api.middleware.request_id [None req-7883b129-304c-47de-be83-1ae0a92f500f None None] RequestId filter calling following filter/app {{(pid=113217) _context_setter /opt/stack/cinder/cinder/api/middleware/request_id.py:62}}
Sep 19 11:26:21.545817 dv-cinder-820994-5-smb devstack@c-api.service[113217]: INFO cinder.api.openstack.wsgi [None req-7883b129-304c-47de-be83-1ae0a92f500f tempest-VolumeTypesAccessTest-928131345 tempest-VolumeTypesAccessTest-928131345-project-admin] POST http://10.222.0.71/volume/v3/0e31fde9c1a04874a6996521f3fff27a/types/4529c98f-d7d0-4c0a-aa0c-ab164ed52ecf/action
Sep 19 11:26:21.546707 dv-cinder-820994-5-smb devstack@c-api.service[113217]: DEBUG cinder.api.openstack.wsgi [None req-7883b129-304c-47de-be83-1ae0a92f500f tempest-VolumeTypesAccessTest-928131345 tempest-VolumeTypesAccessTest-928131345-project-admin] Action body: b'{"addProjectAccess": {"project": "5a0e85c5b2984db184f791dcc80d0506"}}' {{(pid=113217) get_method /opt/stack/cinder/cinder/api/openstack/wsgi.py:983}}
Sep 19 11:26:21.547196 dv-cinder-820994-5-smb devstack@c-api.service[113217]: DEBUG cinder.api.openstack.wsgi [None req-7883b129-304c-47de-be83-1ae0a92f500f tempest-VolumeTypesAccessTest-928131345 tempest-VolumeTypesAccessTest-928131345-project-admin] Action: 'action', calling method: _addProjectAccess, body: {"addProjectAccess": {"project": "5a0e85c5b2984db184f791dcc80d0506"}} {{(pid=113217) _process_stack /opt/stack/cinder/cinder/api/openstack/wsgi.py:866}}
Sep 19 11:26:21.576611 dv-cinder-820994-5-smb devstack@c-api.service[113217]: INFO cinder.api.openstack.wsgi [None req-7883b129-304c-47de-be83-1ae0a92f500f tempest-VolumeTypesAccessTest-928131345 tempest-VolumeTypesAccessTest-928131345-project-admin] http://10.222.0.71/volume/v3/0e31fde9c1a04874a6996521f3fff27a/types/4529c98f-d7d0-4c0a-aa0c-ab164ed52ecf/action returned with HTTP 202
Sep 19 11:26:21.579668 dv-cinder-820994-5-smb devstack@c-api.service[113218]: DEBUG cinder.quota [None req-8b1a3bcd-0be0-46ca-9fae-b1aa17753a56 tempest-SnapshotMetadataTestJSON-875417926 tempest-SnapshotMetadataTestJSON-875417926-project] Created reservations ['7b918b0c-9cf1-472e-b61a-f42c7b7ef352', 'bd0ef455-1b67-4947-919c-bb11eef50e12', 'e3afecb5-6050-4d1b-910b-19e48057fdcd', '252754f2-e0b8-4f35-940a-d1fdfdbcbe82'] {{(pid=113218) reserve /opt/stack/cinder/cinder/quota.py:755}}
Sep 19 11:26:21.583592 dv-cinder-820994-5-smb devstack@c-api.service[113217]: [pid: 113217|app: 0|req: 125/261] 10.222.0.71 () {60 vars in 1361 bytes} [Mon Sep 19 11:26:21 2022] POST /volume/v3/0e31fde9c1a04874a6996521f3fff27a/types/4529c98f-d7d0-4c0a-aa0c-ab164ed52ecf/action => generated 0 bytes in 42 msecs (HTTP/1.1 202) 6 headers in 233 bytes (1 switches on core 0)
Sep 19 11:26:21.585051 dv-cinder-820994-5-smb devstack@c-api.service[113217]: DEBUG cinder.api.middleware.request_id [None req-2620362f-b7b6-4c76-b4df-fdb681a3ab0d None None] RequestId filter calling following filter/app {{(pid=113217) _context_setter /opt/stack/cinder/cinder/api/middleware/request_id.py:62}}
Sep 19 11:26:21.587042 dv-cinder-820994-5-smb devstack@c-api.service[113218]: DEBUG cinder.volume.api [None req-8b1a3bcd-0be0-46ca-9fae-b1aa17753a56 tempest-SnapshotMetadataTestJSON-875417926 tempest-SnapshotMetadataTestJSON-875417926-project] Task 'cinder.volume.flows.api.create_volume.QuotaReserveTask;volume:create' (44736930-368d-4ce9-9ae8-285a9db9f6ec) transitioned into state 'SUCCESS' from state 'RUNNING' with result '{'reservations': ['7b918b0c-9cf1-472e-b61a-f42c7b7ef352', 'bd0ef455-1b67-4947-919c-bb11eef50e12', 'e3afecb5-6050-4d1b-910b-19e48057fdcd', '252754f2-e0b8-4f35-940a-d1fdfdbcbe82']}' {{(pid=113218) _task_receiver /usr/local/lib/python3.8/dist-packages/taskflow/listeners/logging.py:178}}
Sep 19 11:26:21.589163 dv-cinder-820994-5-smb devstack@c-api.service[113218]: DEBUG cinder.volume.api [None req-8b1a3bcd-0be0-46ca-9fae-b1aa17753a56 tempest-SnapshotMetadataTestJSON-875417926 tempest-SnapshotMetadataTestJSON-875417926-project] Task 'cinder.volume.flows.api.create_volume.EntryCreateTask;volume:create' (7a891d95-edc5-4555-9dd3-c56c8921e467) transitioned into state 'RUNNING' from state 'PENDING' {{(pid=113218) _task_receiver /usr/local/lib/python3.8/dist-packages/taskflow/listeners/logging.py:190}}
Sep 19 11:26:21.591976 dv-cinder-820994-5-smb devstack@c-api.service[113217]: INFO cinder.api.openstack.wsgi [None req-2620362f-b7b6-4c76-b4df-fdb681a3ab0d tempest-GroupSnapshotsTest-1404129502 tempest-GroupSnapshotsTest-1404129502-project] GET http://10.222.0.71/volume/v3/296bd88ce3e540a1a3e06672ff1ff58f/groups/30eb7ab8-32b9-4ecf-ad4b-3b44bf5a58a7
Sep 19 11:26:21.592740 dv-cinder-820994-5-smb devstack@c-api.service[113217]: DEBUG cinder.api.openstack.wsgi [None req-2620362f-b7b6-4c76-b4df-fdb681a3ab0d tempest-GroupSnapshotsTest-1404129502 tempest-GroupSnapshotsTest-1404129502-project] Empty body provided in request {{(pid=113217) get_body /opt/stack/cinder/cinder/api/openstack/wsgi.py:715}}
Sep 19 11:26:21.593378 dv-cinder-820994-5-smb devstack@c-api.service[113217]: DEBUG cinder.api.openstack.wsgi [None req-2620362f-b7b6-4c76-b4df-fdb681a3ab0d tempest-GroupSnapshotsTest-1404129502 tempest-GroupSnapshotsTest-1404129502-project] Calling method 'version_select' {{(pid=113217) _process_stack /opt/stack/cinder/cinder/api/openstack/wsgi.py:868}}
Sep 19 11:26:21.593910 dv-cinder-820994-5-smb devstack@c-api.service[113217]: DEBUG cinder.api.v3.groups [None req-2620362f-b7b6-4c76-b4df-fdb681a3ab0d tempest-GroupSnapshotsTest-1404129502 tempest-GroupSnapshotsTest-1404129502-project] show called for member 30eb7ab8-32b9-4ecf-ad4b-3b44bf5a58a7 {{(pid=113217) show /opt/stack/cinder/cinder/api/v3/groups.py:58}}
Sep 19 11:26:21.600617 dv-cinder-820994-5-smb devstack@c-api.service[113217]: INFO cinder.api.openstack.wsgi [None req-2620362f-b7b6-4c76-b4df-fdb681a3ab0d tempest-GroupSnapshotsTest-1404129502 tempest-GroupSnapshotsTest-1404129502-project] http://10.222.0.71/volume/v3/296bd88ce3e540a1a3e06672ff1ff58f/groups/30eb7ab8-32b9-4ecf-ad4b-3b44bf5a58a7 returned with HTTP 404
Sep 19 11:26:21.602482 dv-cinder-820994-5-smb devstack@c-api.service[113217]: [pid: 113217|app: 0|req: 126/262] 10.222.0.71 () {60 vars in 1363 bytes} [Mon Sep 19 11:26:21 2022] GET /volume/v3/296bd88ce3e540a1a3e06672ff1ff58f/groups/30eb7ab8-32b9-4ecf-ad4b-3b44bf5a58a7 => generated 108 bytes in 18 msecs (HTTP/1.1 404) 7 headers in 293 bytes (1 switches on core 0)
Sep 19 11:26:21.604566 dv-cinder-820994-5-smb devstack@c-api.service[113217]: DEBUG cinder.api.middleware.request_id [None req-1b09da33-eb52-4013-a689-47dd865e5e6c None None] RequestId filter calling following filter/app {{(pid=113217) _context_setter /opt/stack/cinder/cinder/api/middleware/request_id.py:62}}
Sep 19 11:26:21.609117 dv-cinder-820994-5-smb devstack@c-api.service[113217]: INFO cinder.api.openstack.wsgi [None req-1b09da33-eb52-4013-a689-47dd865e5e6c tempest-VolumeTypesAccessTest-915234239 tempest-VolumeTypesAccessTest-915234239-project] POST http://10.222.0.71/volume/v3/5a0e85c5b2984db184f791dcc80d0506/volumes
Sep 19 11:26:21.610694 dv-cinder-820994-5-smb devstack@c-api.service[113217]: DEBUG cinder.api.openstack.wsgi [None req-1b09da33-eb52-4013-a689-47dd865e5e6c tempest-VolumeTypesAccessTest-915234239 tempest-VolumeTypesAccessTest-915234239-project] Action: 'create', calling method: create, body: {"volume": {"volume_type": "4529c98f-d7d0-4c0a-aa0c-ab164ed52ecf", "size": 1, "name": "tempest-VolumeTypesAccessTest-Volume-751332168"}} {{(pid=113217) _process_stack /opt/stack/cinder/cinder/api/openstack/wsgi.py:866}}
Sep 19 11:26:21.613464 dv-cinder-820994-5-smb devstack@c-api.service[113217]: DEBUG cinder.api.v3.volumes [None req-1b09da33-eb52-4013-a689-47dd865e5e6c tempest-VolumeTypesAccessTest-915234239 tempest-VolumeTypesAccessTest-915234239-project] Create volume request body: {'volume': {'volume_type': '4529c98f-d7d0-4c0a-aa0c-ab164ed52ecf', 'size': 1, 'name': 'tempest-VolumeTypesAccessTest-Volume-751332168'}} {{(pid=113217) create /opt/stack/cinder/cinder/api/v3/volumes.py:298}}
Sep 19 11:26:21.622147 dv-cinder-820994-5-smb devstack@c-api.service[113217]: INFO cinder.api.v3.volumes [None req-1b09da33-eb52-4013-a689-47dd865e5e6c tempest-VolumeTypesAccessTest-915234239 tempest-VolumeTypesAccessTest-915234239-project] Create volume of 1 GB
Sep 19 11:26:21.622948 dv-cinder-820994-5-smb devstack@c-api.service[113217]: /usr/local/lib/python3.8/dist-packages/oslo_context/context.py:100: DeprecationWarning: Policy enforcement is depending on the value of is_admin. This key is deprecated. Please update your policy file to use the standard policy values.
Sep 19 11:26:21.622948 dv-cinder-820994-5-smb devstack@c-api.service[113217]: warnings.warn('Policy enforcement is depending on the value of '
Sep 19 11:26:21.624176 dv-cinder-820994-5-smb devstack@c-api.service[113217]: INFO cinder.volume.api [None req-1b09da33-eb52-4013-a689-47dd865e5e6c tempest-VolumeTypesAccessTest-915234239 tempest-VolumeTypesAccessTest-915234239-project] Availability Zones retrieved successfully.
Sep 19 11:26:21.637302 dv-cinder-820994-5-smb devstack@c-api.service[113218]: DEBUG cinder.volume.api [None req-8b1a3bcd-0be0-46ca-9fae-b1aa17753a56 tempest-SnapshotMetadataTestJSON-875417926 tempest-SnapshotMetadataTestJSON-875417926-project] Task 'cinder.volume.flows.api.create_volume.EntryCreateTask;volume:create' (7a891d95-edc5-4555-9dd3-c56c8921e467) transitioned into state 'SUCCESS' from state 'RUNNING' with result '{'volume_id': '0480dea6-1f21-4830-a33c-2de5f0667b29', 'volume_properties': VolumeProperties(attach_status='detached',availability_zone='nova',cgsnapshot_id=None,consistencygroup_id=None,display_description=None,display_name='tempest-SnapshotMetadataTestJSON-Volume-1035478720',encryption_key_id=None,group_id=None,group_type_id=,metadata={},multiattach=False,project_id='0996f14cf58b44c985625fcca7f6b759',qos_specs=None,replication_status=,reservations=['7b918b0c-9cf1-472e-b61a-f42c7b7ef352','bd0ef455-1b67-4947-919c-bb11eef50e12','e3afecb5-6050-4d1b-910b-19e48057fdcd','252754f2-e0b8-4f35-940a-d1fdfdbcbe82'],size=1,snapshot_id=None,source_replicaid=,source_volid=None,status='creating',user_id='29beae707d9043a899a6f5381bd0473f',volume_type_id=c9210da1-320b-4dc9-bbe2-d7cd8d5ecd09), 'volume': Volume(_name_id=None,admin_metadata=,attach_status='detached',availability_zone='nova',bootable=False,cluster=,cluster_name=None,consistencygroup=,consistencygroup_id=None,created_at=2022-09-19T11:26:21Z,deleted=False,deleted_at=None,display_description=None,display_name='tempest-SnapshotMetadataTestJSON-Volume-1035478720',ec2_id=None,encryption_key_id=None,glance_metadata=,group=,group_id=None,host=None,id=0480dea6-1f21-4830-a33c-2de5f0667b29,launched_at=None,metadata={},migration_status=None,multiattach=False,previous_status=None,project_id='0996f14cf58b44c985625fcca7f6b759',provider_auth=None,provider_geometry=None,provider_id=None,provider_location=None,replication_driver_data=None,replication_extended_status=None,replication_status=None,scheduled_at=None,service_uuid=None,shared_targets=True,size=1,snapshot_id=None,snapshots=,source_volid=None,status='creating',terminated_at=None,updated_at=None,use_quota=True,user_id='29beae707d9043a899a6f5381bd0473f',volume_attachment=VolumeAttachmentList,volume_type=VolumeType(c9210da1-320b-4dc9-bbe2-d7cd8d5ecd09),volume_type_id=c9210da1-320b-4dc9-bbe2-d7cd8d5ecd09)}' {{(pid=113218) _task_receiver /usr/local/lib/python3.8/dist-packages/taskflow/listeners/logging.py:178}}
Sep 19 11:26:21.639525 dv-cinder-820994-5-smb devstack@c-api.service[113218]: DEBUG cinder.volume.api [None req-8b1a3bcd-0be0-46ca-9fae-b1aa17753a56 tempest-SnapshotMetadataTestJSON-875417926 tempest-SnapshotMetadataTestJSON-875417926-project] Task 'cinder.volume.flows.api.create_volume.QuotaCommitTask;volume:create' (6dd1dd16-b32c-45b2-a35a-7f9bf4574c6a) transitioned into state 'RUNNING' from state 'PENDING' {{(pid=113218) _task_receiver /usr/local/lib/python3.8/dist-packages/taskflow/listeners/logging.py:190}}
Sep 19 11:26:21.657019 dv-cinder-820994-5-smb devstack@c-api.service[113217]: DEBUG cinder.volume.api [None req-1b09da33-eb52-4013-a689-47dd865e5e6c tempest-VolumeTypesAccessTest-915234239 tempest-VolumeTypesAccessTest-915234239-project] Flow 'volume_create_api' (0590232c-a462-4d8e-8327-dd6c736a1d57) transitioned into state 'RUNNING' from state 'PENDING' {{(pid=113217) _flow_receiver /usr/local/lib/python3.8/dist-packages/taskflow/listeners/logging.py:141}}
Sep 19 11:26:21.662669 dv-cinder-820994-5-smb devstack@c-api.service[113217]: DEBUG cinder.volume.api [None req-1b09da33-eb52-4013-a689-47dd865e5e6c tempest-VolumeTypesAccessTest-915234239 tempest-VolumeTypesAccessTest-915234239-project] Task 'cinder.volume.flows.api.create_volume.ExtractVolumeRequestTask;volume:create' (b25bc7ac-57f2-4b38-83ed-b97cc179a673) transitioned into state 'RUNNING' from state 'PENDING' {{(pid=113217) _task_receiver /usr/local/lib/python3.8/dist-packages/taskflow/listeners/logging.py:190}}
Sep 19 11:26:21.668780 dv-cinder-820994-5-smb devstack@c-api.service[113217]: DEBUG cinder.volume.flows.api.create_volume [None req-1b09da33-eb52-4013-a689-47dd865e5e6c tempest-VolumeTypesAccessTest-915234239 tempest-VolumeTypesAccessTest-915234239-project] Validating volume size '1' using validate_int {{(pid=113217) _extract_size /opt/stack/cinder/cinder/volume/flows/api/create_volume.py:228}}
Sep 19 11:26:21.688947 dv-cinder-820994-5-smb devstack@c-api.service[113218]: DEBUG cinder.volume.api [None req-8b1a3bcd-0be0-46ca-9fae-b1aa17753a56 tempest-SnapshotMetadataTestJSON-875417926 tempest-SnapshotMetadataTestJSON-875417926-project] Task 'cinder.volume.flows.api.create_volume.QuotaCommitTask;volume:create' (6dd1dd16-b32c-45b2-a35a-7f9bf4574c6a) transitioned into state 'SUCCESS' from state 'RUNNING' with result '{'volume_properties': VolumeProperties(attach_status='detached',availability_zone='nova',cgsnapshot_id=None,consistencygroup_id=None,display_description=None,display_name='tempest-SnapshotMetadataTestJSON-Volume-1035478720',encryption_key_id=None,group_id=None,group_type_id=,metadata={},multiattach=False,project_id='0996f14cf58b44c985625fcca7f6b759',qos_specs=None,replication_status=,reservations=['7b918b0c-9cf1-472e-b61a-f42c7b7ef352','bd0ef455-1b67-4947-919c-bb11eef50e12','e3afecb5-6050-4d1b-910b-19e48057fdcd','252754f2-e0b8-4f35-940a-d1fdfdbcbe82'],size=1,snapshot_id=None,source_replicaid=,source_volid=None,status='creating',user_id='29beae707d9043a899a6f5381bd0473f',volume_type_id=c9210da1-320b-4dc9-bbe2-d7cd8d5ecd09)}' {{(pid=113218) _task_receiver /usr/local/lib/python3.8/dist-packages/taskflow/listeners/logging.py:178}}
Sep 19 11:26:21.688947 dv-cinder-820994-5-smb devstack@c-api.service[113218]: DEBUG cinder.volume.api [None req-8b1a3bcd-0be0-46ca-9fae-b1aa17753a56 tempest-SnapshotMetadataTestJSON-875417926 tempest-SnapshotMetadataTestJSON-875417926-project] Task 'cinder.volume.flows.api.create_volume.VolumeCastTask;volume:create' (06d1ba03-78fb-4f7a-b220-aaf523fbedce) transitioned into state 'RUNNING' from state 'PENDING' {{(pid=113218) _task_receiver /usr/local/lib/python3.8/dist-packages/taskflow/listeners/logging.py:190}}
Sep 19 11:26:21.688947 dv-cinder-820994-5-smb devstack@c-api.service[113218]: DEBUG dbcounter [-] [113218] Writing DB stats cinder:SELECT=78,cinder:INSERT=10,cinder:UPDATE=12 {{(pid=113218) stat_writer /usr/local/lib/python3.8/dist-packages/dbcounter.py:114}}
Sep 19 11:26:21.711992 dv-cinder-820994-5-smb devstack@c-api.service[113217]: DEBUG cinder.volume.api [None req-1b09da33-eb52-4013-a689-47dd865e5e6c tempest-VolumeTypesAccessTest-915234239 tempest-VolumeTypesAccessTest-915234239-project] Task 'cinder.volume.flows.api.create_volume.ExtractVolumeRequestTask;volume:create' (b25bc7ac-57f2-4b38-83ed-b97cc179a673) transitioned into state 'SUCCESS' from state 'RUNNING' with result '{'size': 1, 'snapshot_id': None, 'source_volid': None, 'volume_type': VolumeType(created_at=2022-09-19T11:26:21Z,deleted=False,deleted_at=None,description=None,extra_specs={},id=4529c98f-d7d0-4c0a-aa0c-ab164ed52ecf,is_public=False,name='tempest-VolumeTypesAccessTest-volume-type-415547712',projects=[],qos_specs=,qos_specs_id=None,updated_at=None), 'volume_type_id': '4529c98f-d7d0-4c0a-aa0c-ab164ed52ecf', 'encryption_key_id': None, 'qos_specs': None, 'consistencygroup_id': None, 'cgsnapshot_id': None, 'group_id': None, 'replication_status': 'disabled', 'refresh_az': False, 'backup_id': None, 'multiattach': False, 'availability_zones': ['nova']}' {{(pid=113217) _task_receiver /usr/local/lib/python3.8/dist-packages/taskflow/listeners/logging.py:178}}
Sep 19 11:26:21.713672 dv-cinder-820994-5-smb devstack@c-api.service[113217]: DEBUG cinder.volume.api [None req-1b09da33-eb52-4013-a689-47dd865e5e6c tempest-VolumeTypesAccessTest-915234239 tempest-VolumeTypesAccessTest-915234239-project] Task 'cinder.volume.flows.api.create_volume.QuotaReserveTask;volume:create' (567cb15c-2ded-4f9a-96f4-fbd523d23018) transitioned into state 'RUNNING' from state 'PENDING' {{(pid=113217) _task_receiver /usr/local/lib/python3.8/dist-packages/taskflow/listeners/logging.py:190}}
Sep 19 11:26:21.727843 dv-cinder-820994-5-smb devstack@c-api.service[113218]: DEBUG cinder.volume.api [None req-8b1a3bcd-0be0-46ca-9fae-b1aa17753a56 tempest-SnapshotMetadataTestJSON-875417926 tempest-SnapshotMetadataTestJSON-875417926-project] Task 'cinder.volume.flows.api.create_volume.VolumeCastTask;volume:create' (06d1ba03-78fb-4f7a-b220-aaf523fbedce) transitioned into state 'SUCCESS' from state 'RUNNING' with result 'None' {{(pid=113218) _task_receiver /usr/local/lib/python3.8/dist-packages/taskflow/listeners/logging.py:178}}
Sep 19 11:26:21.729594 dv-cinder-820994-5-smb devstack@c-api.service[113218]: DEBUG cinder.volume.api [None req-8b1a3bcd-0be0-46ca-9fae-b1aa17753a56 tempest-SnapshotMetadataTestJSON-875417926 tempest-SnapshotMetadataTestJSON-875417926-project] Flow 'volume_create_api' (8d3ae00b-14e2-44a2-94e4-c8d118eeee39) transitioned into state 'SUCCESS' from state 'RUNNING' {{(pid=113218) _flow_receiver /usr/local/lib/python3.8/dist-packages/taskflow/listeners/logging.py:141}}
Sep 19 11:26:21.734532 dv-cinder-820994-5-smb devstack@c-api.service[113218]: INFO cinder.volume.api [None req-8b1a3bcd-0be0-46ca-9fae-b1aa17753a56 tempest-SnapshotMetadataTestJSON-875417926 tempest-SnapshotMetadataTestJSON-875417926-project] Create volume request issued successfully.
Sep 19 11:26:21.735801 dv-cinder-820994-5-smb devstack@c-api.service[113218]: INFO cinder.api.openstack.wsgi [None req-8b1a3bcd-0be0-46ca-9fae-b1aa17753a56 tempest-SnapshotMetadataTestJSON-875417926 tempest-SnapshotMetadataTestJSON-875417926-project] http://10.222.0.71/volume/v3/0996f14cf58b44c985625fcca7f6b759/volumes returned with HTTP 202
Sep 19 11:26:21.736829 dv-cinder-820994-5-smb devstack@c-api.service[113218]: [pid: 113218|app: 0|req: 137/263] 10.222.0.71 () {60 vars in 1235 bytes} [Mon Sep 19 11:26:20 2022] POST /volume/v3/0996f14cf58b44c985625fcca7f6b759/volumes => generated 824 bytes in 924 msecs (HTTP/1.1 202) 7 headers in 291 bytes (1 switches on core 0)
Sep 19 11:26:21.738317 dv-cinder-820994-5-smb devstack@c-api.service[113218]: DEBUG cinder.api.middleware.request_id [None req-29c7a58e-f02e-4b51-badc-4ab1d28bc1fa None None] RequestId filter calling following filter/app {{(pid=113218) _context_setter /opt/stack/cinder/cinder/api/middleware/request_id.py:62}}
Sep 19 11:26:21.743482 dv-cinder-820994-5-smb devstack@c-api.service[113218]: INFO cinder.api.openstack.wsgi [None req-29c7a58e-f02e-4b51-badc-4ab1d28bc1fa tempest-GroupSnapshotsTest-400359624 tempest-GroupSnapshotsTest-400359624-project-admin] DELETE http://10.222.0.71/volume/v3/b6d17d87dc3447ea94d6d2dd141b6e3c/group_types/8dd97e12-8818-4e74-b039-8b5820582157
Sep 19 11:26:21.743973 dv-cinder-820994-5-smb devstack@c-api.service[113218]: DEBUG cinder.api.openstack.wsgi [None req-29c7a58e-f02e-4b51-badc-4ab1d28bc1fa tempest-GroupSnapshotsTest-400359624 tempest-GroupSnapshotsTest-400359624-project-admin] Empty body provided in request {{(pid=113218) get_body /opt/stack/cinder/cinder/api/openstack/wsgi.py:715}}
Sep 19 11:26:21.744424 dv-cinder-820994-5-smb devstack@c-api.service[113218]: DEBUG cinder.api.openstack.wsgi [None req-29c7a58e-f02e-4b51-badc-4ab1d28bc1fa tempest-GroupSnapshotsTest-400359624 tempest-GroupSnapshotsTest-400359624-project-admin] Calling method 'version_select' {{(pid=113218) _process_stack /opt/stack/cinder/cinder/api/openstack/wsgi.py:868}}
Sep 19 11:26:21.745116 dv-cinder-820994-5-smb devstack@c-api.service[113218]: /usr/local/lib/python3.8/dist-packages/oslo_context/context.py:100: DeprecationWarning: Policy enforcement is depending on the value of is_admin. This key is deprecated. Please update your policy file to use the standard policy values.
Sep 19 11:26:21.745116 dv-cinder-820994-5-smb devstack@c-api.service[113218]: warnings.warn('Policy enforcement is depending on the value of '
Sep 19 11:26:21.776486 dv-cinder-820994-5-smb devstack@c-api.service[113218]: INFO cinder.api.openstack.wsgi [None req-29c7a58e-f02e-4b51-badc-4ab1d28bc1fa tempest-GroupSnapshotsTest-400359624 tempest-GroupSnapshotsTest-400359624-project-admin] http://10.222.0.71/volume/v3/b6d17d87dc3447ea94d6d2dd141b6e3c/group_types/8dd97e12-8818-4e74-b039-8b5820582157 returned with HTTP 202
Sep 19 11:26:21.782036 dv-cinder-820994-5-smb devstack@c-api.service[113218]: [pid: 113218|app: 0|req: 138/264] 10.222.0.71 () {60 vars in 1381 bytes} [Mon Sep 19 11:26:21 2022] DELETE /volume/v3/b6d17d87dc3447ea94d6d2dd141b6e3c/group_types/8dd97e12-8818-4e74-b039-8b5820582157 => generated 0 bytes in 40 msecs (HTTP/1.1 202) 6 headers in 234 bytes (1 switches on core 0)
Sep 19 11:26:21.782036 dv-cinder-820994-5-smb devstack@c-api.service[113218]: DEBUG cinder.api.middleware.request_id [None req-93bb7035-92ff-4e40-8fa9-f75e88c89c07 None None] RequestId filter calling following filter/app {{(pid=113218) _context_setter /opt/stack/cinder/cinder/api/middleware/request_id.py:62}}
Sep 19 11:26:21.782683 dv-cinder-820994-5-smb devstack@c-api.service[113218]: INFO cinder.api.openstack.wsgi [None req-93bb7035-92ff-4e40-8fa9-f75e88c89c07 tempest-SnapshotMetadataTestJSON-875417926 tempest-SnapshotMetadataTestJSON-875417926-project] GET http://10.222.0.71/volume/v3/0996f14cf58b44c985625fcca7f6b759/volumes/0480dea6-1f21-4830-a33c-2de5f0667b29
Sep 19 11:26:21.783136 dv-cinder-820994-5-smb devstack@c-api.service[113218]: DEBUG cinder.api.openstack.wsgi [None req-93bb7035-92ff-4e40-8fa9-f75e88c89c07 tempest-SnapshotMetadataTestJSON-875417926 tempest-SnapshotMetadataTestJSON-875417926-project] Empty body provided in request {{(pid=113218) get_body /opt/stack/cinder/cinder/api/openstack/wsgi.py:715}}
Sep 19 11:26:21.783591 dv-cinder-820994-5-smb devstack@c-api.service[113218]: DEBUG cinder.api.openstack.wsgi [None req-93bb7035-92ff-4e40-8fa9-f75e88c89c07 tempest-SnapshotMetadataTestJSON-875417926 tempest-SnapshotMetadataTestJSON-875417926-project] Calling method 'show' {{(pid=113218) _process_stack /opt/stack/cinder/cinder/api/openstack/wsgi.py:868}}
Sep 19 11:26:21.784273 dv-cinder-820994-5-smb devstack@c-api.service[113217]: WARNING cinder.quota [None req-1b09da33-eb52-4013-a689-47dd865e5e6c tempest-VolumeTypesAccessTest-915234239 tempest-VolumeTypesAccessTest-915234239-project] Deprecated: Default quota for resource: volumes_tempest-VolumeTypesAccessTest-volume-type-415547712 is set by the default quota flag: quota_volumes_tempest-VolumeTypesAccessTest-volume-type-415547712, it is now deprecated. Please use the default quota class for default quota.
Sep 19 11:26:21.785361 dv-cinder-820994-5-smb devstack@c-api.service[113217]: WARNING cinder.quota [None req-1b09da33-eb52-4013-a689-47dd865e5e6c tempest-VolumeTypesAccessTest-915234239 tempest-VolumeTypesAccessTest-915234239-project] Deprecated: Default quota for resource: gigabytes_tempest-VolumeTypesAccessTest-volume-type-415547712 is set by the default quota flag: quota_gigabytes_tempest-VolumeTypesAccessTest-volume-type-415547712, it is now deprecated. Please use the default quota class for default quota.
Sep 19 11:26:21.810828 dv-cinder-820994-5-smb devstack@c-api.service[113218]: /usr/local/lib/python3.8/dist-packages/oslo_context/context.py:100: DeprecationWarning: Policy enforcement is depending on the value of is_admin. This key is deprecated. Please update your policy file to use the standard policy values.
Sep 19 11:26:21.810828 dv-cinder-820994-5-smb devstack@c-api.service[113218]: warnings.warn('Policy enforcement is depending on the value of '
Sep 19 11:26:21.817808 dv-cinder-820994-5-smb devstack@c-api.service[113218]: INFO cinder.volume.api [None req-93bb7035-92ff-4e40-8fa9-f75e88c89c07 tempest-SnapshotMetadataTestJSON-875417926 tempest-SnapshotMetadataTestJSON-875417926-project] Volume info retrieved successfully.
Sep 19 11:26:21.827824 dv-cinder-820994-5-smb devstack@c-api.service[113218]: INFO cinder.api.openstack.wsgi [None req-93bb7035-92ff-4e40-8fa9-f75e88c89c07 tempest-SnapshotMetadataTestJSON-875417926 tempest-SnapshotMetadataTestJSON-875417926-project] http://10.222.0.71/volume/v3/0996f14cf58b44c985625fcca7f6b759/volumes/0480dea6-1f21-4830-a33c-2de5f0667b29 returned with HTTP 200
Sep 19 11:26:21.840661 dv-cinder-820994-5-smb devstack@c-api.service[113218]: [pid: 113218|app: 0|req: 139/265] 10.222.0.71 () {58 vars in 1325 bytes} [Mon Sep 19 11:26:21 2022] GET /volume/v3/0996f14cf58b44c985625fcca7f6b759/volumes/0480dea6-1f21-4830-a33c-2de5f0667b29 => generated 892 bytes in 51 msecs (HTTP/1.1 200) 7 headers in 285 bytes (1 switches on core 0)
Sep 19 11:26:21.840661 dv-cinder-820994-5-smb devstack@c-api.service[113218]: DEBUG cinder.api.middleware.request_id [None req-f36b9e45-7e5b-4bde-9098-461668c91c72 None None] RequestId filter calling following filter/app {{(pid=113218) _context_setter /opt/stack/cinder/cinder/api/middleware/request_id.py:62}}
Sep 19 11:26:21.840661 dv-cinder-820994-5-smb devstack@c-api.service[113218]: INFO cinder.api.openstack.wsgi [None req-f36b9e45-7e5b-4bde-9098-461668c91c72 tempest-GroupSnapshotsTest-1404129502 tempest-GroupSnapshotsTest-1404129502-project] DELETE http://10.222.0.71/volume/v3/296bd88ce3e540a1a3e06672ff1ff58f/volumes/e4792109-0a17-4cbd-8fef-bf025fe62795
Sep 19 11:26:21.840661 dv-cinder-820994-5-smb devstack@c-api.service[113218]: DEBUG cinder.api.openstack.wsgi [None req-f36b9e45-7e5b-4bde-9098-461668c91c72 tempest-GroupSnapshotsTest-1404129502 tempest-GroupSnapshotsTest-1404129502-project] Empty body provided in request {{(pid=113218) get_body /opt/stack/cinder/cinder/api/openstack/wsgi.py:715}}
Sep 19 11:26:21.840661 dv-cinder-820994-5-smb devstack@c-api.service[113218]: DEBUG cinder.api.openstack.wsgi [None req-f36b9e45-7e5b-4bde-9098-461668c91c72 tempest-GroupSnapshotsTest-1404129502 tempest-GroupSnapshotsTest-1404129502-project] Calling method 'delete' {{(pid=113218) _process_stack /opt/stack/cinder/cinder/api/openstack/wsgi.py:868}}
Sep 19 11:26:21.840661 dv-cinder-820994-5-smb devstack@c-api.service[113218]: INFO cinder.api.v3.volumes [None req-f36b9e45-7e5b-4bde-9098-461668c91c72 tempest-GroupSnapshotsTest-1404129502 tempest-GroupSnapshotsTest-1404129502-project] Delete volume with id: e4792109-0a17-4cbd-8fef-bf025fe62795
Sep 19 11:26:21.848512 dv-cinder-820994-5-smb devstack@c-api.service[113218]: INFO cinder.api.openstack.wsgi [None req-f36b9e45-7e5b-4bde-9098-461668c91c72 tempest-GroupSnapshotsTest-1404129502 tempest-GroupSnapshotsTest-1404129502-project] http://10.222.0.71/volume/v3/296bd88ce3e540a1a3e06672ff1ff58f/volumes/e4792109-0a17-4cbd-8fef-bf025fe62795 returned with HTTP 404
Sep 19 11:26:21.852770 dv-cinder-820994-5-smb devstack@c-api.service[113218]: [pid: 113218|app: 0|req: 140/266] 10.222.0.71 () {60 vars in 1369 bytes} [Mon Sep 19 11:26:21 2022] DELETE /volume/v3/296bd88ce3e540a1a3e06672ff1ff58f/volumes/e4792109-0a17-4cbd-8fef-bf025fe62795 => generated 109 bytes in 20 msecs (HTTP/1.1 404) 7 headers in 293 bytes (1 switches on core 0)
Sep 19 11:26:21.852968 dv-cinder-820994-5-smb devstack@c-api.service[113217]: DEBUG dbcounter [-] [113217] Writing DB stats cinder:SELECT=91,cinder:UPDATE=4,cinder:INSERT=5 {{(pid=113217) stat_writer /usr/local/lib/python3.8/dist-packages/dbcounter.py:114}}
Sep 19 11:26:21.856430 dv-cinder-820994-5-smb devstack@c-api.service[113218]: DEBUG cinder.api.middleware.request_id [None req-baac4341-6cbf-4a87-ab7c-e30c35a2f2e9 None None] RequestId filter calling following filter/app {{(pid=113218) _context_setter /opt/stack/cinder/cinder/api/middleware/request_id.py:62}}
Sep 19 11:26:21.863052 dv-cinder-820994-5-smb devstack@c-api.service[113218]: INFO cinder.api.openstack.wsgi [None req-baac4341-6cbf-4a87-ab7c-e30c35a2f2e9 tempest-GroupSnapshotsTest-400359624 tempest-GroupSnapshotsTest-400359624-project-admin] DELETE http://10.222.0.71/volume/v3/b6d17d87dc3447ea94d6d2dd141b6e3c/types/4af7ab92-14bd-4472-a23f-2f4ffa31c76e
Sep 19 11:26:21.863810 dv-cinder-820994-5-smb devstack@c-api.service[113218]: DEBUG cinder.api.openstack.wsgi [None req-baac4341-6cbf-4a87-ab7c-e30c35a2f2e9 tempest-GroupSnapshotsTest-400359624 tempest-GroupSnapshotsTest-400359624-project-admin] Empty body provided in request {{(pid=113218) get_body /opt/stack/cinder/cinder/api/openstack/wsgi.py:715}}
Sep 19 11:26:21.864427 dv-cinder-820994-5-smb devstack@c-api.service[113218]: DEBUG cinder.api.openstack.wsgi [None req-baac4341-6cbf-4a87-ab7c-e30c35a2f2e9 tempest-GroupSnapshotsTest-400359624 tempest-GroupSnapshotsTest-400359624-project-admin] Calling method '_delete' {{(pid=113218) _process_stack /opt/stack/cinder/cinder/api/openstack/wsgi.py:868}}
Sep 19 11:26:21.915921 dv-cinder-820994-5-smb devstack@c-api.service[113218]: INFO cinder.api.openstack.wsgi [None req-baac4341-6cbf-4a87-ab7c-e30c35a2f2e9 tempest-GroupSnapshotsTest-400359624 tempest-GroupSnapshotsTest-400359624-project-admin] http://10.222.0.71/volume/v3/b6d17d87dc3447ea94d6d2dd141b6e3c/types/4af7ab92-14bd-4472-a23f-2f4ffa31c76e returned with HTTP 202
Sep 19 11:26:21.917536 dv-cinder-820994-5-smb devstack@c-api.service[113218]: [pid: 113218|app: 0|req: 141/267] 10.222.0.71 () {58 vars in 1322 bytes} [Mon Sep 19 11:26:21 2022] DELETE /volume/v3/b6d17d87dc3447ea94d6d2dd141b6e3c/types/4af7ab92-14bd-4472-a23f-2f4ffa31c76e => generated 0 bytes in 62 msecs (HTTP/1.1 202) 6 headers in 233 bytes (1 switches on core 0)
Sep 19 11:26:21.922608 dv-cinder-820994-5-smb devstack@c-api.service[113218]: DEBUG cinder.api.middleware.request_id [None req-49f43fd4-554d-4e1e-ae0c-3313576ba101 None None] RequestId filter calling following filter/app {{(pid=113218) _context_setter /opt/stack/cinder/cinder/api/middleware/request_id.py:62}}
Sep 19 11:26:21.925075 dv-cinder-820994-5-smb devstack@c-api.service[113217]: DEBUG cinder.quota [None req-1b09da33-eb52-4013-a689-47dd865e5e6c tempest-VolumeTypesAccessTest-915234239 tempest-VolumeTypesAccessTest-915234239-project] Created reservations ['8c4b7a19-bc63-49fe-8143-3e7d548bf4df', 'baf3deb9-88cf-4eb6-9463-93d0eb38a4a8', '1740be8f-0caf-44b2-9ea4-e7c66a633556', '4e887859-03e5-4ad9-9406-b23c5d408e23'] {{(pid=113217) reserve /opt/stack/cinder/cinder/quota.py:755}}
Sep 19 11:26:21.927374 dv-cinder-820994-5-smb devstack@c-api.service[113217]: DEBUG cinder.volume.api [None req-1b09da33-eb52-4013-a689-47dd865e5e6c tempest-VolumeTypesAccessTest-915234239 tempest-VolumeTypesAccessTest-915234239-project] Task 'cinder.volume.flows.api.create_volume.QuotaReserveTask;volume:create' (567cb15c-2ded-4f9a-96f4-fbd523d23018) transitioned into state 'SUCCESS' from state 'RUNNING' with result '{'reservations': ['8c4b7a19-bc63-49fe-8143-3e7d548bf4df', 'baf3deb9-88cf-4eb6-9463-93d0eb38a4a8', '1740be8f-0caf-44b2-9ea4-e7c66a633556', '4e887859-03e5-4ad9-9406-b23c5d408e23']}' {{(pid=113217) _task_receiver /usr/local/lib/python3.8/dist-packages/taskflow/listeners/logging.py:178}}
Sep 19 11:26:21.929697 dv-cinder-820994-5-smb devstack@c-api.service[113217]: DEBUG cinder.volume.api [None req-1b09da33-eb52-4013-a689-47dd865e5e6c tempest-VolumeTypesAccessTest-915234239 tempest-VolumeTypesAccessTest-915234239-project] Task 'cinder.volume.flows.api.create_volume.EntryCreateTask;volume:create' (36d19660-4c68-41fc-a1a7-7c5c01d0cdd1) transitioned into state 'RUNNING' from state 'PENDING' {{(pid=113217) _task_receiver /usr/local/lib/python3.8/dist-packages/taskflow/listeners/logging.py:190}}
Sep 19 11:26:21.935490 dv-cinder-820994-5-smb devstack@c-api.service[113218]: INFO cinder.api.openstack.wsgi [None req-49f43fd4-554d-4e1e-ae0c-3313576ba101 tempest-GroupSnapshotsTest-400359624 tempest-GroupSnapshotsTest-400359624-project-admin] GET http://10.222.0.71/volume/v3/b6d17d87dc3447ea94d6d2dd141b6e3c/types/4af7ab92-14bd-4472-a23f-2f4ffa31c76e
Sep 19 11:26:21.936189 dv-cinder-820994-5-smb devstack@c-api.service[113218]: DEBUG cinder.api.openstack.wsgi [None req-49f43fd4-554d-4e1e-ae0c-3313576ba101 tempest-GroupSnapshotsTest-400359624 tempest-GroupSnapshotsTest-400359624-project-admin] Empty body provided in request {{(pid=113218) get_body /opt/stack/cinder/cinder/api/openstack/wsgi.py:715}}
Sep 19 11:26:21.937918 dv-cinder-820994-5-smb devstack@c-api.service[113218]: DEBUG cinder.api.openstack.wsgi [None req-49f43fd4-554d-4e1e-ae0c-3313576ba101 tempest-GroupSnapshotsTest-400359624 tempest-GroupSnapshotsTest-400359624-project-admin] Calling method 'show' {{(pid=113218) _process_stack /opt/stack/cinder/cinder/api/openstack/wsgi.py:868}}
Sep 19 11:26:21.954515 dv-cinder-820994-5-smb devstack@c-api.service[113218]: INFO cinder.api.openstack.wsgi [None req-49f43fd4-554d-4e1e-ae0c-3313576ba101 tempest-GroupSnapshotsTest-400359624 tempest-GroupSnapshotsTest-400359624-project-admin] http://10.222.0.71/volume/v3/b6d17d87dc3447ea94d6d2dd141b6e3c/types/4af7ab92-14bd-4472-a23f-2f4ffa31c76e returned with HTTP 404
Sep 19 11:26:21.955803 dv-cinder-820994-5-smb devstack@c-api.service[113218]: [pid: 113218|app: 0|req: 142/268] 10.222.0.71 () {58 vars in 1319 bytes} [Mon Sep 19 11:26:21 2022] GET /volume/v3/b6d17d87dc3447ea94d6d2dd141b6e3c/types/4af7ab92-14bd-4472-a23f-2f4ffa31c76e => generated 114 bytes in 35 msecs (HTTP/1.1 404) 7 headers in 292 bytes (1 switches on core 0)
Sep 19 11:26:21.961417 dv-cinder-820994-5-smb devstack@c-api.service[113218]: DEBUG cinder.api.middleware.request_id [None req-7dfea5da-3e95-40f6-a5d4-244345fd0ac4 None None] RequestId filter calling following filter/app {{(pid=113218) _context_setter /opt/stack/cinder/cinder/api/middleware/request_id.py:62}}
Sep 19 11:26:21.968595 dv-cinder-820994-5-smb devstack@c-api.service[113218]: INFO cinder.api.openstack.wsgi [None req-7dfea5da-3e95-40f6-a5d4-244345fd0ac4 tempest-GroupSnapshotsTest-1404129502 tempest-GroupSnapshotsTest-1404129502-project] DELETE http://10.222.0.71/volume/v3/296bd88ce3e540a1a3e06672ff1ff58f/volumes/f82106a9-43c5-43e8-9d9f-2a0f94eb1922
Sep 19 11:26:21.969099 dv-cinder-820994-5-smb devstack@c-api.service[113218]: DEBUG cinder.api.openstack.wsgi [None req-7dfea5da-3e95-40f6-a5d4-244345fd0ac4 tempest-GroupSnapshotsTest-1404129502 tempest-GroupSnapshotsTest-1404129502-project] Empty body provided in request {{(pid=113218) get_body /opt/stack/cinder/cinder/api/openstack/wsgi.py:715}}
Sep 19 11:26:21.970291 dv-cinder-820994-5-smb devstack@c-api.service[113218]: DEBUG cinder.api.openstack.wsgi [None req-7dfea5da-3e95-40f6-a5d4-244345fd0ac4 tempest-GroupSnapshotsTest-1404129502 tempest-GroupSnapshotsTest-1404129502-project] Calling method 'delete' {{(pid=113218) _process_stack /opt/stack/cinder/cinder/api/openstack/wsgi.py:868}}
Sep 19 11:26:21.970639 dv-cinder-820994-5-smb devstack@c-api.service[113217]: DEBUG cinder.volume.api [None req-1b09da33-eb52-4013-a689-47dd865e5e6c tempest-VolumeTypesAccessTest-915234239 tempest-VolumeTypesAccessTest-915234239-project] Task 'cinder.volume.flows.api.create_volume.EntryCreateTask;volume:create' (36d19660-4c68-41fc-a1a7-7c5c01d0cdd1) transitioned into state 'SUCCESS' from state 'RUNNING' with result '{'volume_id': '1616f9c6-3cb0-4f5f-a918-58d897cf39f6', 'volume_properties': VolumeProperties(attach_status='detached',availability_zone='nova',cgsnapshot_id=None,consistencygroup_id=None,display_description=None,display_name='tempest-VolumeTypesAccessTest-Volume-751332168',encryption_key_id=None,group_id=None,group_type_id=,metadata={},multiattach=False,project_id='5a0e85c5b2984db184f791dcc80d0506',qos_specs=None,replication_status=,reservations=['8c4b7a19-bc63-49fe-8143-3e7d548bf4df','baf3deb9-88cf-4eb6-9463-93d0eb38a4a8','1740be8f-0caf-44b2-9ea4-e7c66a633556','4e887859-03e5-4ad9-9406-b23c5d408e23'],size=1,snapshot_id=None,source_replicaid=,source_volid=None,status='creating',user_id='a592364bad8042c182624d2467277d0f',volume_type_id=4529c98f-d7d0-4c0a-aa0c-ab164ed52ecf), 'volume': Volume(_name_id=None,admin_metadata=,attach_status='detached',availability_zone='nova',bootable=False,cluster=,cluster_name=None,consistencygroup=,consistencygroup_id=None,created_at=2022-09-19T11:26:21Z,deleted=False,deleted_at=None,display_description=None,display_name='tempest-VolumeTypesAccessTest-Volume-751332168',ec2_id=None,encryption_key_id=None,glance_metadata=,group=,group_id=None,host=None,id=1616f9c6-3cb0-4f5f-a918-58d897cf39f6,launched_at=None,metadata={},migration_status=None,multiattach=False,previous_status=None,project_id='5a0e85c5b2984db184f791dcc80d0506',provider_auth=None,provider_geometry=None,provider_id=None,provider_location=None,replication_driver_data=None,replication_extended_status=None,replication_status=None,scheduled_at=None,service_uuid=None,shared_targets=True,size=1,snapshot_id=None,snapshots=,source_volid=None,status='creating',terminated_at=None,updated_at=None,use_quota=True,user_id='a592364bad8042c182624d2467277d0f',volume_attachment=VolumeAttachmentList,volume_type=VolumeType(4529c98f-d7d0-4c0a-aa0c-ab164ed52ecf),volume_type_id=4529c98f-d7d0-4c0a-aa0c-ab164ed52ecf)}' {{(pid=113217) _task_receiver /usr/local/lib/python3.8/dist-packages/taskflow/listeners/logging.py:178}}
Sep 19 11:26:21.972390 dv-cinder-820994-5-smb devstack@c-api.service[113217]: DEBUG cinder.volume.api [None req-1b09da33-eb52-4013-a689-47dd865e5e6c tempest-VolumeTypesAccessTest-915234239 tempest-VolumeTypesAccessTest-915234239-project] Task 'cinder.volume.flows.api.create_volume.QuotaCommitTask;volume:create' (cfe77a89-c249-4934-a07a-df94cdd0ed42) transitioned into state 'RUNNING' from state 'PENDING' {{(pid=113217) _task_receiver /usr/local/lib/python3.8/dist-packages/taskflow/listeners/logging.py:190}}
Sep 19 11:26:21.972670 dv-cinder-820994-5-smb devstack@c-api.service[113218]: INFO cinder.api.v3.volumes [None req-7dfea5da-3e95-40f6-a5d4-244345fd0ac4 tempest-GroupSnapshotsTest-1404129502 tempest-GroupSnapshotsTest-1404129502-project] Delete volume with id: f82106a9-43c5-43e8-9d9f-2a0f94eb1922
Sep 19 11:26:22.001858 dv-cinder-820994-5-smb devstack@c-api.service[113218]: INFO cinder.api.openstack.wsgi [None req-7dfea5da-3e95-40f6-a5d4-244345fd0ac4 tempest-GroupSnapshotsTest-1404129502 tempest-GroupSnapshotsTest-1404129502-project] http://10.222.0.71/volume/v3/296bd88ce3e540a1a3e06672ff1ff58f/volumes/f82106a9-43c5-43e8-9d9f-2a0f94eb1922 returned with HTTP 404
Sep 19 11:26:22.005161 dv-cinder-820994-5-smb devstack@c-api.service[113218]: [pid: 113218|app: 0|req: 143/269] 10.222.0.71 () {60 vars in 1369 bytes} [Mon Sep 19 11:26:21 2022] DELETE /volume/v3/296bd88ce3e540a1a3e06672ff1ff58f/volumes/f82106a9-43c5-43e8-9d9f-2a0f94eb1922 => generated 109 bytes in 44 msecs (HTTP/1.1 404) 7 headers in 293 bytes (1 switches on core 0)
Sep 19 11:26:22.009029 dv-cinder-820994-5-smb devstack@c-api.service[113218]: DEBUG cinder.api.middleware.request_id [None req-3c8c9e15-d7f1-4587-a091-ed6e292062dc None None] RequestId filter calling following filter/app {{(pid=113218) _context_setter /opt/stack/cinder/cinder/api/middleware/request_id.py:62}}
Sep 19 11:26:22.013227 dv-cinder-820994-5-smb devstack@c-api.service[113218]: INFO cinder.api.openstack.wsgi [None req-3c8c9e15-d7f1-4587-a091-ed6e292062dc tempest-GroupSnapshotsTest-1404129502 tempest-GroupSnapshotsTest-1404129502-project] DELETE http://10.222.0.71/volume/v3/296bd88ce3e540a1a3e06672ff1ff58f/volumes/cdc7354d-ff3a-44d8-b514-5fa53461cdca
Sep 19 11:26:22.013743 dv-cinder-820994-5-smb devstack@c-api.service[113218]: DEBUG cinder.api.openstack.wsgi [None req-3c8c9e15-d7f1-4587-a091-ed6e292062dc tempest-GroupSnapshotsTest-1404129502 tempest-GroupSnapshotsTest-1404129502-project] Empty body provided in request {{(pid=113218) get_body /opt/stack/cinder/cinder/api/openstack/wsgi.py:715}}
Sep 19 11:26:22.014471 dv-cinder-820994-5-smb devstack@c-api.service[113218]: DEBUG cinder.api.openstack.wsgi [None req-3c8c9e15-d7f1-4587-a091-ed6e292062dc tempest-GroupSnapshotsTest-1404129502 tempest-GroupSnapshotsTest-1404129502-project] Calling method 'delete' {{(pid=113218) _process_stack /opt/stack/cinder/cinder/api/openstack/wsgi.py:868}}
Sep 19 11:26:22.015196 dv-cinder-820994-5-smb devstack@c-api.service[113218]: INFO cinder.api.v3.volumes [None req-3c8c9e15-d7f1-4587-a091-ed6e292062dc tempest-GroupSnapshotsTest-1404129502 tempest-GroupSnapshotsTest-1404129502-project] Delete volume with id: cdc7354d-ff3a-44d8-b514-5fa53461cdca
Sep 19 11:26:22.031343 dv-cinder-820994-5-smb devstack@c-api.service[113217]: DEBUG cinder.volume.api [None req-1b09da33-eb52-4013-a689-47dd865e5e6c tempest-VolumeTypesAccessTest-915234239 tempest-VolumeTypesAccessTest-915234239-project] Task 'cinder.volume.flows.api.create_volume.QuotaCommitTask;volume:create' (cfe77a89-c249-4934-a07a-df94cdd0ed42) transitioned into state 'SUCCESS' from state 'RUNNING' with result '{'volume_properties': VolumeProperties(attach_status='detached',availability_zone='nova',cgsnapshot_id=None,consistencygroup_id=None,display_description=None,display_name='tempest-VolumeTypesAccessTest-Volume-751332168',encryption_key_id=None,group_id=None,group_type_id=,metadata={},multiattach=False,project_id='5a0e85c5b2984db184f791dcc80d0506',qos_specs=None,replication_status=,reservations=['8c4b7a19-bc63-49fe-8143-3e7d548bf4df','baf3deb9-88cf-4eb6-9463-93d0eb38a4a8','1740be8f-0caf-44b2-9ea4-e7c66a633556','4e887859-03e5-4ad9-9406-b23c5d408e23'],size=1,snapshot_id=None,source_replicaid=,source_volid=None,status='creating',user_id='a592364bad8042c182624d2467277d0f',volume_type_id=4529c98f-d7d0-4c0a-aa0c-ab164ed52ecf)}' {{(pid=113217) _task_receiver /usr/local/lib/python3.8/dist-packages/taskflow/listeners/logging.py:178}}
Sep 19 11:26:22.033148 dv-cinder-820994-5-smb devstack@c-api.service[113217]: DEBUG cinder.volume.api [None req-1b09da33-eb52-4013-a689-47dd865e5e6c tempest-VolumeTypesAccessTest-915234239 tempest-VolumeTypesAccessTest-915234239-project] Task 'cinder.volume.flows.api.create_volume.VolumeCastTask;volume:create' (c55b8cbb-fd10-4488-88f8-fec7abaa5f9f) transitioned into state 'RUNNING' from state 'PENDING' {{(pid=113217) _task_receiver /usr/local/lib/python3.8/dist-packages/taskflow/listeners/logging.py:190}}
Sep 19 11:26:22.040204 dv-cinder-820994-5-smb devstack@c-api.service[113218]: INFO cinder.api.openstack.wsgi [None req-3c8c9e15-d7f1-4587-a091-ed6e292062dc tempest-GroupSnapshotsTest-1404129502 tempest-GroupSnapshotsTest-1404129502-project] http://10.222.0.71/volume/v3/296bd88ce3e540a1a3e06672ff1ff58f/volumes/cdc7354d-ff3a-44d8-b514-5fa53461cdca returned with HTTP 404
Sep 19 11:26:22.043516 dv-cinder-820994-5-smb devstack@c-api.service[113218]: [pid: 113218|app: 0|req: 144/270] 10.222.0.71 () {60 vars in 1369 bytes} [Mon Sep 19 11:26:22 2022] DELETE /volume/v3/296bd88ce3e540a1a3e06672ff1ff58f/volumes/cdc7354d-ff3a-44d8-b514-5fa53461cdca => generated 109 bytes in 36 msecs (HTTP/1.1 404) 7 headers in 293 bytes (1 switches on core 0)
Sep 19 11:26:22.048606 dv-cinder-820994-5-smb devstack@c-api.service[113218]: DEBUG cinder.api.middleware.request_id [None req-a5e7fb3e-6b88-45d4-800a-95f360eb1a40 None None] RequestId filter calling following filter/app {{(pid=113218) _context_setter /opt/stack/cinder/cinder/api/middleware/request_id.py:62}}
Sep 19 11:26:22.056688 dv-cinder-820994-5-smb devstack@c-api.service[113217]: DEBUG cinder.volume.api [None req-1b09da33-eb52-4013-a689-47dd865e5e6c tempest-VolumeTypesAccessTest-915234239 tempest-VolumeTypesAccessTest-915234239-project] Task 'cinder.volume.flows.api.create_volume.VolumeCastTask;volume:create' (c55b8cbb-fd10-4488-88f8-fec7abaa5f9f) transitioned into state 'SUCCESS' from state 'RUNNING' with result 'None' {{(pid=113217) _task_receiver /usr/local/lib/python3.8/dist-packages/taskflow/listeners/logging.py:178}}
Sep 19 11:26:22.061219 dv-cinder-820994-5-smb devstack@c-api.service[113217]: DEBUG cinder.volume.api [None req-1b09da33-eb52-4013-a689-47dd865e5e6c tempest-VolumeTypesAccessTest-915234239 tempest-VolumeTypesAccessTest-915234239-project] Flow 'volume_create_api' (0590232c-a462-4d8e-8327-dd6c736a1d57) transitioned into state 'SUCCESS' from state 'RUNNING' {{(pid=113217) _flow_receiver /usr/local/lib/python3.8/dist-packages/taskflow/listeners/logging.py:141}}
Sep 19 11:26:22.061932 dv-cinder-820994-5-smb devstack@c-api.service[113217]: INFO cinder.volume.api [None req-1b09da33-eb52-4013-a689-47dd865e5e6c tempest-VolumeTypesAccessTest-915234239 tempest-VolumeTypesAccessTest-915234239-project] Create volume request issued successfully.
Sep 19 11:26:22.063257 dv-cinder-820994-5-smb devstack@c-api.service[113217]: INFO cinder.api.openstack.wsgi [None req-1b09da33-eb52-4013-a689-47dd865e5e6c tempest-VolumeTypesAccessTest-915234239 tempest-VolumeTypesAccessTest-915234239-project] http://10.222.0.71/volume/v3/5a0e85c5b2984db184f791dcc80d0506/volumes returned with HTTP 202
Sep 19 11:26:22.064047 dv-cinder-820994-5-smb devstack@c-api.service[113217]: [pid: 113217|app: 0|req: 127/271] 10.222.0.71 () {60 vars in 1236 bytes} [Mon Sep 19 11:26:21 2022] POST /volume/v3/5a0e85c5b2984db184f791dcc80d0506/volumes => generated 860 bytes in 461 msecs (HTTP/1.1 202) 7 headers in 291 bytes (1 switches on core 0)
Sep 19 11:26:22.066007 dv-cinder-820994-5-smb devstack@c-api.service[113218]: INFO cinder.api.openstack.wsgi [None req-a5e7fb3e-6b88-45d4-800a-95f360eb1a40 tempest-GroupSnapshotsTest-400359624 tempest-GroupSnapshotsTest-400359624-project-admin] DELETE http://10.222.0.71/volume/v3/b6d17d87dc3447ea94d6d2dd141b6e3c/types/a0c45e59-bd7f-4c62-8cf0-c3dde1de8620
Sep 19 11:26:22.068424 dv-cinder-820994-5-smb devstack@c-api.service[113218]: DEBUG cinder.api.openstack.wsgi [None req-a5e7fb3e-6b88-45d4-800a-95f360eb1a40 tempest-GroupSnapshotsTest-400359624 tempest-GroupSnapshotsTest-400359624-project-admin] Empty body provided in request {{(pid=113218) get_body /opt/stack/cinder/cinder/api/openstack/wsgi.py:715}}
