Apr 14 22:09:47.658982 dv-cinder-820918-2-smb neutron-server[103702]: DEBUG neutron.api.v2.base [None req-dc58a129-e59f-48b7-8636-b993cb0b3851 tempest-AttachVolumeNegativeTest-215841824 tempest-AttachVolumeNegativeTest-215841824-project] Request body: {'security_group_rule': {'security_group_id': '755ca1f3-fde5-4a81-8dff-a32342d1913d', 'protocol': 'tcp', 'ethertype': 'IPv4', 'port_range_min': 22, 'port_range_max': 22, 'direction': 'ingress'}} {{(pid=103702) prepare_request_body /opt/stack/neutron/neutron/api/v2/base.py:729}}
Apr 14 22:09:47.661957 dv-cinder-820918-2-smb neutron-server[103703]: DEBUG neutron.plugins.ml2.drivers.mech_agent [req-05f283fd-6d31-42e8-82eb-ff51aaa47244 req-bf9468bd-9403-4057-afa1-24beb2f02b92 service neutron] Port ec64a59b-5014-44b4-a845-2d259beee4ab on network 1c8c14ce-89b3-4e34-9b23-e064a6f01d14 not bound, no agent of type Open vSwitch agent registered on host hv-cinder-82091 {{(pid=103703) bind_port /opt/stack/neutron/neutron/plugins/ml2/drivers/mech_agent.py:103}}
Apr 14 22:09:47.662356 dv-cinder-820918-2-smb neutron-server[103703]: DEBUG neutron.plugins.ml2.drivers.mech_agent [req-05f283fd-6d31-42e8-82eb-ff51aaa47244 req-bf9468bd-9403-4057-afa1-24beb2f02b92 service neutron] Attempting to bind port ec64a59b-5014-44b4-a845-2d259beee4ab on network 1c8c14ce-89b3-4e34-9b23-e064a6f01d14 {{(pid=103703) bind_port /opt/stack/neutron/neutron/plugins/ml2/drivers/mech_agent.py:91}}
Apr 14 22:09:47.683263 dv-cinder-820918-2-smb neutron-server[103703]: INFO neutron.wsgi [req-3d9d4eb7-4434-4336-8614-e0601564719f req-30257717-7fe0-4fad-a0ff-6c35a41bfe09 tempest-ServerRescueNegativeTestJSON-154750315 tempest-ServerRescueNegativeTestJSON-154750315-project] 10.222.0.15 "GET /v2.0/quotas/911362156b7c448e83ec8acdd9b08be4 HTTP/1.1" status: 200 len: 375 time: 0.1714284
Apr 14 22:09:47.798743 dv-cinder-820918-2-smb neutron-server[103703]: DEBUG neutron.api.rpc.handlers.resources_rpc [None req-2a2c5280-505d-4fbc-9022-b9975aa675a2 tempest-AttachVolumeNegativeTest-215841824 tempest-AttachVolumeNegativeTest-215841824-project] Pushing event updated for resources: {'SecurityGroup': ['ID=755ca1f3-fde5-4a81-8dff-a32342d1913d,revision_number=1']} {{(pid=103703) push /opt/stack/neutron/neutron/api/rpc/handlers/resources_rpc.py:237}}
Apr 14 22:09:47.808450 dv-cinder-820918-2-smb neutron-server[103704]: DEBUG neutron.db.provisioning_blocks [None req-74eafb24-6331-4807-aec6-87889dcd8d01 None None] Provisioning complete for port da5caa5b-cd5e-4a67-827d-8dc45076e16a triggered by entity DHCP. {{(pid=103704) provisioning_complete /opt/stack/neutron/neutron/db/provisioning_blocks.py:145}}
Apr 14 22:09:47.809141 dv-cinder-820918-2-smb neutron-server[103704]: DEBUG neutron_lib.callbacks.manager [None req-74eafb24-6331-4807-aec6-87889dcd8d01 None None] Publish callbacks ['neutron.plugins.ml2.plugin.Ml2Plugin._port_provisioned-667907'] for port (da5caa5b-cd5e-4a67-827d-8dc45076e16a), provisioning_complete {{(pid=103704) _notify_loop /usr/local/lib/python3.8/dist-packages/neutron_lib/callbacks/manager.py:176}}
Apr 14 22:09:47.816415 dv-cinder-820918-2-smb neutron-server[103703]: INFO neutron.wsgi [req-3d9d4eb7-4434-4336-8614-e0601564719f req-196fc487-8e25-423f-9b65-b72a96f09890 tempest-ServerRescueNegativeTestJSON-154750315 tempest-ServerRescueNegativeTestJSON-154750315-project] 10.222.0.15 "GET /v2.0/ports?tenant_id=911362156b7c448e83ec8acdd9b08be4&fields=id HTTP/1.1" status: 200 len: 348 time: 0.1314242
Apr 14 22:09:47.848814 dv-cinder-820918-2-smb neutron-server[103703]: DEBUG neutron.plugins.ml2.drivers.mech_agent [req-05f283fd-6d31-42e8-82eb-ff51aaa47244 req-bf9468bd-9403-4057-afa1-24beb2f02b92 service neutron] Checking agent: {'id': '32e74847-a8db-400e-ba16-d0f5347cebf3', 'agent_type': 'HyperV agent', 'binary': 'neutron-hyperv-agent', 'topic': 'N/A', 'host': 'hv-cinder-82091', 'admin_state_up': True, 'created_at': datetime.datetime(2022, 4, 14, 22, 7, 5), 'started_at': datetime.datetime(2022, 4, 14, 22, 7, 5), 'heartbeat_timestamp': datetime.datetime(2022, 4, 14, 22, 9, 35), 'description': None, 'resources_synced': None, 'availability_zone': None, 'alive': True, 'configurations': {'vswitch_mappings': {'physnet1$': 'br-data'}}, 'resource_versions': {}} {{(pid=103703) bind_port /opt/stack/neutron/neutron/plugins/ml2/drivers/mech_agent.py:110}}
Apr 14 22:09:47.850873 dv-cinder-820918-2-smb neutron-server[103703]: DEBUG neutron.plugins.ml2.drivers.mech_agent [req-05f283fd-6d31-42e8-82eb-ff51aaa47244 req-bf9468bd-9403-4057-afa1-24beb2f02b92 service neutron] Checking segment: {'id': '9112890b-172e-4051-b094-8eae3db21d3d', 'network_type': 'vlan', 'physical_network': 'physnet1', 'segmentation_id': 244, 'network_id': '1c8c14ce-89b3-4e34-9b23-e064a6f01d14'} for mappings: {'physnet1$': 'br-data'} with network types: ['local', 'flat', 'vlan'] {{(pid=103703) check_segment_for_agent /opt/stack/neutron/neutron/plugins/ml2/drivers/mech_agent.py:373}}
Apr 14 22:09:47.851942 dv-cinder-820918-2-smb neutron-server[103703]: DEBUG neutron.plugins.ml2.drivers.mech_agent [req-05f283fd-6d31-42e8-82eb-ff51aaa47244 req-bf9468bd-9403-4057-afa1-24beb2f02b92 service neutron] Bound using segment: {'id': '9112890b-172e-4051-b094-8eae3db21d3d', 'network_type': 'vlan', 'physical_network': 'physnet1', 'segmentation_id': 244, 'network_id': '1c8c14ce-89b3-4e34-9b23-e064a6f01d14'} {{(pid=103703) bind_port /opt/stack/neutron/neutron/plugins/ml2/drivers/mech_agent.py:120}}
Apr 14 22:09:47.853172 dv-cinder-820918-2-smb neutron-server[103703]: DEBUG neutron.plugins.ml2.managers [req-05f283fd-6d31-42e8-82eb-ff51aaa47244 req-bf9468bd-9403-4057-afa1-24beb2f02b92 service neutron] Bound port: ec64a59b-5014-44b4-a845-2d259beee4ab, host: hv-cinder-82091, vif_type: hyperv, vif_details: {"connectivity": "legacy", "port_filter": false}, binding_levels: [{'bound_driver': 'hyperv', 'bound_segment': {'id': '9112890b-172e-4051-b094-8eae3db21d3d', 'network_type': 'vlan', 'physical_network': 'physnet1', 'segmentation_id': 244, 'network_id': '1c8c14ce-89b3-4e34-9b23-e064a6f01d14'}}] {{(pid=103703) _bind_port_level /opt/stack/neutron/neutron/plugins/ml2/managers.py:932}}
Apr 14 22:09:47.853172 dv-cinder-820918-2-smb neutron-server[103703]: DEBUG neutron_lib.callbacks.manager [req-05f283fd-6d31-42e8-82eb-ff51aaa47244 req-bf9468bd-9403-4057-afa1-24beb2f02b92 service neutron] Publish callbacks ['neutron.plugins.ml2.plugin.SecurityGroupDbMixin._ensure_default_security_group_handler-744460'] for port (ec64a59b-5014-44b4-a845-2d259beee4ab), before_update {{(pid=103703) _notify_loop /usr/local/lib/python3.8/dist-packages/neutron_lib/callbacks/manager.py:176}}
Apr 14 22:09:47.899662 dv-cinder-820918-2-smb neutron-server[103703]: DEBUG neutron.api.rpc.handlers.resources_rpc [None req-bf9468bd-9403-4057-afa1-24beb2f02b92 service neutron] Pushing event updated for resources: {'Port': ['ID=ec64a59b-5014-44b4-a845-2d259beee4ab,revision_number=2']} {{(pid=103703) push /opt/stack/neutron/neutron/api/rpc/handlers/resources_rpc.py:237}}
Apr 14 22:09:47.903329 dv-cinder-820918-2-smb neutron-server[103703]: DEBUG neutron_lib.callbacks.manager [None req-1204af80-d5f3-45e6-a09f-fa7d43451e74 tempest-AttachVolumeTestJSON-1189454168 tempest-AttachVolumeTestJSON-1189454168-project] Publish callbacks ['neutron.plugins.ml2.plugin.SecurityGroupServerNotifierRpcMixin._notify_sg_on_port_change-744651', 'neutron.plugins.ml2.ovo_rpc._ObjectChangeHandler.handle_event-46734', 'neutron.api.rpc.agentnotifiers.dhcp_rpc_agent_api.DhcpAgentNotifyAPI._native_event_send_dhcp_notification-1670608', 'neutron.db.l3_dvrscheduler_db._notify_l3_agent_new_port-8728165145016'] for port (df49ae52-d174-419b-bd53-44f0d96a2e40), after_create {{(pid=103703) _notify_loop /usr/local/lib/python3.8/dist-packages/neutron_lib/callbacks/manager.py:176}}
Apr 14 22:09:47.941786 dv-cinder-820918-2-smb neutron-server[103702]: DEBUG neutron_lib.callbacks.manager [None req-dc58a129-e59f-48b7-8636-b993cb0b3851 tempest-AttachVolumeNegativeTest-215841824 tempest-AttachVolumeNegativeTest-215841824-project] Publish callbacks [] for security_group_rule (bcba233d-15d1-4131-b4cf-28f00e718b8e), before_create {{(pid=103702) _notify_loop /usr/local/lib/python3.8/dist-packages/neutron_lib/callbacks/manager.py:176}}
Apr 14 22:09:47.949300 dv-cinder-820918-2-smb neutron-server[103702]: DEBUG neutron_lib.callbacks.manager [None req-412ca030-c2ef-43b9-8d7d-1141b32209ad admin admin] Publish callbacks ['neutron.plugins.ml2.plugin.Ml2Plugin._network_delete_after_delete_handler-768677', 'neutron.plugins.ml2.ovo_rpc._ObjectChangeHandler.handle_event-1705911', 'neutron.api.rpc.agentnotifiers.dhcp_rpc_agent_api.DhcpAgentNotifyAPI._native_event_send_dhcp_notification-1670608', 'neutron.services.l3_router.l3_router_plugin.DVRResourceOperationHandler.delete_fip_namespaces_for_ext_net-1643743'] for network (f0449588-d960-4296-97d9-bedc71d346ed), after_delete {{(pid=103702) _notify_loop /usr/local/lib/python3.8/dist-packages/neutron_lib/callbacks/manager.py:176}}
Apr 14 22:09:47.977149 dv-cinder-820918-2-smb neutron-server[103702]: DEBUG neutron_lib.callbacks.manager [None req-412ca030-c2ef-43b9-8d7d-1141b32209ad admin admin] Publish callbacks ['neutron.api.rpc.agentnotifiers.dhcp_rpc_agent_api.DhcpAgentNotifyAPI._send_dhcp_notification-1670434'] for network (None), before_response {{(pid=103702) _notify_loop /usr/local/lib/python3.8/dist-packages/neutron_lib/callbacks/manager.py:176}}
Apr 14 22:09:47.986910 dv-cinder-820918-2-smb neutron-server[103702]: INFO neutron.wsgi [None req-412ca030-c2ef-43b9-8d7d-1141b32209ad admin admin] 10.222.0.15 "DELETE /v2.0/networks/f0449588-d960-4296-97d9-bedc71d346ed HTTP/1.1" status: 204 len: 168 time: 1.0104537
Apr 14 22:09:48.074491 dv-cinder-820918-2-smb neutron-server[103704]: DEBUG neutron.plugins.ml2.plugin [None req-7b7c7917-c333-4594-b8d2-0b22a59f79f8 None None] Current status of the port a0740842-8602-4178-bf80-d9208e11a051 is: DOWN; New status is: ACTIVE {{(pid=103704) _update_individual_port_db_status /opt/stack/neutron/neutron/plugins/ml2/plugin.py:2257}}
Apr 14 22:09:48.075054 dv-cinder-820918-2-smb neutron-server[103704]: DEBUG neutron_lib.callbacks.manager [None req-7b7c7917-c333-4594-b8d2-0b22a59f79f8 None None] Publish callbacks ['neutron.plugins.ml2.plugin.SecurityGroupDbMixin._ensure_default_security_group_handler-744460'] for port (a0740842-8602-4178-bf80-d9208e11a051), before_update {{(pid=103704) _notify_loop /usr/local/lib/python3.8/dist-packages/neutron_lib/callbacks/manager.py:176}}
Apr 14 22:09:48.089811 dv-cinder-820918-2-smb neutron-server[103704]: DEBUG neutron.plugins.ml2.plugin [None req-74eafb24-6331-4807-aec6-87889dcd8d01 None None] Port da5caa5b-cd5e-4a67-827d-8dc45076e16a cannot update to ACTIVE because it is not bound. {{(pid=103704) _port_provisioned /opt/stack/neutron/neutron/plugins/ml2/plugin.py:343}}
Apr 14 22:09:48.090966 dv-cinder-820918-2-smb neutron-server[103702]: DEBUG neutron_lib.callbacks.manager [req-a4a7143c-0746-41dc-94dc-99a92f40659d req-79352551-6c4c-414d-adf1-e4b861d9a767 service neutron] Publish callbacks ['neutron.plugins.ml2.plugin.SecurityGroupDbMixin._ensure_default_security_group_handler-744460'] for port (da5caa5b-cd5e-4a67-827d-8dc45076e16a), before_update {{(pid=103702) _notify_loop /usr/local/lib/python3.8/dist-packages/neutron_lib/callbacks/manager.py:176}}
Apr 14 22:09:48.135610 dv-cinder-820918-2-smb neutron-server[103704]: DEBUG neutron.db.l3_dvr_db [None req-e82d3443-5097-4a77-8018-3df8605e33bb None None] Set router e2dc3c5b-64ea-4944-8e64-44a8b0f6387d gateway port host: dv-cinder-820918-2-smb {{(pid=103704) _build_routers_list /opt/stack/neutron/neutron/db/l3_dvr_db.py:906}}
Apr 14 22:09:48.235762 dv-cinder-820918-2-smb neutron-server[103702]: DEBUG neutron.api.rpc.handlers.resources_rpc [None req-412ca030-c2ef-43b9-8d7d-1141b32209ad admin admin] Pushing event deleted for resources: {'Network': ['ID=f0449588-d960-4296-97d9-bedc71d346ed,revision_number=None']} {{(pid=103702) push /opt/stack/neutron/neutron/api/rpc/handlers/resources_rpc.py:237}}
Apr 14 22:09:48.241731 dv-cinder-820918-2-smb neutron-server[103702]: DEBUG neutron_lib.callbacks.manager [None req-dc58a129-e59f-48b7-8636-b993cb0b3851 tempest-AttachVolumeNegativeTest-215841824 tempest-AttachVolumeNegativeTest-215841824-project] Publish callbacks [] for security_group_rule (bcba233d-15d1-4131-b4cf-28f00e718b8e), precommit_create {{(pid=103702) _notify_loop /usr/local/lib/python3.8/dist-packages/neutron_lib/callbacks/manager.py:176}}
Apr 14 22:09:48.246572 dv-cinder-820918-2-smb neutron-server[103704]: DEBUG neutron.plugins.ml2.db [None req-7b7c7917-c333-4594-b8d2-0b22a59f79f8 None None] For port a0740842-8602-4178-bf80-d9208e11a051, host dv-cinder-820918-2-smb, got binding levels [PortBindingLevel(driver='openvswitch',host='dv-cinder-820918-2-smb',level=0,port_id=a0740842-8602-4178-bf80-d9208e11a051,segment=NetworkSegment(c77c5d80-ff08-45af-bda4-156bf45b47ae),segment_id=c77c5d80-ff08-45af-bda4-156bf45b47ae)] {{(pid=103704) get_binding_level_objs /opt/stack/neutron/neutron/plugins/ml2/db.py:74}}
Apr 14 22:09:48.258371 dv-cinder-820918-2-smb neutron-server[103702]: DEBUG neutron_lib.callbacks.manager [None req-dc58a129-e59f-48b7-8636-b993cb0b3851 tempest-AttachVolumeNegativeTest-215841824 tempest-AttachVolumeNegativeTest-215841824-project] Publish callbacks ['neutron.plugins.ml2.ovo_rpc._ObjectChangeHandler.handle_event-1705759'] for security_group_rule (bcba233d-15d1-4131-b4cf-28f00e718b8e), after_create {{(pid=103702) _notify_loop /usr/local/lib/python3.8/dist-packages/neutron_lib/callbacks/manager.py:176}}
Apr 14 22:09:48.298416 dv-cinder-820918-2-smb neutron-server[103704]: DEBUG neutron_lib.callbacks.manager [None req-7b7c7917-c333-4594-b8d2-0b22a59f79f8 None None] Publish callbacks ['neutron.plugins.ml2.plugin.SecurityGroupServerNotifierRpcMixin._notify_sg_on_port_change-744651', 'neutron.plugins.ml2.ovo_rpc._ObjectChangeHandler.handle_event-46734', 'neutron.api.rpc.agentnotifiers.dhcp_rpc_agent_api.DhcpAgentNotifyAPI._native_event_send_dhcp_notification-1670608', 'neutron.db.l3_db.L3RpcNotifierMixin._notify_gateway_port_ip_changed-8728165620008', 'neutron.db.l3_dvrscheduler_db._notify_l3_agent_port_update-8728165145034', 'neutron.db.l3_hascheduler_db._notify_l3_agent_ha_port_update-8728165145052'] for port (a0740842-8602-4178-bf80-d9208e11a051), after_update {{(pid=103704) _notify_loop /usr/local/lib/python3.8/dist-packages/neutron_lib/callbacks/manager.py:176}}
Apr 14 22:09:48.308833 dv-cinder-820918-2-smb neutron-server[103702]: DEBUG neutron.api.rpc.handlers.resources_rpc [None req-dc58a129-e59f-48b7-8636-b993cb0b3851 tempest-AttachVolumeNegativeTest-215841824 tempest-AttachVolumeNegativeTest-215841824-project] Pushing event updated for resources: {'SecurityGroupRule': ['ID=bcba233d-15d1-4131-b4cf-28f00e718b8e,revision_number=0']} {{(pid=103702) push /opt/stack/neutron/neutron/api/rpc/handlers/resources_rpc.py:237}}
Apr 14 22:09:48.331951 dv-cinder-820918-2-smb neutron-server[103702]: DEBUG neutron_lib.callbacks.manager [None req-dc58a129-e59f-48b7-8636-b993cb0b3851 tempest-AttachVolumeNegativeTest-215841824 tempest-AttachVolumeNegativeTest-215841824-project] Publish callbacks [] for security_group_rule (None), before_response {{(pid=103702) _notify_loop /usr/local/lib/python3.8/dist-packages/neutron_lib/callbacks/manager.py:176}}
Apr 14 22:09:48.337022 dv-cinder-820918-2-smb neutron-server[103702]: INFO neutron.wsgi [None req-dc58a129-e59f-48b7-8636-b993cb0b3851 tempest-AttachVolumeNegativeTest-215841824 tempest-AttachVolumeNegativeTest-215841824-project] 10.222.0.15 "POST /v2.0/security-group-rules HTTP/1.1" status: 201 len: 764 time: 0.6993532
Apr 14 22:09:48.337873 dv-cinder-820918-2-smb neutron-server[103702]: DEBUG neutron.wsgi [-] (103702) accepted ('10.222.0.15', 35466) {{(pid=103702) server /usr/local/lib/python3.8/dist-packages/eventlet/wsgi.py:1004}}
Apr 14 22:09:48.338546 dv-cinder-820918-2-smb neutron-server[103704]: DEBUG neutron.db.provisioning_blocks [None req-c38670f6-dac9-4625-a3b1-8c6b001512ff None None] Provisioning complete for port 9ce8f656-a510-4365-8987-5129a9eae15d triggered by entity DHCP. {{(pid=103704) provisioning_complete /opt/stack/neutron/neutron/db/provisioning_blocks.py:145}}
Apr 14 22:09:48.341407 dv-cinder-820918-2-smb neutron-server[103704]: DEBUG neutron_lib.callbacks.manager [None req-c38670f6-dac9-4625-a3b1-8c6b001512ff None None] Publish callbacks ['neutron.plugins.ml2.plugin.Ml2Plugin._port_provisioned-667907'] for port (9ce8f656-a510-4365-8987-5129a9eae15d), provisioning_complete {{(pid=103704) _notify_loop /usr/local/lib/python3.8/dist-packages/neutron_lib/callbacks/manager.py:176}}
Apr 14 22:09:48.352224 dv-cinder-820918-2-smb neutron-server[103702]: DEBUG neutron.api.v2.base [None req-06d183f9-a7db-4731-aaa2-01f03e3ee2a8 tempest-AttachVolumeNegativeTest-215841824 tempest-AttachVolumeNegativeTest-215841824-project] Request body: {'security_group_rule': {'security_group_id': '755ca1f3-fde5-4a81-8dff-a32342d1913d', 'protocol': 'icmp', 'ethertype': 'IPv4', 'direction': 'ingress'}} {{(pid=103702) prepare_request_body /opt/stack/neutron/neutron/api/v2/base.py:729}}
Apr 14 22:09:48.369275 dv-cinder-820918-2-smb neutron-server[103703]: DEBUG neutron.scheduler.dhcp_agent_scheduler [None req-1204af80-d5f3-45e6-a09f-fa7d43451e74 tempest-AttachVolumeTestJSON-1189454168 tempest-AttachVolumeTestJSON-1189454168-project] Network 014f26f5-e75c-401d-9dfb-267a926ff2a3 is already hosted by enough agents. {{(pid=103703) _get_dhcp_agents_hosting_network /opt/stack/neutron/neutron/scheduler/dhcp_agent_scheduler.py:275}}
Apr 14 22:09:48.419961 dv-cinder-820918-2-smb neutron-server[103703]: INFO neutron.wsgi [req-cb689a46-c1cd-459e-be90-e7e360a29e41 req-b7dbcd6d-2a9a-4aac-9f59-b06e1ebdfd89 tempest-DeleteServersTestJSON-1347046743 tempest-DeleteServersTestJSON-1347046743-project] 10.222.0.15 "GET /v2.0/security-groups?id=8de97d3d-7b25-4d58-b459-40d2230a9cc1&fields=id&fields=name HTTP/1.1" status: 200 len: 286 time: 0.7812891
Apr 14 22:09:48.426391 dv-cinder-820918-2-smb neutron-server[103703]: DEBUG neutron.scheduler.base_scheduler [None req-1204af80-d5f3-45e6-a09f-fa7d43451e74 tempest-AttachVolumeTestJSON-1189454168 tempest-AttachVolumeTestJSON-1189454168-project] Resources bound (agent type, host, resource id): {{(pid=103703) schedule /opt/stack/neutron/neutron/scheduler/base_scheduler.py:57}}
Apr 14 22:09:48.431186 dv-cinder-820918-2-smb neutron-server[103703]: DEBUG neutron.api.rpc.handlers.resources_rpc [None req-1204af80-d5f3-45e6-a09f-fa7d43451e74 tempest-AttachVolumeTestJSON-1189454168 tempest-AttachVolumeTestJSON-1189454168-project] Pushing event updated for resources: {'Port': ['ID=df49ae52-d174-419b-bd53-44f0d96a2e40,revision_number=1']} {{(pid=103703) push /opt/stack/neutron/neutron/api/rpc/handlers/resources_rpc.py:237}}
Apr 14 22:09:48.460953 dv-cinder-820918-2-smb neutron-server[103703]: DEBUG neutron.db.l3_dvrscheduler_db [None req-1204af80-d5f3-45e6-a09f-fa7d43451e74 tempest-AttachVolumeTestJSON-1189454168 tempest-AttachVolumeTestJSON-1189454168-project] Received port after_create {{(pid=103703) _notify_l3_agent_new_port /opt/stack/neutron/neutron/db/l3_dvrscheduler_db.py:536}}
Apr 14 22:09:48.465509 dv-cinder-820918-2-smb neutron-server[103703]: DEBUG neutron.wsgi [-] (103703) accepted ('10.222.0.15', 35472) {{(pid=103703) server /usr/local/lib/python3.8/dist-packages/eventlet/wsgi.py:1004}}
Apr 14 22:09:48.558323 dv-cinder-820918-2-smb neutron-server[103703]: INFO neutron.wsgi [req-3d9d4eb7-4434-4336-8614-e0601564719f req-cecc06f1-9a14-4177-a9ca-7342b8d7b0a5 service neutron] 10.222.0.15 "GET /v2.0/networks/743d27dd-3e62-4827-a0dd-df5851f552e2?fields=segments HTTP/1.1" status: 200 len: 212 time: 0.7410350
Apr 14 22:09:48.654063 dv-cinder-820918-2-smb neutron-server[103702]: DEBUG neutron_lib.callbacks.manager [None req-06d183f9-a7db-4731-aaa2-01f03e3ee2a8 tempest-AttachVolumeNegativeTest-215841824 tempest-AttachVolumeNegativeTest-215841824-project] Publish callbacks [] for security_group_rule (b2de9ed9-2f43-46c9-b141-fffc75c6d910), before_create {{(pid=103702) _notify_loop /usr/local/lib/python3.8/dist-packages/neutron_lib/callbacks/manager.py:176}}
Apr 14 22:09:48.719788 dv-cinder-820918-2-smb neutron-server[103704]: DEBUG neutron.api.rpc.handlers.resources_rpc [None req-7b7c7917-c333-4594-b8d2-0b22a59f79f8 None None] Pushing event updated for resources: {'Port': ['ID=a0740842-8602-4178-bf80-d9208e11a051,revision_number=4']} {{(pid=103704) push /opt/stack/neutron/neutron/api/rpc/handlers/resources_rpc.py:237}}
Apr 14 22:09:48.784085 dv-cinder-820918-2-smb neutron-server[103704]: DEBUG neutron.plugins.ml2.rpc [None req-7b7c7917-c333-4594-b8d2-0b22a59f79f8 None None] Device 4b6d5912-0028-42a4-8af7-366270c90331 up at agent ovs-agent-dv-cinder-820918-2-smb {{(pid=103704) update_device_up /opt/stack/neutron/neutron/plugins/ml2/rpc.py:296}}
Apr 14 22:09:48.881124 dv-cinder-820918-2-smb neutron-server[103702]: DEBUG neutron.notifiers.nova [req-a4a7143c-0746-41dc-94dc-99a92f40659d req-79352551-6c4c-414d-adf1-e4b861d9a767 service neutron] Ignoring state change previous_port_status: DOWN current_port_status: DOWN port_id da5caa5b-cd5e-4a67-827d-8dc45076e16a {{(pid=103702) record_port_status_changed /opt/stack/neutron/neutron/notifiers/nova.py:233}}
Apr 14 22:09:48.890424 dv-cinder-820918-2-smb neutron-server[103702]: DEBUG neutron_lib.callbacks.manager [req-a4a7143c-0746-41dc-94dc-99a92f40659d req-79352551-6c4c-414d-adf1-e4b861d9a767 service neutron] Publish callbacks [] for port (da5caa5b-cd5e-4a67-827d-8dc45076e16a), precommit_update {{(pid=103702) _notify_loop /usr/local/lib/python3.8/dist-packages/neutron_lib/callbacks/manager.py:176}}
Apr 14 22:09:48.915424 dv-cinder-820918-2-smb neutron-server[103702]: DEBUG neutron.db.provisioning_blocks [req-a4a7143c-0746-41dc-94dc-99a92f40659d req-79352551-6c4c-414d-adf1-e4b861d9a767 service neutron] Transition to ACTIVE for port object da5caa5b-cd5e-4a67-827d-8dc45076e16a will not be triggered until provisioned by entity L2. {{(pid=103702) add_provisioning_component /opt/stack/neutron/neutron/db/provisioning_blocks.py:75}}
Apr 14 22:09:48.928443 dv-cinder-820918-2-smb neutron-server[103702]: DEBUG neutron_lib.callbacks.manager [req-a4a7143c-0746-41dc-94dc-99a92f40659d req-79352551-6c4c-414d-adf1-e4b861d9a767 service neutron] Publish callbacks ['neutron.plugins.ml2.plugin.SecurityGroupServerNotifierRpcMixin._notify_sg_on_port_change-744651', 'neutron.plugins.ml2.ovo_rpc._ObjectChangeHandler.handle_event-46734', 'neutron.api.rpc.agentnotifiers.dhcp_rpc_agent_api.DhcpAgentNotifyAPI._native_event_send_dhcp_notification-1670608', 'neutron.db.l3_db.L3RpcNotifierMixin._notify_gateway_port_ip_changed-8728165620008', 'neutron.db.l3_dvrscheduler_db._notify_l3_agent_port_update-8728165145034', 'neutron.db.l3_hascheduler_db._notify_l3_agent_ha_port_update-8728165145052', 'neutron.services.segments.plugin.NovaSegmentNotifier._notify_port_updated-25338767'] for port (da5caa5b-cd5e-4a67-827d-8dc45076e16a), after_update {{(pid=103702) _notify_loop /usr/local/lib/python3.8/dist-packages/neutron_lib/callbacks/manager.py:176}}
Apr 14 22:09:48.931426 dv-cinder-820918-2-smb neutron-server[103703]: INFO neutron.wsgi [req-3d9d4eb7-4434-4336-8614-e0601564719f req-d6b0342a-12cd-44f5-983f-529aa1b320e1 service neutron] 10.222.0.15 "GET /v2.0/networks/743d27dd-3e62-4827-a0dd-df5851f552e2?fields=provider%3Aphysical_network&fields=provider%3Anetwork_type HTTP/1.1" status: 200 len: 281 time: 0.3335745
Apr 14 22:09:48.973372 dv-cinder-820918-2-smb neutron-server[103704]: DEBUG neutron.plugins.ml2.plugin [None req-c38670f6-dac9-4625-a3b1-8c6b001512ff None None] Current status of the port 9ce8f656-a510-4365-8987-5129a9eae15d is: DOWN; New status is: ACTIVE {{(pid=103704) _update_individual_port_db_status /opt/stack/neutron/neutron/plugins/ml2/plugin.py:2257}}
Apr 14 22:09:48.973852 dv-cinder-820918-2-smb neutron-server[103704]: DEBUG neutron_lib.callbacks.manager [None req-c38670f6-dac9-4625-a3b1-8c6b001512ff None None] Publish callbacks ['neutron.plugins.ml2.plugin.SecurityGroupDbMixin._ensure_default_security_group_handler-744460'] for port (9ce8f656-a510-4365-8987-5129a9eae15d), before_update {{(pid=103704) _notify_loop /usr/local/lib/python3.8/dist-packages/neutron_lib/callbacks/manager.py:176}}
Apr 14 22:09:49.006108 dv-cinder-820918-2-smb neutron-server[103702]: DEBUG neutron.api.rpc.handlers.resources_rpc [None req-79352551-6c4c-414d-adf1-e4b861d9a767 service neutron] Pushing event updated for resources: {'Port': ['ID=da5caa5b-cd5e-4a67-827d-8dc45076e16a,revision_number=2']} {{(pid=103702) push /opt/stack/neutron/neutron/api/rpc/handlers/resources_rpc.py:237}}
Apr 14 22:09:49.054417 dv-cinder-820918-2-smb neutron-server[103703]: INFO neutron.wsgi [None req-07f54615-1ed2-4bf3-8701-93764c426472 admin admin] 10.222.0.15 "GET /v2.0/security-groups?tenant_id=b6bac6edc108477ab7b8e8dd9e769977&name=default HTTP/1.1" status: 200 len: 2996 time: 0.5012302
Apr 14 22:09:49.074543 dv-cinder-820918-2-smb neutron-server[103702]: DEBUG neutron.wsgi [-] (103702) accepted ('10.222.0.15', 35500) {{(pid=103702) server /usr/local/lib/python3.8/dist-packages/eventlet/wsgi.py:1004}}
Apr 14 22:09:49.090220 dv-cinder-820918-2-smb neutron-server[103703]: DEBUG neutron.plugins.ml2.db [req-05f283fd-6d31-42e8-82eb-ff51aaa47244 req-bf9468bd-9403-4057-afa1-24beb2f02b92 service neutron] For port ec64a59b-5014-44b4-a845-2d259beee4ab, host hv-cinder-82091, cleared binding levels {{(pid=103703) clear_binding_levels /opt/stack/neutron/neutron/plugins/ml2/db.py:87}}
Apr 14 22:09:49.138543 dv-cinder-820918-2-smb neutron-server[103703]: DEBUG neutron.pecan_wsgi.hooks.policy_enforcement [req-8298462e-616d-4406-a55d-96ea44a1ca45 req-fe97dde0-642c-40e6-982a-140d36cd86c4 tempest-AttachVolumeShelveTestJSON-2105668396 tempest-AttachVolumeShelveTestJSON-2105668396-project] Attributes excluded by policy engine: ['standard_attr_id', 'binding:profile', 'binding:host_id', 'binding:vif_type', 'binding:vif_details'] {{(pid=103703) _exclude_attributes_by_policy /opt/stack/neutron/neutron/pecan_wsgi/hooks/policy_enforcement.py:259}}
Apr 14 22:09:49.140269 dv-cinder-820918-2-smb neutron-server[103703]: INFO neutron.wsgi [req-8298462e-616d-4406-a55d-96ea44a1ca45 req-fe97dde0-642c-40e6-982a-140d36cd86c4 tempest-AttachVolumeShelveTestJSON-2105668396 tempest-AttachVolumeShelveTestJSON-2105668396-project] 10.222.0.15 "GET /v2.0/ports?device_id=28e5427b-e5ae-4ce6-be75-ad7a0ff2d814 HTTP/1.1" status: 200 len: 943 time: 0.5579011
Apr 14 22:09:49.167643 dv-cinder-820918-2-smb neutron-server[103702]: DEBUG neutron_lib.callbacks.manager [None req-06d183f9-a7db-4731-aaa2-01f03e3ee2a8 tempest-AttachVolumeNegativeTest-215841824 tempest-AttachVolumeNegativeTest-215841824-project] Publish callbacks [] for security_group_rule (b2de9ed9-2f43-46c9-b141-fffc75c6d910), precommit_create {{(pid=103702) _notify_loop /usr/local/lib/python3.8/dist-packages/neutron_lib/callbacks/manager.py:176}}
Apr 14 22:09:49.189059 dv-cinder-820918-2-smb neutron-server[103704]: DEBUG neutron.plugins.ml2.db [None req-c38670f6-dac9-4625-a3b1-8c6b001512ff None None] For port 9ce8f656-a510-4365-8987-5129a9eae15d, host dv-cinder-820918-2-smb, got binding levels [PortBindingLevel(driver='openvswitch',host='dv-cinder-820918-2-smb',level=0,port_id=9ce8f656-a510-4365-8987-5129a9eae15d,segment=NetworkSegment(94e647e1-8fb4-4430-afc8-19311a0a0e27),segment_id=94e647e1-8fb4-4430-afc8-19311a0a0e27)] {{(pid=103704) get_binding_level_objs /opt/stack/neutron/neutron/plugins/ml2/db.py:74}}
Apr 14 22:09:49.203691 dv-cinder-820918-2-smb neutron-server[103703]: DEBUG neutron.plugins.ml2.db [req-05f283fd-6d31-42e8-82eb-ff51aaa47244 req-bf9468bd-9403-4057-afa1-24beb2f02b92 service neutron] For port ec64a59b-5014-44b4-a845-2d259beee4ab, host hv-cinder-82091, set binding levels [PortBindingLevel(driver='hyperv',host='hv-cinder-82091',level=0,port_id=ec64a59b-5014-44b4-a845-2d259beee4ab,segment=NetworkSegment(9112890b-172e-4051-b094-8eae3db21d3d),segment_id=9112890b-172e-4051-b094-8eae3db21d3d)] {{(pid=103703) set_binding_levels /opt/stack/neutron/neutron/plugins/ml2/db.py:59}}
Apr 14 22:09:49.239516 dv-cinder-820918-2-smb neutron-server[103704]: DEBUG neutron.db.provisioning_blocks [None req-7b7c7917-c333-4594-b8d2-0b22a59f79f8 None None] Provisioning complete for port 4b6d5912-0028-42a4-8af7-366270c90331 triggered by entity L2. {{(pid=103704) provisioning_complete /opt/stack/neutron/neutron/db/provisioning_blocks.py:145}}
Apr 14 22:09:49.240282 dv-cinder-820918-2-smb neutron-server[103704]: DEBUG neutron_lib.callbacks.manager [None req-7b7c7917-c333-4594-b8d2-0b22a59f79f8 None None] Publish callbacks ['neutron.plugins.ml2.plugin.Ml2Plugin._port_provisioned-667907'] for port (4b6d5912-0028-42a4-8af7-366270c90331), provisioning_complete {{(pid=103704) _notify_loop /usr/local/lib/python3.8/dist-packages/neutron_lib/callbacks/manager.py:176}}
Apr 14 22:09:49.293112 dv-cinder-820918-2-smb neutron-server[103702]: DEBUG neutron_lib.callbacks.manager [None req-06d183f9-a7db-4731-aaa2-01f03e3ee2a8 tempest-AttachVolumeNegativeTest-215841824 tempest-AttachVolumeNegativeTest-215841824-project] Publish callbacks ['neutron.plugins.ml2.ovo_rpc._ObjectChangeHandler.handle_event-1705759'] for security_group_rule (b2de9ed9-2f43-46c9-b141-fffc75c6d910), after_create {{(pid=103702) _notify_loop /usr/local/lib/python3.8/dist-packages/neutron_lib/callbacks/manager.py:176}}
Apr 14 22:09:49.353565 dv-cinder-820918-2-smb neutron-server[103704]: DEBUG neutron_lib.callbacks.manager [None req-c38670f6-dac9-4625-a3b1-8c6b001512ff None None] Publish callbacks ['neutron.plugins.ml2.plugin.SecurityGroupServerNotifierRpcMixin._notify_sg_on_port_change-744651', 'neutron.plugins.ml2.ovo_rpc._ObjectChangeHandler.handle_event-46734', 'neutron.api.rpc.agentnotifiers.dhcp_rpc_agent_api.DhcpAgentNotifyAPI._native_event_send_dhcp_notification-1670608', 'neutron.db.l3_db.L3RpcNotifierMixin._notify_gateway_port_ip_changed-8728165620008', 'neutron.db.l3_dvrscheduler_db._notify_l3_agent_port_update-8728165145034', 'neutron.db.l3_hascheduler_db._notify_l3_agent_ha_port_update-8728165145052'] for port (9ce8f656-a510-4365-8987-5129a9eae15d), after_update {{(pid=103704) _notify_loop /usr/local/lib/python3.8/dist-packages/neutron_lib/callbacks/manager.py:176}}
Apr 14 22:09:49.371954 dv-cinder-820918-2-smb neutron-server[103704]: DEBUG neutron.db.l3_hamode_db [None req-e82d3443-5097-4a77-8018-3df8605e33bb None None] neutron.services.l3_router.l3_router_plugin.L3RouterPlugin method _process_sync_ha_data called with arguments (, [{'id': 'e2dc3c5b-64ea-4944-8e64-44a8b0f6387d', 'name': 'tempest-ServerRescueNegativeTestJSON-590365181-router', 'tenant_id': '911362156b7c448e83ec8acdd9b08be4', 'admin_state_up': True, 'status': 'ACTIVE', 'external_gateway_info': {'network_id': '014f26f5-e75c-401d-9dfb-267a926ff2a3', 'external_fixed_ips': [{'subnet_id': '7c1366eb-73cd-459c-9972-7e87e44df8bf', 'ip_address': '172.28.3.59'}], 'enable_snat': True}, 'gw_port_id': 'a0740842-8602-4178-bf80-d9208e11a051', 'description': '', 'availability_zones': ['nova'], 'distributed': False, 'ha': False, 'ha_vr_id': 0, 'availability_zone_hints': [], 'routes': [], 'flavor_id': None, 'tags': [], 'created_at': '2022-04-14T22:09:16Z', 'updated_at': '2022-04-14T22:09:31Z', 'revision_number': 4, 'project_id': '911362156b7c448e83ec8acdd9b08be4', 'gw_port': {'id': 'a0740842-8602-4178-bf80-d9208e11a051', 'name': '', 'network_id': '014f26f5-e75c-401d-9dfb-267a926ff2a3', 'tenant_id': '', 'mac_address': 'fa:16:3e:28:c4:77', 'admin_state_up': True, 'status': 'DOWN', 'device_id': 'e2dc3c5b-64ea-4944-8e64-44a8b0f6387d', 'device_owner': 'network:router_gateway', 'standard_attr_id': 80, 'fixed_ips': [{'subnet_id': '7c1366eb-73cd-459c-9972-7e87e44df8bf', 'ip_address': '172.28.3.59', 'prefixlen': 24}], 'allowed_address_pairs': [], 'extra_dhcp_opts': [], 'security_groups': [], 'description': '', 'binding:vnic_type': 'normal', 'binding:profile': {}, 'binding:host_id': 'dv-cinder-820918-2-smb', 'binding:vif_type': 'ovs', 'binding:vif_details': {'connectivity': 'l2', 'port_filter': True, 'ovs_hybrid_plug': False, 'datapath_type': 'system', 'bridge_name': 'br-int', 'bound_drivers': {'0': 'openvswitch'}}, 'port_security_enabled': False, 'tags': [], 'created_at': '2022-04-14T22:09:17Z', 'updated_at': '2022-04-14T22:09:31Z', 'revision_number': 3, 'project_id': '', 'subnets': [{'id': '7c1366eb-73cd-459c-9972-7e87e44df8bf', 'cidr': '172.28.3.0/24', 'gateway_ip': '172.28.3.1', 'dns_nameservers': [], 'ipv6_ra_mode': None, 'subnetpool_id': None}], 'extra_subnets': [], 'address_scopes': {4: None, 6: None}, 'mtu': 1500}, 'enable_snat': True, 'gw_port_host': 'dv-cinder-820918-2-smb', '_interfaces': [{'id': '9ce8f656-a510-4365-8987-5129a9eae15d', 'name': '', 'network_id': '743d27dd-3e62-4827-a0dd-df5851f552e2', 'tenant_id': '911362156b7c448e83ec8acdd9b08be4', 'mac_address': 'fa:16:3e:4f:ff:73', 'admin_state_up': True, 'status': 'DOWN', 'device_id': 'e2dc3c5b-64ea-4944-8e64-44a8b0f6387d', 'device_owner': 'network:router_interface', 'standard_attr_id': 105, 'fixed_ips': [{'subnet_id': '0cabdc42-2a8f-472d-933b-3592ffc696dd', 'ip_address': '172.20.0.1', 'prefixlen': 28}], 'allowed_address_pairs': [], 'extra_dhcp_opts': [], 'security_groups': [], 'description': '', 'binding:vnic_type': 'normal', 'binding:profile': {}, 'binding:host_id': 'dv-cinder-820918-2-smb', 'binding:vif_type': 'ovs', 'binding:vif_details': {'connectivity': 'l2', 'port_filter': True, 'ovs_hybrid_plug': False, 'datapath_type': 'system', 'bridge_name': 'br-int', 'bound_drivers': {'0': 'openvswitch'}}, 'port_security_enabled': False, 'tags': [], 'created_at': '2022-04-14T22:09:28Z', 'updated_at': '2022-04-14T22:09:47Z', 'revision_number': 4, 'project_id': '911362156b7c448e83ec8acdd9b08be4', 'subnets': [{'id': '0cabdc42-2a8f-472d-933b-3592ffc696dd', 'cidr': '172.20.0.0/28', 'gateway_ip': '172.20.0.1', 'dns_nameservers': [], 'ipv6_ra_mode': None, 'subnetpool_id': None}], 'extra_subnets': [], 'address_scopes': {4: None, 6: None}, 'mtu': 1500}]}], 'dv-cinder-820918-2-smb', False) {} {{(pid=103704) wrapper /usr/local/lib/python3.8/dist-packages/oslo_log/helpers.py:65}}
Apr 14 22:09:49.383850 dv-cinder-820918-2-smb neutron-server[103703]: DEBUG neutron_lib.callbacks.manager [req-05f283fd-6d31-42e8-82eb-ff51aaa47244 req-bf9468bd-9403-4057-afa1-24beb2f02b92 service neutron] Publish callbacks ['neutron.plugins.ml2.plugin.SecurityGroupServerNotifierRpcMixin._notify_sg_on_port_change-744651', 'neutron.plugins.ml2.ovo_rpc._ObjectChangeHandler.handle_event-46734', 'neutron.api.rpc.agentnotifiers.dhcp_rpc_agent_api.DhcpAgentNotifyAPI._native_event_send_dhcp_notification-1670608', 'neutron.db.l3_db.L3RpcNotifierMixin._notify_gateway_port_ip_changed-8728165620008', 'neutron.db.l3_dvrscheduler_db._notify_l3_agent_port_update-8728165145034', 'neutron.db.l3_hascheduler_db._notify_l3_agent_ha_port_update-8728165145052'] for port (ec64a59b-5014-44b4-a845-2d259beee4ab), after_update {{(pid=103703) _notify_loop /usr/local/lib/python3.8/dist-packages/neutron_lib/callbacks/manager.py:176}}
Apr 14 22:09:49.452963 dv-cinder-820918-2-smb neutron-server[103702]: DEBUG neutron.api.rpc.handlers.resources_rpc [None req-06d183f9-a7db-4731-aaa2-01f03e3ee2a8 tempest-AttachVolumeNegativeTest-215841824 tempest-AttachVolumeNegativeTest-215841824-project] Pushing event updated for resources: {'SecurityGroupRule': ['ID=b2de9ed9-2f43-46c9-b141-fffc75c6d910,revision_number=0']} {{(pid=103702) push /opt/stack/neutron/neutron/api/rpc/handlers/resources_rpc.py:237}}
Apr 14 22:09:49.469321 dv-cinder-820918-2-smb neutron-server[103703]: DEBUG neutron_lib.callbacks.manager [None req-1204af80-d5f3-45e6-a09f-fa7d43451e74 tempest-AttachVolumeTestJSON-1189454168 tempest-AttachVolumeTestJSON-1189454168-project] Publish callbacks [] for floatingip (3ccc2b61-11e2-458e-8a75-48fd603928c8), precommit_create {{(pid=103703) _notify_loop /usr/local/lib/python3.8/dist-packages/neutron_lib/callbacks/manager.py:176}}
Apr 14 22:09:49.497934 dv-cinder-820918-2-smb neutron-server[103702]: DEBUG neutron_lib.callbacks.manager [None req-06d183f9-a7db-4731-aaa2-01f03e3ee2a8 tempest-AttachVolumeNegativeTest-215841824 tempest-AttachVolumeNegativeTest-215841824-project] Publish callbacks [] for security_group_rule (None), before_response {{(pid=103702) _notify_loop /usr/local/lib/python3.8/dist-packages/neutron_lib/callbacks/manager.py:176}}
Apr 14 22:09:49.499488 dv-cinder-820918-2-smb neutron-server[103702]: INFO neutron.wsgi [None req-06d183f9-a7db-4731-aaa2-01f03e3ee2a8 tempest-AttachVolumeNegativeTest-215841824 tempest-AttachVolumeNegativeTest-215841824-project] 10.222.0.15 "POST /v2.0/security-group-rules HTTP/1.1" status: 201 len: 769 time: 1.1533864
Apr 14 22:09:49.500623 dv-cinder-820918-2-smb neutron-server[103702]: DEBUG neutron_lib.callbacks.manager [None req-5a3a8139-09f8-45ea-b5b3-50ce5cfa9afd admin admin] Publish callbacks [] for security_group (d7483306-6897-4f89-8b1e-530256a4e240), before_delete {{(pid=103702) _notify_loop /usr/local/lib/python3.8/dist-packages/neutron_lib/callbacks/manager.py:176}}
Apr 14 22:09:49.512398 dv-cinder-820918-2-smb neutron-server[103702]: DEBUG neutron.wsgi [-] (103702) accepted ('10.222.0.15', 35518) {{(pid=103702) server /usr/local/lib/python3.8/dist-packages/eventlet/wsgi.py:1004}}
Apr 14 22:09:49.557043 dv-cinder-820918-2-smb neutron-server[103702]: DEBUG neutron.api.v2.base [None req-179333c1-9f38-41da-9fc0-2d7d93508573 tempest-AttachVolumeNegativeTest-215841824 tempest-AttachVolumeNegativeTest-215841824-project] Request body: {'floatingip': {'floating_network_id': '014f26f5-e75c-401d-9dfb-267a926ff2a3'}} {{(pid=103702) prepare_request_body /opt/stack/neutron/neutron/api/v2/base.py:729}}
Apr 14 22:09:49.563515 dv-cinder-820918-2-smb neutron-server[103703]: INFO neutron.wsgi [req-e6b0598c-58bc-4eb7-ab14-114fb36a2901 req-28711ab1-3e3c-49d0-a2d1-a4c25e587db3 tempest-ServerRescueNegativeTestJSON-154750315 tempest-ServerRescueNegativeTestJSON-154750315-project] 10.222.0.15 "GET /v2.0/ports?device_id=06411787-3248-4e05-82b5-7b96bf294814 HTTP/1.1" status: 200 len: 210 time: 0.2265108
Apr 14 22:09:49.567844 dv-cinder-820918-2-smb neutron-server[103703]: DEBUG neutron.pecan_wsgi.hooks.policy_enforcement [req-05f283fd-6d31-42e8-82eb-ff51aaa47244 req-bf9468bd-9403-4057-afa1-24beb2f02b92 service neutron] Attributes excluded by policy engine: ['standard_attr_id'] {{(pid=103703) _exclude_attributes_by_policy /opt/stack/neutron/neutron/pecan_wsgi/hooks/policy_enforcement.py:259}}
Apr 14 22:09:49.568456 dv-cinder-820918-2-smb neutron-server[103703]: DEBUG neutron_lib.callbacks.manager [req-05f283fd-6d31-42e8-82eb-ff51aaa47244 req-bf9468bd-9403-4057-afa1-24beb2f02b92 service neutron] Publish callbacks ['neutron.notifiers.nova.Notifier._send_nova_notification-106028', 'neutron.api.rpc.agentnotifiers.dhcp_rpc_agent_api.DhcpAgentNotifyAPI._send_dhcp_notification-1670434'] for port (None), before_response {{(pid=103703) _notify_loop /usr/local/lib/python3.8/dist-packages/neutron_lib/callbacks/manager.py:176}}
Apr 14 22:09:49.569853 dv-cinder-820918-2-smb neutron-server[103703]: INFO neutron.wsgi [req-05f283fd-6d31-42e8-82eb-ff51aaa47244 req-bf9468bd-9403-4057-afa1-24beb2f02b92 service neutron] 10.222.0.41 "PUT /v2.0/ports/ec64a59b-5014-44b4-a845-2d259beee4ab HTTP/1.1" status: 200 len: 1093 time: 4.2673960
Apr 14 22:09:49.572655 dv-cinder-820918-2-smb neutron-server[103704]: DEBUG neutron.plugins.ml2.rpc [None req-f3e8ed6f-59b0-4b49-b861-660a84084f5b None None] Device 02b44d43-680b-435f-b5fe-6d0027dda796 details requested by agent hyperv_hv-cinder-82091 with host hv-cinder-82091 {{(pid=103704) get_device_details /opt/stack/neutron/neutron/plugins/ml2/rpc.py:102}}
Apr 14 22:09:49.577676 dv-cinder-820918-2-smb neutron-server[103702]: DEBUG neutron.plugins.ml2.managers [req-a4a7143c-0746-41dc-94dc-99a92f40659d req-79352551-6c4c-414d-adf1-e4b861d9a767 service neutron] Attempting to bind port da5caa5b-cd5e-4a67-827d-8dc45076e16a on host hv-cinder-82091 for vnic_type normal with profile {{(pid=103702) bind_port /opt/stack/neutron/neutron/plugins/ml2/managers.py:795}}
Apr 14 22:09:49.586057 dv-cinder-820918-2-smb neutron-server[103702]: DEBUG neutron.plugins.ml2.managers [req-a4a7143c-0746-41dc-94dc-99a92f40659d req-79352551-6c4c-414d-adf1-e4b861d9a767 service neutron] Attempting to bind port da5caa5b-cd5e-4a67-827d-8dc45076e16a by drivers openvswitch,hyperv on host hv-cinder-82091 at level 0 using segments [{'id': '94e647e1-8fb4-4430-afc8-19311a0a0e27', 'network_type': 'vlan', 'physical_network': 'physnet1', 'segmentation_id': 217, 'network_id': '743d27dd-3e62-4827-a0dd-df5851f552e2'}] {{(pid=103702) _bind_port_level /opt/stack/neutron/neutron/plugins/ml2/managers.py:820}}
Apr 14 22:09:49.586991 dv-cinder-820918-2-smb neutron-server[103702]: DEBUG neutron.plugins.ml2.drivers.mech_agent [req-a4a7143c-0746-41dc-94dc-99a92f40659d req-79352551-6c4c-414d-adf1-e4b861d9a767 service neutron] Attempting to bind port da5caa5b-cd5e-4a67-827d-8dc45076e16a on network 743d27dd-3e62-4827-a0dd-df5851f552e2 {{(pid=103702) bind_port /opt/stack/neutron/neutron/plugins/ml2/drivers/mech_agent.py:91}}
Apr 14 22:09:49.587107 dv-cinder-820918-2-smb neutron-server[103703]: DEBUG neutron.notifiers.nova [-] Sending events: [{'name': 'network-changed', 'server_uuid': '28e5427b-e5ae-4ce6-be75-ad7a0ff2d814', 'tag': 'ec64a59b-5014-44b4-a845-2d259beee4ab'}] {{(pid=103703) send_events /opt/stack/neutron/neutron/notifiers/nova.py:271}}
Apr 14 22:09:49.657621 dv-cinder-820918-2-smb neutron-server[103704]: DEBUG neutron.api.rpc.handlers.l3_rpc [None req-e82d3443-5097-4a77-8018-3df8605e33bb None None] The sync data for ids ['e2dc3c5b-64ea-4944-8e64-44a8b0f6387d'] in dv-cinder-820918-2-smb is: [{'id': 'e2dc3c5b-64ea-4944-8e64-44a8b0f6387d', 'name': 'tempest-ServerRescueNegativeTestJSON-590365181-router', 'tenant_id': '911362156b7c448e83ec8acdd9b08be4', 'admin_state_up': True, 'status': 'ACTIVE', 'external_gateway_info': {'network_id': '014f26f5-e75c-401d-9dfb-267a926ff2a3', 'external_fixed_ips': [{'subnet_id': '7c1366eb-73cd-459c-9972-7e87e44df8bf', 'ip_address': '172.28.3.59'}], 'enable_snat': True}, 'gw_port_id': 'a0740842-8602-4178-bf80-d9208e11a051', 'description': '', 'availability_zones': ['nova'], 'distributed': False, 'ha': False, 'ha_vr_id': 0, 'availability_zone_hints': [], 'routes': [], 'flavor_id': None, 'tags': [], 'created_at': '2022-04-14T22:09:16Z', 'updated_at': '2022-04-14T22:09:31Z', 'revision_number': 4, 'project_id': '911362156b7c448e83ec8acdd9b08be4', 'gw_port': {'id': 'a0740842-8602-4178-bf80-d9208e11a051', 'name': '', 'network_id': '014f26f5-e75c-401d-9dfb-267a926ff2a3', 'tenant_id': '', 'mac_address': 'fa:16:3e:28:c4:77', 'admin_state_up': True, 'status': 'DOWN', 'device_id': 'e2dc3c5b-64ea-4944-8e64-44a8b0f6387d', 'device_owner': 'network:router_gateway', 'standard_attr_id': 80, 'fixed_ips': [{'subnet_id': '7c1366eb-73cd-459c-9972-7e87e44df8bf', 'ip_address': '172.28.3.59', 'prefixlen': 24}], 'allowed_address_pairs': [], 'extra_dhcp_opts': [], 'security_groups': [], 'description': '', 'binding:vnic_type': 'normal', 'binding:profile': {}, 'binding:host_id': 'dv-cinder-820918-2-smb', 'binding:vif_type': 'ovs', 'binding:vif_details': {'connectivity': 'l2', 'port_filter': True, 'ovs_hybrid_plug': False, 'datapath_type': 'system', 'bridge_name': 'br-int', 'bound_drivers': {'0': 'openvswitch'}}, 'port_security_enabled': False, 'tags': [], 'created_at': '2022-04-14T22:09:17Z', 'updated_at': '2022-04-14T22:09:31Z', 'revision_number': 3, 'project_id': '', 'subnets': [{'id': '7c1366eb-73cd-459c-9972-7e87e44df8bf', 'cidr': '172.28.3.0/24', 'gateway_ip': '172.28.3.1', 'dns_nameservers': [], 'ipv6_ra_mode': None, 'subnetpool_id': None}], 'extra_subnets': [], 'address_scopes': {4: None, 6: None}, 'mtu': 1500}, 'enable_snat': True, 'gw_port_host': 'dv-cinder-820918-2-smb', '_interfaces': [{'id': '9ce8f656-a510-4365-8987-5129a9eae15d', 'name': '', 'network_id': '743d27dd-3e62-4827-a0dd-df5851f552e2', 'tenant_id': '911362156b7c448e83ec8acdd9b08be4', 'mac_address': 'fa:16:3e:4f:ff:73', 'admin_state_up': True, 'status': 'DOWN', 'device_id': 'e2dc3c5b-64ea-4944-8e64-44a8b0f6387d', 'device_owner': 'network:router_interface', 'standard_attr_id': 105, 'fixed_ips': [{'subnet_id': '0cabdc42-2a8f-472d-933b-3592ffc696dd', 'ip_address': '172.20.0.1', 'prefixlen': 28}], 'allowed_address_pairs': [], 'extra_dhcp_opts': [], 'security_groups': [], 'description': '', 'binding:vnic_type': 'normal', 'binding:profile': {}, 'binding:host_id': 'dv-cinder-820918-2-smb', 'binding:vif_type': 'ovs', 'binding:vif_details': {'connectivity': 'l2', 'port_filter': True, 'ovs_hybrid_plug': False, 'datapath_type': 'system', 'bridge_name': 'br-int', 'bound_drivers': {'0': 'openvswitch'}}, 'port_security_enabled': False, 'tags': [], 'created_at': '2022-04-14T22:09:28Z', 'updated_at': '2022-04-14T22:09:47Z', 'revision_number': 4, 'project_id': '911362156b7c448e83ec8acdd9b08be4', 'subnets': [{'id': '0cabdc42-2a8f-472d-933b-3592ffc696dd', 'cidr': '172.20.0.0/28', 'gateway_ip': '172.20.0.1', 'dns_nameservers': [], 'ipv6_ra_mode': None, 'subnetpool_id': None}], 'extra_subnets': [], 'address_scopes': {4: None, 6: None}, 'mtu': 1500}]}] {{(pid=103704) sync_routers /opt/stack/neutron/neutron/api/rpc/handlers/l3_rpc.py:137}}
Apr 14 22:09:49.664285 dv-cinder-820918-2-smb neutron-server[103702]: DEBUG neutron.plugins.ml2.drivers.mech_agent [req-a4a7143c-0746-41dc-94dc-99a92f40659d req-79352551-6c4c-414d-adf1-e4b861d9a767 service neutron] Port da5caa5b-cd5e-4a67-827d-8dc45076e16a on network 743d27dd-3e62-4827-a0dd-df5851f552e2 not bound, no agent of type Open vSwitch agent registered on host hv-cinder-82091 {{(pid=103702) bind_port /opt/stack/neutron/neutron/plugins/ml2/drivers/mech_agent.py:103}}
Apr 14 22:09:49.664622 dv-cinder-820918-2-smb neutron-server[103702]: DEBUG neutron.plugins.ml2.drivers.mech_agent [req-a4a7143c-0746-41dc-94dc-99a92f40659d req-79352551-6c4c-414d-adf1-e4b861d9a767 service neutron] Attempting to bind port da5caa5b-cd5e-4a67-827d-8dc45076e16a on network 743d27dd-3e62-4827-a0dd-df5851f552e2 {{(pid=103702) bind_port /opt/stack/neutron/neutron/plugins/ml2/drivers/mech_agent.py:91}}
Apr 14 22:09:49.720124 dv-cinder-820918-2-smb neutron-server[103702]: DEBUG neutron.plugins.ml2.drivers.mech_agent [req-a4a7143c-0746-41dc-94dc-99a92f40659d req-79352551-6c4c-414d-adf1-e4b861d9a767 service neutron] Checking agent: {'id': '32e74847-a8db-400e-ba16-d0f5347cebf3', 'agent_type': 'HyperV agent', 'binary': 'neutron-hyperv-agent', 'topic': 'N/A', 'host': 'hv-cinder-82091', 'admin_state_up': True, 'created_at': datetime.datetime(2022, 4, 14, 22, 7, 5), 'started_at': datetime.datetime(2022, 4, 14, 22, 7, 5), 'heartbeat_timestamp': datetime.datetime(2022, 4, 14, 22, 9, 35), 'description': None, 'resources_synced': None, 'availability_zone': None, 'alive': True, 'configurations': {'vswitch_mappings': {'physnet1$': 'br-data'}}, 'resource_versions': {}} {{(pid=103702) bind_port /opt/stack/neutron/neutron/plugins/ml2/drivers/mech_agent.py:110}}
Apr 14 22:09:49.722746 dv-cinder-820918-2-smb neutron-server[103702]: DEBUG neutron.plugins.ml2.drivers.mech_agent [req-a4a7143c-0746-41dc-94dc-99a92f40659d req-79352551-6c4c-414d-adf1-e4b861d9a767 service neutron] Checking segment: {'id': '94e647e1-8fb4-4430-afc8-19311a0a0e27', 'network_type': 'vlan', 'physical_network': 'physnet1', 'segmentation_id': 217, 'network_id': '743d27dd-3e62-4827-a0dd-df5851f552e2'} for mappings: {'physnet1$': 'br-data'} with network types: ['local', 'flat', 'vlan'] {{(pid=103702) check_segment_for_agent /opt/stack/neutron/neutron/plugins/ml2/drivers/mech_agent.py:373}}
Apr 14 22:09:49.724161 dv-cinder-820918-2-smb neutron-server[103702]: DEBUG neutron.plugins.ml2.drivers.mech_agent [req-a4a7143c-0746-41dc-94dc-99a92f40659d req-79352551-6c4c-414d-adf1-e4b861d9a767 service neutron] Bound using segment: {'id': '94e647e1-8fb4-4430-afc8-19311a0a0e27', 'network_type': 'vlan', 'physical_network': 'physnet1', 'segmentation_id': 217, 'network_id': '743d27dd-3e62-4827-a0dd-df5851f552e2'} {{(pid=103702) bind_port /opt/stack/neutron/neutron/plugins/ml2/drivers/mech_agent.py:120}}
Apr 14 22:09:49.725864 dv-cinder-820918-2-smb neutron-server[103702]: DEBUG neutron.plugins.ml2.managers [req-a4a7143c-0746-41dc-94dc-99a92f40659d req-79352551-6c4c-414d-adf1-e4b861d9a767 service neutron] Bound port: da5caa5b-cd5e-4a67-827d-8dc45076e16a, host: hv-cinder-82091, vif_type: hyperv, vif_details: {"connectivity": "legacy", "port_filter": false}, binding_levels: [{'bound_driver': 'hyperv', 'bound_segment': {'id': '94e647e1-8fb4-4430-afc8-19311a0a0e27', 'network_type': 'vlan', 'physical_network': 'physnet1', 'segmentation_id': 217, 'network_id': '743d27dd-3e62-4827-a0dd-df5851f552e2'}}] {{(pid=103702) _bind_port_level /opt/stack/neutron/neutron/plugins/ml2/managers.py:932}}
Apr 14 22:09:49.726501 dv-cinder-820918-2-smb neutron-server[103702]: DEBUG neutron_lib.callbacks.manager [req-a4a7143c-0746-41dc-94dc-99a92f40659d req-79352551-6c4c-414d-adf1-e4b861d9a767 service neutron] Publish callbacks ['neutron.plugins.ml2.plugin.SecurityGroupDbMixin._ensure_default_security_group_handler-744460'] for port (da5caa5b-cd5e-4a67-827d-8dc45076e16a), before_update {{(pid=103702) _notify_loop /usr/local/lib/python3.8/dist-packages/neutron_lib/callbacks/manager.py:176}}
Apr 14 22:09:49.740384 dv-cinder-820918-2-smb neutron-server[103702]: DEBUG neutron_lib.callbacks.manager [None req-5a3a8139-09f8-45ea-b5b3-50ce5cfa9afd admin admin] Publish callbacks [] for security_group (d7483306-6897-4f89-8b1e-530256a4e240), precommit_delete {{(pid=103702) _notify_loop /usr/local/lib/python3.8/dist-packages/neutron_lib/callbacks/manager.py:176}}
