Dec 07 18:32:25.729490 dv-cinder-820918-1-smb devstack@g-api.service[110894]: DEBUG glance.api.middleware.version_negotiation [None req-0e1d3158-ce9d-4120-b5e8-526a8a5d0e90 tempest-VolumesCloneTest-1227527595 tempest-VolumesCloneTest-1227527595-project] Matched version: v2 {{(pid=110894) process_request /opt/stack/glance/glance/api/middleware/version_negotiation.py:69}}
Dec 07 18:32:25.729769 dv-cinder-820918-1-smb devstack@g-api.service[110894]: DEBUG glance.api.middleware.version_negotiation [None req-0e1d3158-ce9d-4120-b5e8-526a8a5d0e90 tempest-VolumesCloneTest-1227527595 tempest-VolumesCloneTest-1227527595-project] new path /v2/images/441b02cc-9991-4f68-8a8d-8e94fa42f746 {{(pid=110894) process_request /opt/stack/glance/glance/api/middleware/version_negotiation.py:70}}
Dec 07 18:32:25.746700 dv-cinder-820918-1-smb devstack@g-api.service[110894]: [pid: 110894|app: 0|req: 69/123] 127.0.0.1 () {40 vars in 854 bytes} [Tue Dec 7 18:32:25 2021] GET /v2/images/441b02cc-9991-4f68-8a8d-8e94fa42f746 => generated 946 bytes in 18 msecs (HTTP/1.1 200) 4 headers in 157 bytes (1 switches on core 0)
Dec 07 18:32:25.754427 dv-cinder-820918-1-smb devstack@g-api.service[110894]: DEBUG glance.api.middleware.version_negotiation [None req-0e1d3158-ce9d-4120-b5e8-526a8a5d0e90 tempest-VolumesCloneTest-1227527595 tempest-VolumesCloneTest-1227527595-project] Determining version of request: GET /v2/schemas/image Accept: */* {{(pid=110894) process_request /opt/stack/glance/glance/api/middleware/version_negotiation.py:44}}
Dec 07 18:32:25.754771 dv-cinder-820918-1-smb devstack@g-api.service[110894]: DEBUG glance.api.middleware.version_negotiation [None req-0e1d3158-ce9d-4120-b5e8-526a8a5d0e90 tempest-VolumesCloneTest-1227527595 tempest-VolumesCloneTest-1227527595-project] Using url versioning {{(pid=110894) process_request /opt/stack/glance/glance/api/middleware/version_negotiation.py:57}}
Dec 07 18:32:25.755094 dv-cinder-820918-1-smb devstack@g-api.service[110894]: DEBUG glance.api.middleware.version_negotiation [None req-0e1d3158-ce9d-4120-b5e8-526a8a5d0e90 tempest-VolumesCloneTest-1227527595 tempest-VolumesCloneTest-1227527595-project] Matched version: v2 {{(pid=110894) process_request /opt/stack/glance/glance/api/middleware/version_negotiation.py:69}}
Dec 07 18:32:25.755376 dv-cinder-820918-1-smb devstack@g-api.service[110894]: DEBUG glance.api.middleware.version_negotiation [None req-0e1d3158-ce9d-4120-b5e8-526a8a5d0e90 tempest-VolumesCloneTest-1227527595 tempest-VolumesCloneTest-1227527595-project] new path /v2/schemas/image {{(pid=110894) process_request /opt/stack/glance/glance/api/middleware/version_negotiation.py:70}}
Dec 07 18:32:25.759508 dv-cinder-820918-1-smb devstack@g-api.service[110894]: [pid: 110894|app: 0|req: 70/124] 127.0.0.1 () {40 vars in 794 bytes} [Tue Dec 7 18:32:25 2021] GET /v2/schemas/image => generated 6083 bytes in 6 msecs (HTTP/1.1 200) 4 headers in 158 bytes (1 switches on core 0)
Dec 07 18:32:25.768415 dv-cinder-820918-1-smb devstack@g-api.service[110894]: DEBUG glance.api.middleware.version_negotiation [None req-0e1d3158-ce9d-4120-b5e8-526a8a5d0e90 tempest-VolumesCloneTest-1227527595 tempest-VolumesCloneTest-1227527595-project] Determining version of request: GET /v2/schemas/image Accept: */* {{(pid=110894) process_request /opt/stack/glance/glance/api/middleware/version_negotiation.py:44}}
Dec 07 18:32:25.769059 dv-cinder-820918-1-smb devstack@g-api.service[110894]: DEBUG glance.api.middleware.version_negotiation [None req-0e1d3158-ce9d-4120-b5e8-526a8a5d0e90 tempest-VolumesCloneTest-1227527595 tempest-VolumesCloneTest-1227527595-project] Using url versioning {{(pid=110894) process_request /opt/stack/glance/glance/api/middleware/version_negotiation.py:57}}
Dec 07 18:32:25.769154 dv-cinder-820918-1-smb devstack@g-api.service[110894]: DEBUG glance.api.middleware.version_negotiation [None req-0e1d3158-ce9d-4120-b5e8-526a8a5d0e90 tempest-VolumesCloneTest-1227527595 tempest-VolumesCloneTest-1227527595-project] Matched version: v2 {{(pid=110894) process_request /opt/stack/glance/glance/api/middleware/version_negotiation.py:69}}
Dec 07 18:32:25.769364 dv-cinder-820918-1-smb devstack@g-api.service[110894]: DEBUG glance.api.middleware.version_negotiation [None req-0e1d3158-ce9d-4120-b5e8-526a8a5d0e90 tempest-VolumesCloneTest-1227527595 tempest-VolumesCloneTest-1227527595-project] new path /v2/schemas/image {{(pid=110894) process_request /opt/stack/glance/glance/api/middleware/version_negotiation.py:70}}
Dec 07 18:32:25.776094 dv-cinder-820918-1-smb devstack@g-api.service[110894]: [pid: 110894|app: 0|req: 71/125] 127.0.0.1 () {40 vars in 794 bytes} [Tue Dec 7 18:32:25 2021] GET /v2/schemas/image => generated 6083 bytes in 8 msecs (HTTP/1.1 200) 4 headers in 158 bytes (1 switches on core 0)
Dec 07 18:32:25.787042 dv-cinder-820918-1-smb devstack@g-api.service[110894]: DEBUG glance.api.middleware.version_negotiation [None req-0e1d3158-ce9d-4120-b5e8-526a8a5d0e90 tempest-VolumesCloneTest-1227527595 tempest-VolumesCloneTest-1227527595-project] Determining version of request: GET /v2/images/45ff785f-e1dd-4dc8-9bab-d033aa275a23 Accept: application/json {{(pid=110894) process_request /opt/stack/glance/glance/api/middleware/version_negotiation.py:44}}
Dec 07 18:32:25.787507 dv-cinder-820918-1-smb devstack@g-api.service[110894]: DEBUG glance.api.middleware.version_negotiation [None req-0e1d3158-ce9d-4120-b5e8-526a8a5d0e90 tempest-VolumesCloneTest-1227527595 tempest-VolumesCloneTest-1227527595-project] Using url versioning {{(pid=110894) process_request /opt/stack/glance/glance/api/middleware/version_negotiation.py:57}}
Dec 07 18:32:25.787960 dv-cinder-820918-1-smb devstack@g-api.service[110894]: DEBUG glance.api.middleware.version_negotiation [None req-0e1d3158-ce9d-4120-b5e8-526a8a5d0e90 tempest-VolumesCloneTest-1227527595 tempest-VolumesCloneTest-1227527595-project] Matched version: v2 {{(pid=110894) process_request /opt/stack/glance/glance/api/middleware/version_negotiation.py:69}}
Dec 07 18:32:25.788460 dv-cinder-820918-1-smb devstack@g-api.service[110894]: DEBUG glance.api.middleware.version_negotiation [None req-0e1d3158-ce9d-4120-b5e8-526a8a5d0e90 tempest-VolumesCloneTest-1227527595 tempest-VolumesCloneTest-1227527595-project] new path /v2/images/45ff785f-e1dd-4dc8-9bab-d033aa275a23 {{(pid=110894) process_request /opt/stack/glance/glance/api/middleware/version_negotiation.py:70}}
Dec 07 18:32:25.815582 dv-cinder-820918-1-smb devstack@g-api.service[110894]: [pid: 110894|app: 0|req: 72/126] 127.0.0.1 () {38 vars in 785 bytes} [Tue Dec 7 18:32:25 2021] GET /v2/images/45ff785f-e1dd-4dc8-9bab-d033aa275a23 => generated 650 bytes in 29 msecs (HTTP/1.1 200) 4 headers in 157 bytes (1 switches on core 0)
Dec 07 18:32:25.837548 dv-cinder-820918-1-smb devstack@g-api.service[110894]: DEBUG glance.api.middleware.version_negotiation [None req-9ccde672-3380-4829-b469-dc02bf6b6e1e tempest-VolumesActionsTest-66279570 tempest-VolumesActionsTest-66279570-project] Determining version of request: GET /v2/images/441b02cc-9991-4f68-8a8d-8e94fa42f746 Accept: */* {{(pid=110894) process_request /opt/stack/glance/glance/api/middleware/version_negotiation.py:44}}
Dec 07 18:32:25.837548 dv-cinder-820918-1-smb devstack@g-api.service[110894]: DEBUG glance.api.middleware.version_negotiation [None req-9ccde672-3380-4829-b469-dc02bf6b6e1e tempest-VolumesActionsTest-66279570 tempest-VolumesActionsTest-66279570-project] Using url versioning {{(pid=110894) process_request /opt/stack/glance/glance/api/middleware/version_negotiation.py:57}}
Dec 07 18:32:25.837548 dv-cinder-820918-1-smb devstack@g-api.service[110894]: DEBUG glance.api.middleware.version_negotiation [None req-9ccde672-3380-4829-b469-dc02bf6b6e1e tempest-VolumesActionsTest-66279570 tempest-VolumesActionsTest-66279570-project] Matched version: v2 {{(pid=110894) process_request /opt/stack/glance/glance/api/middleware/version_negotiation.py:69}}
Dec 07 18:32:25.837548 dv-cinder-820918-1-smb devstack@g-api.service[110894]: DEBUG glance.api.middleware.version_negotiation [None req-9ccde672-3380-4829-b469-dc02bf6b6e1e tempest-VolumesActionsTest-66279570 tempest-VolumesActionsTest-66279570-project] new path /v2/images/441b02cc-9991-4f68-8a8d-8e94fa42f746 {{(pid=110894) process_request /opt/stack/glance/glance/api/middleware/version_negotiation.py:70}}
Dec 07 18:32:25.853344 dv-cinder-820918-1-smb devstack@g-api.service[110894]: [pid: 110894|app: 0|req: 73/127] 127.0.0.1 () {40 vars in 854 bytes} [Tue Dec 7 18:32:25 2021] GET /v2/images/441b02cc-9991-4f68-8a8d-8e94fa42f746 => generated 946 bytes in 37 msecs (HTTP/1.1 200) 4 headers in 157 bytes (1 switches on core 0)
Dec 07 18:32:25.864151 dv-cinder-820918-1-smb devstack@g-api.service[110894]: DEBUG glance.api.middleware.version_negotiation [None req-0e1d3158-ce9d-4120-b5e8-526a8a5d0e90 tempest-VolumesCloneTest-1227527595 tempest-VolumesCloneTest-1227527595-project] Determining version of request: GET /v2/images/441b02cc-9991-4f68-8a8d-8e94fa42f746/file Accept: */* {{(pid=110894) process_request /opt/stack/glance/glance/api/middleware/version_negotiation.py:44}}
Dec 07 18:32:25.864492 dv-cinder-820918-1-smb devstack@g-api.service[110894]: DEBUG glance.api.middleware.version_negotiation [None req-0e1d3158-ce9d-4120-b5e8-526a8a5d0e90 tempest-VolumesCloneTest-1227527595 tempest-VolumesCloneTest-1227527595-project] Using url versioning {{(pid=110894) process_request /opt/stack/glance/glance/api/middleware/version_negotiation.py:57}}
Dec 07 18:32:25.865027 dv-cinder-820918-1-smb devstack@g-api.service[110894]: DEBUG glance.api.middleware.version_negotiation [None req-0e1d3158-ce9d-4120-b5e8-526a8a5d0e90 tempest-VolumesCloneTest-1227527595 tempest-VolumesCloneTest-1227527595-project] Matched version: v2 {{(pid=110894) process_request /opt/stack/glance/glance/api/middleware/version_negotiation.py:69}}
Dec 07 18:32:25.865320 dv-cinder-820918-1-smb devstack@g-api.service[110894]: DEBUG glance.api.middleware.version_negotiation [None req-0e1d3158-ce9d-4120-b5e8-526a8a5d0e90 tempest-VolumesCloneTest-1227527595 tempest-VolumesCloneTest-1227527595-project] new path /v2/images/441b02cc-9991-4f68-8a8d-8e94fa42f746/file {{(pid=110894) process_request /opt/stack/glance/glance/api/middleware/version_negotiation.py:70}}
Dec 07 18:32:25.881560 dv-cinder-820918-1-smb devstack@g-api.service[110894]: DEBUG glance.api.middleware.cache [None req-0e1d3158-ce9d-4120-b5e8-526a8a5d0e90 tempest-VolumesCloneTest-1227527595 tempest-VolumesCloneTest-1227527595-project] Cache hit for image '441b02cc-9991-4f68-8a8d-8e94fa42f746' {{(pid=110894) process_request /opt/stack/glance/glance/api/middleware/cache.py:161}}
Dec 07 18:32:26.396126 dv-cinder-820918-1-smb devstack@g-api.service[110893]: DEBUG swiftclient [None req-3d08c345-c548-48c1-a468-f748bb2c4c2a tempest-VolumesActionsTest-66279570 tempest-VolumesActionsTest-66279570-project] REQ: curl -i http://10.222.0.43:8080/v1/AUTH_46b154b145d24939b4678bbb2e88fff7/glance/45ff785f-e1dd-4dc8-9bab-d033aa275a23-00002 -X PUT -H "X-Auth-Token: gAAAAABhr6iz4ljH..." {{(pid=110893) http_log /usr/local/lib/python3.8/dist-packages/swiftclient/client.py:187}}
Dec 07 18:32:26.396556 dv-cinder-820918-1-smb devstack@g-api.service[110893]: DEBUG swiftclient [None req-3d08c345-c548-48c1-a468-f748bb2c4c2a tempest-VolumesActionsTest-66279570 tempest-VolumesActionsTest-66279570-project] RESP STATUS: 201 Created {{(pid=110893) http_log /usr/local/lib/python3.8/dist-packages/swiftclient/client.py:188}}
Dec 07 18:32:26.396744 dv-cinder-820918-1-smb devstack@g-api.service[110893]: DEBUG swiftclient [None req-3d08c345-c548-48c1-a468-f748bb2c4c2a tempest-VolumesActionsTest-66279570 tempest-VolumesActionsTest-66279570-project] RESP HEADERS: {'Content-Type': 'text/html; charset=UTF-8', 'Content-Length': '0', 'Etag': 'eda9a9889837ac4bc81d6387d92c1bec', 'Last-Modified': 'Tue, 07 Dec 2021 18:32:23 GMT', 'X-Trans-Id': 'tx8b83794b7cc34e918e914-0061afa8b6', 'X-Openstack-Request-Id': 'tx8b83794b7cc34e918e914-0061afa8b6', 'Date': 'Tue, 07 Dec 2021 18:32:26 GMT'} {{(pid=110893) http_log /usr/local/lib/python3.8/dist-packages/swiftclient/client.py:189}}
Dec 07 18:32:26.397023 dv-cinder-820918-1-smb devstack@g-api.service[110893]: DEBUG glance_store._drivers.swift.store [None req-3d08c345-c548-48c1-a468-f748bb2c4c2a tempest-VolumesActionsTest-66279570 tempest-VolumesActionsTest-66279570-project] Wrote chunk 45ff785f-e1dd-4dc8-9bab-d033aa275a23-00002 (2/?) of length 204800000 to Swift returning MD5 of content: eda9a9889837ac4bc81d6387d92c1bec {{(pid=110893) add /usr/local/lib/python3.8/dist-packages/glance_store/_drivers/swift/store.py:1029}}
Dec 07 18:32:31.706190 dv-cinder-820918-1-smb devstack@g-api.service[110893]: DEBUG swiftclient [None req-3d08c345-c548-48c1-a468-f748bb2c4c2a tempest-VolumesActionsTest-66279570 tempest-VolumesActionsTest-66279570-project] REQ: curl -i http://10.222.0.43:8080/v1/AUTH_46b154b145d24939b4678bbb2e88fff7/glance/45ff785f-e1dd-4dc8-9bab-d033aa275a23-00003 -X PUT -H "X-Auth-Token: gAAAAABhr6iz4ljH..." {{(pid=110893) http_log /usr/local/lib/python3.8/dist-packages/swiftclient/client.py:187}}
Dec 07 18:32:31.706733 dv-cinder-820918-1-smb devstack@g-api.service[110893]: DEBUG swiftclient [None req-3d08c345-c548-48c1-a468-f748bb2c4c2a tempest-VolumesActionsTest-66279570 tempest-VolumesActionsTest-66279570-project] RESP STATUS: 201 Created {{(pid=110893) http_log /usr/local/lib/python3.8/dist-packages/swiftclient/client.py:188}}
Dec 07 18:32:31.706839 dv-cinder-820918-1-smb devstack@g-api.service[110893]: DEBUG swiftclient [None req-3d08c345-c548-48c1-a468-f748bb2c4c2a tempest-VolumesActionsTest-66279570 tempest-VolumesActionsTest-66279570-project] RESP HEADERS: {'Content-Type': 'text/html; charset=UTF-8', 'Content-Length': '0', 'Etag': 'eda9a9889837ac4bc81d6387d92c1bec', 'Last-Modified': 'Tue, 07 Dec 2021 18:32:27 GMT', 'X-Trans-Id': 'tx6d6a0905b66c4e75b3cc2-0061afa8ba', 'X-Openstack-Request-Id': 'tx6d6a0905b66c4e75b3cc2-0061afa8ba', 'Date': 'Tue, 07 Dec 2021 18:32:31 GMT'} {{(pid=110893) http_log /usr/local/lib/python3.8/dist-packages/swiftclient/client.py:189}}
Dec 07 18:32:31.707040 dv-cinder-820918-1-smb devstack@g-api.service[110893]: DEBUG glance_store._drivers.swift.store [None req-3d08c345-c548-48c1-a468-f748bb2c4c2a tempest-VolumesActionsTest-66279570 tempest-VolumesActionsTest-66279570-project] Wrote chunk 45ff785f-e1dd-4dc8-9bab-d033aa275a23-00003 (3/?) of length 204800000 to Swift returning MD5 of content: eda9a9889837ac4bc81d6387d92c1bec {{(pid=110893) add /usr/local/lib/python3.8/dist-packages/glance_store/_drivers/swift/store.py:1029}}
Dec 07 18:32:37.021225 dv-cinder-820918-1-smb devstack@g-api.service[110893]: DEBUG swiftclient [None req-3d08c345-c548-48c1-a468-f748bb2c4c2a tempest-VolumesActionsTest-66279570 tempest-VolumesActionsTest-66279570-project] REQ: curl -i http://10.222.0.43:8080/v1/AUTH_46b154b145d24939b4678bbb2e88fff7/glance/45ff785f-e1dd-4dc8-9bab-d033aa275a23-00004 -X PUT -H "X-Auth-Token: gAAAAABhr6iz4ljH..." {{(pid=110893) http_log /usr/local/lib/python3.8/dist-packages/swiftclient/client.py:187}}
Dec 07 18:32:37.021779 dv-cinder-820918-1-smb devstack@g-api.service[110893]: DEBUG swiftclient [None req-3d08c345-c548-48c1-a468-f748bb2c4c2a tempest-VolumesActionsTest-66279570 tempest-VolumesActionsTest-66279570-project] RESP STATUS: 201 Created {{(pid=110893) http_log /usr/local/lib/python3.8/dist-packages/swiftclient/client.py:188}}
Dec 07 18:32:37.022186 dv-cinder-820918-1-smb devstack@g-api.service[110893]: DEBUG swiftclient [None req-3d08c345-c548-48c1-a468-f748bb2c4c2a tempest-VolumesActionsTest-66279570 tempest-VolumesActionsTest-66279570-project] RESP HEADERS: {'Content-Type': 'text/html; charset=UTF-8', 'Content-Length': '0', 'Etag': 'eda9a9889837ac4bc81d6387d92c1bec', 'Last-Modified': 'Tue, 07 Dec 2021 18:32:32 GMT', 'X-Trans-Id': 'tx742889b9768f485e870bc-0061afa8bf', 'X-Openstack-Request-Id': 'tx742889b9768f485e870bc-0061afa8bf', 'Date': 'Tue, 07 Dec 2021 18:32:37 GMT'} {{(pid=110893) http_log /usr/local/lib/python3.8/dist-packages/swiftclient/client.py:189}}
Dec 07 18:32:37.022533 dv-cinder-820918-1-smb devstack@g-api.service[110893]: DEBUG glance_store._drivers.swift.store [None req-3d08c345-c548-48c1-a468-f748bb2c4c2a tempest-VolumesActionsTest-66279570 tempest-VolumesActionsTest-66279570-project] Wrote chunk 45ff785f-e1dd-4dc8-9bab-d033aa275a23-00004 (4/?) of length 204800000 to Swift returning MD5 of content: eda9a9889837ac4bc81d6387d92c1bec {{(pid=110893) add /usr/local/lib/python3.8/dist-packages/glance_store/_drivers/swift/store.py:1029}}
Dec 07 18:32:42.169895 dv-cinder-820918-1-smb devstack@g-api.service[110893]: DEBUG swiftclient [None req-3d08c345-c548-48c1-a468-f748bb2c4c2a tempest-VolumesActionsTest-66279570 tempest-VolumesActionsTest-66279570-project] REQ: curl -i http://10.222.0.43:8080/v1/AUTH_46b154b145d24939b4678bbb2e88fff7/glance/45ff785f-e1dd-4dc8-9bab-d033aa275a23-00005 -X PUT -H "X-Auth-Token: gAAAAABhr6iz4ljH..." {{(pid=110893) http_log /usr/local/lib/python3.8/dist-packages/swiftclient/client.py:187}}
Dec 07 18:32:42.170454 dv-cinder-820918-1-smb devstack@g-api.service[110893]: DEBUG swiftclient [None req-3d08c345-c548-48c1-a468-f748bb2c4c2a tempest-VolumesActionsTest-66279570 tempest-VolumesActionsTest-66279570-project] RESP STATUS: 201 Created {{(pid=110893) http_log /usr/local/lib/python3.8/dist-packages/swiftclient/client.py:188}}
Dec 07 18:32:42.170597 dv-cinder-820918-1-smb devstack@g-api.service[110893]: DEBUG swiftclient [None req-3d08c345-c548-48c1-a468-f748bb2c4c2a tempest-VolumesActionsTest-66279570 tempest-VolumesActionsTest-66279570-project] RESP HEADERS: {'Content-Type': 'text/html; charset=UTF-8', 'Content-Length': '0', 'Etag': 'eda9a9889837ac4bc81d6387d92c1bec', 'Last-Modified': 'Tue, 07 Dec 2021 18:32:38 GMT', 'X-Trans-Id': 'txd4d5b9a978c446da99eb8-0061afa8c5', 'X-Openstack-Request-Id': 'txd4d5b9a978c446da99eb8-0061afa8c5', 'Date': 'Tue, 07 Dec 2021 18:32:42 GMT'} {{(pid=110893) http_log /usr/local/lib/python3.8/dist-packages/swiftclient/client.py:189}}
Dec 07 18:32:42.170948 dv-cinder-820918-1-smb devstack@g-api.service[110893]: DEBUG glance_store._drivers.swift.store [None req-3d08c345-c548-48c1-a468-f748bb2c4c2a tempest-VolumesActionsTest-66279570 tempest-VolumesActionsTest-66279570-project] Wrote chunk 45ff785f-e1dd-4dc8-9bab-d033aa275a23-00005 (5/?) of length 204800000 to Swift returning MD5 of content: eda9a9889837ac4bc81d6387d92c1bec {{(pid=110893) add /usr/local/lib/python3.8/dist-packages/glance_store/_drivers/swift/store.py:1029}}
Dec 07 18:32:43.300985 dv-cinder-820918-1-smb devstack@g-api.service[110893]: DEBUG swiftclient [None req-3d08c345-c548-48c1-a468-f748bb2c4c2a tempest-VolumesActionsTest-66279570 tempest-VolumesActionsTest-66279570-project] REQ: curl -i http://10.222.0.43:8080/v1/AUTH_46b154b145d24939b4678bbb2e88fff7/glance/45ff785f-e1dd-4dc8-9bab-d033aa275a23-00006 -X PUT -H "X-Auth-Token: gAAAAABhr6iz4ljH..." {{(pid=110893) http_log /usr/local/lib/python3.8/dist-packages/swiftclient/client.py:187}}
Dec 07 18:32:43.301536 dv-cinder-820918-1-smb devstack@g-api.service[110893]: DEBUG swiftclient [None req-3d08c345-c548-48c1-a468-f748bb2c4c2a tempest-VolumesActionsTest-66279570 tempest-VolumesActionsTest-66279570-project] RESP STATUS: 201 Created {{(pid=110893) http_log /usr/local/lib/python3.8/dist-packages/swiftclient/client.py:188}}
Dec 07 18:32:43.301636 dv-cinder-820918-1-smb devstack@g-api.service[110893]: DEBUG swiftclient [None req-3d08c345-c548-48c1-a468-f748bb2c4c2a tempest-VolumesActionsTest-66279570 tempest-VolumesActionsTest-66279570-project] RESP HEADERS: {'Content-Type': 'text/html; charset=UTF-8', 'Content-Length': '0', 'Etag': '708761f3b8777ec77058e63da08eeeb6', 'Last-Modified': 'Tue, 07 Dec 2021 18:32:43 GMT', 'X-Trans-Id': 'tx735e6bd1a9f441b397b3c-0061afa8ca', 'X-Openstack-Request-Id': 'tx735e6bd1a9f441b397b3c-0061afa8ca', 'Date': 'Tue, 07 Dec 2021 18:32:43 GMT'} {{(pid=110893) http_log /usr/local/lib/python3.8/dist-packages/swiftclient/client.py:189}}
Dec 07 18:32:43.301842 dv-cinder-820918-1-smb devstack@g-api.service[110893]: DEBUG glance_store._drivers.swift.store [None req-3d08c345-c548-48c1-a468-f748bb2c4c2a tempest-VolumesActionsTest-66279570 tempest-VolumesActionsTest-66279570-project] Wrote chunk 45ff785f-e1dd-4dc8-9bab-d033aa275a23-00006 (6/?) of length 49741824 to Swift returning MD5 of content: 708761f3b8777ec77058e63da08eeeb6 {{(pid=110893) add /usr/local/lib/python3.8/dist-packages/glance_store/_drivers/swift/store.py:1029}}
Dec 07 18:32:43.302180 dv-cinder-820918-1-smb devstack@g-api.service[110893]: DEBUG glance_store._drivers.swift.store [None req-3d08c345-c548-48c1-a468-f748bb2c4c2a tempest-VolumesActionsTest-66279570 tempest-VolumesActionsTest-66279570-project] Not writing zero-length chunk. {{(pid=110893) add /usr/local/lib/python3.8/dist-packages/glance_store/_drivers/swift/store.py:998}}
Dec 07 18:32:43.423898 dv-cinder-820918-1-smb devstack@g-api.service[110894]: [pid: 110894|app: 0|req: 74/128] 127.0.0.1 () {40 vars in 864 bytes} [Tue Dec 7 18:32:25 2021] GET /v2/images/441b02cc-9991-4f68-8a8d-8e94fa42f746/file => generated 645922816 bytes in 17560 msecs (HTTP/1.1 200) 5 headers in 218 bytes (10093 switches on core 0)
Dec 07 18:32:43.425081 dv-cinder-820918-1-smb devstack@g-api.service[110894]: DEBUG glance.api.middleware.version_negotiation [None req-0e1d3158-ce9d-4120-b5e8-526a8a5d0e90 tempest-VolumesCloneTest-1227527595 tempest-VolumesCloneTest-1227527595-project] Determining version of request: GET /v2/images/45ff785f-e1dd-4dc8-9bab-d033aa275a23 Accept: application/json {{(pid=110894) process_request /opt/stack/glance/glance/api/middleware/version_negotiation.py:44}}
Dec 07 18:32:43.425420 dv-cinder-820918-1-smb devstack@g-api.service[110894]: DEBUG glance.api.middleware.version_negotiation [None req-0e1d3158-ce9d-4120-b5e8-526a8a5d0e90 tempest-VolumesCloneTest-1227527595 tempest-VolumesCloneTest-1227527595-project] Using url versioning {{(pid=110894) process_request /opt/stack/glance/glance/api/middleware/version_negotiation.py:57}}
Dec 07 18:32:43.425734 dv-cinder-820918-1-smb devstack@g-api.service[110894]: DEBUG glance.api.middleware.version_negotiation [None req-0e1d3158-ce9d-4120-b5e8-526a8a5d0e90 tempest-VolumesCloneTest-1227527595 tempest-VolumesCloneTest-1227527595-project] Matched version: v2 {{(pid=110894) process_request /opt/stack/glance/glance/api/middleware/version_negotiation.py:69}}
Dec 07 18:32:43.426008 dv-cinder-820918-1-smb devstack@g-api.service[110894]: DEBUG glance.api.middleware.version_negotiation [None req-0e1d3158-ce9d-4120-b5e8-526a8a5d0e90 tempest-VolumesCloneTest-1227527595 tempest-VolumesCloneTest-1227527595-project] new path /v2/images/45ff785f-e1dd-4dc8-9bab-d033aa275a23 {{(pid=110894) process_request /opt/stack/glance/glance/api/middleware/version_negotiation.py:70}}
Dec 07 18:32:43.435598 dv-cinder-820918-1-smb devstack@g-api.service[110893]: DEBUG swiftclient [None req-3d08c345-c548-48c1-a468-f748bb2c4c2a tempest-VolumesActionsTest-66279570 tempest-VolumesActionsTest-66279570-project] REQ: curl -i http://10.222.0.43:8080/v1/AUTH_46b154b145d24939b4678bbb2e88fff7/glance/45ff785f-e1dd-4dc8-9bab-d033aa275a23 -X PUT -H "X-Object-Manifest: glance/45ff785f-e1dd-4dc8-9bab-d033aa275a23-" -H "X-Auth-Token: gAAAAABhr6iz4ljH..." -H "Content-Length: 0" {{(pid=110893) http_log /usr/local/lib/python3.8/dist-packages/swiftclient/client.py:187}}
Dec 07 18:32:43.437613 dv-cinder-820918-1-smb devstack@g-api.service[110893]: DEBUG swiftclient [None req-3d08c345-c548-48c1-a468-f748bb2c4c2a tempest-VolumesActionsTest-66279570 tempest-VolumesActionsTest-66279570-project] RESP STATUS: 201 Created {{(pid=110893) http_log /usr/local/lib/python3.8/dist-packages/swiftclient/client.py:188}}
Dec 07 18:32:43.437613 dv-cinder-820918-1-smb devstack@g-api.service[110893]: DEBUG swiftclient [None req-3d08c345-c548-48c1-a468-f748bb2c4c2a tempest-VolumesActionsTest-66279570 tempest-VolumesActionsTest-66279570-project] RESP HEADERS: {'Content-Type': 'text/html; charset=UTF-8', 'Content-Length': '0', 'Etag': 'd41d8cd98f00b204e9800998ecf8427e', 'Last-Modified': 'Tue, 07 Dec 2021 18:32:44 GMT', 'X-Trans-Id': 'tx71126f01c90e48758c4f0-0061afa8cb', 'X-Openstack-Request-Id': 'tx71126f01c90e48758c4f0-0061afa8cb', 'Date': 'Tue, 07 Dec 2021 18:32:43 GMT'} {{(pid=110893) http_log /usr/local/lib/python3.8/dist-packages/swiftclient/client.py:189}}
Dec 07 18:32:43.437613 dv-cinder-820918-1-smb devstack@g-api.service[110893]: INFO glance.location [None req-3d08c345-c548-48c1-a468-f748bb2c4c2a tempest-VolumesActionsTest-66279570 tempest-VolumesActionsTest-66279570-project] Image format matched and virtual size computed: 1073741824
Dec 07 18:32:43.447331 dv-cinder-820918-1-smb devstack@g-api.service[110894]: [pid: 110894|app: 0|req: 75/129] 127.0.0.1 () {38 vars in 785 bytes} [Tue Dec 7 18:32:43 2021] GET /v2/images/45ff785f-e1dd-4dc8-9bab-d033aa275a23 => generated 650 bytes in 21 msecs (HTTP/1.1 200) 4 headers in 157 bytes (1 switches on core 0)
Dec 07 18:32:43.587080 dv-cinder-820918-1-smb devstack@g-api.service[110893]: DEBUG glance_store.backend [None req-3d08c345-c548-48c1-a468-f748bb2c4c2a tempest-VolumesActionsTest-66279570 tempest-VolumesActionsTest-66279570-project] Attempting to import store swift {{(pid=110893) _load_store /usr/local/lib/python3.8/dist-packages/glance_store/backend.py:217}}
Dec 07 18:32:43.590674 dv-cinder-820918-1-smb devstack@g-api.service[110893]: DEBUG glance_store.capabilities [None req-3d08c345-c548-48c1-a468-f748bb2c4c2a tempest-VolumesActionsTest-66279570 tempest-VolumesActionsTest-66279570-project] Store glance_store._drivers.swift.store.SingleTenantStore doesn't support updating dynamic storage capabilities. Please overwrite 'update_capabilities' method of the store to implement updating logics if needed. {{(pid=110893) update_capabilities /usr/local/lib/python3.8/dist-packages/glance_store/capabilities.py:91}}
Dec 07 18:32:43.590901 dv-cinder-820918-1-smb devstack@g-api.service[110893]: DEBUG glance_store.driver [None req-3d08c345-c548-48c1-a468-f748bb2c4c2a tempest-VolumesActionsTest-66279570 tempest-VolumesActionsTest-66279570-project] Late loading location class glance_store._drivers.swift.store.StoreLocation {{(pid=110893) get_store_location_class /usr/local/lib/python3.8/dist-packages/glance_store/driver.py:117}}
Dec 07 18:32:43.591269 dv-cinder-820918-1-smb devstack@g-api.service[110893]: DEBUG glance_store.location [None req-3d08c345-c548-48c1-a468-f748bb2c4c2a tempest-VolumesActionsTest-66279570 tempest-VolumesActionsTest-66279570-project] Registering scheme swift+https with {'store': , 'location_class': , 'store_entry': 'swift'} {{(pid=110893) register_scheme_map /usr/local/lib/python3.8/dist-packages/glance_store/location.py:146}}
Dec 07 18:32:43.591587 dv-cinder-820918-1-smb devstack@g-api.service[110893]: DEBUG glance_store.location [None req-3d08c345-c548-48c1-a468-f748bb2c4c2a tempest-VolumesActionsTest-66279570 tempest-VolumesActionsTest-66279570-project] Registering scheme swift+https with {'store': , 'location_class': , 'store_entry': 'swift'} {{(pid=110893) register_scheme_map /usr/local/lib/python3.8/dist-packages/glance_store/location.py:146}}
Dec 07 18:32:43.591855 dv-cinder-820918-1-smb devstack@g-api.service[110893]: DEBUG glance_store.location [None req-3d08c345-c548-48c1-a468-f748bb2c4c2a tempest-VolumesActionsTest-66279570 tempest-VolumesActionsTest-66279570-project] Registering scheme swift with {'store': , 'location_class': , 'store_entry': 'swift'} {{(pid=110893) register_scheme_map /usr/local/lib/python3.8/dist-packages/glance_store/location.py:146}}
Dec 07 18:32:43.592176 dv-cinder-820918-1-smb devstack@g-api.service[110893]: DEBUG glance_store.location [None req-3d08c345-c548-48c1-a468-f748bb2c4c2a tempest-VolumesActionsTest-66279570 tempest-VolumesActionsTest-66279570-project] Registering scheme swift+https with {'store': , 'location_class': , 'store_entry': 'swift'} {{(pid=110893) register_scheme_map /usr/local/lib/python3.8/dist-packages/glance_store/location.py:146}}
Dec 07 18:32:43.592485 dv-cinder-820918-1-smb devstack@g-api.service[110893]: DEBUG glance_store.location [None req-3d08c345-c548-48c1-a468-f748bb2c4c2a tempest-VolumesActionsTest-66279570 tempest-VolumesActionsTest-66279570-project] Registering scheme swift with {'store': , 'location_class': , 'store_entry': 'swift'} {{(pid=110893) register_scheme_map /usr/local/lib/python3.8/dist-packages/glance_store/location.py:146}}
Dec 07 18:32:43.592713 dv-cinder-820918-1-smb devstack@g-api.service[110893]: DEBUG glance_store.location [None req-3d08c345-c548-48c1-a468-f748bb2c4c2a tempest-VolumesActionsTest-66279570 tempest-VolumesActionsTest-66279570-project] Registering scheme swift+http with {'store': , 'location_class': , 'store_entry': 'swift'} {{(pid=110893) register_scheme_map /usr/local/lib/python3.8/dist-packages/glance_store/location.py:146}}
Dec 07 18:32:43.593049 dv-cinder-820918-1-smb devstack@g-api.service[110893]: DEBUG glance_store.location [None req-3d08c345-c548-48c1-a468-f748bb2c4c2a tempest-VolumesActionsTest-66279570 tempest-VolumesActionsTest-66279570-project] Registering scheme swift+https with {'store': , 'location_class': , 'store_entry': 'swift'} {{(pid=110893) register_scheme_map /usr/local/lib/python3.8/dist-packages/glance_store/location.py:146}}
Dec 07 18:32:43.593350 dv-cinder-820918-1-smb devstack@g-api.service[110893]: DEBUG glance_store.location [None req-3d08c345-c548-48c1-a468-f748bb2c4c2a tempest-VolumesActionsTest-66279570 tempest-VolumesActionsTest-66279570-project] Registering scheme swift with {'store': , 'location_class': , 'store_entry': 'swift'} {{(pid=110893) register_scheme_map /usr/local/lib/python3.8/dist-packages/glance_store/location.py:146}}
Dec 07 18:32:43.593672 dv-cinder-820918-1-smb devstack@g-api.service[110893]: DEBUG glance_store.location [None req-3d08c345-c548-48c1-a468-f748bb2c4c2a tempest-VolumesActionsTest-66279570 tempest-VolumesActionsTest-66279570-project] Registering scheme swift+http with {'store': , 'location_class': , 'store_entry': 'swift'} {{(pid=110893) register_scheme_map /usr/local/lib/python3.8/dist-packages/glance_store/location.py:146}}
Dec 07 18:32:43.593968 dv-cinder-820918-1-smb devstack@g-api.service[110893]: DEBUG glance_store.location [None req-3d08c345-c548-48c1-a468-f748bb2c4c2a tempest-VolumesActionsTest-66279570 tempest-VolumesActionsTest-66279570-project] Registering scheme swift+config with {'store': , 'location_class': , 'store_entry': 'swift'} {{(pid=110893) register_scheme_map /usr/local/lib/python3.8/dist-packages/glance_store/location.py:146}}
Dec 07 18:32:43.594282 dv-cinder-820918-1-smb devstack@g-api.service[110893]: DEBUG glance_store.backend [None req-3d08c345-c548-48c1-a468-f748bb2c4c2a tempest-VolumesActionsTest-66279570 tempest-VolumesActionsTest-66279570-project] Skipping store.set_acls... not implemented. {{(pid=110893) set_acls /usr/local/lib/python3.8/dist-packages/glance_store/backend.py:509}}
Dec 07 18:32:43.597850 dv-cinder-820918-1-smb devstack@g-api.service[110893]: [pid: 110893|app: 0|req: 55/130] 127.0.0.1 () {42 vars in 897 bytes} [Tue Dec 7 18:32:19 2021] PUT /v2/images/45ff785f-e1dd-4dc8-9bab-d033aa275a23/file => generated 0 bytes in 24216 msecs (HTTP/1.1 204) 4 headers in 171 bytes (1 switches on core 0)
Dec 07 18:32:43.606735 dv-cinder-820918-1-smb devstack@g-api.service[110893]: DEBUG glance.api.middleware.version_negotiation [None req-3d08c345-c548-48c1-a468-f748bb2c4c2a tempest-VolumesActionsTest-66279570 tempest-VolumesActionsTest-66279570-project] Determining version of request: GET /v2/images/45ff785f-e1dd-4dc8-9bab-d033aa275a23 Accept: */* {{(pid=110893) process_request /opt/stack/glance/glance/api/middleware/version_negotiation.py:44}}
Dec 07 18:32:43.607143 dv-cinder-820918-1-smb devstack@g-api.service[110894]: DEBUG glance.api.middleware.version_negotiation [None req-3f12d0aa-3be0-4314-92ad-b20cff0b70bc tempest-VolumesActionsTest-66279570 tempest-VolumesActionsTest-66279570-project] Determining version of request: GET /v2/images/441b02cc-9991-4f68-8a8d-8e94fa42f746 Accept: */* {{(pid=110894) process_request /opt/stack/glance/glance/api/middleware/version_negotiation.py:44}}
Dec 07 18:32:43.607282 dv-cinder-820918-1-smb devstack@g-api.service[110893]: DEBUG glance.api.middleware.version_negotiation [None req-3d08c345-c548-48c1-a468-f748bb2c4c2a tempest-VolumesActionsTest-66279570 tempest-VolumesActionsTest-66279570-project] Using url versioning {{(pid=110893) process_request /opt/stack/glance/glance/api/middleware/version_negotiation.py:57}}
Dec 07 18:32:43.607683 dv-cinder-820918-1-smb devstack@g-api.service[110893]: DEBUG glance.api.middleware.version_negotiation [None req-3d08c345-c548-48c1-a468-f748bb2c4c2a tempest-VolumesActionsTest-66279570 tempest-VolumesActionsTest-66279570-project] Matched version: v2 {{(pid=110893) process_request /opt/stack/glance/glance/api/middleware/version_negotiation.py:69}}
Dec 07 18:32:43.607979 dv-cinder-820918-1-smb devstack@g-api.service[110894]: DEBUG glance.api.middleware.version_negotiation [None req-3f12d0aa-3be0-4314-92ad-b20cff0b70bc tempest-VolumesActionsTest-66279570 tempest-VolumesActionsTest-66279570-project] Using url versioning {{(pid=110894) process_request /opt/stack/glance/glance/api/middleware/version_negotiation.py:57}}
Dec 07 18:32:43.614511 dv-cinder-820918-1-smb devstack@g-api.service[110893]: DEBUG glance.api.middleware.version_negotiation [None req-3d08c345-c548-48c1-a468-f748bb2c4c2a tempest-VolumesActionsTest-66279570 tempest-VolumesActionsTest-66279570-project] new path /v2/images/45ff785f-e1dd-4dc8-9bab-d033aa275a23 {{(pid=110893) process_request /opt/stack/glance/glance/api/middleware/version_negotiation.py:70}}
Dec 07 18:32:43.614865 dv-cinder-820918-1-smb devstack@g-api.service[110894]: DEBUG glance.api.middleware.version_negotiation [None req-3f12d0aa-3be0-4314-92ad-b20cff0b70bc tempest-VolumesActionsTest-66279570 tempest-VolumesActionsTest-66279570-project] Matched version: v2 {{(pid=110894) process_request /opt/stack/glance/glance/api/middleware/version_negotiation.py:69}}
Dec 07 18:32:43.614865 dv-cinder-820918-1-smb devstack@g-api.service[110894]: DEBUG glance.api.middleware.version_negotiation [None req-3f12d0aa-3be0-4314-92ad-b20cff0b70bc tempest-VolumesActionsTest-66279570 tempest-VolumesActionsTest-66279570-project] new path /v2/images/441b02cc-9991-4f68-8a8d-8e94fa42f746 {{(pid=110894) process_request /opt/stack/glance/glance/api/middleware/version_negotiation.py:70}}
Dec 07 18:32:43.626263 dv-cinder-820918-1-smb devstack@g-api.service[110893]: [pid: 110893|app: 0|req: 56/131] 127.0.0.1 () {40 vars in 854 bytes} [Tue Dec 7 18:32:43 2021] GET /v2/images/45ff785f-e1dd-4dc8-9bab-d033aa275a23 => generated 822 bytes in 20 msecs (HTTP/1.1 200) 4 headers in 157 bytes (1 switches on core 0)
Dec 07 18:32:43.628513 dv-cinder-820918-1-smb devstack@g-api.service[110894]: [pid: 110894|app: 0|req: 76/132] 127.0.0.1 () {40 vars in 854 bytes} [Tue Dec 7 18:32:43 2021] GET /v2/images/441b02cc-9991-4f68-8a8d-8e94fa42f746 => generated 946 bytes in 22 msecs (HTTP/1.1 200) 4 headers in 157 bytes (1 switches on core 0)
Dec 07 18:32:43.633055 dv-cinder-820918-1-smb devstack@g-api.service[110893]: DEBUG glance.api.middleware.version_negotiation [None req-3d08c345-c548-48c1-a468-f748bb2c4c2a tempest-VolumesActionsTest-66279570 tempest-VolumesActionsTest-66279570-project] Determining version of request: GET /v2/schemas/image Accept: */* {{(pid=110893) process_request /opt/stack/glance/glance/api/middleware/version_negotiation.py:44}}
Dec 07 18:32:43.633765 dv-cinder-820918-1-smb devstack@g-api.service[110893]: DEBUG glance.api.middleware.version_negotiation [None req-3d08c345-c548-48c1-a468-f748bb2c4c2a tempest-VolumesActionsTest-66279570 tempest-VolumesActionsTest-66279570-project] Using url versioning {{(pid=110893) process_request /opt/stack/glance/glance/api/middleware/version_negotiation.py:57}}
Dec 07 18:32:43.634255 dv-cinder-820918-1-smb devstack@g-api.service[110893]: DEBUG glance.api.middleware.version_negotiation [None req-3d08c345-c548-48c1-a468-f748bb2c4c2a tempest-VolumesActionsTest-66279570 tempest-VolumesActionsTest-66279570-project] Matched version: v2 {{(pid=110893) process_request /opt/stack/glance/glance/api/middleware/version_negotiation.py:69}}
Dec 07 18:32:43.634723 dv-cinder-820918-1-smb devstack@g-api.service[110893]: DEBUG glance.api.middleware.version_negotiation [None req-3d08c345-c548-48c1-a468-f748bb2c4c2a tempest-VolumesActionsTest-66279570 tempest-VolumesActionsTest-66279570-project] new path /v2/schemas/image {{(pid=110893) process_request /opt/stack/glance/glance/api/middleware/version_negotiation.py:70}}
Dec 07 18:32:43.639595 dv-cinder-820918-1-smb devstack@g-api.service[110893]: [pid: 110893|app: 0|req: 57/133] 127.0.0.1 () {40 vars in 794 bytes} [Tue Dec 7 18:32:43 2021] GET /v2/schemas/image => generated 6083 bytes in 7 msecs (HTTP/1.1 200) 4 headers in 158 bytes (1 switches on core 0)
Dec 07 18:32:43.652500 dv-cinder-820918-1-smb devstack@g-api.service[110894]: DEBUG glance.api.middleware.version_negotiation [None req-0e1d3158-ce9d-4120-b5e8-526a8a5d0e90 tempest-VolumesCloneTest-1227527595 tempest-VolumesCloneTest-1227527595-project] Determining version of request: GET /v2/schemas/image Accept: */* {{(pid=110894) process_request /opt/stack/glance/glance/api/middleware/version_negotiation.py:44}}
Dec 07 18:32:43.652897 dv-cinder-820918-1-smb devstack@g-api.service[110894]: DEBUG glance.api.middleware.version_negotiation [None req-0e1d3158-ce9d-4120-b5e8-526a8a5d0e90 tempest-VolumesCloneTest-1227527595 tempest-VolumesCloneTest-1227527595-project] Using url versioning {{(pid=110894) process_request /opt/stack/glance/glance/api/middleware/version_negotiation.py:57}}
Dec 07 18:32:43.653262 dv-cinder-820918-1-smb devstack@g-api.service[110894]: DEBUG glance.api.middleware.version_negotiation [None req-0e1d3158-ce9d-4120-b5e8-526a8a5d0e90 tempest-VolumesCloneTest-1227527595 tempest-VolumesCloneTest-1227527595-project] Matched version: v2 {{(pid=110894) process_request /opt/stack/glance/glance/api/middleware/version_negotiation.py:69}}
Dec 07 18:32:43.653542 dv-cinder-820918-1-smb devstack@g-api.service[110894]: DEBUG glance.api.middleware.version_negotiation [None req-0e1d3158-ce9d-4120-b5e8-526a8a5d0e90 tempest-VolumesCloneTest-1227527595 tempest-VolumesCloneTest-1227527595-project] new path /v2/schemas/image {{(pid=110894) process_request /opt/stack/glance/glance/api/middleware/version_negotiation.py:70}}
Dec 07 18:32:43.657928 dv-cinder-820918-1-smb devstack@g-api.service[110894]: [pid: 110894|app: 0|req: 77/134] 127.0.0.1 () {40 vars in 794 bytes} [Tue Dec 7 18:32:43 2021] GET /v2/schemas/image => generated 6083 bytes in 6 msecs (HTTP/1.1 200) 4 headers in 158 bytes (1 switches on core 0)
Dec 07 18:32:43.689780 dv-cinder-820918-1-smb devstack@g-api.service[110893]: DEBUG glance.api.middleware.version_negotiation [None req-3d08c345-c548-48c1-a468-f748bb2c4c2a tempest-VolumesActionsTest-66279570 tempest-VolumesActionsTest-66279570-project] Determining version of request: GET /v2/schemas/image Accept: */* {{(pid=110893) process_request /opt/stack/glance/glance/api/middleware/version_negotiation.py:44}}
Dec 07 18:32:43.690045 dv-cinder-820918-1-smb devstack@g-api.service[110893]: DEBUG glance.api.middleware.version_negotiation [None req-3d08c345-c548-48c1-a468-f748bb2c4c2a tempest-VolumesActionsTest-66279570 tempest-VolumesActionsTest-66279570-project] Using url versioning {{(pid=110893) process_request /opt/stack/glance/glance/api/middleware/version_negotiation.py:57}}
Dec 07 18:32:43.690419 dv-cinder-820918-1-smb devstack@g-api.service[110893]: DEBUG glance.api.middleware.version_negotiation [None req-3d08c345-c548-48c1-a468-f748bb2c4c2a tempest-VolumesActionsTest-66279570 tempest-VolumesActionsTest-66279570-project] Matched version: v2 {{(pid=110893) process_request /opt/stack/glance/glance/api/middleware/version_negotiation.py:69}}
Dec 07 18:32:43.690704 dv-cinder-820918-1-smb devstack@g-api.service[110893]: DEBUG glance.api.middleware.version_negotiation [None req-3d08c345-c548-48c1-a468-f748bb2c4c2a tempest-VolumesActionsTest-66279570 tempest-VolumesActionsTest-66279570-project] new path /v2/schemas/image {{(pid=110893) process_request /opt/stack/glance/glance/api/middleware/version_negotiation.py:70}}
Dec 07 18:32:43.694760 dv-cinder-820918-1-smb devstack@g-api.service[110893]: [pid: 110893|app: 0|req: 58/135] 127.0.0.1 () {40 vars in 794 bytes} [Tue Dec 7 18:32:43 2021] GET /v2/schemas/image => generated 6083 bytes in 5 msecs (HTTP/1.1 200) 4 headers in 158 bytes (1 switches on core 0)
Dec 07 18:32:43.960658 dv-cinder-820918-1-smb devstack@g-api.service[110894]: DEBUG glance.api.middleware.version_negotiation [None req-3d08c345-c548-48c1-a468-f748bb2c4c2a tempest-VolumesActionsTest-66279570 tempest-VolumesActionsTest-66279570-project] Determining version of request: GET /v2/images/441b02cc-9991-4f68-8a8d-8e94fa42f746 Accept: */* {{(pid=110894) process_request /opt/stack/glance/glance/api/middleware/version_negotiation.py:44}}
Dec 07 18:32:43.961021 dv-cinder-820918-1-smb devstack@g-api.service[110894]: DEBUG glance.api.middleware.version_negotiation [None req-3d08c345-c548-48c1-a468-f748bb2c4c2a tempest-VolumesActionsTest-66279570 tempest-VolumesActionsTest-66279570-project] Using url versioning {{(pid=110894) process_request /opt/stack/glance/glance/api/middleware/version_negotiation.py:57}}
Dec 07 18:32:43.961337 dv-cinder-820918-1-smb devstack@g-api.service[110894]: DEBUG glance.api.middleware.version_negotiation [None req-3d08c345-c548-48c1-a468-f748bb2c4c2a tempest-VolumesActionsTest-66279570 tempest-VolumesActionsTest-66279570-project] Matched version: v2 {{(pid=110894) process_request /opt/stack/glance/glance/api/middleware/version_negotiation.py:69}}
Dec 07 18:32:43.961628 dv-cinder-820918-1-smb devstack@g-api.service[110894]: DEBUG glance.api.middleware.version_negotiation [None req-3d08c345-c548-48c1-a468-f748bb2c4c2a tempest-VolumesActionsTest-66279570 tempest-VolumesActionsTest-66279570-project] new path /v2/images/441b02cc-9991-4f68-8a8d-8e94fa42f746 {{(pid=110894) process_request /opt/stack/glance/glance/api/middleware/version_negotiation.py:70}}
Dec 07 18:32:43.977881 dv-cinder-820918-1-smb devstack@g-api.service[110894]: [pid: 110894|app: 0|req: 78/136] 127.0.0.1 () {40 vars in 854 bytes} [Tue Dec 7 18:32:43 2021] GET /v2/images/441b02cc-9991-4f68-8a8d-8e94fa42f746 => generated 946 bytes in 18 msecs (HTTP/1.1 200) 4 headers in 157 bytes (1 switches on core 0)
Dec 07 18:32:44.000880 dv-cinder-820918-1-smb devstack@g-api.service[110893]: DEBUG glance.api.middleware.version_negotiation [None req-0e1d3158-ce9d-4120-b5e8-526a8a5d0e90 tempest-VolumesCloneTest-1227527595 tempest-VolumesCloneTest-1227527595-project] Determining version of request: GET /v2/schemas/image Accept: */* {{(pid=110893) process_request /opt/stack/glance/glance/api/middleware/version_negotiation.py:44}}
Dec 07 18:32:44.001364 dv-cinder-820918-1-smb devstack@g-api.service[110893]: DEBUG glance.api.middleware.version_negotiation [None req-0e1d3158-ce9d-4120-b5e8-526a8a5d0e90 tempest-VolumesCloneTest-1227527595 tempest-VolumesCloneTest-1227527595-project] Using url versioning {{(pid=110893) process_request /opt/stack/glance/glance/api/middleware/version_negotiation.py:57}}
Dec 07 18:32:44.001755 dv-cinder-820918-1-smb devstack@g-api.service[110893]: DEBUG glance.api.middleware.version_negotiation [None req-0e1d3158-ce9d-4120-b5e8-526a8a5d0e90 tempest-VolumesCloneTest-1227527595 tempest-VolumesCloneTest-1227527595-project] Matched version: v2 {{(pid=110893) process_request /opt/stack/glance/glance/api/middleware/version_negotiation.py:69}}
Dec 07 18:32:44.002105 dv-cinder-820918-1-smb devstack@g-api.service[110893]: DEBUG glance.api.middleware.version_negotiation [None req-0e1d3158-ce9d-4120-b5e8-526a8a5d0e90 tempest-VolumesCloneTest-1227527595 tempest-VolumesCloneTest-1227527595-project] new path /v2/schemas/image {{(pid=110893) process_request /opt/stack/glance/glance/api/middleware/version_negotiation.py:70}}
Dec 07 18:32:44.006092 dv-cinder-820918-1-smb devstack@g-api.service[110893]: [pid: 110893|app: 0|req: 59/137] 127.0.0.1 () {40 vars in 794 bytes} [Tue Dec 7 18:32:43 2021] GET /v2/schemas/image => generated 6083 bytes in 6 msecs (HTTP/1.1 200) 4 headers in 158 bytes (1 switches on core 0)
Dec 07 18:32:44.450706 dv-cinder-820918-1-smb devstack@g-api.service[110894]: DEBUG glance.api.middleware.version_negotiation [None req-0e1d3158-ce9d-4120-b5e8-526a8a5d0e90 tempest-VolumesCloneTest-1227527595 tempest-VolumesCloneTest-1227527595-project] Determining version of request: GET /v2/images/45ff785f-e1dd-4dc8-9bab-d033aa275a23 Accept: application/json {{(pid=110894) process_request /opt/stack/glance/glance/api/middleware/version_negotiation.py:44}}
Dec 07 18:32:44.451228 dv-cinder-820918-1-smb devstack@g-api.service[110894]: DEBUG glance.api.middleware.version_negotiation [None req-0e1d3158-ce9d-4120-b5e8-526a8a5d0e90 tempest-VolumesCloneTest-1227527595 tempest-VolumesCloneTest-1227527595-project] Using url versioning {{(pid=110894) process_request /opt/stack/glance/glance/api/middleware/version_negotiation.py:57}}
Dec 07 18:32:44.451423 dv-cinder-820918-1-smb devstack@g-api.service[110894]: DEBUG glance.api.middleware.version_negotiation [None req-0e1d3158-ce9d-4120-b5e8-526a8a5d0e90 tempest-VolumesCloneTest-1227527595 tempest-VolumesCloneTest-1227527595-project] Matched version: v2 {{(pid=110894) process_request /opt/stack/glance/glance/api/middleware/version_negotiation.py:69}}
Dec 07 18:32:44.451977 dv-cinder-820918-1-smb devstack@g-api.service[110894]: DEBUG glance.api.middleware.version_negotiation [None req-0e1d3158-ce9d-4120-b5e8-526a8a5d0e90 tempest-VolumesCloneTest-1227527595 tempest-VolumesCloneTest-1227527595-project] new path /v2/images/45ff785f-e1dd-4dc8-9bab-d033aa275a23 {{(pid=110894) process_request /opt/stack/glance/glance/api/middleware/version_negotiation.py:70}}
Dec 07 18:32:44.481434 dv-cinder-820918-1-smb devstack@g-api.service[110894]: [pid: 110894|app: 0|req: 79/138] 127.0.0.1 () {38 vars in 785 bytes} [Tue Dec 7 18:32:44 2021] GET /v2/images/45ff785f-e1dd-4dc8-9bab-d033aa275a23 => generated 822 bytes in 31 msecs (HTTP/1.1 200) 4 headers in 157 bytes (1 switches on core 0)
Dec 07 18:32:44.567807 dv-cinder-820918-1-smb devstack@g-api.service[110893]: DEBUG glance.api.middleware.version_negotiation [None req-0e1d3158-ce9d-4120-b5e8-526a8a5d0e90 tempest-VolumesCloneTest-1227527595 tempest-VolumesCloneTest-1227527595-project] Determining version of request: GET /v2/images/45ff785f-e1dd-4dc8-9bab-d033aa275a23 Accept: application/json {{(pid=110893) process_request /opt/stack/glance/glance/api/middleware/version_negotiation.py:44}}
Dec 07 18:32:44.568346 dv-cinder-820918-1-smb devstack@g-api.service[110893]: DEBUG glance.api.middleware.version_negotiation [None req-0e1d3158-ce9d-4120-b5e8-526a8a5d0e90 tempest-VolumesCloneTest-1227527595 tempest-VolumesCloneTest-1227527595-project] Using url versioning {{(pid=110893) process_request /opt/stack/glance/glance/api/middleware/version_negotiation.py:57}}
Dec 07 18:32:44.569694 dv-cinder-820918-1-smb devstack@g-api.service[110893]: DEBUG glance.api.middleware.version_negotiation [None req-0e1d3158-ce9d-4120-b5e8-526a8a5d0e90 tempest-VolumesCloneTest-1227527595 tempest-VolumesCloneTest-1227527595-project] Matched version: v2 {{(pid=110893) process_request /opt/stack/glance/glance/api/middleware/version_negotiation.py:69}}
Dec 07 18:32:44.571730 dv-cinder-820918-1-smb devstack@g-api.service[110893]: DEBUG glance.api.middleware.version_negotiation [None req-0e1d3158-ce9d-4120-b5e8-526a8a5d0e90 tempest-VolumesCloneTest-1227527595 tempest-VolumesCloneTest-1227527595-project] new path /v2/images/45ff785f-e1dd-4dc8-9bab-d033aa275a23 {{(pid=110893) process_request /opt/stack/glance/glance/api/middleware/version_negotiation.py:70}}
Dec 07 18:32:44.596491 dv-cinder-820918-1-smb devstack@g-api.service[110893]: [pid: 110893|app: 0|req: 60/139] 127.0.0.1 () {38 vars in 785 bytes} [Tue Dec 7 18:32:44 2021] GET /v2/images/45ff785f-e1dd-4dc8-9bab-d033aa275a23 => generated 822 bytes in 29 msecs (HTTP/1.1 200) 4 headers in 157 bytes (1 switches on core 0)
Dec 07 18:32:44.600780 dv-cinder-820918-1-smb devstack@g-api.service[110894]: DEBUG glance.api.middleware.version_negotiation [None req-0e0553d0-5ae2-44b3-872b-dd752604b7be tempest-VolumesActionsTest-66279570 tempest-VolumesActionsTest-66279570-project] Determining version of request: DELETE /v2/images/45ff785f-e1dd-4dc8-9bab-d033aa275a23 Accept: application/json {{(pid=110894) process_request /opt/stack/glance/glance/api/middleware/version_negotiation.py:44}}
Dec 07 18:32:44.601195 dv-cinder-820918-1-smb devstack@g-api.service[110894]: DEBUG glance.api.middleware.version_negotiation [None req-0e0553d0-5ae2-44b3-872b-dd752604b7be tempest-VolumesActionsTest-66279570 tempest-VolumesActionsTest-66279570-project] Using url versioning {{(pid=110894) process_request /opt/stack/glance/glance/api/middleware/version_negotiation.py:57}}
Dec 07 18:32:44.601594 dv-cinder-820918-1-smb devstack@g-api.service[110894]: DEBUG glance.api.middleware.version_negotiation [None req-0e0553d0-5ae2-44b3-872b-dd752604b7be tempest-VolumesActionsTest-66279570 tempest-VolumesActionsTest-66279570-project] Matched version: v2 {{(pid=110894) process_request /opt/stack/glance/glance/api/middleware/version_negotiation.py:69}}
Dec 07 18:32:44.601953 dv-cinder-820918-1-smb devstack@g-api.service[110894]: DEBUG glance.api.middleware.version_negotiation [None req-0e0553d0-5ae2-44b3-872b-dd752604b7be tempest-VolumesActionsTest-66279570 tempest-VolumesActionsTest-66279570-project] new path /v2/images/45ff785f-e1dd-4dc8-9bab-d033aa275a23 {{(pid=110894) process_request /opt/stack/glance/glance/api/middleware/version_negotiation.py:70}}
