Dec 07 18:18:14.343108 dv-cinder-820918-1-iscsi devstack@c-api.service[109338]: INFO cinder.api.openstack.wsgi [None req-3330e5f1-65aa-4f0c-a48f-32fa603dc848 tempest-AbsoluteLimitsTests-65710251 tempest-AbsoluteLimitsTests-65710251-project] GET http://10.222.0.47/volume/v3/2518321c8d004e53b7100f757e5f29fe/volumes/f80d1e09-f579-405b-bb6b-58a43e191d63
Dec 07 18:18:14.343880 dv-cinder-820918-1-iscsi devstack@c-api.service[109338]: DEBUG cinder.api.openstack.wsgi [None req-3330e5f1-65aa-4f0c-a48f-32fa603dc848 tempest-AbsoluteLimitsTests-65710251 tempest-AbsoluteLimitsTests-65710251-project] Empty body provided in request {{(pid=109338) get_body /opt/stack/cinder/cinder/api/openstack/wsgi.py:703}}
Dec 07 18:18:14.344508 dv-cinder-820918-1-iscsi devstack@c-api.service[109338]: DEBUG cinder.api.openstack.wsgi [None req-3330e5f1-65aa-4f0c-a48f-32fa603dc848 tempest-AbsoluteLimitsTests-65710251 tempest-AbsoluteLimitsTests-65710251-project] Calling method 'show' {{(pid=109338) _process_stack /opt/stack/cinder/cinder/api/openstack/wsgi.py:856}}
Dec 07 18:18:14.349368 dv-cinder-820918-1-iscsi devstack@c-api.service[109337]: INFO cinder.api.openstack.wsgi [None req-d0d914fc-14ab-40d2-bc01-844309ef31b0 tempest-VolumeQuotasNegativeTestJSON-1890790780 tempest-VolumeQuotasNegativeTestJSON-1890790780-project] GET http://10.222.0.47/volume/v3/7c2fba104d404c9c97027f8d09d166d3/volumes/97db313b-10a2-47a3-a29c-bcb7ef71f1f9
Dec 07 18:18:14.349909 dv-cinder-820918-1-iscsi devstack@c-api.service[109337]: DEBUG cinder.api.openstack.wsgi [None req-d0d914fc-14ab-40d2-bc01-844309ef31b0 tempest-VolumeQuotasNegativeTestJSON-1890790780 tempest-VolumeQuotasNegativeTestJSON-1890790780-project] Empty body provided in request {{(pid=109337) get_body /opt/stack/cinder/cinder/api/openstack/wsgi.py:703}}
Dec 07 18:18:14.350149 dv-cinder-820918-1-iscsi devstack@c-api.service[109337]: /usr/local/lib/python3.8/dist-packages/webob/acceptparse.py:1047: DeprecationWarning: The behavior of AcceptValidHeader.best_match is currently being maintained for backward compatibility, but it will be deprecated in the future, as it does not conform to the RFC.
Dec 07 18:18:14.350149 dv-cinder-820918-1-iscsi devstack@c-api.service[109337]: warnings.warn(
Dec 07 18:18:14.351117 dv-cinder-820918-1-iscsi devstack@c-api.service[109337]: DEBUG cinder.api.openstack.wsgi [None req-d0d914fc-14ab-40d2-bc01-844309ef31b0 tempest-VolumeQuotasNegativeTestJSON-1890790780 tempest-VolumeQuotasNegativeTestJSON-1890790780-project] Calling method 'show' {{(pid=109337) _process_stack /opt/stack/cinder/cinder/api/openstack/wsgi.py:856}}
Dec 07 18:18:14.361785 dv-cinder-820918-1-iscsi devstack@c-api.service[109338]: /usr/local/lib/python3.8/dist-packages/oslo_context/context.py:105: DeprecationWarning: Policy enforcement is depending on the value of is_admin. This key is deprecated. Please update your policy file to use the standard policy values.
Dec 07 18:18:14.361785 dv-cinder-820918-1-iscsi devstack@c-api.service[109338]: warnings.warn('Policy enforcement is depending on the value of '
Dec 07 18:18:14.366699 dv-cinder-820918-1-iscsi devstack@c-api.service[109337]: /usr/local/lib/python3.8/dist-packages/oslo_context/context.py:105: DeprecationWarning: Policy enforcement is depending on the value of is_admin. This key is deprecated. Please update your policy file to use the standard policy values.
Dec 07 18:18:14.366699 dv-cinder-820918-1-iscsi devstack@c-api.service[109337]: warnings.warn('Policy enforcement is depending on the value of '
Dec 07 18:18:14.373003 dv-cinder-820918-1-iscsi devstack@c-api.service[109338]: INFO cinder.volume.api [None req-3330e5f1-65aa-4f0c-a48f-32fa603dc848 tempest-AbsoluteLimitsTests-65710251 tempest-AbsoluteLimitsTests-65710251-project] Volume info retrieved successfully.
Dec 07 18:18:14.375714 dv-cinder-820918-1-iscsi devstack@c-api.service[109337]: INFO cinder.volume.api [None req-d0d914fc-14ab-40d2-bc01-844309ef31b0 tempest-VolumeQuotasNegativeTestJSON-1890790780 tempest-VolumeQuotasNegativeTestJSON-1890790780-project] Volume info retrieved successfully.
Dec 07 18:18:14.384710 dv-cinder-820918-1-iscsi devstack@c-api.service[109338]: INFO cinder.api.openstack.wsgi [None req-3330e5f1-65aa-4f0c-a48f-32fa603dc848 tempest-AbsoluteLimitsTests-65710251 tempest-AbsoluteLimitsTests-65710251-project] http://10.222.0.47/volume/v3/2518321c8d004e53b7100f757e5f29fe/volumes/f80d1e09-f579-405b-bb6b-58a43e191d63 returned with HTTP 200
Dec 07 18:18:14.386038 dv-cinder-820918-1-iscsi devstack@c-api.service[109338]: [pid: 109338|app: 0|req: 98/189] 10.222.0.47 () {58 vars in 1324 bytes} [Tue Dec 7 18:18:14 2021] GET /volume/v3/2518321c8d004e53b7100f757e5f29fe/volumes/f80d1e09-f579-405b-bb6b-58a43e191d63 => generated 910 bytes in 47 msecs (HTTP/1.1 200) 7 headers in 285 bytes (1 switches on core 0)
Dec 07 18:18:14.390506 dv-cinder-820918-1-iscsi devstack@c-api.service[109337]: INFO cinder.api.openstack.wsgi [None req-d0d914fc-14ab-40d2-bc01-844309ef31b0 tempest-VolumeQuotasNegativeTestJSON-1890790780 tempest-VolumeQuotasNegativeTestJSON-1890790780-project] http://10.222.0.47/volume/v3/7c2fba104d404c9c97027f8d09d166d3/volumes/97db313b-10a2-47a3-a29c-bcb7ef71f1f9 returned with HTTP 200
Dec 07 18:18:14.391465 dv-cinder-820918-1-iscsi devstack@c-api.service[109337]: [pid: 109337|app: 0|req: 92/190] 10.222.0.47 () {58 vars in 1324 bytes} [Tue Dec 7 18:18:14 2021] GET /volume/v3/7c2fba104d404c9c97027f8d09d166d3/volumes/97db313b-10a2-47a3-a29c-bcb7ef71f1f9 => generated 920 bytes in 46 msecs (HTTP/1.1 200) 7 headers in 285 bytes (2 switches on core 0)
Dec 07 18:18:15.388533 dv-cinder-820918-1-iscsi devstack@c-api.service[109338]: INFO cinder.api.openstack.wsgi [None req-749be011-f271-4fcc-b984-110e8698a1fb tempest-VolumeSnapshotQuotasNegativeTestJSON-1017004799 tempest-VolumeSnapshotQuotasNegativeTestJSON-1017004799-project-admin] GET http://10.222.0.47/volume/v3/1544e8b8af16447093a94c85cd3e13b2/os-quota-sets/cd48d5d2913049c8a3ad6126739469ef
Dec 07 18:18:15.389056 dv-cinder-820918-1-iscsi devstack@c-api.service[109338]: DEBUG cinder.api.openstack.wsgi [None req-749be011-f271-4fcc-b984-110e8698a1fb tempest-VolumeSnapshotQuotasNegativeTestJSON-1017004799 tempest-VolumeSnapshotQuotasNegativeTestJSON-1017004799-project-admin] Empty body provided in request {{(pid=109338) get_body /opt/stack/cinder/cinder/api/openstack/wsgi.py:703}}
Dec 07 18:18:15.389135 dv-cinder-820918-1-iscsi devstack@c-api.service[109338]: /usr/local/lib/python3.8/dist-packages/webob/acceptparse.py:1047: DeprecationWarning: The behavior of AcceptValidHeader.best_match is currently being maintained for backward compatibility, but it will be deprecated in the future, as it does not conform to the RFC.
Dec 07 18:18:15.389135 dv-cinder-820918-1-iscsi devstack@c-api.service[109338]: warnings.warn(
Dec 07 18:18:15.389443 dv-cinder-820918-1-iscsi devstack@c-api.service[109338]: DEBUG cinder.api.openstack.wsgi [None req-749be011-f271-4fcc-b984-110e8698a1fb tempest-VolumeSnapshotQuotasNegativeTestJSON-1017004799 tempest-VolumeSnapshotQuotasNegativeTestJSON-1017004799-project-admin] Calling method 'show' {{(pid=109338) _process_stack /opt/stack/cinder/cinder/api/openstack/wsgi.py:856}}
Dec 07 18:18:15.407689 dv-cinder-820918-1-iscsi devstack@c-api.service[109337]: INFO cinder.api.openstack.wsgi [None req-1f92714d-40bd-4df1-af5d-7d58a39a27d4 tempest-AbsoluteLimitsTests-65710251 tempest-AbsoluteLimitsTests-65710251-project] GET http://10.222.0.47/volume/v3/2518321c8d004e53b7100f757e5f29fe/volumes/f80d1e09-f579-405b-bb6b-58a43e191d63
Dec 07 18:18:15.408874 dv-cinder-820918-1-iscsi devstack@c-api.service[109337]: DEBUG cinder.api.openstack.wsgi [None req-1f92714d-40bd-4df1-af5d-7d58a39a27d4 tempest-AbsoluteLimitsTests-65710251 tempest-AbsoluteLimitsTests-65710251-project] Empty body provided in request {{(pid=109337) get_body /opt/stack/cinder/cinder/api/openstack/wsgi.py:703}}
Dec 07 18:18:15.409241 dv-cinder-820918-1-iscsi devstack@c-api.service[109337]: /usr/local/lib/python3.8/dist-packages/webob/acceptparse.py:1047: DeprecationWarning: The behavior of AcceptValidHeader.best_match is currently being maintained for backward compatibility, but it will be deprecated in the future, as it does not conform to the RFC.
Dec 07 18:18:15.409241 dv-cinder-820918-1-iscsi devstack@c-api.service[109337]: warnings.warn(
Dec 07 18:18:15.410122 dv-cinder-820918-1-iscsi devstack@c-api.service[109337]: DEBUG cinder.api.openstack.wsgi [None req-1f92714d-40bd-4df1-af5d-7d58a39a27d4 tempest-AbsoluteLimitsTests-65710251 tempest-AbsoluteLimitsTests-65710251-project] Calling method 'show' {{(pid=109337) _process_stack /opt/stack/cinder/cinder/api/openstack/wsgi.py:856}}
Dec 07 18:18:15.414221 dv-cinder-820918-1-iscsi devstack@c-api.service[109338]: INFO cinder.api.openstack.wsgi [None req-749be011-f271-4fcc-b984-110e8698a1fb tempest-VolumeSnapshotQuotasNegativeTestJSON-1017004799 tempest-VolumeSnapshotQuotasNegativeTestJSON-1017004799-project-admin] http://10.222.0.47/volume/v3/1544e8b8af16447093a94c85cd3e13b2/os-quota-sets/cd48d5d2913049c8a3ad6126739469ef returned with HTTP 200
Dec 07 18:18:15.415403 dv-cinder-820918-1-iscsi devstack@c-api.service[109338]: [pid: 109338|app: 0|req: 99/191] 10.222.0.47 () {58 vars in 1330 bytes} [Tue Dec 7 18:18:15 2021] GET /volume/v3/1544e8b8af16447093a94c85cd3e13b2/os-quota-sets/cd48d5d2913049c8a3ad6126739469ef => generated 361 bytes in 169 msecs (HTTP/1.1 200) 7 headers in 285 bytes (1 switches on core 0)
Dec 07 18:18:15.428805 dv-cinder-820918-1-iscsi devstack@c-api.service[109337]: INFO cinder.api.openstack.wsgi [None req-1f92714d-40bd-4df1-af5d-7d58a39a27d4 tempest-AbsoluteLimitsTests-65710251 tempest-AbsoluteLimitsTests-65710251-project] http://10.222.0.47/volume/v3/2518321c8d004e53b7100f757e5f29fe/volumes/f80d1e09-f579-405b-bb6b-58a43e191d63 returned with HTTP 404
Dec 07 18:18:15.429993 dv-cinder-820918-1-iscsi devstack@c-api.service[109337]: [pid: 109337|app: 0|req: 93/192] 10.222.0.47 () {58 vars in 1324 bytes} [Tue Dec 7 18:18:15 2021] GET /volume/v3/2518321c8d004e53b7100f757e5f29fe/volumes/f80d1e09-f579-405b-bb6b-58a43e191d63 => generated 109 bytes in 27 msecs (HTTP/1.1 404) 7 headers in 292 bytes (1 switches on core 0)
Dec 07 18:18:15.431376 dv-cinder-820918-1-iscsi devstack@c-api.service[109338]: INFO cinder.api.openstack.wsgi [None req-84d83ba5-368a-4390-84ec-ff21216c7f2d tempest-VolumeQuotasNegativeTestJSON-1890790780 tempest-VolumeQuotasNegativeTestJSON-1890790780-project] GET http://10.222.0.47/volume/v3/7c2fba104d404c9c97027f8d09d166d3/volumes/97db313b-10a2-47a3-a29c-bcb7ef71f1f9
Dec 07 18:18:15.431919 dv-cinder-820918-1-iscsi devstack@c-api.service[109338]: DEBUG cinder.api.openstack.wsgi [None req-84d83ba5-368a-4390-84ec-ff21216c7f2d tempest-VolumeQuotasNegativeTestJSON-1890790780 tempest-VolumeQuotasNegativeTestJSON-1890790780-project] Empty body provided in request {{(pid=109338) get_body /opt/stack/cinder/cinder/api/openstack/wsgi.py:703}}
Dec 07 18:18:15.432354 dv-cinder-820918-1-iscsi devstack@c-api.service[109338]: DEBUG cinder.api.openstack.wsgi [None req-84d83ba5-368a-4390-84ec-ff21216c7f2d tempest-VolumeQuotasNegativeTestJSON-1890790780 tempest-VolumeQuotasNegativeTestJSON-1890790780-project] Calling method 'show' {{(pid=109338) _process_stack /opt/stack/cinder/cinder/api/openstack/wsgi.py:856}}
Dec 07 18:18:15.435328 dv-cinder-820918-1-iscsi devstack@c-api.service[109337]: INFO cinder.api.openstack.wsgi [None req-1c92c904-7b27-4e93-9053-daf111fa686c tempest-VolumeSnapshotQuotasNegativeTestJSON-1017004799 tempest-VolumeSnapshotQuotasNegativeTestJSON-1017004799-project-admin] PUT http://10.222.0.47/volume/v3/1544e8b8af16447093a94c85cd3e13b2/os-quota-sets/cd48d5d2913049c8a3ad6126739469ef
Dec 07 18:18:15.436133 dv-cinder-820918-1-iscsi devstack@c-api.service[109337]: DEBUG cinder.api.openstack.wsgi [None req-1c92c904-7b27-4e93-9053-daf111fa686c tempest-VolumeSnapshotQuotasNegativeTestJSON-1017004799 tempest-VolumeSnapshotQuotasNegativeTestJSON-1017004799-project-admin] Action: 'update', calling method: update, body: {"quota_set": {"gigabytes": 3, "volumes": 1, "snapshots": 1}} {{(pid=109337) _process_stack /opt/stack/cinder/cinder/api/openstack/wsgi.py:854}}
Dec 07 18:18:15.462005 dv-cinder-820918-1-iscsi devstack@c-api.service[109338]: /usr/local/lib/python3.8/dist-packages/oslo_context/context.py:105: DeprecationWarning: Policy enforcement is depending on the value of is_admin. This key is deprecated. Please update your policy file to use the standard policy values.
Dec 07 18:18:15.462005 dv-cinder-820918-1-iscsi devstack@c-api.service[109338]: warnings.warn('Policy enforcement is depending on the value of '
Dec 07 18:18:15.470453 dv-cinder-820918-1-iscsi devstack@c-api.service[109338]: INFO cinder.volume.api [None req-84d83ba5-368a-4390-84ec-ff21216c7f2d tempest-VolumeQuotasNegativeTestJSON-1890790780 tempest-VolumeQuotasNegativeTestJSON-1890790780-project] Volume info retrieved successfully.
Dec 07 18:18:15.479845 dv-cinder-820918-1-iscsi devstack@c-api.service[109338]: INFO cinder.api.openstack.wsgi [None req-84d83ba5-368a-4390-84ec-ff21216c7f2d tempest-VolumeQuotasNegativeTestJSON-1890790780 tempest-VolumeQuotasNegativeTestJSON-1890790780-project] http://10.222.0.47/volume/v3/7c2fba104d404c9c97027f8d09d166d3/volumes/97db313b-10a2-47a3-a29c-bcb7ef71f1f9 returned with HTTP 200
Dec 07 18:18:15.480829 dv-cinder-820918-1-iscsi devstack@c-api.service[109338]: [pid: 109338|app: 0|req: 100/193] 10.222.0.47 () {58 vars in 1324 bytes} [Tue Dec 7 18:18:15 2021] GET /volume/v3/7c2fba104d404c9c97027f8d09d166d3/volumes/97db313b-10a2-47a3-a29c-bcb7ef71f1f9 => generated 921 bytes in 64 msecs (HTTP/1.1 200) 7 headers in 285 bytes (1 switches on core 0)
Dec 07 18:18:15.497193 dv-cinder-820918-1-iscsi devstack@c-api.service[109338]: INFO cinder.api.openstack.wsgi [None req-89e23cc6-0f8a-4835-833f-df27de925079 tempest-VolumeQuotasNegativeTestJSON-324370962 tempest-VolumeQuotasNegativeTestJSON-324370962-project-admin] PUT http://10.222.0.47/volume/v3/a8e7894460d44f33929135d631e696ad/os-quota-sets/7c2fba104d404c9c97027f8d09d166d3
Dec 07 18:18:15.497833 dv-cinder-820918-1-iscsi devstack@c-api.service[109338]: /usr/local/lib/python3.8/dist-packages/webob/acceptparse.py:1047: DeprecationWarning: The behavior of AcceptValidHeader.best_match is currently being maintained for backward compatibility, but it will be deprecated in the future, as it does not conform to the RFC.
Dec 07 18:18:15.497833 dv-cinder-820918-1-iscsi devstack@c-api.service[109338]: warnings.warn(
Dec 07 18:18:15.498358 dv-cinder-820918-1-iscsi devstack@c-api.service[109338]: DEBUG cinder.api.openstack.wsgi [None req-89e23cc6-0f8a-4835-833f-df27de925079 tempest-VolumeQuotasNegativeTestJSON-324370962 tempest-VolumeQuotasNegativeTestJSON-324370962-project-admin] Action: 'update', calling method: update, body: {"quota_set": {"gigabytes": 1, "volumes": -1}} {{(pid=109338) _process_stack /opt/stack/cinder/cinder/api/openstack/wsgi.py:854}}
Dec 07 18:18:15.545746 dv-cinder-820918-1-iscsi devstack@c-api.service[109337]: INFO cinder.api.openstack.wsgi [None req-1c92c904-7b27-4e93-9053-daf111fa686c tempest-VolumeSnapshotQuotasNegativeTestJSON-1017004799 tempest-VolumeSnapshotQuotasNegativeTestJSON-1017004799-project-admin] http://10.222.0.47/volume/v3/1544e8b8af16447093a94c85cd3e13b2/os-quota-sets/cd48d5d2913049c8a3ad6126739469ef returned with HTTP 200
Dec 07 18:18:15.551333 dv-cinder-820918-1-iscsi devstack@c-api.service[109337]: [pid: 109337|app: 0|req: 94/194] 10.222.0.47 () {60 vars in 1350 bytes} [Tue Dec 7 18:18:15 2021] PUT /volume/v3/1544e8b8af16447093a94c85cd3e13b2/os-quota-sets/cd48d5d2913049c8a3ad6126739469ef => generated 314 bytes in 116 msecs (HTTP/1.1 200) 7 headers in 285 bytes (1 switches on core 0)
Dec 07 18:18:15.581793 dv-cinder-820918-1-iscsi devstack@c-api.service[109338]: INFO cinder.api.openstack.wsgi [None req-89e23cc6-0f8a-4835-833f-df27de925079 tempest-VolumeQuotasNegativeTestJSON-324370962 tempest-VolumeQuotasNegativeTestJSON-324370962-project-admin] http://10.222.0.47/volume/v3/a8e7894460d44f33929135d631e696ad/os-quota-sets/7c2fba104d404c9c97027f8d09d166d3 returned with HTTP 200
Dec 07 18:18:15.588370 dv-cinder-820918-1-iscsi devstack@c-api.service[109338]: [pid: 109338|app: 0|req: 101/195] 10.222.0.47 () {60 vars in 1350 bytes} [Tue Dec 7 18:18:15 2021] PUT /volume/v3/a8e7894460d44f33929135d631e696ad/os-quota-sets/7c2fba104d404c9c97027f8d09d166d3 => generated 316 bytes in 91 msecs (HTTP/1.1 200) 7 headers in 285 bytes (2 switches on core 0)
Dec 07 18:18:15.593074 dv-cinder-820918-1-iscsi devstack@c-api.service[109338]: INFO cinder.api.openstack.wsgi [None req-86a4990a-ba1b-4edc-a3c9-c0c6b3158c8f tempest-VolumeQuotasNegativeTestJSON-1890790780 tempest-VolumeQuotasNegativeTestJSON-1890790780-project] POST http://10.222.0.47/volume/v3/7c2fba104d404c9c97027f8d09d166d3/volumes
Dec 07 18:18:15.593874 dv-cinder-820918-1-iscsi devstack@c-api.service[109338]: DEBUG cinder.api.openstack.wsgi [None req-86a4990a-ba1b-4edc-a3c9-c0c6b3158c8f tempest-VolumeQuotasNegativeTestJSON-1890790780 tempest-VolumeQuotasNegativeTestJSON-1890790780-project] Action: 'create', calling method: create, body: {"volume": {"size": 2}} {{(pid=109338) _process_stack /opt/stack/cinder/cinder/api/openstack/wsgi.py:854}}
Dec 07 18:18:15.594774 dv-cinder-820918-1-iscsi devstack@c-api.service[109338]: DEBUG cinder.api.v3.volumes [None req-86a4990a-ba1b-4edc-a3c9-c0c6b3158c8f tempest-VolumeQuotasNegativeTestJSON-1890790780 tempest-VolumeQuotasNegativeTestJSON-1890790780-project] Create volume request body: {'volume': {'size': 2}} {{(pid=109338) create /opt/stack/cinder/cinder/api/v3/volumes.py:298}}
Dec 07 18:18:15.595078 dv-cinder-820918-1-iscsi devstack@c-api.service[109338]: INFO cinder.api.v3.volumes [None req-86a4990a-ba1b-4edc-a3c9-c0c6b3158c8f tempest-VolumeQuotasNegativeTestJSON-1890790780 tempest-VolumeQuotasNegativeTestJSON-1890790780-project] Create volume of 2 GB
Dec 07 18:18:15.601531 dv-cinder-820918-1-iscsi devstack@c-api.service[109338]: INFO cinder.volume.api [None req-86a4990a-ba1b-4edc-a3c9-c0c6b3158c8f tempest-VolumeQuotasNegativeTestJSON-1890790780 tempest-VolumeQuotasNegativeTestJSON-1890790780-project] Availability Zones retrieved successfully.
Dec 07 18:18:15.620389 dv-cinder-820918-1-iscsi devstack@c-api.service[109338]: DEBUG cinder.volume.api [None req-86a4990a-ba1b-4edc-a3c9-c0c6b3158c8f tempest-VolumeQuotasNegativeTestJSON-1890790780 tempest-VolumeQuotasNegativeTestJSON-1890790780-project] Flow 'volume_create_api' (7f62c2bf-272e-4908-a70f-82194c6ff3f9) transitioned into state 'RUNNING' from state 'PENDING' {{(pid=109338) _flow_receiver /usr/local/lib/python3.8/dist-packages/taskflow/listeners/logging.py:141}}
Dec 07 18:18:15.622949 dv-cinder-820918-1-iscsi devstack@c-api.service[109338]: DEBUG cinder.volume.api [None req-86a4990a-ba1b-4edc-a3c9-c0c6b3158c8f tempest-VolumeQuotasNegativeTestJSON-1890790780 tempest-VolumeQuotasNegativeTestJSON-1890790780-project] Task 'cinder.volume.flows.api.create_volume.ExtractVolumeRequestTask;volume:create' (faa039c3-5a06-4a70-b1b4-485eab6c7391) transitioned into state 'RUNNING' from state 'PENDING' {{(pid=109338) _task_receiver /usr/local/lib/python3.8/dist-packages/taskflow/listeners/logging.py:190}}
Dec 07 18:18:15.625499 dv-cinder-820918-1-iscsi devstack@c-api.service[109338]: DEBUG cinder.volume.flows.api.create_volume [None req-86a4990a-ba1b-4edc-a3c9-c0c6b3158c8f tempest-VolumeQuotasNegativeTestJSON-1890790780 tempest-VolumeQuotasNegativeTestJSON-1890790780-project] Validating volume size '2' using validate_int {{(pid=109338) _extract_size /opt/stack/cinder/cinder/volume/flows/api/create_volume.py:225}}
Dec 07 18:18:15.660900 dv-cinder-820918-1-iscsi devstack@c-api.service[109338]: DEBUG cinder.volume.api [None req-86a4990a-ba1b-4edc-a3c9-c0c6b3158c8f tempest-VolumeQuotasNegativeTestJSON-1890790780 tempest-VolumeQuotasNegativeTestJSON-1890790780-project] Task 'cinder.volume.flows.api.create_volume.ExtractVolumeRequestTask;volume:create' (faa039c3-5a06-4a70-b1b4-485eab6c7391) transitioned into state 'SUCCESS' from state 'RUNNING' with result '{'size': 2, 'snapshot_id': None, 'source_volid': None, 'volume_type': VolumeType(created_at=2021-12-07T18:08:13Z,deleted=False,deleted_at=None,description='Default Volume Type',extra_specs={},id=b54c755a-1e08-4b28-8c19-688dbe1b5e0e,is_public=True,name='__DEFAULT__',projects=[],qos_specs=,qos_specs_id=None,updated_at=2021-12-07T18:08:13Z), 'volume_type_id': 'b54c755a-1e08-4b28-8c19-688dbe1b5e0e', 'encryption_key_id': None, 'qos_specs': None, 'consistencygroup_id': None, 'cgsnapshot_id': None, 'group_id': None, 'replication_status': 'disabled', 'refresh_az': False, 'backup_id': None, 'multiattach': False, 'availability_zones': ['nova']}' {{(pid=109338) _task_receiver /usr/local/lib/python3.8/dist-packages/taskflow/listeners/logging.py:178}}
Dec 07 18:18:15.663017 dv-cinder-820918-1-iscsi devstack@c-api.service[109338]: DEBUG cinder.volume.api [None req-86a4990a-ba1b-4edc-a3c9-c0c6b3158c8f tempest-VolumeQuotasNegativeTestJSON-1890790780 tempest-VolumeQuotasNegativeTestJSON-1890790780-project] Task 'cinder.volume.flows.api.create_volume.QuotaReserveTask;volume:create' (86c3339c-a473-49e8-b8f2-27a3f81898b9) transitioned into state 'RUNNING' from state 'PENDING' {{(pid=109338) _task_receiver /usr/local/lib/python3.8/dist-packages/taskflow/listeners/logging.py:190}}
Dec 07 18:18:15.679205 dv-cinder-820918-1-iscsi devstack@c-api.service[109337]: INFO cinder.api.openstack.wsgi [None req-82225b0e-f544-4794-bbf1-0a8b0983bacc tempest-VolumeSnapshotQuotasNegativeTestJSON-1702975963 tempest-VolumeSnapshotQuotasNegativeTestJSON-1702975963-project] POST http://10.222.0.47/volume/v3/cd48d5d2913049c8a3ad6126739469ef/volumes
Dec 07 18:18:15.682459 dv-cinder-820918-1-iscsi devstack@c-api.service[109337]: DEBUG cinder.api.openstack.wsgi [None req-82225b0e-f544-4794-bbf1-0a8b0983bacc tempest-VolumeSnapshotQuotasNegativeTestJSON-1702975963 tempest-VolumeSnapshotQuotasNegativeTestJSON-1702975963-project] Action: 'create', calling method: create, body: {"volume": {"size": 1, "name": "tempest-VolumeSnapshotQuotasNegativeTestJSON-Volume-1144847653"}} {{(pid=109337) _process_stack /opt/stack/cinder/cinder/api/openstack/wsgi.py:854}}
Dec 07 18:18:15.683800 dv-cinder-820918-1-iscsi devstack@c-api.service[109337]: DEBUG cinder.api.v3.volumes [None req-82225b0e-f544-4794-bbf1-0a8b0983bacc tempest-VolumeSnapshotQuotasNegativeTestJSON-1702975963 tempest-VolumeSnapshotQuotasNegativeTestJSON-1702975963-project] Create volume request body: {'volume': {'size': 1, 'name': 'tempest-VolumeSnapshotQuotasNegativeTestJSON-Volume-1144847653'}} {{(pid=109337) create /opt/stack/cinder/cinder/api/v3/volumes.py:298}}
Dec 07 18:18:15.684263 dv-cinder-820918-1-iscsi devstack@c-api.service[109337]: INFO cinder.api.v3.volumes [None req-82225b0e-f544-4794-bbf1-0a8b0983bacc tempest-VolumeSnapshotQuotasNegativeTestJSON-1702975963 tempest-VolumeSnapshotQuotasNegativeTestJSON-1702975963-project] Create volume of 1 GB
Dec 07 18:18:15.692029 dv-cinder-820918-1-iscsi devstack@c-api.service[109337]: INFO cinder.volume.api [None req-82225b0e-f544-4794-bbf1-0a8b0983bacc tempest-VolumeSnapshotQuotasNegativeTestJSON-1702975963 tempest-VolumeSnapshotQuotasNegativeTestJSON-1702975963-project] Availability Zones retrieved successfully.
Dec 07 18:18:15.704140 dv-cinder-820918-1-iscsi devstack@c-api.service[109338]: WARNING cinder.quota_utils [None req-86a4990a-ba1b-4edc-a3c9-c0c6b3158c8f tempest-VolumeQuotasNegativeTestJSON-1890790780 tempest-VolumeQuotasNegativeTestJSON-1890790780-project] Quota exceeded for 7c2fba104d404c9c97027f8d09d166d3, tried to create 2G volume (1G of 1G already consumed).: cinder.exception.OverQuota: Quota exceeded for resources: ['gigabytes']
Dec 07 18:18:15.710844 dv-cinder-820918-1-iscsi devstack@c-api.service[109337]: DEBUG cinder.volume.api [None req-82225b0e-f544-4794-bbf1-0a8b0983bacc tempest-VolumeSnapshotQuotasNegativeTestJSON-1702975963 tempest-VolumeSnapshotQuotasNegativeTestJSON-1702975963-project] Flow 'volume_create_api' (d2dbdf41-c602-43da-8987-0a86b93e4a72) transitioned into state 'RUNNING' from state 'PENDING' {{(pid=109337) _flow_receiver /usr/local/lib/python3.8/dist-packages/taskflow/listeners/logging.py:141}}
Dec 07 18:18:15.713913 dv-cinder-820918-1-iscsi devstack@c-api.service[109337]: DEBUG cinder.volume.api [None req-82225b0e-f544-4794-bbf1-0a8b0983bacc tempest-VolumeSnapshotQuotasNegativeTestJSON-1702975963 tempest-VolumeSnapshotQuotasNegativeTestJSON-1702975963-project] Task 'cinder.volume.flows.api.create_volume.ExtractVolumeRequestTask;volume:create' (948825c7-d8a2-4471-bebf-4fdc235a1bc1) transitioned into state 'RUNNING' from state 'PENDING' {{(pid=109337) _task_receiver /usr/local/lib/python3.8/dist-packages/taskflow/listeners/logging.py:190}}
Dec 07 18:18:15.716963 dv-cinder-820918-1-iscsi devstack@c-api.service[109337]: DEBUG cinder.volume.flows.api.create_volume [None req-82225b0e-f544-4794-bbf1-0a8b0983bacc tempest-VolumeSnapshotQuotasNegativeTestJSON-1702975963 tempest-VolumeSnapshotQuotasNegativeTestJSON-1702975963-project] Validating volume size '1' using validate_int {{(pid=109337) _extract_size /opt/stack/cinder/cinder/volume/flows/api/create_volume.py:225}}
Dec 07 18:18:15.723855 dv-cinder-820918-1-iscsi devstack@c-api.service[109338]: WARNING cinder.volume.api [None req-86a4990a-ba1b-4edc-a3c9-c0c6b3158c8f tempest-VolumeQuotasNegativeTestJSON-1890790780 tempest-VolumeQuotasNegativeTestJSON-1890790780-project] Task 'cinder.volume.flows.api.create_volume.QuotaReserveTask;volume:create' (86c3339c-a473-49e8-b8f2-27a3f81898b9) transitioned into state 'FAILURE' from state 'RUNNING'
Dec 07 18:18:15.723855 dv-cinder-820918-1-iscsi devstack@c-api.service[109338]: Failure: cinder.exception.VolumeSizeExceedsAvailableQuota: Requested volume or snapshot exceeds allowed gigabytes quota. Requested 2G, quota is 1G and 1G has been consumed.
Dec 07 18:18:15.729366 dv-cinder-820918-1-iscsi devstack@c-api.service[109338]: DEBUG cinder.volume.api [None req-86a4990a-ba1b-4edc-a3c9-c0c6b3158c8f tempest-VolumeQuotasNegativeTestJSON-1890790780 tempest-VolumeQuotasNegativeTestJSON-1890790780-project] Task 'cinder.volume.flows.api.create_volume.QuotaReserveTask;volume:create' (86c3339c-a473-49e8-b8f2-27a3f81898b9) transitioned into state 'REVERTING' from state 'FAILURE' {{(pid=109338) _task_receiver /usr/local/lib/python3.8/dist-packages/taskflow/listeners/logging.py:190}}
Dec 07 18:18:15.731423 dv-cinder-820918-1-iscsi devstack@c-api.service[109338]: WARNING cinder.volume.api [None req-86a4990a-ba1b-4edc-a3c9-c0c6b3158c8f tempest-VolumeQuotasNegativeTestJSON-1890790780 tempest-VolumeQuotasNegativeTestJSON-1890790780-project] Task 'cinder.volume.flows.api.create_volume.QuotaReserveTask;volume:create' (86c3339c-a473-49e8-b8f2-27a3f81898b9) transitioned into state 'REVERTED' from state 'REVERTING' with result 'None'
Dec 07 18:18:15.733455 dv-cinder-820918-1-iscsi devstack@c-api.service[109338]: DEBUG cinder.volume.api [None req-86a4990a-ba1b-4edc-a3c9-c0c6b3158c8f tempest-VolumeQuotasNegativeTestJSON-1890790780 tempest-VolumeQuotasNegativeTestJSON-1890790780-project] Task 'cinder.volume.flows.api.create_volume.ExtractVolumeRequestTask;volume:create' (faa039c3-5a06-4a70-b1b4-485eab6c7391) transitioned into state 'REVERTING' from state 'SUCCESS' {{(pid=109338) _task_receiver /usr/local/lib/python3.8/dist-packages/taskflow/listeners/logging.py:190}}
Dec 07 18:18:15.735664 dv-cinder-820918-1-iscsi devstack@c-api.service[109338]: WARNING cinder.volume.api [None req-86a4990a-ba1b-4edc-a3c9-c0c6b3158c8f tempest-VolumeQuotasNegativeTestJSON-1890790780 tempest-VolumeQuotasNegativeTestJSON-1890790780-project] Task 'cinder.volume.flows.api.create_volume.ExtractVolumeRequestTask;volume:create' (faa039c3-5a06-4a70-b1b4-485eab6c7391) transitioned into state 'REVERTED' from state 'REVERTING' with result 'None'
Dec 07 18:18:15.738438 dv-cinder-820918-1-iscsi devstack@c-api.service[109338]: WARNING cinder.volume.api [None req-86a4990a-ba1b-4edc-a3c9-c0c6b3158c8f tempest-VolumeQuotasNegativeTestJSON-1890790780 tempest-VolumeQuotasNegativeTestJSON-1890790780-project] Flow 'volume_create_api' (7f62c2bf-272e-4908-a70f-82194c6ff3f9) transitioned into state 'REVERTED' from state 'RUNNING'
Dec 07 18:18:15.739128 dv-cinder-820918-1-iscsi devstack@c-api.service[109338]: INFO cinder.api.middleware.fault [None req-86a4990a-ba1b-4edc-a3c9-c0c6b3158c8f tempest-VolumeQuotasNegativeTestJSON-1890790780 tempest-VolumeQuotasNegativeTestJSON-1890790780-project] http://10.222.0.47/volume/v3/7c2fba104d404c9c97027f8d09d166d3/volumes returned with HTTP 413
Dec 07 18:18:15.741520 dv-cinder-820918-1-iscsi devstack@c-api.service[109338]: [pid: 109338|app: 0|req: 102/196] 10.222.0.47 () {60 vars in 1234 bytes} [Tue Dec 7 18:18:15 2021] POST /volume/v3/7c2fba104d404c9c97027f8d09d166d3/volumes => generated 208 bytes in 152 msecs (HTTP/1.1 413) 8 headers in 323 bytes (2 switches on core 0)
Dec 07 18:18:15.754154 dv-cinder-820918-1-iscsi devstack@c-api.service[109338]: INFO cinder.api.openstack.wsgi [None req-e1441ea6-f4a2-4a69-a421-b058bfda9e2b tempest-VolumeQuotasNegativeTestJSON-324370962 tempest-VolumeQuotasNegativeTestJSON-324370962-project-admin] PUT http://10.222.0.47/volume/v3/a8e7894460d44f33929135d631e696ad/os-quota-sets/7c2fba104d404c9c97027f8d09d166d3
Dec 07 18:18:15.754651 dv-cinder-820918-1-iscsi devstack@c-api.service[109338]: /usr/local/lib/python3.8/dist-packages/webob/acceptparse.py:1047: DeprecationWarning: The behavior of AcceptValidHeader.best_match is currently being maintained for backward compatibility, but it will be deprecated in the future, as it does not conform to the RFC.
Dec 07 18:18:15.754651 dv-cinder-820918-1-iscsi devstack@c-api.service[109338]: warnings.warn(
Dec 07 18:18:15.756103 dv-cinder-820918-1-iscsi devstack@c-api.service[109338]: DEBUG cinder.api.openstack.wsgi [None req-e1441ea6-f4a2-4a69-a421-b058bfda9e2b tempest-VolumeQuotasNegativeTestJSON-324370962 tempest-VolumeQuotasNegativeTestJSON-324370962-project-admin] Action: 'update', calling method: update, body: {"quota_set": {"volumes": 1, "gigabytes": -1}} {{(pid=109338) _process_stack /opt/stack/cinder/cinder/api/openstack/wsgi.py:854}}
Dec 07 18:18:15.766653 dv-cinder-820918-1-iscsi devstack@c-api.service[109337]: DEBUG cinder.volume.api [None req-82225b0e-f544-4794-bbf1-0a8b0983bacc tempest-VolumeSnapshotQuotasNegativeTestJSON-1702975963 tempest-VolumeSnapshotQuotasNegativeTestJSON-1702975963-project] Task 'cinder.volume.flows.api.create_volume.ExtractVolumeRequestTask;volume:create' (948825c7-d8a2-4471-bebf-4fdc235a1bc1) transitioned into state 'SUCCESS' from state 'RUNNING' with result '{'size': 1, 'snapshot_id': None, 'source_volid': None, 'volume_type': VolumeType(created_at=2021-12-07T18:08:13Z,deleted=False,deleted_at=None,description='Default Volume Type',extra_specs={},id=b54c755a-1e08-4b28-8c19-688dbe1b5e0e,is_public=True,name='__DEFAULT__',projects=[],qos_specs=,qos_specs_id=None,updated_at=2021-12-07T18:08:13Z), 'volume_type_id': 'b54c755a-1e08-4b28-8c19-688dbe1b5e0e', 'encryption_key_id': None, 'qos_specs': None, 'consistencygroup_id': None, 'cgsnapshot_id': None, 'group_id': None, 'replication_status': 'disabled', 'refresh_az': False, 'backup_id': None, 'multiattach': False, 'availability_zones': ['nova']}' {{(pid=109337) _task_receiver /usr/local/lib/python3.8/dist-packages/taskflow/listeners/logging.py:178}}
Dec 07 18:18:15.769358 dv-cinder-820918-1-iscsi devstack@c-api.service[109337]: DEBUG cinder.volume.api [None req-82225b0e-f544-4794-bbf1-0a8b0983bacc tempest-VolumeSnapshotQuotasNegativeTestJSON-1702975963 tempest-VolumeSnapshotQuotasNegativeTestJSON-1702975963-project] Task 'cinder.volume.flows.api.create_volume.QuotaReserveTask;volume:create' (fd66db54-9dc2-473b-bc21-ebce8041c1f4) transitioned into state 'RUNNING' from state 'PENDING' {{(pid=109337) _task_receiver /usr/local/lib/python3.8/dist-packages/taskflow/listeners/logging.py:190}}
Dec 07 18:18:15.775008 dv-cinder-820918-1-iscsi devstack@c-api.service[109338]: /usr/local/lib/python3.8/dist-packages/oslo_context/context.py:105: DeprecationWarning: Policy enforcement is depending on the value of is_admin. This key is deprecated. Please update your policy file to use the standard policy values.
Dec 07 18:18:15.775008 dv-cinder-820918-1-iscsi devstack@c-api.service[109338]: warnings.warn('Policy enforcement is depending on the value of '
Dec 07 18:18:15.846378 dv-cinder-820918-1-iscsi devstack@c-api.service[109338]: INFO cinder.api.openstack.wsgi [None req-e1441ea6-f4a2-4a69-a421-b058bfda9e2b tempest-VolumeQuotasNegativeTestJSON-324370962 tempest-VolumeQuotasNegativeTestJSON-324370962-project-admin] http://10.222.0.47/volume/v3/a8e7894460d44f33929135d631e696ad/os-quota-sets/7c2fba104d404c9c97027f8d09d166d3 returned with HTTP 200
Dec 07 18:18:15.852514 dv-cinder-820918-1-iscsi devstack@c-api.service[109338]: [pid: 109338|app: 0|req: 103/197] 10.222.0.47 () {60 vars in 1350 bytes} [Tue Dec 7 18:18:15 2021] PUT /volume/v3/a8e7894460d44f33929135d631e696ad/os-quota-sets/7c2fba104d404c9c97027f8d09d166d3 => generated 316 bytes in 106 msecs (HTTP/1.1 200) 7 headers in 285 bytes (1 switches on core 0)
Dec 07 18:18:15.865656 dv-cinder-820918-1-iscsi devstack@c-api.service[109338]: INFO cinder.api.openstack.wsgi [None req-9412f6fc-1296-4f00-b38d-02538c2c330f tempest-VolumeQuotasNegativeTestJSON-1890790780 tempest-VolumeQuotasNegativeTestJSON-1890790780-project] POST http://10.222.0.47/volume/v3/7c2fba104d404c9c97027f8d09d166d3/volumes
Dec 07 18:18:15.867004 dv-cinder-820918-1-iscsi devstack@c-api.service[109338]: DEBUG cinder.api.openstack.wsgi [None req-9412f6fc-1296-4f00-b38d-02538c2c330f tempest-VolumeQuotasNegativeTestJSON-1890790780 tempest-VolumeQuotasNegativeTestJSON-1890790780-project] Action: 'create', calling method: create, body: {"volume": {"size": 1}} {{(pid=109338) _process_stack /opt/stack/cinder/cinder/api/openstack/wsgi.py:854}}
Dec 07 18:18:15.868350 dv-cinder-820918-1-iscsi devstack@c-api.service[109338]: DEBUG cinder.api.v3.volumes [None req-9412f6fc-1296-4f00-b38d-02538c2c330f tempest-VolumeQuotasNegativeTestJSON-1890790780 tempest-VolumeQuotasNegativeTestJSON-1890790780-project] Create volume request body: {'volume': {'size': 1}} {{(pid=109338) create /opt/stack/cinder/cinder/api/v3/volumes.py:298}}
Dec 07 18:18:15.870103 dv-cinder-820918-1-iscsi devstack@c-api.service[109338]: INFO cinder.api.v3.volumes [None req-9412f6fc-1296-4f00-b38d-02538c2c330f tempest-VolumeQuotasNegativeTestJSON-1890790780 tempest-VolumeQuotasNegativeTestJSON-1890790780-project] Create volume of 1 GB
Dec 07 18:18:15.879374 dv-cinder-820918-1-iscsi devstack@c-api.service[109338]: INFO cinder.volume.api [None req-9412f6fc-1296-4f00-b38d-02538c2c330f tempest-VolumeQuotasNegativeTestJSON-1890790780 tempest-VolumeQuotasNegativeTestJSON-1890790780-project] Availability Zones retrieved successfully.
Dec 07 18:18:15.896708 dv-cinder-820918-1-iscsi devstack@c-api.service[109338]: DEBUG cinder.volume.api [None req-9412f6fc-1296-4f00-b38d-02538c2c330f tempest-VolumeQuotasNegativeTestJSON-1890790780 tempest-VolumeQuotasNegativeTestJSON-1890790780-project] Flow 'volume_create_api' (cc2b050d-6e4e-4b99-8bf9-98d8990f928e) transitioned into state 'RUNNING' from state 'PENDING' {{(pid=109338) _flow_receiver /usr/local/lib/python3.8/dist-packages/taskflow/listeners/logging.py:141}}
Dec 07 18:18:15.898809 dv-cinder-820918-1-iscsi devstack@c-api.service[109337]: DEBUG cinder.quota [None req-82225b0e-f544-4794-bbf1-0a8b0983bacc tempest-VolumeSnapshotQuotasNegativeTestJSON-1702975963 tempest-VolumeSnapshotQuotasNegativeTestJSON-1702975963-project] Created reservations ['1d230d67-1153-423a-9701-cda9db1eb8bb', '75212516-d61c-4c52-ae36-436fc6d461a1', 'c4c582fe-f07e-4a17-bb49-8c18fb151cc9', '6eb8da0e-d68b-478f-bf52-52da4465ba81'] {{(pid=109337) reserve /opt/stack/cinder/cinder/quota.py:755}}
Dec 07 18:18:15.900946 dv-cinder-820918-1-iscsi devstack@c-api.service[109338]: DEBUG cinder.volume.api [None req-9412f6fc-1296-4f00-b38d-02538c2c330f tempest-VolumeQuotasNegativeTestJSON-1890790780 tempest-VolumeQuotasNegativeTestJSON-1890790780-project] Task 'cinder.volume.flows.api.create_volume.ExtractVolumeRequestTask;volume:create' (1f452c23-c1e4-407a-b733-8752a527d3b5) transitioned into state 'RUNNING' from state 'PENDING' {{(pid=109338) _task_receiver /usr/local/lib/python3.8/dist-packages/taskflow/listeners/logging.py:190}}
Dec 07 18:18:15.903173 dv-cinder-820918-1-iscsi devstack@c-api.service[109337]: DEBUG cinder.volume.api [None req-82225b0e-f544-4794-bbf1-0a8b0983bacc tempest-VolumeSnapshotQuotasNegativeTestJSON-1702975963 tempest-VolumeSnapshotQuotasNegativeTestJSON-1702975963-project] Task 'cinder.volume.flows.api.create_volume.QuotaReserveTask;volume:create' (fd66db54-9dc2-473b-bc21-ebce8041c1f4) transitioned into state 'SUCCESS' from state 'RUNNING' with result '{'reservations': ['1d230d67-1153-423a-9701-cda9db1eb8bb', '75212516-d61c-4c52-ae36-436fc6d461a1', 'c4c582fe-f07e-4a17-bb49-8c18fb151cc9', '6eb8da0e-d68b-478f-bf52-52da4465ba81']}' {{(pid=109337) _task_receiver /usr/local/lib/python3.8/dist-packages/taskflow/listeners/logging.py:178}}
Dec 07 18:18:15.903753 dv-cinder-820918-1-iscsi devstack@c-api.service[109338]: DEBUG cinder.volume.flows.api.create_volume [None req-9412f6fc-1296-4f00-b38d-02538c2c330f tempest-VolumeQuotasNegativeTestJSON-1890790780 tempest-VolumeQuotasNegativeTestJSON-1890790780-project] Validating volume size '1' using validate_int {{(pid=109338) _extract_size /opt/stack/cinder/cinder/volume/flows/api/create_volume.py:225}}
Dec 07 18:18:15.905228 dv-cinder-820918-1-iscsi devstack@c-api.service[109337]: DEBUG cinder.volume.api [None req-82225b0e-f544-4794-bbf1-0a8b0983bacc tempest-VolumeSnapshotQuotasNegativeTestJSON-1702975963 tempest-VolumeSnapshotQuotasNegativeTestJSON-1702975963-project] Task 'cinder.volume.flows.api.create_volume.EntryCreateTask;volume:create' (de37065c-3328-4405-be76-8e0b3dc7d0eb) transitioned into state 'RUNNING' from state 'PENDING' {{(pid=109337) _task_receiver /usr/local/lib/python3.8/dist-packages/taskflow/listeners/logging.py:190}}
Dec 07 18:18:15.940165 dv-cinder-820918-1-iscsi devstack@c-api.service[109337]: DEBUG cinder.volume.api [None req-82225b0e-f544-4794-bbf1-0a8b0983bacc tempest-VolumeSnapshotQuotasNegativeTestJSON-1702975963 tempest-VolumeSnapshotQuotasNegativeTestJSON-1702975963-project] Task 'cinder.volume.flows.api.create_volume.EntryCreateTask;volume:create' (de37065c-3328-4405-be76-8e0b3dc7d0eb) transitioned into state 'SUCCESS' from state 'RUNNING' with result '{'volume_id': '4bff55fe-6862-4957-80ca-e488d9e0ad9a', 'volume_properties': VolumeProperties(attach_status='detached',availability_zone='nova',cgsnapshot_id=None,consistencygroup_id=None,display_description=None,display_name='tempest-VolumeSnapshotQuotasNegativeTestJSON-Volume-1144847653',encryption_key_id=None,group_id=None,group_type_id=,metadata={},multiattach=False,project_id='cd48d5d2913049c8a3ad6126739469ef',qos_specs=None,replication_status=,reservations=['1d230d67-1153-423a-9701-cda9db1eb8bb','75212516-d61c-4c52-ae36-436fc6d461a1','c4c582fe-f07e-4a17-bb49-8c18fb151cc9','6eb8da0e-d68b-478f-bf52-52da4465ba81'],size=1,snapshot_id=None,source_replicaid=,source_volid=None,status='creating',user_id='d7945f3d2c0f468d9cc0de4f86fbafda',volume_type_id=b54c755a-1e08-4b28-8c19-688dbe1b5e0e), 'volume': Volume(_name_id=None,admin_metadata=,attach_status='detached',availability_zone='nova',bootable=False,cluster=,cluster_name=None,consistencygroup=,consistencygroup_id=None,created_at=2021-12-07T18:18:15Z,deleted=False,deleted_at=None,display_description=None,display_name='tempest-VolumeSnapshotQuotasNegativeTestJSON-Volume-1144847653',ec2_id=None,encryption_key_id=None,glance_metadata=,group=,group_id=None,host=None,id=4bff55fe-6862-4957-80ca-e488d9e0ad9a,launched_at=None,metadata={},migration_status=None,multiattach=False,previous_status=None,project_id='cd48d5d2913049c8a3ad6126739469ef',provider_auth=None,provider_geometry=None,provider_id=None,provider_location=None,replication_driver_data=None,replication_extended_status=None,replication_status=None,scheduled_at=None,service_uuid=None,shared_targets=True,size=1,snapshot_id=None,snapshots=,source_volid=None,status='creating',terminated_at=None,updated_at=None,use_quota=True,user_id='d7945f3d2c0f468d9cc0de4f86fbafda',volume_attachment=VolumeAttachmentList,volume_type=VolumeType(b54c755a-1e08-4b28-8c19-688dbe1b5e0e),volume_type_id=b54c755a-1e08-4b28-8c19-688dbe1b5e0e)}' {{(pid=109337) _task_receiver /usr/local/lib/python3.8/dist-packages/taskflow/listeners/logging.py:178}}
Dec 07 18:18:15.942379 dv-cinder-820918-1-iscsi devstack@c-api.service[109337]: DEBUG cinder.volume.api [None req-82225b0e-f544-4794-bbf1-0a8b0983bacc tempest-VolumeSnapshotQuotasNegativeTestJSON-1702975963 tempest-VolumeSnapshotQuotasNegativeTestJSON-1702975963-project] Task 'cinder.volume.flows.api.create_volume.QuotaCommitTask;volume:create' (33c3ba0a-42a1-4f52-9f1d-d75a04ae8782) transitioned into state 'RUNNING' from state 'PENDING' {{(pid=109337) _task_receiver /usr/local/lib/python3.8/dist-packages/taskflow/listeners/logging.py:190}}
Dec 07 18:18:15.945971 dv-cinder-820918-1-iscsi devstack@c-api.service[109338]: DEBUG cinder.volume.api [None req-9412f6fc-1296-4f00-b38d-02538c2c330f tempest-VolumeQuotasNegativeTestJSON-1890790780 tempest-VolumeQuotasNegativeTestJSON-1890790780-project] Task 'cinder.volume.flows.api.create_volume.ExtractVolumeRequestTask;volume:create' (1f452c23-c1e4-407a-b733-8752a527d3b5) transitioned into state 'SUCCESS' from state 'RUNNING' with result '{'size': 1, 'snapshot_id': None, 'source_volid': None, 'volume_type': VolumeType(created_at=2021-12-07T18:08:13Z,deleted=False,deleted_at=None,description='Default Volume Type',extra_specs={},id=b54c755a-1e08-4b28-8c19-688dbe1b5e0e,is_public=True,name='__DEFAULT__',projects=[],qos_specs=,qos_specs_id=None,updated_at=2021-12-07T18:08:13Z), 'volume_type_id': 'b54c755a-1e08-4b28-8c19-688dbe1b5e0e', 'encryption_key_id': None, 'qos_specs': None, 'consistencygroup_id': None, 'cgsnapshot_id': None, 'group_id': None, 'replication_status': 'disabled', 'refresh_az': False, 'backup_id': None, 'multiattach': False, 'availability_zones': ['nova']}' {{(pid=109338) _task_receiver /usr/local/lib/python3.8/dist-packages/taskflow/listeners/logging.py:178}}
Dec 07 18:18:15.948842 dv-cinder-820918-1-iscsi devstack@c-api.service[109338]: DEBUG cinder.volume.api [None req-9412f6fc-1296-4f00-b38d-02538c2c330f tempest-VolumeQuotasNegativeTestJSON-1890790780 tempest-VolumeQuotasNegativeTestJSON-1890790780-project] Task 'cinder.volume.flows.api.create_volume.QuotaReserveTask;volume:create' (636cec4b-14e7-4ccc-b9d7-fb6340a9d57c) transitioned into state 'RUNNING' from state 'PENDING' {{(pid=109338) _task_receiver /usr/local/lib/python3.8/dist-packages/taskflow/listeners/logging.py:190}}
Dec 07 18:18:15.968822 dv-cinder-820918-1-iscsi devstack@c-api.service[109337]: DEBUG cinder.volume.api [None req-82225b0e-f544-4794-bbf1-0a8b0983bacc tempest-VolumeSnapshotQuotasNegativeTestJSON-1702975963 tempest-VolumeSnapshotQuotasNegativeTestJSON-1702975963-project] Task 'cinder.volume.flows.api.create_volume.QuotaCommitTask;volume:create' (33c3ba0a-42a1-4f52-9f1d-d75a04ae8782) transitioned into state 'SUCCESS' from state 'RUNNING' with result '{'volume_properties': VolumeProperties(attach_status='detached',availability_zone='nova',cgsnapshot_id=None,consistencygroup_id=None,display_description=None,display_name='tempest-VolumeSnapshotQuotasNegativeTestJSON-Volume-1144847653',encryption_key_id=None,group_id=None,group_type_id=,metadata={},multiattach=False,project_id='cd48d5d2913049c8a3ad6126739469ef',qos_specs=None,replication_status=,reservations=['1d230d67-1153-423a-9701-cda9db1eb8bb','75212516-d61c-4c52-ae36-436fc6d461a1','c4c582fe-f07e-4a17-bb49-8c18fb151cc9','6eb8da0e-d68b-478f-bf52-52da4465ba81'],size=1,snapshot_id=None,source_replicaid=,source_volid=None,status='creating',user_id='d7945f3d2c0f468d9cc0de4f86fbafda',volume_type_id=b54c755a-1e08-4b28-8c19-688dbe1b5e0e)}' {{(pid=109337) _task_receiver /usr/local/lib/python3.8/dist-packages/taskflow/listeners/logging.py:178}}
Dec 07 18:18:15.970748 dv-cinder-820918-1-iscsi devstack@c-api.service[109337]: DEBUG cinder.volume.api [None req-82225b0e-f544-4794-bbf1-0a8b0983bacc tempest-VolumeSnapshotQuotasNegativeTestJSON-1702975963 tempest-VolumeSnapshotQuotasNegativeTestJSON-1702975963-project] Task 'cinder.volume.flows.api.create_volume.VolumeCastTask;volume:create' (2bdedd6d-79b8-4462-b77c-ea04afed5067) transitioned into state 'RUNNING' from state 'PENDING' {{(pid=109337) _task_receiver /usr/local/lib/python3.8/dist-packages/taskflow/listeners/logging.py:190}}
Dec 07 18:18:15.988126 dv-cinder-820918-1-iscsi devstack@c-api.service[109337]: DEBUG cinder.volume.api [None req-82225b0e-f544-4794-bbf1-0a8b0983bacc tempest-VolumeSnapshotQuotasNegativeTestJSON-1702975963 tempest-VolumeSnapshotQuotasNegativeTestJSON-1702975963-project] Task 'cinder.volume.flows.api.create_volume.VolumeCastTask;volume:create' (2bdedd6d-79b8-4462-b77c-ea04afed5067) transitioned into state 'SUCCESS' from state 'RUNNING' with result 'None' {{(pid=109337) _task_receiver /usr/local/lib/python3.8/dist-packages/taskflow/listeners/logging.py:178}}
Dec 07 18:18:15.990535 dv-cinder-820918-1-iscsi devstack@c-api.service[109337]: DEBUG cinder.volume.api [None req-82225b0e-f544-4794-bbf1-0a8b0983bacc tempest-VolumeSnapshotQuotasNegativeTestJSON-1702975963 tempest-VolumeSnapshotQuotasNegativeTestJSON-1702975963-project] Flow 'volume_create_api' (d2dbdf41-c602-43da-8987-0a86b93e4a72) transitioned into state 'SUCCESS' from state 'RUNNING' {{(pid=109337) _flow_receiver /usr/local/lib/python3.8/dist-packages/taskflow/listeners/logging.py:141}}
Dec 07 18:18:15.991748 dv-cinder-820918-1-iscsi devstack@c-api.service[109337]: INFO cinder.volume.api [None req-82225b0e-f544-4794-bbf1-0a8b0983bacc tempest-VolumeSnapshotQuotasNegativeTestJSON-1702975963 tempest-VolumeSnapshotQuotasNegativeTestJSON-1702975963-project] Create volume request issued successfully.
Dec 07 18:18:15.991854 dv-cinder-820918-1-iscsi devstack@c-api.service[109338]: WARNING cinder.quota_utils [None req-9412f6fc-1296-4f00-b38d-02538c2c330f tempest-VolumeQuotasNegativeTestJSON-1890790780 tempest-VolumeQuotasNegativeTestJSON-1890790780-project] Quota exceeded for 7c2fba104d404c9c97027f8d09d166d3, tried to create volume (1 volumes already consumed).: cinder.exception.OverQuota: Quota exceeded for resources: ['volumes']
Dec 07 18:18:15.993040 dv-cinder-820918-1-iscsi devstack@c-api.service[109337]: INFO cinder.api.openstack.wsgi [None req-82225b0e-f544-4794-bbf1-0a8b0983bacc tempest-VolumeSnapshotQuotasNegativeTestJSON-1702975963 tempest-VolumeSnapshotQuotasNegativeTestJSON-1702975963-project] http://10.222.0.47/volume/v3/cd48d5d2913049c8a3ad6126739469ef/volumes returned with HTTP 202
Dec 07 18:18:15.993969 dv-cinder-820918-1-iscsi devstack@c-api.service[109337]: [pid: 109337|app: 0|req: 95/198] 10.222.0.47 () {60 vars in 1234 bytes} [Tue Dec 7 18:18:15 2021] POST /volume/v3/cd48d5d2913049c8a3ad6126739469ef/volumes => generated 836 bytes in 442 msecs (HTTP/1.1 202) 7 headers in 291 bytes (2 switches on core 0)
Dec 07 18:18:16.000871 dv-cinder-820918-1-iscsi devstack@c-api.service[109338]: WARNING cinder.volume.api [None req-9412f6fc-1296-4f00-b38d-02538c2c330f tempest-VolumeQuotasNegativeTestJSON-1890790780 tempest-VolumeQuotasNegativeTestJSON-1890790780-project] Task 'cinder.volume.flows.api.create_volume.QuotaReserveTask;volume:create' (636cec4b-14e7-4ccc-b9d7-fb6340a9d57c) transitioned into state 'FAILURE' from state 'RUNNING'
Dec 07 18:18:16.000871 dv-cinder-820918-1-iscsi devstack@c-api.service[109338]: Failure: cinder.exception.VolumeLimitExceeded: Maximum number of volumes allowed (1) exceeded for quota 'volumes'.
Dec 07 18:18:16.009722 dv-cinder-820918-1-iscsi devstack@c-api.service[109338]: DEBUG cinder.volume.api [None req-9412f6fc-1296-4f00-b38d-02538c2c330f tempest-VolumeQuotasNegativeTestJSON-1890790780 tempest-VolumeQuotasNegativeTestJSON-1890790780-project] Task 'cinder.volume.flows.api.create_volume.QuotaReserveTask;volume:create' (636cec4b-14e7-4ccc-b9d7-fb6340a9d57c) transitioned into state 'REVERTING' from state 'FAILURE' {{(pid=109338) _task_receiver /usr/local/lib/python3.8/dist-packages/taskflow/listeners/logging.py:190}}
Dec 07 18:18:16.010368 dv-cinder-820918-1-iscsi devstack@c-api.service[109337]: INFO cinder.api.openstack.wsgi [None req-33a19beb-7319-4315-8a98-0484bb8fb31a tempest-VolumeSnapshotQuotasNegativeTestJSON-1702975963 tempest-VolumeSnapshotQuotasNegativeTestJSON-1702975963-project] GET http://10.222.0.47/volume/v3/cd48d5d2913049c8a3ad6126739469ef/volumes/4bff55fe-6862-4957-80ca-e488d9e0ad9a
Dec 07 18:18:16.011703 dv-cinder-820918-1-iscsi devstack@c-api.service[109337]: DEBUG cinder.api.openstack.wsgi [None req-33a19beb-7319-4315-8a98-0484bb8fb31a tempest-VolumeSnapshotQuotasNegativeTestJSON-1702975963 tempest-VolumeSnapshotQuotasNegativeTestJSON-1702975963-project] Empty body provided in request {{(pid=109337) get_body /opt/stack/cinder/cinder/api/openstack/wsgi.py:703}}
Dec 07 18:18:16.011814 dv-cinder-820918-1-iscsi devstack@c-api.service[109338]: WARNING cinder.volume.api [None req-9412f6fc-1296-4f00-b38d-02538c2c330f tempest-VolumeQuotasNegativeTestJSON-1890790780 tempest-VolumeQuotasNegativeTestJSON-1890790780-project] Task 'cinder.volume.flows.api.create_volume.QuotaReserveTask;volume:create' (636cec4b-14e7-4ccc-b9d7-fb6340a9d57c) transitioned into state 'REVERTED' from state 'REVERTING' with result 'None'
