Mar 22 20:27:36.902070 dv-cinder-820578-4-iscsi devstack@c-api.service[110742]: INFO cinder.api.openstack.wsgi [req-d72072f7-490a-4a75-8be5-3e69f0a37e3d req-ec177435-a3f7-4e2c-80b8-5ed3c8e5d3fe tempest-VolumesTestJSON-1855568633 tempest-VolumesTestJSON-1855568633-project] GET http://10.222.0.65/volume/v3/17544ffff07944b28d8eb240e89f4c5a/volumes/07470cad-3ab7-48a4-a973-9bd2c0f936ab
Mar 22 20:27:36.903052 dv-cinder-820578-4-iscsi devstack@c-api.service[110742]: DEBUG cinder.api.openstack.wsgi [req-d72072f7-490a-4a75-8be5-3e69f0a37e3d req-ec177435-a3f7-4e2c-80b8-5ed3c8e5d3fe tempest-VolumesTestJSON-1855568633 tempest-VolumesTestJSON-1855568633-project] Empty body provided in request {{(pid=110742) get_body /opt/stack/cinder/cinder/api/openstack/wsgi.py:715}}
Mar 22 20:27:36.913234 dv-cinder-820578-4-iscsi devstack@c-api.service[110742]: DEBUG cinder.api.openstack.wsgi [req-d72072f7-490a-4a75-8be5-3e69f0a37e3d req-ec177435-a3f7-4e2c-80b8-5ed3c8e5d3fe tempest-VolumesTestJSON-1855568633 tempest-VolumesTestJSON-1855568633-project] Calling method 'show' {{(pid=110742) _process_stack /opt/stack/cinder/cinder/api/openstack/wsgi.py:868}}
Mar 22 20:27:36.935877 dv-cinder-820578-4-iscsi devstack@c-api.service[110742]: /usr/local/lib/python3.8/dist-packages/oslo_context/context.py:100: DeprecationWarning: Policy enforcement is depending on the value of is_admin. This key is deprecated. Please update your policy file to use the standard policy values.
Mar 22 20:27:36.935877 dv-cinder-820578-4-iscsi devstack@c-api.service[110742]: warnings.warn('Policy enforcement is depending on the value of '
Mar 22 20:27:36.975715 dv-cinder-820578-4-iscsi devstack@c-api.service[110742]: INFO cinder.volume.api [req-d72072f7-490a-4a75-8be5-3e69f0a37e3d req-ec177435-a3f7-4e2c-80b8-5ed3c8e5d3fe tempest-VolumesTestJSON-1855568633 tempest-VolumesTestJSON-1855568633-project] Volume info retrieved successfully.
Mar 22 20:27:37.001045 dv-cinder-820578-4-iscsi devstack@c-api.service[110742]: INFO cinder.api.openstack.wsgi [req-d72072f7-490a-4a75-8be5-3e69f0a37e3d req-ec177435-a3f7-4e2c-80b8-5ed3c8e5d3fe tempest-VolumesTestJSON-1855568633 tempest-VolumesTestJSON-1855568633-project] http://10.222.0.65/volume/v3/17544ffff07944b28d8eb240e89f4c5a/volumes/07470cad-3ab7-48a4-a973-9bd2c0f936ab returned with HTTP 200
Mar 22 20:27:37.024738 dv-cinder-820578-4-iscsi devstack@c-api.service[110743]: DEBUG cinder.api.middleware.request_id [None req-2b42c29f-00f1-48e1-96ba-f640bec32424 None None] RequestId filter calling following filter/app {{(pid=110743) _context_setter /opt/stack/cinder/cinder/api/middleware/request_id.py:62}}
Mar 22 20:27:37.025692 dv-cinder-820578-4-iscsi devstack@c-api.service[110742]: [pid: 110742|app: 0|req: 14/33] 10.222.0.65 () {60 vars in 1578 bytes} [Tue Mar 22 20:27:36 2022] GET /volume/v3/17544ffff07944b28d8eb240e89f4c5a/volumes/07470cad-3ab7-48a4-a973-9bd2c0f936ab => generated 922 bytes in 164 msecs (HTTP/1.1 200) 7 headers in 285 bytes (1 switches on core 0)
Mar 22 20:27:37.033673 dv-cinder-820578-4-iscsi devstack@c-api.service[110743]: INFO cinder.api.openstack.wsgi [None req-2b42c29f-00f1-48e1-96ba-f640bec32424 tempest-VolumesTestJSON-1855568633 tempest-VolumesTestJSON-1855568633-project] POST http://10.222.0.65/volume/v3/17544ffff07944b28d8eb240e89f4c5a/volumes
Mar 22 20:27:37.036282 dv-cinder-820578-4-iscsi devstack@c-api.service[110743]: DEBUG cinder.api.openstack.wsgi [None req-2b42c29f-00f1-48e1-96ba-f640bec32424 tempest-VolumesTestJSON-1855568633 tempest-VolumesTestJSON-1855568633-project] Action: 'create', calling method: create, body: {"volume": {"metadata": {"Type": "work"}, "size": 1, "display_name": "tempest-VolumesTestJSON-volume-337778108"}} {{(pid=110743) _process_stack /opt/stack/cinder/cinder/api/openstack/wsgi.py:866}}
Mar 22 20:27:37.048647 dv-cinder-820578-4-iscsi devstack@c-api.service[110743]: DEBUG cinder.api.v3.volumes [None req-2b42c29f-00f1-48e1-96ba-f640bec32424 tempest-VolumesTestJSON-1855568633 tempest-VolumesTestJSON-1855568633-project] Create volume request body: {'volume': {'metadata': {'Type': 'work'}, 'size': 1, 'display_name': 'tempest-VolumesTestJSON-volume-337778108'}} {{(pid=110743) create /opt/stack/cinder/cinder/api/v3/volumes.py:298}}
Mar 22 20:27:37.049701 dv-cinder-820578-4-iscsi devstack@c-api.service[110743]: INFO cinder.api.v3.volumes [None req-2b42c29f-00f1-48e1-96ba-f640bec32424 tempest-VolumesTestJSON-1855568633 tempest-VolumesTestJSON-1855568633-project] Create volume of 1 GB
Mar 22 20:27:37.056440 dv-cinder-820578-4-iscsi devstack@c-api.service[110742]: DEBUG cinder.api.middleware.request_id [req-1e3674e3-fbb2-45ce-825b-6fab735b8b84 req-e02a180d-c311-44f2-b4a3-cbbe3c2ee81d None None] RequestId filter calling following filter/app {{(pid=110742) _context_setter /opt/stack/cinder/cinder/api/middleware/request_id.py:62}}
Mar 22 20:27:37.070109 dv-cinder-820578-4-iscsi devstack@c-api.service[110742]: INFO cinder.api.openstack.wsgi [req-1e3674e3-fbb2-45ce-825b-6fab735b8b84 req-e02a180d-c311-44f2-b4a3-cbbe3c2ee81d tempest-VolumesSnapshotsTestJSON-483526804 tempest-VolumesSnapshotsTestJSON-483526804-project] POST http://10.222.0.65/volume/v3/9e964c72ff114fc184147c5af1da3080/snapshots
Mar 22 20:27:37.075609 dv-cinder-820578-4-iscsi devstack@c-api.service[110742]: DEBUG cinder.api.openstack.wsgi [req-1e3674e3-fbb2-45ce-825b-6fab735b8b84 req-e02a180d-c311-44f2-b4a3-cbbe3c2ee81d tempest-VolumesSnapshotsTestJSON-483526804 tempest-VolumesSnapshotsTestJSON-483526804-project] Action: 'create', calling method: create, body: {"snapshot": {"volume_id": "21ab019d-4a05-40a7-86b5-6c70e347e561", "force": false, "name": "tempest-VolumesSnapshotsTestJSON-Snapshot-1729773620", "description": null, "metadata": {}}} {{(pid=110742) _process_stack /opt/stack/cinder/cinder/api/openstack/wsgi.py:866}}
Mar 22 20:27:37.131181 dv-cinder-820578-4-iscsi devstack@c-api.service[110743]: DEBUG cinder.volume.api [None req-2b42c29f-00f1-48e1-96ba-f640bec32424 tempest-VolumesTestJSON-1855568633 tempest-VolumesTestJSON-1855568633-project] Availability zone cache updated, next update will occur around 2022-03-22 21:27:37.118756. {{(pid=110743) list_availability_zones /opt/stack/cinder/cinder/volume/api.py:152}}
Mar 22 20:27:37.131813 dv-cinder-820578-4-iscsi devstack@c-api.service[110743]: INFO cinder.volume.api [None req-2b42c29f-00f1-48e1-96ba-f640bec32424 tempest-VolumesTestJSON-1855568633 tempest-VolumesTestJSON-1855568633-project] Availability Zones retrieved successfully.
Mar 22 20:27:37.165781 dv-cinder-820578-4-iscsi devstack@c-api.service[110742]: /usr/local/lib/python3.8/dist-packages/oslo_context/context.py:100: DeprecationWarning: Policy enforcement is depending on the value of is_admin. This key is deprecated. Please update your policy file to use the standard policy values.
Mar 22 20:27:37.165781 dv-cinder-820578-4-iscsi devstack@c-api.service[110742]: warnings.warn('Policy enforcement is depending on the value of '
Mar 22 20:27:37.168794 dv-cinder-820578-4-iscsi devstack@c-api.service[110742]: INFO cinder.volume.api [req-1e3674e3-fbb2-45ce-825b-6fab735b8b84 req-e02a180d-c311-44f2-b4a3-cbbe3c2ee81d tempest-VolumesSnapshotsTestJSON-483526804 tempest-VolumesSnapshotsTestJSON-483526804-project] Volume info retrieved successfully.
Mar 22 20:27:37.169984 dv-cinder-820578-4-iscsi devstack@c-api.service[110742]: INFO cinder.api.v3.snapshots [req-1e3674e3-fbb2-45ce-825b-6fab735b8b84 req-e02a180d-c311-44f2-b4a3-cbbe3c2ee81d tempest-VolumesSnapshotsTestJSON-483526804 tempest-VolumesSnapshotsTestJSON-483526804-project] Create snapshot from volume 21ab019d-4a05-40a7-86b5-6c70e347e561
Mar 22 20:27:37.237897 dv-cinder-820578-4-iscsi devstack@c-api.service[110742]: WARNING cinder.quota [req-1e3674e3-fbb2-45ce-825b-6fab735b8b84 req-e02a180d-c311-44f2-b4a3-cbbe3c2ee81d tempest-VolumesSnapshotsTestJSON-483526804 tempest-VolumesSnapshotsTestJSON-483526804-project] Deprecated: Default quota for resource: snapshots___DEFAULT__ is set by the default quota flag: quota_snapshots___DEFAULT__, it is now deprecated. Please use the default quota class for default quota.
Mar 22 20:27:37.313215 dv-cinder-820578-4-iscsi devstack@c-api.service[110743]: DEBUG cinder.volume.api [None req-2b42c29f-00f1-48e1-96ba-f640bec32424 tempest-VolumesTestJSON-1855568633 tempest-VolumesTestJSON-1855568633-project] Flow 'volume_create_api' (ccf8195b-d468-464a-b01a-27ed0b79ec0a) transitioned into state 'RUNNING' from state 'PENDING' {{(pid=110743) _flow_receiver /usr/local/lib/python3.8/dist-packages/taskflow/listeners/logging.py:141}}
Mar 22 20:27:37.324193 dv-cinder-820578-4-iscsi devstack@c-api.service[110743]: DEBUG cinder.volume.api [None req-2b42c29f-00f1-48e1-96ba-f640bec32424 tempest-VolumesTestJSON-1855568633 tempest-VolumesTestJSON-1855568633-project] Task 'cinder.volume.flows.api.create_volume.ExtractVolumeRequestTask;volume:create' (1712841e-65ef-441c-b9ea-6eb86705e6d2) transitioned into state 'RUNNING' from state 'PENDING' {{(pid=110743) _task_receiver /usr/local/lib/python3.8/dist-packages/taskflow/listeners/logging.py:190}}
Mar 22 20:27:37.336387 dv-cinder-820578-4-iscsi devstack@c-api.service[110743]: DEBUG cinder.volume.flows.api.create_volume [None req-2b42c29f-00f1-48e1-96ba-f640bec32424 tempest-VolumesTestJSON-1855568633 tempest-VolumesTestJSON-1855568633-project] Validating volume size '1' using validate_int {{(pid=110743) _extract_size /opt/stack/cinder/cinder/volume/flows/api/create_volume.py:225}}
Mar 22 20:27:37.458324 dv-cinder-820578-4-iscsi devstack@c-api.service[110743]: DEBUG cinder.volume.api [None req-2b42c29f-00f1-48e1-96ba-f640bec32424 tempest-VolumesTestJSON-1855568633 tempest-VolumesTestJSON-1855568633-project] Task 'cinder.volume.flows.api.create_volume.ExtractVolumeRequestTask;volume:create' (1712841e-65ef-441c-b9ea-6eb86705e6d2) transitioned into state 'SUCCESS' from state 'RUNNING' with result '{'size': 1, 'snapshot_id': None, 'source_volid': None, 'volume_type': VolumeType(created_at=2022-03-22T20:10:39Z,deleted=False,deleted_at=None,description='Default Volume Type',extra_specs={},id=d20b6e18-70d3-4ec1-a000-cceaba1ef766,is_public=True,name='__DEFAULT__',projects=[],qos_specs=,qos_specs_id=None,updated_at=2022-03-22T20:10:39Z), 'volume_type_id': 'd20b6e18-70d3-4ec1-a000-cceaba1ef766', 'encryption_key_id': None, 'qos_specs': None, 'consistencygroup_id': None, 'cgsnapshot_id': None, 'group_id': None, 'replication_status': 'disabled', 'refresh_az': False, 'backup_id': None, 'multiattach': False, 'availability_zones': ['nova']}' {{(pid=110743) _task_receiver /usr/local/lib/python3.8/dist-packages/taskflow/listeners/logging.py:178}}
Mar 22 20:27:37.466214 dv-cinder-820578-4-iscsi devstack@c-api.service[110743]: DEBUG cinder.volume.api [None req-2b42c29f-00f1-48e1-96ba-f640bec32424 tempest-VolumesTestJSON-1855568633 tempest-VolumesTestJSON-1855568633-project] Task 'cinder.volume.flows.api.create_volume.QuotaReserveTask;volume:create' (90d5e4a6-3e65-4616-b433-fff99357b2b2) transitioned into state 'RUNNING' from state 'PENDING' {{(pid=110743) _task_receiver /usr/local/lib/python3.8/dist-packages/taskflow/listeners/logging.py:190}}
Mar 22 20:27:37.530577 dv-cinder-820578-4-iscsi devstack@c-api.service[110742]: DEBUG cinder.quota [req-1e3674e3-fbb2-45ce-825b-6fab735b8b84 req-e02a180d-c311-44f2-b4a3-cbbe3c2ee81d tempest-VolumesSnapshotsTestJSON-483526804 tempest-VolumesSnapshotsTestJSON-483526804-project] Created reservations ['961c6759-edfd-4bcc-8987-6ce82f47f9e9', 'eb4f72d2-36bf-4dd4-b808-acc1a5c2f3fa', 'a1f8b42a-928b-4a9e-a74b-075a898b164d', 'b69d9e42-d425-4675-b17a-18277d267a38'] {{(pid=110742) reserve /opt/stack/cinder/cinder/quota.py:755}}
Mar 22 20:27:37.614179 dv-cinder-820578-4-iscsi devstack@c-api.service[110743]: WARNING cinder.quota [None req-2b42c29f-00f1-48e1-96ba-f640bec32424 tempest-VolumesTestJSON-1855568633 tempest-VolumesTestJSON-1855568633-project] Deprecated: Default quota for resource: volumes___DEFAULT__ is set by the default quota flag: quota_volumes___DEFAULT__, it is now deprecated. Please use the default quota class for default quota.
Mar 22 20:27:37.618191 dv-cinder-820578-4-iscsi devstack@c-api.service[110743]: WARNING cinder.quota [None req-2b42c29f-00f1-48e1-96ba-f640bec32424 tempest-VolumesTestJSON-1855568633 tempest-VolumesTestJSON-1855568633-project] Deprecated: Default quota for resource: gigabytes___DEFAULT__ is set by the default quota flag: quota_gigabytes___DEFAULT__, it is now deprecated. Please use the default quota class for default quota.
Mar 22 20:27:37.789867 dv-cinder-820578-4-iscsi devstack@c-api.service[110743]: DEBUG cinder.quota [None req-2b42c29f-00f1-48e1-96ba-f640bec32424 tempest-VolumesTestJSON-1855568633 tempest-VolumesTestJSON-1855568633-project] Created reservations ['88cf148a-8179-4da9-a56f-58ce23a4672b', 'ea4f3ba8-1565-45ec-9389-c1b7e327a730', 'dd2a7246-d39b-41a7-a32f-8dc5cd8d1bf5', 'eeec860f-8f0f-4c68-8d0a-3d0a5616d25c'] {{(pid=110743) reserve /opt/stack/cinder/cinder/quota.py:755}}
Mar 22 20:27:37.796686 dv-cinder-820578-4-iscsi devstack@c-api.service[110743]: DEBUG cinder.volume.api [None req-2b42c29f-00f1-48e1-96ba-f640bec32424 tempest-VolumesTestJSON-1855568633 tempest-VolumesTestJSON-1855568633-project] Task 'cinder.volume.flows.api.create_volume.QuotaReserveTask;volume:create' (90d5e4a6-3e65-4616-b433-fff99357b2b2) transitioned into state 'SUCCESS' from state 'RUNNING' with result '{'reservations': ['88cf148a-8179-4da9-a56f-58ce23a4672b', 'ea4f3ba8-1565-45ec-9389-c1b7e327a730', 'dd2a7246-d39b-41a7-a32f-8dc5cd8d1bf5', 'eeec860f-8f0f-4c68-8d0a-3d0a5616d25c']}' {{(pid=110743) _task_receiver /usr/local/lib/python3.8/dist-packages/taskflow/listeners/logging.py:178}}
Mar 22 20:27:37.806275 dv-cinder-820578-4-iscsi devstack@c-api.service[110743]: DEBUG cinder.volume.api [None req-2b42c29f-00f1-48e1-96ba-f640bec32424 tempest-VolumesTestJSON-1855568633 tempest-VolumesTestJSON-1855568633-project] Task 'cinder.volume.flows.api.create_volume.EntryCreateTask;volume:create' (bb03dd69-149c-4019-bc7b-aee7e75c312d) transitioned into state 'RUNNING' from state 'PENDING' {{(pid=110743) _task_receiver /usr/local/lib/python3.8/dist-packages/taskflow/listeners/logging.py:190}}
Mar 22 20:27:38.053952 dv-cinder-820578-4-iscsi devstack@c-api.service[110743]: DEBUG cinder.volume.api [None req-2b42c29f-00f1-48e1-96ba-f640bec32424 tempest-VolumesTestJSON-1855568633 tempest-VolumesTestJSON-1855568633-project] Task 'cinder.volume.flows.api.create_volume.EntryCreateTask;volume:create' (bb03dd69-149c-4019-bc7b-aee7e75c312d) transitioned into state 'SUCCESS' from state 'RUNNING' with result '{'volume_id': 'bfe1516d-6ba2-4f68-8ef8-5b0154544903', 'volume_properties': VolumeProperties(attach_status='detached',availability_zone='nova',cgsnapshot_id=None,consistencygroup_id=None,display_description=None,display_name='tempest-VolumesTestJSON-volume-337778108',encryption_key_id=None,group_id=None,group_type_id=,metadata={Type='work'},multiattach=False,project_id='17544ffff07944b28d8eb240e89f4c5a',qos_specs=None,replication_status=,reservations=['88cf148a-8179-4da9-a56f-58ce23a4672b','ea4f3ba8-1565-45ec-9389-c1b7e327a730','dd2a7246-d39b-41a7-a32f-8dc5cd8d1bf5','eeec860f-8f0f-4c68-8d0a-3d0a5616d25c'],size=1,snapshot_id=None,source_replicaid=,source_volid=None,status='creating',user_id='19a0d776d7a0438db7f3c72808144a4e',volume_type_id=d20b6e18-70d3-4ec1-a000-cceaba1ef766), 'volume': Volume(_name_id=None,admin_metadata=,attach_status='detached',availability_zone='nova',bootable=False,cluster=,cluster_name=None,consistencygroup=,consistencygroup_id=None,created_at=2022-03-22T20:27:37Z,deleted=False,deleted_at=None,display_description=None,display_name='tempest-VolumesTestJSON-volume-337778108',ec2_id=None,encryption_key_id=None,glance_metadata=,group=,group_id=None,host=None,id=bfe1516d-6ba2-4f68-8ef8-5b0154544903,launched_at=None,metadata={Type='work'},migration_status=None,multiattach=False,previous_status=None,project_id='17544ffff07944b28d8eb240e89f4c5a',provider_auth=None,provider_geometry=None,provider_id=None,provider_location=None,replication_driver_data=None,replication_extended_status=None,replication_status=None,scheduled_at=None,service_uuid=None,shared_targets=True,size=1,snapshot_id=None,snapshots=,source_volid=None,status='creating',terminated_at=None,updated_at=None,use_quota=True,user_id='19a0d776d7a0438db7f3c72808144a4e',volume_attachment=VolumeAttachmentList,volume_type=VolumeType(d20b6e18-70d3-4ec1-a000-cceaba1ef766),volume_type_id=d20b6e18-70d3-4ec1-a000-cceaba1ef766)}' {{(pid=110743) _task_receiver /usr/local/lib/python3.8/dist-packages/taskflow/listeners/logging.py:178}}
Mar 22 20:27:38.060282 dv-cinder-820578-4-iscsi devstack@c-api.service[110743]: DEBUG cinder.volume.api [None req-2b42c29f-00f1-48e1-96ba-f640bec32424 tempest-VolumesTestJSON-1855568633 tempest-VolumesTestJSON-1855568633-project] Task 'cinder.volume.flows.api.create_volume.QuotaCommitTask;volume:create' (6b4d13df-2034-4fdb-84a2-e064524937fb) transitioned into state 'RUNNING' from state 'PENDING' {{(pid=110743) _task_receiver /usr/local/lib/python3.8/dist-packages/taskflow/listeners/logging.py:190}}
Mar 22 20:27:38.122262 dv-cinder-820578-4-iscsi devstack@c-api.service[110742]: INFO cinder.volume.api [req-1e3674e3-fbb2-45ce-825b-6fab735b8b84 req-e02a180d-c311-44f2-b4a3-cbbe3c2ee81d tempest-VolumesSnapshotsTestJSON-483526804 tempest-VolumesSnapshotsTestJSON-483526804-project] Snapshot create request issued successfully.
Mar 22 20:27:38.127418 dv-cinder-820578-4-iscsi devstack@c-api.service[110742]: INFO cinder.api.openstack.wsgi [req-1e3674e3-fbb2-45ce-825b-6fab735b8b84 req-e02a180d-c311-44f2-b4a3-cbbe3c2ee81d tempest-VolumesSnapshotsTestJSON-483526804 tempest-VolumesSnapshotsTestJSON-483526804-project] http://10.222.0.65/volume/v3/9e964c72ff114fc184147c5af1da3080/snapshots returned with HTTP 202
Mar 22 20:27:38.136230 dv-cinder-820578-4-iscsi devstack@c-api.service[110742]: [pid: 110742|app: 0|req: 15/34] 10.222.0.65 () {64 vars in 1527 bytes} [Tue Mar 22 20:27:37 2022] POST /volume/v3/9e964c72ff114fc184147c5af1da3080/snapshots => generated 311 bytes in 1082 msecs (HTTP/1.1 202) 7 headers in 291 bytes (2 switches on core 0)
Mar 22 20:27:38.206273 dv-cinder-820578-4-iscsi devstack@c-api.service[110742]: DEBUG cinder.api.middleware.request_id [req-77a0fd09-e907-4e15-b41a-30e589f2c6a0 req-b7995aba-aca5-4043-8217-31c1c5acdb38 None None] RequestId filter calling following filter/app {{(pid=110742) _context_setter /opt/stack/cinder/cinder/api/middleware/request_id.py:62}}
Mar 22 20:27:38.218835 dv-cinder-820578-4-iscsi devstack@c-api.service[110742]: INFO cinder.api.openstack.wsgi [req-77a0fd09-e907-4e15-b41a-30e589f2c6a0 req-b7995aba-aca5-4043-8217-31c1c5acdb38 tempest-VolumesSnapshotsTestJSON-483526804 tempest-VolumesSnapshotsTestJSON-483526804-project] GET http://10.222.0.65/volume/v3/9e964c72ff114fc184147c5af1da3080/snapshots/5e0b166b-1156-42d0-9f88-f43bc0126f78
Mar 22 20:27:38.227631 dv-cinder-820578-4-iscsi devstack@c-api.service[110742]: DEBUG cinder.api.openstack.wsgi [req-77a0fd09-e907-4e15-b41a-30e589f2c6a0 req-b7995aba-aca5-4043-8217-31c1c5acdb38 tempest-VolumesSnapshotsTestJSON-483526804 tempest-VolumesSnapshotsTestJSON-483526804-project] Empty body provided in request {{(pid=110742) get_body /opt/stack/cinder/cinder/api/openstack/wsgi.py:715}}
Mar 22 20:27:38.228947 dv-cinder-820578-4-iscsi devstack@c-api.service[110742]: DEBUG cinder.api.openstack.wsgi [req-77a0fd09-e907-4e15-b41a-30e589f2c6a0 req-b7995aba-aca5-4043-8217-31c1c5acdb38 tempest-VolumesSnapshotsTestJSON-483526804 tempest-VolumesSnapshotsTestJSON-483526804-project] Calling method 'show' {{(pid=110742) _process_stack /opt/stack/cinder/cinder/api/openstack/wsgi.py:868}}
Mar 22 20:27:38.264450 dv-cinder-820578-4-iscsi devstack@c-api.service[110743]: DEBUG cinder.volume.api [None req-2b42c29f-00f1-48e1-96ba-f640bec32424 tempest-VolumesTestJSON-1855568633 tempest-VolumesTestJSON-1855568633-project] Task 'cinder.volume.flows.api.create_volume.QuotaCommitTask;volume:create' (6b4d13df-2034-4fdb-84a2-e064524937fb) transitioned into state 'SUCCESS' from state 'RUNNING' with result '{'volume_properties': VolumeProperties(attach_status='detached',availability_zone='nova',cgsnapshot_id=None,consistencygroup_id=None,display_description=None,display_name='tempest-VolumesTestJSON-volume-337778108',encryption_key_id=None,group_id=None,group_type_id=,metadata={Type='work'},multiattach=False,project_id='17544ffff07944b28d8eb240e89f4c5a',qos_specs=None,replication_status=,reservations=['88cf148a-8179-4da9-a56f-58ce23a4672b','ea4f3ba8-1565-45ec-9389-c1b7e327a730','dd2a7246-d39b-41a7-a32f-8dc5cd8d1bf5','eeec860f-8f0f-4c68-8d0a-3d0a5616d25c'],size=1,snapshot_id=None,source_replicaid=,source_volid=None,status='creating',user_id='19a0d776d7a0438db7f3c72808144a4e',volume_type_id=d20b6e18-70d3-4ec1-a000-cceaba1ef766)}' {{(pid=110743) _task_receiver /usr/local/lib/python3.8/dist-packages/taskflow/listeners/logging.py:178}}
Mar 22 20:27:38.268564 dv-cinder-820578-4-iscsi devstack@c-api.service[110743]: DEBUG cinder.volume.api [None req-2b42c29f-00f1-48e1-96ba-f640bec32424 tempest-VolumesTestJSON-1855568633 tempest-VolumesTestJSON-1855568633-project] Task 'cinder.volume.flows.api.create_volume.VolumeCastTask;volume:create' (81cdb5c1-807e-49da-8ef0-c5484edda351) transitioned into state 'RUNNING' from state 'PENDING' {{(pid=110743) _task_receiver /usr/local/lib/python3.8/dist-packages/taskflow/listeners/logging.py:190}}
Mar 22 20:27:38.269059 dv-cinder-820578-4-iscsi devstack@c-api.service[110742]: /usr/local/lib/python3.8/dist-packages/oslo_context/context.py:100: DeprecationWarning: Policy enforcement is depending on the value of is_admin. This key is deprecated. Please update your policy file to use the standard policy values.
Mar 22 20:27:38.269059 dv-cinder-820578-4-iscsi devstack@c-api.service[110742]: warnings.warn('Policy enforcement is depending on the value of '
Mar 22 20:27:38.278249 dv-cinder-820578-4-iscsi devstack@c-api.service[110742]: INFO cinder.volume.api [req-77a0fd09-e907-4e15-b41a-30e589f2c6a0 req-b7995aba-aca5-4043-8217-31c1c5acdb38 tempest-VolumesSnapshotsTestJSON-483526804 tempest-VolumesSnapshotsTestJSON-483526804-project] Snapshot retrieved successfully.
Mar 22 20:27:38.290357 dv-cinder-820578-4-iscsi devstack@c-api.service[110742]: INFO cinder.api.openstack.wsgi [req-77a0fd09-e907-4e15-b41a-30e589f2c6a0 req-b7995aba-aca5-4043-8217-31c1c5acdb38 tempest-VolumesSnapshotsTestJSON-483526804 tempest-VolumesSnapshotsTestJSON-483526804-project] http://10.222.0.65/volume/v3/9e964c72ff114fc184147c5af1da3080/snapshots/5e0b166b-1156-42d0-9f88-f43bc0126f78 returned with HTTP 200
Mar 22 20:27:38.305017 dv-cinder-820578-4-iscsi devstack@c-api.service[110742]: [pid: 110742|app: 0|req: 16/35] 10.222.0.65 () {60 vars in 1584 bytes} [Tue Mar 22 20:27:38 2022] GET /volume/v3/9e964c72ff114fc184147c5af1da3080/snapshots/5e0b166b-1156-42d0-9f88-f43bc0126f78 => generated 443 bytes in 91 msecs (HTTP/1.1 200) 7 headers in 285 bytes (2 switches on core 0)
Mar 22 20:27:38.378052 dv-cinder-820578-4-iscsi devstack@c-api.service[110742]: DEBUG cinder.api.middleware.request_id [req-e9f6cc25-a4bb-4654-8954-823245fc6443 req-cde1f567-8bd6-4d27-be11-228d58243bd5 None None] RequestId filter calling following filter/app {{(pid=110742) _context_setter /opt/stack/cinder/cinder/api/middleware/request_id.py:62}}
Mar 22 20:27:38.383014 dv-cinder-820578-4-iscsi devstack@c-api.service[110742]: INFO cinder.api.openstack.wsgi [req-e9f6cc25-a4bb-4654-8954-823245fc6443 req-cde1f567-8bd6-4d27-be11-228d58243bd5 tempest-VolumesSnapshotsTestJSON-483526804 tempest-VolumesSnapshotsTestJSON-483526804-project] GET http://10.222.0.65/volume/v3/9e964c72ff114fc184147c5af1da3080/snapshots/detail
Mar 22 20:27:38.383581 dv-cinder-820578-4-iscsi devstack@c-api.service[110742]: DEBUG cinder.api.openstack.wsgi [req-e9f6cc25-a4bb-4654-8954-823245fc6443 req-cde1f567-8bd6-4d27-be11-228d58243bd5 tempest-VolumesSnapshotsTestJSON-483526804 tempest-VolumesSnapshotsTestJSON-483526804-project] Empty body provided in request {{(pid=110742) get_body /opt/stack/cinder/cinder/api/openstack/wsgi.py:715}}
Mar 22 20:27:38.384057 dv-cinder-820578-4-iscsi devstack@c-api.service[110742]: DEBUG cinder.api.openstack.wsgi [req-e9f6cc25-a4bb-4654-8954-823245fc6443 req-cde1f567-8bd6-4d27-be11-228d58243bd5 tempest-VolumesSnapshotsTestJSON-483526804 tempest-VolumesSnapshotsTestJSON-483526804-project] Calling method 'detail' {{(pid=110742) _process_stack /opt/stack/cinder/cinder/api/openstack/wsgi.py:868}}
Mar 22 20:27:38.385169 dv-cinder-820578-4-iscsi devstack@c-api.service[110742]: DEBUG cinder.api.api_utils [req-e9f6cc25-a4bb-4654-8954-823245fc6443 req-cde1f567-8bd6-4d27-be11-228d58243bd5 tempest-VolumesSnapshotsTestJSON-483526804 tempest-VolumesSnapshotsTestJSON-483526804-project] Removing options '' from query. {{(pid=110742) remove_invalid_filter_options /opt/stack/cinder/cinder/api/api_utils.py:73}}
Mar 22 20:27:38.387833 dv-cinder-820578-4-iscsi devstack@c-api.service[110742]: DEBUG cinder.db.sqlalchemy.api [req-e9f6cc25-a4bb-4654-8954-823245fc6443 req-cde1f567-8bd6-4d27-be11-228d58243bd5 tempest-VolumesSnapshotsTestJSON-483526804 tempest-VolumesSnapshotsTestJSON-483526804-project] Building query based on filter {{(pid=110742) _process_snaps_filters /opt/stack/cinder/cinder/db/sqlalchemy/api.py:3378}}
Mar 22 20:27:38.419353 dv-cinder-820578-4-iscsi devstack@c-api.service[110742]: INFO cinder.volume.api [req-e9f6cc25-a4bb-4654-8954-823245fc6443 req-cde1f567-8bd6-4d27-be11-228d58243bd5 tempest-VolumesSnapshotsTestJSON-483526804 tempest-VolumesSnapshotsTestJSON-483526804-project] Get all snapshots completed successfully.
Mar 22 20:27:38.421446 dv-cinder-820578-4-iscsi devstack@c-api.service[110742]: /usr/local/lib/python3.8/dist-packages/oslo_context/context.py:100: DeprecationWarning: Policy enforcement is depending on the value of is_admin. This key is deprecated. Please update your policy file to use the standard policy values.
Mar 22 20:27:38.421446 dv-cinder-820578-4-iscsi devstack@c-api.service[110742]: warnings.warn('Policy enforcement is depending on the value of '
Mar 22 20:27:38.425724 dv-cinder-820578-4-iscsi devstack@c-api.service[110742]: INFO cinder.api.openstack.wsgi [req-e9f6cc25-a4bb-4654-8954-823245fc6443 req-cde1f567-8bd6-4d27-be11-228d58243bd5 tempest-VolumesSnapshotsTestJSON-483526804 tempest-VolumesSnapshotsTestJSON-483526804-project] http://10.222.0.65/volume/v3/9e964c72ff114fc184147c5af1da3080/snapshots/detail returned with HTTP 200
Mar 22 20:27:38.428199 dv-cinder-820578-4-iscsi devstack@c-api.service[110742]: [pid: 110742|app: 0|req: 17/36] 10.222.0.65 () {60 vars in 1494 bytes} [Tue Mar 22 20:27:38 2022] GET /volume/v3/9e964c72ff114fc184147c5af1da3080/snapshots/detail => generated 446 bytes in 51 msecs (HTTP/1.1 200) 7 headers in 285 bytes (1 switches on core 0)
Mar 22 20:27:38.469432 dv-cinder-820578-4-iscsi devstack@c-api.service[110743]: DEBUG cinder.volume.api [None req-2b42c29f-00f1-48e1-96ba-f640bec32424 tempest-VolumesTestJSON-1855568633 tempest-VolumesTestJSON-1855568633-project] Task 'cinder.volume.flows.api.create_volume.VolumeCastTask;volume:create' (81cdb5c1-807e-49da-8ef0-c5484edda351) transitioned into state 'SUCCESS' from state 'RUNNING' with result 'None' {{(pid=110743) _task_receiver /usr/local/lib/python3.8/dist-packages/taskflow/listeners/logging.py:178}}
Mar 22 20:27:38.475468 dv-cinder-820578-4-iscsi devstack@c-api.service[110743]: DEBUG cinder.volume.api [None req-2b42c29f-00f1-48e1-96ba-f640bec32424 tempest-VolumesTestJSON-1855568633 tempest-VolumesTestJSON-1855568633-project] Flow 'volume_create_api' (ccf8195b-d468-464a-b01a-27ed0b79ec0a) transitioned into state 'SUCCESS' from state 'RUNNING' {{(pid=110743) _flow_receiver /usr/local/lib/python3.8/dist-packages/taskflow/listeners/logging.py:141}}
Mar 22 20:27:38.477067 dv-cinder-820578-4-iscsi devstack@c-api.service[110743]: INFO cinder.volume.api [None req-2b42c29f-00f1-48e1-96ba-f640bec32424 tempest-VolumesTestJSON-1855568633 tempest-VolumesTestJSON-1855568633-project] Create volume request issued successfully.
Mar 22 20:27:38.481761 dv-cinder-820578-4-iscsi devstack@c-api.service[110743]: INFO cinder.api.openstack.wsgi [None req-2b42c29f-00f1-48e1-96ba-f640bec32424 tempest-VolumesTestJSON-1855568633 tempest-VolumesTestJSON-1855568633-project] http://10.222.0.65/volume/v3/17544ffff07944b28d8eb240e89f4c5a/volumes returned with HTTP 202
Mar 22 20:27:38.499126 dv-cinder-820578-4-iscsi devstack@c-api.service[110743]: [pid: 110743|app: 0|req: 20/37] 10.222.0.65 () {60 vars in 1235 bytes} [Tue Mar 22 20:27:37 2022] POST /volume/v3/17544ffff07944b28d8eb240e89f4c5a/volumes => generated 828 bytes in 1461 msecs (HTTP/1.1 202) 7 headers in 291 bytes (2 switches on core 0)
Mar 22 20:27:38.499593 dv-cinder-820578-4-iscsi devstack@c-api.service[110742]: DEBUG cinder.api.middleware.request_id [req-59105337-1f4d-4843-92a6-fdfd76548e88 req-485aa1ce-6cd8-486f-8131-907736e5ad1b None None] RequestId filter calling following filter/app {{(pid=110742) _context_setter /opt/stack/cinder/cinder/api/middleware/request_id.py:62}}
Mar 22 20:27:38.499593 dv-cinder-820578-4-iscsi devstack@c-api.service[110742]: INFO cinder.api.openstack.wsgi [req-59105337-1f4d-4843-92a6-fdfd76548e88 req-485aa1ce-6cd8-486f-8131-907736e5ad1b tempest-VolumesSnapshotsTestJSON-483526804 tempest-VolumesSnapshotsTestJSON-483526804-project] GET http://10.222.0.65/volume/v3/9e964c72ff114fc184147c5af1da3080/snapshots/5e0b166b-1156-42d0-9f88-f43bc0126f78
Mar 22 20:27:38.499593 dv-cinder-820578-4-iscsi devstack@c-api.service[110742]: DEBUG cinder.api.openstack.wsgi [req-59105337-1f4d-4843-92a6-fdfd76548e88 req-485aa1ce-6cd8-486f-8131-907736e5ad1b tempest-VolumesSnapshotsTestJSON-483526804 tempest-VolumesSnapshotsTestJSON-483526804-project] Empty body provided in request {{(pid=110742) get_body /opt/stack/cinder/cinder/api/openstack/wsgi.py:715}}
Mar 22 20:27:38.499593 dv-cinder-820578-4-iscsi devstack@c-api.service[110742]: DEBUG cinder.api.openstack.wsgi [req-59105337-1f4d-4843-92a6-fdfd76548e88 req-485aa1ce-6cd8-486f-8131-907736e5ad1b tempest-VolumesSnapshotsTestJSON-483526804 tempest-VolumesSnapshotsTestJSON-483526804-project] Calling method 'show' {{(pid=110742) _process_stack /opt/stack/cinder/cinder/api/openstack/wsgi.py:868}}
Mar 22 20:27:38.504078 dv-cinder-820578-4-iscsi devstack@c-api.service[110743]: DEBUG cinder.api.middleware.request_id [None req-9fa075d5-6ac0-4f86-9c31-a05a304b3b66 None None] RequestId filter calling following filter/app {{(pid=110743) _context_setter /opt/stack/cinder/cinder/api/middleware/request_id.py:62}}
Mar 22 20:27:38.522638 dv-cinder-820578-4-iscsi devstack@c-api.service[110742]: /usr/local/lib/python3.8/dist-packages/oslo_context/context.py:100: DeprecationWarning: Policy enforcement is depending on the value of is_admin. This key is deprecated. Please update your policy file to use the standard policy values.
Mar 22 20:27:38.522638 dv-cinder-820578-4-iscsi devstack@c-api.service[110742]: warnings.warn('Policy enforcement is depending on the value of '
Mar 22 20:27:38.523566 dv-cinder-820578-4-iscsi devstack@c-api.service[110742]: INFO cinder.volume.api [req-59105337-1f4d-4843-92a6-fdfd76548e88 req-485aa1ce-6cd8-486f-8131-907736e5ad1b tempest-VolumesSnapshotsTestJSON-483526804 tempest-VolumesSnapshotsTestJSON-483526804-project] Snapshot retrieved successfully.
Mar 22 20:27:38.525587 dv-cinder-820578-4-iscsi devstack@c-api.service[110742]: INFO cinder.api.openstack.wsgi [req-59105337-1f4d-4843-92a6-fdfd76548e88 req-485aa1ce-6cd8-486f-8131-907736e5ad1b tempest-VolumesSnapshotsTestJSON-483526804 tempest-VolumesSnapshotsTestJSON-483526804-project] http://10.222.0.65/volume/v3/9e964c72ff114fc184147c5af1da3080/snapshots/5e0b166b-1156-42d0-9f88-f43bc0126f78 returned with HTTP 200
Mar 22 20:27:38.526962 dv-cinder-820578-4-iscsi devstack@c-api.service[110742]: [pid: 110742|app: 0|req: 18/38] 10.222.0.65 () {60 vars in 1584 bytes} [Tue Mar 22 20:27:38 2022] GET /volume/v3/9e964c72ff114fc184147c5af1da3080/snapshots/5e0b166b-1156-42d0-9f88-f43bc0126f78 => generated 443 bytes in 42 msecs (HTTP/1.1 200) 7 headers in 285 bytes (2 switches on core 0)
Mar 22 20:27:38.539120 dv-cinder-820578-4-iscsi devstack@c-api.service[110743]: INFO cinder.api.openstack.wsgi [None req-9fa075d5-6ac0-4f86-9c31-a05a304b3b66 tempest-VolumesTestJSON-1855568633 tempest-VolumesTestJSON-1855568633-project] GET http://10.222.0.65/volume/v3/17544ffff07944b28d8eb240e89f4c5a/volumes/bfe1516d-6ba2-4f68-8ef8-5b0154544903
Mar 22 20:27:38.544143 dv-cinder-820578-4-iscsi devstack@c-api.service[110743]: DEBUG cinder.api.openstack.wsgi [None req-9fa075d5-6ac0-4f86-9c31-a05a304b3b66 tempest-VolumesTestJSON-1855568633 tempest-VolumesTestJSON-1855568633-project] Empty body provided in request {{(pid=110743) get_body /opt/stack/cinder/cinder/api/openstack/wsgi.py:715}}
Mar 22 20:27:38.546246 dv-cinder-820578-4-iscsi devstack@c-api.service[110743]: DEBUG cinder.api.openstack.wsgi [None req-9fa075d5-6ac0-4f86-9c31-a05a304b3b66 tempest-VolumesTestJSON-1855568633 tempest-VolumesTestJSON-1855568633-project] Calling method 'show' {{(pid=110743) _process_stack /opt/stack/cinder/cinder/api/openstack/wsgi.py:868}}
Mar 22 20:27:38.634686 dv-cinder-820578-4-iscsi devstack@c-api.service[110743]: /usr/local/lib/python3.8/dist-packages/oslo_context/context.py:100: DeprecationWarning: Policy enforcement is depending on the value of is_admin. This key is deprecated. Please update your policy file to use the standard policy values.
Mar 22 20:27:38.634686 dv-cinder-820578-4-iscsi devstack@c-api.service[110743]: warnings.warn('Policy enforcement is depending on the value of '
Mar 22 20:27:38.669292 dv-cinder-820578-4-iscsi devstack@c-api.service[110743]: INFO cinder.volume.api [None req-9fa075d5-6ac0-4f86-9c31-a05a304b3b66 tempest-VolumesTestJSON-1855568633 tempest-VolumesTestJSON-1855568633-project] Volume info retrieved successfully.
Mar 22 20:27:38.713551 dv-cinder-820578-4-iscsi devstack@c-api.service[110743]: INFO cinder.api.openstack.wsgi [None req-9fa075d5-6ac0-4f86-9c31-a05a304b3b66 tempest-VolumesTestJSON-1855568633 tempest-VolumesTestJSON-1855568633-project] http://10.222.0.65/volume/v3/17544ffff07944b28d8eb240e89f4c5a/volumes/bfe1516d-6ba2-4f68-8ef8-5b0154544903 returned with HTTP 200
Mar 22 20:27:38.734357 dv-cinder-820578-4-iscsi devstack@c-api.service[110743]: [pid: 110743|app: 0|req: 21/39] 10.222.0.65 () {58 vars in 1324 bytes} [Tue Mar 22 20:27:38 2022] GET /volume/v3/17544ffff07944b28d8eb240e89f4c5a/volumes/bfe1516d-6ba2-4f68-8ef8-5b0154544903 => generated 896 bytes in 218 msecs (HTTP/1.1 200) 7 headers in 285 bytes (1 switches on core 0)
Mar 22 20:27:39.586018 dv-cinder-820578-4-iscsi devstack@c-api.service[110742]: DEBUG cinder.api.middleware.request_id [req-33828667-4842-4c86-8410-9ae78f141b40 req-916435a4-5a5b-4267-b54c-43e98230472b None None] RequestId filter calling following filter/app {{(pid=110742) _context_setter /opt/stack/cinder/cinder/api/middleware/request_id.py:62}}
Mar 22 20:27:39.601781 dv-cinder-820578-4-iscsi devstack@c-api.service[110742]: INFO cinder.api.openstack.wsgi [req-33828667-4842-4c86-8410-9ae78f141b40 req-916435a4-5a5b-4267-b54c-43e98230472b tempest-VolumesSnapshotsTestJSON-483526804 tempest-VolumesSnapshotsTestJSON-483526804-project] GET http://10.222.0.65/volume/v3/9e964c72ff114fc184147c5af1da3080/snapshots/5e0b166b-1156-42d0-9f88-f43bc0126f78
Mar 22 20:27:39.605175 dv-cinder-820578-4-iscsi devstack@c-api.service[110742]: DEBUG cinder.api.openstack.wsgi [req-33828667-4842-4c86-8410-9ae78f141b40 req-916435a4-5a5b-4267-b54c-43e98230472b tempest-VolumesSnapshotsTestJSON-483526804 tempest-VolumesSnapshotsTestJSON-483526804-project] Empty body provided in request {{(pid=110742) get_body /opt/stack/cinder/cinder/api/openstack/wsgi.py:715}}
Mar 22 20:27:39.606442 dv-cinder-820578-4-iscsi devstack@c-api.service[110742]: DEBUG cinder.api.openstack.wsgi [req-33828667-4842-4c86-8410-9ae78f141b40 req-916435a4-5a5b-4267-b54c-43e98230472b tempest-VolumesSnapshotsTestJSON-483526804 tempest-VolumesSnapshotsTestJSON-483526804-project] Calling method 'show' {{(pid=110742) _process_stack /opt/stack/cinder/cinder/api/openstack/wsgi.py:868}}
Mar 22 20:27:39.653075 dv-cinder-820578-4-iscsi devstack@c-api.service[110742]: /usr/local/lib/python3.8/dist-packages/oslo_context/context.py:100: DeprecationWarning: Policy enforcement is depending on the value of is_admin. This key is deprecated. Please update your policy file to use the standard policy values.
Mar 22 20:27:39.653075 dv-cinder-820578-4-iscsi devstack@c-api.service[110742]: warnings.warn('Policy enforcement is depending on the value of '
Mar 22 20:27:39.654699 dv-cinder-820578-4-iscsi devstack@c-api.service[110742]: INFO cinder.volume.api [req-33828667-4842-4c86-8410-9ae78f141b40 req-916435a4-5a5b-4267-b54c-43e98230472b tempest-VolumesSnapshotsTestJSON-483526804 tempest-VolumesSnapshotsTestJSON-483526804-project] Snapshot retrieved successfully.
Mar 22 20:27:39.657197 dv-cinder-820578-4-iscsi devstack@c-api.service[110742]: INFO cinder.api.openstack.wsgi [req-33828667-4842-4c86-8410-9ae78f141b40 req-916435a4-5a5b-4267-b54c-43e98230472b tempest-VolumesSnapshotsTestJSON-483526804 tempest-VolumesSnapshotsTestJSON-483526804-project] http://10.222.0.65/volume/v3/9e964c72ff114fc184147c5af1da3080/snapshots/5e0b166b-1156-42d0-9f88-f43bc0126f78 returned with HTTP 200
Mar 22 20:27:39.658672 dv-cinder-820578-4-iscsi devstack@c-api.service[110742]: [pid: 110742|app: 0|req: 19/40] 10.222.0.65 () {60 vars in 1584 bytes} [Tue Mar 22 20:27:39 2022] GET /volume/v3/9e964c72ff114fc184147c5af1da3080/snapshots/5e0b166b-1156-42d0-9f88-f43bc0126f78 => generated 443 bytes in 75 msecs (HTTP/1.1 200) 7 headers in 285 bytes (1 switches on core 0)
Mar 22 20:27:39.748146 dv-cinder-820578-4-iscsi devstack@c-api.service[110743]: DEBUG cinder.api.middleware.request_id [None req-dee72d53-bcb9-4990-a21b-c8a584745426 None None] RequestId filter calling following filter/app {{(pid=110743) _context_setter /opt/stack/cinder/cinder/api/middleware/request_id.py:62}}
Mar 22 20:27:39.761115 dv-cinder-820578-4-iscsi devstack@c-api.service[110743]: INFO cinder.api.openstack.wsgi [None req-dee72d53-bcb9-4990-a21b-c8a584745426 tempest-VolumesTestJSON-1855568633 tempest-VolumesTestJSON-1855568633-project] GET http://10.222.0.65/volume/v3/17544ffff07944b28d8eb240e89f4c5a/volumes/bfe1516d-6ba2-4f68-8ef8-5b0154544903
Mar 22 20:27:39.763119 dv-cinder-820578-4-iscsi devstack@c-api.service[110743]: DEBUG cinder.api.openstack.wsgi [None req-dee72d53-bcb9-4990-a21b-c8a584745426 tempest-VolumesTestJSON-1855568633 tempest-VolumesTestJSON-1855568633-project] Empty body provided in request {{(pid=110743) get_body /opt/stack/cinder/cinder/api/openstack/wsgi.py:715}}
Mar 22 20:27:39.765381 dv-cinder-820578-4-iscsi devstack@c-api.service[110743]: DEBUG cinder.api.openstack.wsgi [None req-dee72d53-bcb9-4990-a21b-c8a584745426 tempest-VolumesTestJSON-1855568633 tempest-VolumesTestJSON-1855568633-project] Calling method 'show' {{(pid=110743) _process_stack /opt/stack/cinder/cinder/api/openstack/wsgi.py:868}}
Mar 22 20:27:39.803040 dv-cinder-820578-4-iscsi devstack@c-api.service[110743]: /usr/local/lib/python3.8/dist-packages/oslo_context/context.py:100: DeprecationWarning: Policy enforcement is depending on the value of is_admin. This key is deprecated. Please update your policy file to use the standard policy values.
Mar 22 20:27:39.803040 dv-cinder-820578-4-iscsi devstack@c-api.service[110743]: warnings.warn('Policy enforcement is depending on the value of '
Mar 22 20:27:39.820795 dv-cinder-820578-4-iscsi devstack@c-api.service[110743]: INFO cinder.volume.api [None req-dee72d53-bcb9-4990-a21b-c8a584745426 tempest-VolumesTestJSON-1855568633 tempest-VolumesTestJSON-1855568633-project] Volume info retrieved successfully.
Mar 22 20:27:39.843779 dv-cinder-820578-4-iscsi devstack@c-api.service[110743]: INFO cinder.api.openstack.wsgi [None req-dee72d53-bcb9-4990-a21b-c8a584745426 tempest-VolumesTestJSON-1855568633 tempest-VolumesTestJSON-1855568633-project] http://10.222.0.65/volume/v3/17544ffff07944b28d8eb240e89f4c5a/volumes/bfe1516d-6ba2-4f68-8ef8-5b0154544903 returned with HTTP 200
Mar 22 20:27:39.856943 dv-cinder-820578-4-iscsi devstack@c-api.service[110743]: [pid: 110743|app: 0|req: 22/41] 10.222.0.65 () {58 vars in 1324 bytes} [Tue Mar 22 20:27:39 2022] GET /volume/v3/17544ffff07944b28d8eb240e89f4c5a/volumes/bfe1516d-6ba2-4f68-8ef8-5b0154544903 => generated 920 bytes in 103 msecs (HTTP/1.1 200) 7 headers in 285 bytes (1 switches on core 0)
Mar 22 20:27:40.710374 dv-cinder-820578-4-iscsi devstack@c-api.service[110742]: DEBUG cinder.api.middleware.request_id [req-3ea1d5ae-2569-435c-a7f7-10e47f46aac2 req-52a4a33a-3b01-4935-8560-cf990684bde9 None None] RequestId filter calling following filter/app {{(pid=110742) _context_setter /opt/stack/cinder/cinder/api/middleware/request_id.py:62}}
Mar 22 20:27:40.728855 dv-cinder-820578-4-iscsi devstack@c-api.service[110742]: INFO cinder.api.openstack.wsgi [req-3ea1d5ae-2569-435c-a7f7-10e47f46aac2 req-52a4a33a-3b01-4935-8560-cf990684bde9 tempest-VolumesSnapshotsTestJSON-483526804 tempest-VolumesSnapshotsTestJSON-483526804-project] GET http://10.222.0.65/volume/v3/9e964c72ff114fc184147c5af1da3080/snapshots/5e0b166b-1156-42d0-9f88-f43bc0126f78
Mar 22 20:27:40.732666 dv-cinder-820578-4-iscsi devstack@c-api.service[110742]: DEBUG cinder.api.openstack.wsgi [req-3ea1d5ae-2569-435c-a7f7-10e47f46aac2 req-52a4a33a-3b01-4935-8560-cf990684bde9 tempest-VolumesSnapshotsTestJSON-483526804 tempest-VolumesSnapshotsTestJSON-483526804-project] Empty body provided in request {{(pid=110742) get_body /opt/stack/cinder/cinder/api/openstack/wsgi.py:715}}
Mar 22 20:27:40.736707 dv-cinder-820578-4-iscsi devstack@c-api.service[110742]: DEBUG cinder.api.openstack.wsgi [req-3ea1d5ae-2569-435c-a7f7-10e47f46aac2 req-52a4a33a-3b01-4935-8560-cf990684bde9 tempest-VolumesSnapshotsTestJSON-483526804 tempest-VolumesSnapshotsTestJSON-483526804-project] Calling method 'show' {{(pid=110742) _process_stack /opt/stack/cinder/cinder/api/openstack/wsgi.py:868}}
Mar 22 20:27:40.790358 dv-cinder-820578-4-iscsi devstack@c-api.service[110742]: /usr/local/lib/python3.8/dist-packages/oslo_context/context.py:100: DeprecationWarning: Policy enforcement is depending on the value of is_admin. This key is deprecated. Please update your policy file to use the standard policy values.
Mar 22 20:27:40.790358 dv-cinder-820578-4-iscsi devstack@c-api.service[110742]: warnings.warn('Policy enforcement is depending on the value of '
Mar 22 20:27:40.792481 dv-cinder-820578-4-iscsi devstack@c-api.service[110742]: INFO cinder.volume.api [req-3ea1d5ae-2569-435c-a7f7-10e47f46aac2 req-52a4a33a-3b01-4935-8560-cf990684bde9 tempest-VolumesSnapshotsTestJSON-483526804 tempest-VolumesSnapshotsTestJSON-483526804-project] Snapshot retrieved successfully.
Mar 22 20:27:40.808579 dv-cinder-820578-4-iscsi devstack@c-api.service[110742]: INFO cinder.api.openstack.wsgi [req-3ea1d5ae-2569-435c-a7f7-10e47f46aac2 req-52a4a33a-3b01-4935-8560-cf990684bde9 tempest-VolumesSnapshotsTestJSON-483526804 tempest-VolumesSnapshotsTestJSON-483526804-project] http://10.222.0.65/volume/v3/9e964c72ff114fc184147c5af1da3080/snapshots/5e0b166b-1156-42d0-9f88-f43bc0126f78 returned with HTTP 200
Mar 22 20:27:40.810111 dv-cinder-820578-4-iscsi devstack@c-api.service[110742]: [pid: 110742|app: 0|req: 20/42] 10.222.0.65 () {60 vars in 1584 bytes} [Tue Mar 22 20:27:40 2022] GET /volume/v3/9e964c72ff114fc184147c5af1da3080/snapshots/5e0b166b-1156-42d0-9f88-f43bc0126f78 => generated 443 bytes in 102 msecs (HTTP/1.1 200) 7 headers in 285 bytes (1 switches on core 0)
Mar 22 20:27:40.868867 dv-cinder-820578-4-iscsi devstack@c-api.service[110743]: DEBUG cinder.api.middleware.request_id [None req-23eb68ab-d241-4132-b73c-deb9779723e9 None None] RequestId filter calling following filter/app {{(pid=110743) _context_setter /opt/stack/cinder/cinder/api/middleware/request_id.py:62}}
Mar 22 20:27:40.877568 dv-cinder-820578-4-iscsi devstack@c-api.service[110743]: INFO cinder.api.openstack.wsgi [None req-23eb68ab-d241-4132-b73c-deb9779723e9 tempest-VolumesTestJSON-1855568633 tempest-VolumesTestJSON-1855568633-project] GET http://10.222.0.65/volume/v3/17544ffff07944b28d8eb240e89f4c5a/volumes/bfe1516d-6ba2-4f68-8ef8-5b0154544903
Mar 22 20:27:40.878215 dv-cinder-820578-4-iscsi devstack@c-api.service[110743]: DEBUG cinder.api.openstack.wsgi [None req-23eb68ab-d241-4132-b73c-deb9779723e9 tempest-VolumesTestJSON-1855568633 tempest-VolumesTestJSON-1855568633-project] Empty body provided in request {{(pid=110743) get_body /opt/stack/cinder/cinder/api/openstack/wsgi.py:715}}
Mar 22 20:27:40.879986 dv-cinder-820578-4-iscsi devstack@c-api.service[110743]: DEBUG cinder.api.openstack.wsgi [None req-23eb68ab-d241-4132-b73c-deb9779723e9 tempest-VolumesTestJSON-1855568633 tempest-VolumesTestJSON-1855568633-project] Calling method 'show' {{(pid=110743) _process_stack /opt/stack/cinder/cinder/api/openstack/wsgi.py:868}}
Mar 22 20:27:40.949813 dv-cinder-820578-4-iscsi devstack@c-api.service[110743]: /usr/local/lib/python3.8/dist-packages/oslo_context/context.py:100: DeprecationWarning: Policy enforcement is depending on the value of is_admin. This key is deprecated. Please update your policy file to use the standard policy values.
Mar 22 20:27:40.949813 dv-cinder-820578-4-iscsi devstack@c-api.service[110743]: warnings.warn('Policy enforcement is depending on the value of '
Mar 22 20:27:40.984088 dv-cinder-820578-4-iscsi devstack@c-api.service[110743]: INFO cinder.volume.api [None req-23eb68ab-d241-4132-b73c-deb9779723e9 tempest-VolumesTestJSON-1855568633 tempest-VolumesTestJSON-1855568633-project] Volume info retrieved successfully.
Mar 22 20:27:41.007883 dv-cinder-820578-4-iscsi devstack@c-api.service[110743]: INFO cinder.api.openstack.wsgi [None req-23eb68ab-d241-4132-b73c-deb9779723e9 tempest-VolumesTestJSON-1855568633 tempest-VolumesTestJSON-1855568633-project] http://10.222.0.65/volume/v3/17544ffff07944b28d8eb240e89f4c5a/volumes/bfe1516d-6ba2-4f68-8ef8-5b0154544903 returned with HTTP 200
Mar 22 20:27:41.012270 dv-cinder-820578-4-iscsi devstack@c-api.service[110743]: [pid: 110743|app: 0|req: 23/43] 10.222.0.65 () {58 vars in 1324 bytes} [Tue Mar 22 20:27:40 2022] GET /volume/v3/17544ffff07944b28d8eb240e89f4c5a/volumes/bfe1516d-6ba2-4f68-8ef8-5b0154544903 => generated 920 bytes in 145 msecs (HTTP/1.1 200) 7 headers in 285 bytes (1 switches on core 0)
Mar 22 20:27:41.886227 dv-cinder-820578-4-iscsi devstack@c-api.service[110742]: DEBUG cinder.api.middleware.request_id [req-9dcbf548-dbd2-4178-8fb2-f2bfc1e31a9e req-2ef423c4-3251-4c8c-9cba-fbdadc44cb18 None None] RequestId filter calling following filter/app {{(pid=110742) _context_setter /opt/stack/cinder/cinder/api/middleware/request_id.py:62}}
Mar 22 20:27:41.900627 dv-cinder-820578-4-iscsi devstack@c-api.service[110742]: INFO cinder.api.openstack.wsgi [req-9dcbf548-dbd2-4178-8fb2-f2bfc1e31a9e req-2ef423c4-3251-4c8c-9cba-fbdadc44cb18 tempest-VolumesSnapshotsTestJSON-483526804 tempest-VolumesSnapshotsTestJSON-483526804-project] GET http://10.222.0.65/volume/v3/9e964c72ff114fc184147c5af1da3080/snapshots/5e0b166b-1156-42d0-9f88-f43bc0126f78
Mar 22 20:27:41.906003 dv-cinder-820578-4-iscsi devstack@c-api.service[110742]: DEBUG cinder.api.openstack.wsgi [req-9dcbf548-dbd2-4178-8fb2-f2bfc1e31a9e req-2ef423c4-3251-4c8c-9cba-fbdadc44cb18 tempest-VolumesSnapshotsTestJSON-483526804 tempest-VolumesSnapshotsTestJSON-483526804-project] Empty body provided in request {{(pid=110742) get_body /opt/stack/cinder/cinder/api/openstack/wsgi.py:715}}
Mar 22 20:27:41.913063 dv-cinder-820578-4-iscsi devstack@c-api.service[110742]: DEBUG cinder.api.openstack.wsgi [req-9dcbf548-dbd2-4178-8fb2-f2bfc1e31a9e req-2ef423c4-3251-4c8c-9cba-fbdadc44cb18 tempest-VolumesSnapshotsTestJSON-483526804 tempest-VolumesSnapshotsTestJSON-483526804-project] Calling method 'show' {{(pid=110742) _process_stack /opt/stack/cinder/cinder/api/openstack/wsgi.py:868}}
Mar 22 20:27:41.967744 dv-cinder-820578-4-iscsi devstack@c-api.service[110742]: /usr/local/lib/python3.8/dist-packages/oslo_context/context.py:100: DeprecationWarning: Policy enforcement is depending on the value of is_admin. This key is deprecated. Please update your policy file to use the standard policy values.
Mar 22 20:27:41.967744 dv-cinder-820578-4-iscsi devstack@c-api.service[110742]: warnings.warn('Policy enforcement is depending on the value of '
Mar 22 20:27:41.974449 dv-cinder-820578-4-iscsi devstack@c-api.service[110742]: INFO cinder.volume.api [req-9dcbf548-dbd2-4178-8fb2-f2bfc1e31a9e req-2ef423c4-3251-4c8c-9cba-fbdadc44cb18 tempest-VolumesSnapshotsTestJSON-483526804 tempest-VolumesSnapshotsTestJSON-483526804-project] Snapshot retrieved successfully.
Mar 22 20:27:41.982865 dv-cinder-820578-4-iscsi devstack@c-api.service[110742]: INFO cinder.api.openstack.wsgi [req-9dcbf548-dbd2-4178-8fb2-f2bfc1e31a9e req-2ef423c4-3251-4c8c-9cba-fbdadc44cb18 tempest-VolumesSnapshotsTestJSON-483526804 tempest-VolumesSnapshotsTestJSON-483526804-project] http://10.222.0.65/volume/v3/9e964c72ff114fc184147c5af1da3080/snapshots/5e0b166b-1156-42d0-9f88-f43bc0126f78 returned with HTTP 200
Mar 22 20:27:41.988160 dv-cinder-820578-4-iscsi devstack@c-api.service[110742]: [pid: 110742|app: 0|req: 21/44] 10.222.0.65 () {60 vars in 1584 bytes} [Tue Mar 22 20:27:41 2022] GET /volume/v3/9e964c72ff114fc184147c5af1da3080/snapshots/5e0b166b-1156-42d0-9f88-f43bc0126f78 => generated 443 bytes in 104 msecs (HTTP/1.1 200) 7 headers in 285 bytes (1 switches on core 0)
Mar 22 20:27:42.036200 dv-cinder-820578-4-iscsi devstack@c-api.service[110743]: DEBUG cinder.api.middleware.request_id [None req-14696d03-f199-4265-a9ff-9d239cdfcc9b None None] RequestId filter calling following filter/app {{(pid=110743) _context_setter /opt/stack/cinder/cinder/api/middleware/request_id.py:62}}
