Dec 07 22:41:36.454658 dv-cinder-820189-3-smb devstack@n-api.service[123016]: DEBUG oslo_concurrency.lockutils [None req-404d1b8a-bb86-4af1-bc4a-15386d8d88e8 tempest-DeleteServersTestJSON-1690554778 tempest-DeleteServersTestJSON-1690554778-project] Lock "dc4466b6-c66b-4f1b-924d-5f8c3d3e8c66" "released" by "nova.context.set_target_cell..get_or_set_cached_cell_and_set_connections" :: held 0.001s {{(pid=123016) inner /usr/local/lib/python3.8/dist-packages/oslo_concurrency/lockutils.py:400}}
Dec 07 22:41:36.460394 dv-cinder-820189-3-smb devstack@n-api.service[123016]: DEBUG oslo_concurrency.lockutils [None req-404d1b8a-bb86-4af1-bc4a-15386d8d88e8 tempest-DeleteServersTestJSON-1690554778 tempest-DeleteServersTestJSON-1690554778-project] Lock "dc4466b6-c66b-4f1b-924d-5f8c3d3e8c66" acquired by "nova.context.set_target_cell..get_or_set_cached_cell_and_set_connections" :: waited 0.000s {{(pid=123016) inner /usr/local/lib/python3.8/dist-packages/oslo_concurrency/lockutils.py:386}}
Dec 07 22:41:36.461035 dv-cinder-820189-3-smb devstack@n-api.service[123016]: DEBUG oslo_concurrency.lockutils [None req-404d1b8a-bb86-4af1-bc4a-15386d8d88e8 tempest-DeleteServersTestJSON-1690554778 tempest-DeleteServersTestJSON-1690554778-project] Lock "dc4466b6-c66b-4f1b-924d-5f8c3d3e8c66" "released" by "nova.context.set_target_cell..get_or_set_cached_cell_and_set_connections" :: held 0.001s {{(pid=123016) inner /usr/local/lib/python3.8/dist-packages/oslo_concurrency/lockutils.py:400}}
Dec 07 22:41:36.637603 dv-cinder-820189-3-smb devstack@n-api.service[123016]: DEBUG nova.policy [None req-404d1b8a-bb86-4af1-bc4a-15386d8d88e8 tempest-DeleteServersTestJSON-1690554778 tempest-DeleteServersTestJSON-1690554778-project] Policy check for os_compute_api:os-extended-server-attributes failed with credentials {'is_admin': False, 'user_id': 'b5fa523b6a9c4901975770942904a1c6', 'user_domain_id': 'default', 'system_scope': None, 'domain_id': None, 'project_id': '16a0fce184344be1af9ab846ef2f491f', 'project_domain_id': 'default', 'roles': ['member', 'reader'], 'is_admin_project': True, 'service_user_id': None, 'service_user_domain_id': None, 'service_project_id': None, 'service_project_domain_id': None, 'service_roles': []} {{(pid=123016) authorize /opt/stack/nova/nova/policy.py:199}}
Dec 07 22:41:36.651191 dv-cinder-820189-3-smb devstack@n-api.service[123016]: INFO nova.api.openstack.requestlog [None req-404d1b8a-bb86-4af1-bc4a-15386d8d88e8 tempest-DeleteServersTestJSON-1690554778 tempest-DeleteServersTestJSON-1690554778-project] 10.222.0.21 "GET /compute/v2.1/servers/6ffdd790-24a4-4568-b0a9-5cb43dd0fdc0" status: 200 len: 1210 microversion: 2.1 time: 0.261057
Dec 07 22:41:36.651719 dv-cinder-820189-3-smb devstack@n-api.service[123016]: [pid: 123016|app: 0|req: 22/32] 10.222.0.21 () {58 vars in 1235 bytes} [Tue Dec 7 22:41:36 2021] GET /compute/v2.1/servers/6ffdd790-24a4-4568-b0a9-5cb43dd0fdc0 => generated 1210 bytes in 263 msecs (HTTP/1.1 200) 9 headers in 358 bytes (2 switches on core 0)
Dec 07 22:41:37.107003 dv-cinder-820189-3-smb devstack@n-api.service[123018]: DEBUG nova.api.openstack.wsgi [None req-6ea454a6-ed2b-4142-a23d-e22320b7ad7c tempest-AttachVolumeNegativeTest-690644130 tempest-AttachVolumeNegativeTest-690644130-project] Calling method '>' {{(pid=123018) _process_stack /opt/stack/nova/nova/api/openstack/wsgi.py:513}}
Dec 07 22:41:37.107003 dv-cinder-820189-3-smb devstack@n-api.service[123018]: DEBUG nova.compute.api [None req-6ea454a6-ed2b-4142-a23d-e22320b7ad7c tempest-AttachVolumeNegativeTest-690644130 tempest-AttachVolumeNegativeTest-690644130-project] [instance: 81e8d7d1-4399-4c98-997a-d37f99b48603] Fetching instance by UUID {{(pid=123018) get /opt/stack/nova/nova/compute/api.py:2865}}
Dec 07 22:41:37.112612 dv-cinder-820189-3-smb devstack@n-api.service[123018]: DEBUG oslo_concurrency.lockutils [None req-6ea454a6-ed2b-4142-a23d-e22320b7ad7c tempest-AttachVolumeNegativeTest-690644130 tempest-AttachVolumeNegativeTest-690644130-project] Lock "dc4466b6-c66b-4f1b-924d-5f8c3d3e8c66" acquired by "nova.context.set_target_cell..get_or_set_cached_cell_and_set_connections" :: waited 0.000s {{(pid=123018) inner /usr/local/lib/python3.8/dist-packages/oslo_concurrency/lockutils.py:386}}
Dec 07 22:41:37.115244 dv-cinder-820189-3-smb devstack@n-api.service[123018]: DEBUG oslo_concurrency.lockutils [None req-6ea454a6-ed2b-4142-a23d-e22320b7ad7c tempest-AttachVolumeNegativeTest-690644130 tempest-AttachVolumeNegativeTest-690644130-project] Lock "dc4466b6-c66b-4f1b-924d-5f8c3d3e8c66" "released" by "nova.context.set_target_cell..get_or_set_cached_cell_and_set_connections" :: held 0.003s {{(pid=123018) inner /usr/local/lib/python3.8/dist-packages/oslo_concurrency/lockutils.py:400}}
Dec 07 22:41:37.117321 dv-cinder-820189-3-smb devstack@n-api.service[123018]: DEBUG oslo_concurrency.lockutils [None req-6ea454a6-ed2b-4142-a23d-e22320b7ad7c tempest-AttachVolumeNegativeTest-690644130 tempest-AttachVolumeNegativeTest-690644130-project] Lock "dc4466b6-c66b-4f1b-924d-5f8c3d3e8c66" acquired by "nova.context.set_target_cell..get_or_set_cached_cell_and_set_connections" :: waited 0.000s {{(pid=123018) inner /usr/local/lib/python3.8/dist-packages/oslo_concurrency/lockutils.py:386}}
Dec 07 22:41:37.118845 dv-cinder-820189-3-smb devstack@n-api.service[123018]: DEBUG oslo_concurrency.lockutils [None req-6ea454a6-ed2b-4142-a23d-e22320b7ad7c tempest-AttachVolumeNegativeTest-690644130 tempest-AttachVolumeNegativeTest-690644130-project] Lock "dc4466b6-c66b-4f1b-924d-5f8c3d3e8c66" "released" by "nova.context.set_target_cell..get_or_set_cached_cell_and_set_connections" :: held 0.002s {{(pid=123018) inner /usr/local/lib/python3.8/dist-packages/oslo_concurrency/lockutils.py:400}}
Dec 07 22:41:37.272343 dv-cinder-820189-3-smb devstack@n-api.service[123018]: DEBUG nova.policy [None req-6ea454a6-ed2b-4142-a23d-e22320b7ad7c tempest-AttachVolumeNegativeTest-690644130 tempest-AttachVolumeNegativeTest-690644130-project] Policy check for os_compute_api:os-extended-server-attributes failed with credentials {'is_admin': False, 'user_id': '2c5e9552ddf6446d98d3da50abf263a5', 'user_domain_id': 'default', 'system_scope': None, 'domain_id': None, 'project_id': 'a3261c0c522246b391fcb3a3e8c989ed', 'project_domain_id': 'default', 'roles': ['member', 'reader'], 'is_admin_project': True, 'service_user_id': None, 'service_user_domain_id': None, 'service_project_id': None, 'service_project_domain_id': None, 'service_roles': []} {{(pid=123018) authorize /opt/stack/nova/nova/policy.py:199}}
Dec 07 22:41:37.282868 dv-cinder-820189-3-smb devstack@n-api.service[123018]: INFO nova.api.openstack.requestlog [None req-6ea454a6-ed2b-4142-a23d-e22320b7ad7c tempest-AttachVolumeNegativeTest-690644130 tempest-AttachVolumeNegativeTest-690644130-project] 10.222.0.21 "GET /compute/v2.1/servers/81e8d7d1-4399-4c98-997a-d37f99b48603" status: 200 len: 1269 microversion: 2.1 time: 0.192502
Dec 07 22:41:37.296765 dv-cinder-820189-3-smb devstack@n-api.service[123018]: [pid: 123018|app: 0|req: 11/33] 10.222.0.21 () {58 vars in 1235 bytes} [Tue Dec 7 22:41:37 2021] GET /compute/v2.1/servers/81e8d7d1-4399-4c98-997a-d37f99b48603 => generated 1269 bytes in 207 msecs (HTTP/1.1 200) 9 headers in 358 bytes (1 switches on core 0)
Dec 07 22:41:37.411867 dv-cinder-820189-3-smb devstack@n-api.service[123016]: DEBUG nova.api.openstack.wsgi [None req-2f79c361-ccf0-44c9-bab9-c86ac55ba585 tempest-VolumesSnapshotsTestJSON-1626351418 tempest-VolumesSnapshotsTestJSON-1626351418-project] Calling method '.version_select at 0x7f1db42a2ee0>' {{(pid=123016) _process_stack /opt/stack/nova/nova/api/openstack/wsgi.py:513}}
Dec 07 22:41:37.437339 dv-cinder-820189-3-smb devstack@n-api.service[123016]: INFO nova.api.openstack.wsgi [None req-2f79c361-ccf0-44c9-bab9-c86ac55ba585 tempest-VolumesSnapshotsTestJSON-1626351418 tempest-VolumesSnapshotsTestJSON-1626351418-project] HTTP exception thrown: Snapshot 4e12def1-1ce1-410d-8e42-28420351622e could not be found.
Dec 07 22:41:37.438368 dv-cinder-820189-3-smb devstack@n-api.service[123016]: DEBUG nova.api.openstack.wsgi [None req-2f79c361-ccf0-44c9-bab9-c86ac55ba585 tempest-VolumesSnapshotsTestJSON-1626351418 tempest-VolumesSnapshotsTestJSON-1626351418-project] Returning 404 to user: Snapshot 4e12def1-1ce1-410d-8e42-28420351622e could not be found. {{(pid=123016) __call__ /opt/stack/nova/nova/api/openstack/wsgi.py:936}}
Dec 07 22:41:37.439305 dv-cinder-820189-3-smb devstack@n-api.service[123016]: INFO nova.api.openstack.requestlog [None req-2f79c361-ccf0-44c9-bab9-c86ac55ba585 tempest-VolumesSnapshotsTestJSON-1626351418 tempest-VolumesSnapshotsTestJSON-1626351418-project] 10.222.0.21 "GET /compute/v2.1/os-snapshots/4e12def1-1ce1-410d-8e42-28420351622e" status: 404 len: 111 microversion: 2.1 time: 0.031114
Dec 07 22:41:37.439904 dv-cinder-820189-3-smb devstack@n-api.service[123016]: [pid: 123016|app: 0|req: 23/34] 10.222.0.21 () {58 vars in 1250 bytes} [Tue Dec 7 22:41:37 2021] GET /compute/v2.1/os-snapshots/4e12def1-1ce1-410d-8e42-28420351622e => generated 111 bytes in 32 msecs (HTTP/1.1 404) 9 headers in 379 bytes (1 switches on core 0)
Dec 07 22:41:37.448256 dv-cinder-820189-3-smb devstack@n-api.service[123018]: DEBUG nova.api.openstack.wsgi [None req-3450479d-37b0-40ed-99ca-ba98f501c4ca tempest-VolumesSnapshotsTestJSON-1626351418 tempest-VolumesSnapshotsTestJSON-1626351418-project] Calling method '.version_select at 0x7f1db42715e0>' {{(pid=123018) _process_stack /opt/stack/nova/nova/api/openstack/wsgi.py:513}}
Dec 07 22:41:37.678904 dv-cinder-820189-3-smb devstack@n-api.service[123016]: DEBUG nova.api.openstack.wsgi [None req-46bcc8c5-2298-4c19-bbce-c5e0db0f33b2 tempest-DeleteServersTestJSON-1690554778 tempest-DeleteServersTestJSON-1690554778-project] Calling method '>' {{(pid=123016) _process_stack /opt/stack/nova/nova/api/openstack/wsgi.py:513}}
Dec 07 22:41:37.682823 dv-cinder-820189-3-smb devstack@n-api.service[123016]: DEBUG nova.compute.api [None req-46bcc8c5-2298-4c19-bbce-c5e0db0f33b2 tempest-DeleteServersTestJSON-1690554778 tempest-DeleteServersTestJSON-1690554778-project] [instance: 6ffdd790-24a4-4568-b0a9-5cb43dd0fdc0] Fetching instance by UUID {{(pid=123016) get /opt/stack/nova/nova/compute/api.py:2865}}
Dec 07 22:41:37.698422 dv-cinder-820189-3-smb devstack@n-api.service[123016]: DEBUG oslo_concurrency.lockutils [None req-46bcc8c5-2298-4c19-bbce-c5e0db0f33b2 tempest-DeleteServersTestJSON-1690554778 tempest-DeleteServersTestJSON-1690554778-project] Lock "dc4466b6-c66b-4f1b-924d-5f8c3d3e8c66" acquired by "nova.context.set_target_cell..get_or_set_cached_cell_and_set_connections" :: waited 0.000s {{(pid=123016) inner /usr/local/lib/python3.8/dist-packages/oslo_concurrency/lockutils.py:386}}
Dec 07 22:41:37.702833 dv-cinder-820189-3-smb devstack@n-api.service[123016]: DEBUG oslo_concurrency.lockutils [None req-46bcc8c5-2298-4c19-bbce-c5e0db0f33b2 tempest-DeleteServersTestJSON-1690554778 tempest-DeleteServersTestJSON-1690554778-project] Lock "dc4466b6-c66b-4f1b-924d-5f8c3d3e8c66" "released" by "nova.context.set_target_cell..get_or_set_cached_cell_and_set_connections" :: held 0.001s {{(pid=123016) inner /usr/local/lib/python3.8/dist-packages/oslo_concurrency/lockutils.py:400}}
Dec 07 22:41:37.702833 dv-cinder-820189-3-smb devstack@n-api.service[123016]: DEBUG oslo_concurrency.lockutils [None req-46bcc8c5-2298-4c19-bbce-c5e0db0f33b2 tempest-DeleteServersTestJSON-1690554778 tempest-DeleteServersTestJSON-1690554778-project] Lock "dc4466b6-c66b-4f1b-924d-5f8c3d3e8c66" acquired by "nova.context.set_target_cell..get_or_set_cached_cell_and_set_connections" :: waited 0.000s {{(pid=123016) inner /usr/local/lib/python3.8/dist-packages/oslo_concurrency/lockutils.py:386}}
Dec 07 22:41:37.702833 dv-cinder-820189-3-smb devstack@n-api.service[123016]: DEBUG oslo_concurrency.lockutils [None req-46bcc8c5-2298-4c19-bbce-c5e0db0f33b2 tempest-DeleteServersTestJSON-1690554778 tempest-DeleteServersTestJSON-1690554778-project] Lock "dc4466b6-c66b-4f1b-924d-5f8c3d3e8c66" "released" by "nova.context.set_target_cell..get_or_set_cached_cell_and_set_connections" :: held 0.000s {{(pid=123016) inner /usr/local/lib/python3.8/dist-packages/oslo_concurrency/lockutils.py:400}}
Dec 07 22:41:37.744805 dv-cinder-820189-3-smb devstack@n-api.service[123018]: INFO nova.api.openstack.requestlog [None req-3450479d-37b0-40ed-99ca-ba98f501c4ca tempest-VolumesSnapshotsTestJSON-1626351418 tempest-VolumesSnapshotsTestJSON-1626351418-project] 10.222.0.21 "DELETE /compute/v2.1/os-volumes/52996147-aea7-45b5-845b-2d2dca997bc9" status: 202 len: 0 microversion: 2.1 time: 0.300297
Dec 07 22:41:37.745573 dv-cinder-820189-3-smb devstack@n-api.service[123018]: [pid: 123018|app: 0|req: 12/35] 10.222.0.21 () {58 vars in 1247 bytes} [Tue Dec 7 22:41:37 2021] DELETE /compute/v2.1/os-volumes/52996147-aea7-45b5-845b-2d2dca997bc9 => generated 0 bytes in 302 msecs (HTTP/1.1 202) 9 headers in 361 bytes (1 switches on core 0)
Dec 07 22:41:37.884526 dv-cinder-820189-3-smb devstack@n-api.service[123016]: DEBUG nova.policy [None req-46bcc8c5-2298-4c19-bbce-c5e0db0f33b2 tempest-DeleteServersTestJSON-1690554778 tempest-DeleteServersTestJSON-1690554778-project] Policy check for os_compute_api:os-extended-server-attributes failed with credentials {'is_admin': False, 'user_id': 'b5fa523b6a9c4901975770942904a1c6', 'user_domain_id': 'default', 'system_scope': None, 'domain_id': None, 'project_id': '16a0fce184344be1af9ab846ef2f491f', 'project_domain_id': 'default', 'roles': ['member', 'reader'], 'is_admin_project': True, 'service_user_id': None, 'service_user_domain_id': None, 'service_project_id': None, 'service_project_domain_id': None, 'service_roles': []} {{(pid=123016) authorize /opt/stack/nova/nova/policy.py:199}}
Dec 07 22:41:37.895056 dv-cinder-820189-3-smb devstack@n-api.service[123016]: INFO nova.api.openstack.requestlog [None req-46bcc8c5-2298-4c19-bbce-c5e0db0f33b2 tempest-DeleteServersTestJSON-1690554778 tempest-DeleteServersTestJSON-1690554778-project] 10.222.0.21 "GET /compute/v2.1/servers/6ffdd790-24a4-4568-b0a9-5cb43dd0fdc0" status: 200 len: 1266 microversion: 2.1 time: 0.230026
Dec 07 22:41:37.896359 dv-cinder-820189-3-smb devstack@n-api.service[123016]: [pid: 123016|app: 0|req: 24/36] 10.222.0.21 () {58 vars in 1235 bytes} [Tue Dec 7 22:41:37 2021] GET /compute/v2.1/servers/6ffdd790-24a4-4568-b0a9-5cb43dd0fdc0 => generated 1266 bytes in 233 msecs (HTTP/1.1 200) 9 headers in 358 bytes (2 switches on core 0)
Dec 07 22:41:37.902260 dv-cinder-820189-3-smb devstack@n-api.service[123016]: DEBUG nova.api.openstack.wsgi [None req-32969280-9dd6-4d80-93cd-81d9b72e916a tempest-VolumesSnapshotsTestJSON-1626351418 tempest-VolumesSnapshotsTestJSON-1626351418-project] Calling method '.version_select at 0x7f1db4252dc0>' {{(pid=123016) _process_stack /opt/stack/nova/nova/api/openstack/wsgi.py:513}}
Dec 07 22:41:38.006419 dv-cinder-820189-3-smb devstack@n-api.service[123016]: INFO nova.api.openstack.requestlog [None req-32969280-9dd6-4d80-93cd-81d9b72e916a tempest-VolumesSnapshotsTestJSON-1626351418 tempest-VolumesSnapshotsTestJSON-1626351418-project] 10.222.0.21 "GET /compute/v2.1/os-volumes/52996147-aea7-45b5-845b-2d2dca997bc9" status: 200 len: 345 microversion: 2.1 time: 0.108315
Dec 07 22:41:38.007358 dv-cinder-820189-3-smb devstack@n-api.service[123016]: [pid: 123016|app: 0|req: 25/37] 10.222.0.21 () {58 vars in 1244 bytes} [Tue Dec 7 22:41:37 2021] GET /compute/v2.1/os-volumes/52996147-aea7-45b5-845b-2d2dca997bc9 => generated 345 bytes in 110 msecs (HTTP/1.1 200) 9 headers in 357 bytes (1 switches on core 0)
Dec 07 22:41:38.176185 dv-cinder-820189-3-smb devstack@n-api.service[123018]: DEBUG nova.api.openstack.wsgi [None req-d678d800-fcce-48e8-803c-f20bd080eca0 tempest-AttachVolumeShelveTestJSON-1291852015 tempest-AttachVolumeShelveTestJSON-1291852015-project] Action: 'create', calling method: .version_select at 0x7f1db4b20280>, body: {"keypair": {"name": "tempest-keypair-1373677793"}} {{(pid=123018) _process_stack /opt/stack/nova/nova/api/openstack/wsgi.py:511}}
Dec 07 22:41:38.238312 dv-cinder-820189-3-smb devstack@n-api.service[123018]: DEBUG nova.quota [None req-d678d800-fcce-48e8-803c-f20bd080eca0 tempest-AttachVolumeShelveTestJSON-1291852015 tempest-AttachVolumeShelveTestJSON-1291852015-project] Getting quotas for project e6741e9c1b804de4ad219a43c3b72454. Resources: {'key_pairs'} {{(pid=123018) _get_quotas /opt/stack/nova/nova/quota.py:387}}
Dec 07 22:41:38.249021 dv-cinder-820189-3-smb devstack@n-api.service[123018]: DEBUG nova.quota [None req-d678d800-fcce-48e8-803c-f20bd080eca0 tempest-AttachVolumeShelveTestJSON-1291852015 tempest-AttachVolumeShelveTestJSON-1291852015-project] Getting quotas for user e641d7e101c9484faa38f71a2ff05c45 and project e6741e9c1b804de4ad219a43c3b72454. Resources: {'key_pairs'} {{(pid=123018) _get_quotas /opt/stack/nova/nova/quota.py:377}}
Dec 07 22:41:38.316589 dv-cinder-820189-3-smb devstack@n-api.service[123016]: DEBUG nova.api.openstack.wsgi [None req-872f1e52-8645-4ab0-ba8b-bfd7653c8344 tempest-AttachVolumeNegativeTest-690644130 tempest-AttachVolumeNegativeTest-690644130-project] Calling method '>' {{(pid=123016) _process_stack /opt/stack/nova/nova/api/openstack/wsgi.py:513}}
Dec 07 22:41:38.320178 dv-cinder-820189-3-smb devstack@n-api.service[123016]: DEBUG nova.compute.api [None req-872f1e52-8645-4ab0-ba8b-bfd7653c8344 tempest-AttachVolumeNegativeTest-690644130 tempest-AttachVolumeNegativeTest-690644130-project] [instance: 81e8d7d1-4399-4c98-997a-d37f99b48603] Fetching instance by UUID {{(pid=123016) get /opt/stack/nova/nova/compute/api.py:2865}}
Dec 07 22:41:38.358935 dv-cinder-820189-3-smb devstack@n-api.service[123016]: DEBUG oslo_concurrency.lockutils [None req-872f1e52-8645-4ab0-ba8b-bfd7653c8344 tempest-AttachVolumeNegativeTest-690644130 tempest-AttachVolumeNegativeTest-690644130-project] Lock "dc4466b6-c66b-4f1b-924d-5f8c3d3e8c66" acquired by "nova.context.set_target_cell..get_or_set_cached_cell_and_set_connections" :: waited 0.000s {{(pid=123016) inner /usr/local/lib/python3.8/dist-packages/oslo_concurrency/lockutils.py:386}}
Dec 07 22:41:38.359476 dv-cinder-820189-3-smb devstack@n-api.service[123016]: DEBUG oslo_concurrency.lockutils [None req-872f1e52-8645-4ab0-ba8b-bfd7653c8344 tempest-AttachVolumeNegativeTest-690644130 tempest-AttachVolumeNegativeTest-690644130-project] Lock "dc4466b6-c66b-4f1b-924d-5f8c3d3e8c66" "released" by "nova.context.set_target_cell..get_or_set_cached_cell_and_set_connections" :: held 0.005s {{(pid=123016) inner /usr/local/lib/python3.8/dist-packages/oslo_concurrency/lockutils.py:400}}
Dec 07 22:41:38.363549 dv-cinder-820189-3-smb devstack@n-api.service[123016]: DEBUG oslo_concurrency.lockutils [None req-872f1e52-8645-4ab0-ba8b-bfd7653c8344 tempest-AttachVolumeNegativeTest-690644130 tempest-AttachVolumeNegativeTest-690644130-project] Lock "dc4466b6-c66b-4f1b-924d-5f8c3d3e8c66" acquired by "nova.context.set_target_cell..get_or_set_cached_cell_and_set_connections" :: waited 0.000s {{(pid=123016) inner /usr/local/lib/python3.8/dist-packages/oslo_concurrency/lockutils.py:386}}
Dec 07 22:41:38.363549 dv-cinder-820189-3-smb devstack@n-api.service[123016]: DEBUG oslo_concurrency.lockutils [None req-872f1e52-8645-4ab0-ba8b-bfd7653c8344 tempest-AttachVolumeNegativeTest-690644130 tempest-AttachVolumeNegativeTest-690644130-project] Lock "dc4466b6-c66b-4f1b-924d-5f8c3d3e8c66" "released" by "nova.context.set_target_cell..get_or_set_cached_cell_and_set_connections" :: held 0.000s {{(pid=123016) inner /usr/local/lib/python3.8/dist-packages/oslo_concurrency/lockutils.py:400}}
Dec 07 22:41:38.762376 dv-cinder-820189-3-smb devstack@n-api.service[123016]: DEBUG nova.policy [None req-872f1e52-8645-4ab0-ba8b-bfd7653c8344 tempest-AttachVolumeNegativeTest-690644130 tempest-AttachVolumeNegativeTest-690644130-project] Policy check for os_compute_api:os-extended-server-attributes failed with credentials {'is_admin': False, 'user_id': '2c5e9552ddf6446d98d3da50abf263a5', 'user_domain_id': 'default', 'system_scope': None, 'domain_id': None, 'project_id': 'a3261c0c522246b391fcb3a3e8c989ed', 'project_domain_id': 'default', 'roles': ['member', 'reader'], 'is_admin_project': True, 'service_user_id': None, 'service_user_domain_id': None, 'service_project_id': None, 'service_project_domain_id': None, 'service_roles': []} {{(pid=123016) authorize /opt/stack/nova/nova/policy.py:199}}
Dec 07 22:41:38.773292 dv-cinder-820189-3-smb devstack@n-api.service[123016]: INFO nova.api.openstack.requestlog [None req-872f1e52-8645-4ab0-ba8b-bfd7653c8344 tempest-AttachVolumeNegativeTest-690644130 tempest-AttachVolumeNegativeTest-690644130-project] 10.222.0.21 "GET /compute/v2.1/servers/81e8d7d1-4399-4c98-997a-d37f99b48603" status: 200 len: 1275 microversion: 2.1 time: 0.471777
Dec 07 22:41:38.784484 dv-cinder-820189-3-smb devstack@n-api.service[123016]: [pid: 123016|app: 0|req: 26/38] 10.222.0.21 () {58 vars in 1235 bytes} [Tue Dec 7 22:41:38 2021] GET /compute/v2.1/servers/81e8d7d1-4399-4c98-997a-d37f99b48603 => generated 1275 bytes in 477 msecs (HTTP/1.1 200) 9 headers in 358 bytes (1 switches on core 0)
Dec 07 22:41:38.843415 dv-cinder-820189-3-smb devstack@n-api.service[123018]: DEBUG nova.quota [None req-d678d800-fcce-48e8-803c-f20bd080eca0 tempest-AttachVolumeShelveTestJSON-1291852015 tempest-AttachVolumeShelveTestJSON-1291852015-project] Getting quotas for project e6741e9c1b804de4ad219a43c3b72454. Resources: {'key_pairs'} {{(pid=123018) _get_quotas /opt/stack/nova/nova/quota.py:387}}
Dec 07 22:41:38.862183 dv-cinder-820189-3-smb devstack@n-api.service[123018]: DEBUG nova.quota [None req-d678d800-fcce-48e8-803c-f20bd080eca0 tempest-AttachVolumeShelveTestJSON-1291852015 tempest-AttachVolumeShelveTestJSON-1291852015-project] Getting quotas for user e641d7e101c9484faa38f71a2ff05c45 and project e6741e9c1b804de4ad219a43c3b72454. Resources: {'key_pairs'} {{(pid=123018) _get_quotas /opt/stack/nova/nova/quota.py:377}}
Dec 07 22:41:38.898552 dv-cinder-820189-3-smb devstack@n-api.service[123018]: INFO nova.api.openstack.requestlog [None req-d678d800-fcce-48e8-803c-f20bd080eca0 tempest-AttachVolumeShelveTestJSON-1291852015 tempest-AttachVolumeShelveTestJSON-1291852015-project] 10.222.0.21 "POST /compute/v2.1/os-keypairs" status: 201 len: 2320 microversion: 2.20 time: 1.151922
Dec 07 22:41:38.900878 dv-cinder-820189-3-smb devstack@n-api.service[123018]: [pid: 123018|app: 0|req: 13/39] 10.222.0.21 () {62 vars in 1198 bytes} [Tue Dec 7 22:41:37 2021] POST /compute/v2.1/os-keypairs => generated 2320 bytes in 1155 msecs (HTTP/1.1 201) 9 headers in 365 bytes (1 switches on core 0)
Dec 07 22:41:38.913774 dv-cinder-820189-3-smb devstack@n-api.service[123016]: DEBUG nova.api.openstack.wsgi [None req-c75b8d73-0301-444d-bdc9-f6ffc9d613d3 tempest-DeleteServersTestJSON-1690554778 tempest-DeleteServersTestJSON-1690554778-project] Calling method '>' {{(pid=123016) _process_stack /opt/stack/nova/nova/api/openstack/wsgi.py:513}}
Dec 07 22:41:38.915873 dv-cinder-820189-3-smb devstack@n-api.service[123016]: DEBUG nova.compute.api [None req-c75b8d73-0301-444d-bdc9-f6ffc9d613d3 tempest-DeleteServersTestJSON-1690554778 tempest-DeleteServersTestJSON-1690554778-project] [instance: 6ffdd790-24a4-4568-b0a9-5cb43dd0fdc0] Fetching instance by UUID {{(pid=123016) get /opt/stack/nova/nova/compute/api.py:2865}}
Dec 07 22:41:38.927149 dv-cinder-820189-3-smb devstack@n-api.service[123016]: DEBUG oslo_concurrency.lockutils [None req-c75b8d73-0301-444d-bdc9-f6ffc9d613d3 tempest-DeleteServersTestJSON-1690554778 tempest-DeleteServersTestJSON-1690554778-project] Lock "dc4466b6-c66b-4f1b-924d-5f8c3d3e8c66" acquired by "nova.context.set_target_cell..get_or_set_cached_cell_and_set_connections" :: waited 0.003s {{(pid=123016) inner /usr/local/lib/python3.8/dist-packages/oslo_concurrency/lockutils.py:386}}
Dec 07 22:41:38.927790 dv-cinder-820189-3-smb devstack@n-api.service[123016]: DEBUG oslo_concurrency.lockutils [None req-c75b8d73-0301-444d-bdc9-f6ffc9d613d3 tempest-DeleteServersTestJSON-1690554778 tempest-DeleteServersTestJSON-1690554778-project] Lock "dc4466b6-c66b-4f1b-924d-5f8c3d3e8c66" "released" by "nova.context.set_target_cell..get_or_set_cached_cell_and_set_connections" :: held 0.002s {{(pid=123016) inner /usr/local/lib/python3.8/dist-packages/oslo_concurrency/lockutils.py:400}}
Dec 07 22:41:38.930486 dv-cinder-820189-3-smb devstack@n-api.service[123016]: DEBUG oslo_concurrency.lockutils [None req-c75b8d73-0301-444d-bdc9-f6ffc9d613d3 tempest-DeleteServersTestJSON-1690554778 tempest-DeleteServersTestJSON-1690554778-project] Lock "dc4466b6-c66b-4f1b-924d-5f8c3d3e8c66" acquired by "nova.context.set_target_cell..get_or_set_cached_cell_and_set_connections" :: waited 0.000s {{(pid=123016) inner /usr/local/lib/python3.8/dist-packages/oslo_concurrency/lockutils.py:386}}
Dec 07 22:41:38.935041 dv-cinder-820189-3-smb devstack@n-api.service[123016]: DEBUG oslo_concurrency.lockutils [None req-c75b8d73-0301-444d-bdc9-f6ffc9d613d3 tempest-DeleteServersTestJSON-1690554778 tempest-DeleteServersTestJSON-1690554778-project] Lock "dc4466b6-c66b-4f1b-924d-5f8c3d3e8c66" "released" by "nova.context.set_target_cell..get_or_set_cached_cell_and_set_connections" :: held 0.003s {{(pid=123016) inner /usr/local/lib/python3.8/dist-packages/oslo_concurrency/lockutils.py:400}}
Dec 07 22:41:39.021456 dv-cinder-820189-3-smb devstack@n-api.service[123018]: DEBUG nova.api.openstack.wsgi [None req-d0c6f14f-8515-40f1-affb-35161e585ed2 tempest-VolumesSnapshotsTestJSON-1626351418 tempest-VolumesSnapshotsTestJSON-1626351418-project] Calling method '.version_select at 0x7f1db4271c10>' {{(pid=123018) _process_stack /opt/stack/nova/nova/api/openstack/wsgi.py:513}}
Dec 07 22:41:39.078506 dv-cinder-820189-3-smb devstack@n-api.service[123018]: INFO nova.api.openstack.wsgi [None req-d0c6f14f-8515-40f1-affb-35161e585ed2 tempest-VolumesSnapshotsTestJSON-1626351418 tempest-VolumesSnapshotsTestJSON-1626351418-project] HTTP exception thrown: Volume 52996147-aea7-45b5-845b-2d2dca997bc9 could not be found.
Dec 07 22:41:39.079146 dv-cinder-820189-3-smb devstack@n-api.service[123018]: DEBUG nova.api.openstack.wsgi [None req-d0c6f14f-8515-40f1-affb-35161e585ed2 tempest-VolumesSnapshotsTestJSON-1626351418 tempest-VolumesSnapshotsTestJSON-1626351418-project] Returning 404 to user: Volume 52996147-aea7-45b5-845b-2d2dca997bc9 could not be found. {{(pid=123018) __call__ /opt/stack/nova/nova/api/openstack/wsgi.py:936}}
Dec 07 22:41:39.080213 dv-cinder-820189-3-smb devstack@n-api.service[123018]: INFO nova.api.openstack.requestlog [None req-d0c6f14f-8515-40f1-affb-35161e585ed2 tempest-VolumesSnapshotsTestJSON-1626351418 tempest-VolumesSnapshotsTestJSON-1626351418-project] 10.222.0.21 "GET /compute/v2.1/os-volumes/52996147-aea7-45b5-845b-2d2dca997bc9" status: 404 len: 109 microversion: 2.1 time: 0.063001
Dec 07 22:41:39.080760 dv-cinder-820189-3-smb devstack@n-api.service[123018]: [pid: 123018|app: 0|req: 14/40] 10.222.0.21 () {58 vars in 1244 bytes} [Tue Dec 7 22:41:39 2021] GET /compute/v2.1/os-volumes/52996147-aea7-45b5-845b-2d2dca997bc9 => generated 109 bytes in 64 msecs (HTTP/1.1 404) 9 headers in 379 bytes (2 switches on core 0)
Dec 07 22:41:39.099134 dv-cinder-820189-3-smb devstack@n-api.service[123018]: DEBUG nova.api.openstack.wsgi [None req-6a0ee23b-8360-4bb0-8c6e-6aec39f667c2 tempest-VolumesSnapshotsTestJSON-1626351418 tempest-VolumesSnapshotsTestJSON-1626351418-project] Calling method '.version_select at 0x7f1db42af940>' {{(pid=123018) _process_stack /opt/stack/nova/nova/api/openstack/wsgi.py:513}}
Dec 07 22:41:39.137644 dv-cinder-820189-3-smb devstack@n-api.service[123016]: DEBUG nova.policy [None req-c75b8d73-0301-444d-bdc9-f6ffc9d613d3 tempest-DeleteServersTestJSON-1690554778 tempest-DeleteServersTestJSON-1690554778-project] Policy check for os_compute_api:os-extended-server-attributes failed with credentials {'is_admin': False, 'user_id': 'b5fa523b6a9c4901975770942904a1c6', 'user_domain_id': 'default', 'system_scope': None, 'domain_id': None, 'project_id': '16a0fce184344be1af9ab846ef2f491f', 'project_domain_id': 'default', 'roles': ['member', 'reader'], 'is_admin_project': True, 'service_user_id': None, 'service_user_domain_id': None, 'service_project_id': None, 'service_project_domain_id': None, 'service_roles': []} {{(pid=123016) authorize /opt/stack/nova/nova/policy.py:199}}
Dec 07 22:41:39.160936 dv-cinder-820189-3-smb devstack@n-api.service[123018]: INFO nova.api.openstack.wsgi [None req-6a0ee23b-8360-4bb0-8c6e-6aec39f667c2 tempest-VolumesSnapshotsTestJSON-1626351418 tempest-VolumesSnapshotsTestJSON-1626351418-project] HTTP exception thrown: Volume 52996147-aea7-45b5-845b-2d2dca997bc9 could not be found.
Dec 07 22:41:39.161838 dv-cinder-820189-3-smb devstack@n-api.service[123018]: DEBUG nova.api.openstack.wsgi [None req-6a0ee23b-8360-4bb0-8c6e-6aec39f667c2 tempest-VolumesSnapshotsTestJSON-1626351418 tempest-VolumesSnapshotsTestJSON-1626351418-project] Returning 404 to user: Volume 52996147-aea7-45b5-845b-2d2dca997bc9 could not be found. {{(pid=123018) __call__ /opt/stack/nova/nova/api/openstack/wsgi.py:936}}
Dec 07 22:41:39.162668 dv-cinder-820189-3-smb devstack@n-api.service[123018]: INFO nova.api.openstack.requestlog [None req-6a0ee23b-8360-4bb0-8c6e-6aec39f667c2 tempest-VolumesSnapshotsTestJSON-1626351418 tempest-VolumesSnapshotsTestJSON-1626351418-project] 10.222.0.21 "DELETE /compute/v2.1/os-volumes/52996147-aea7-45b5-845b-2d2dca997bc9" status: 404 len: 109 microversion: 2.1 time: 0.071469
Dec 07 22:41:39.163379 dv-cinder-820189-3-smb devstack@n-api.service[123018]: [pid: 123018|app: 0|req: 15/41] 10.222.0.21 () {58 vars in 1247 bytes} [Tue Dec 7 22:41:39 2021] DELETE /compute/v2.1/os-volumes/52996147-aea7-45b5-845b-2d2dca997bc9 => generated 109 bytes in 73 msecs (HTTP/1.1 404) 9 headers in 379 bytes (2 switches on core 0)
Dec 07 22:41:39.171613 dv-cinder-820189-3-smb devstack@n-api.service[123016]: INFO nova.api.openstack.requestlog [None req-c75b8d73-0301-444d-bdc9-f6ffc9d613d3 tempest-DeleteServersTestJSON-1690554778 tempest-DeleteServersTestJSON-1690554778-project] 10.222.0.21 "GET /compute/v2.1/servers/6ffdd790-24a4-4568-b0a9-5cb43dd0fdc0" status: 200 len: 1272 microversion: 2.1 time: 0.261101
Dec 07 22:41:39.173404 dv-cinder-820189-3-smb devstack@n-api.service[123018]: DEBUG nova.api.openstack.wsgi [None req-918d0978-ffde-47d0-83b6-fb6f0b8b61cb tempest-VolumesSnapshotsTestJSON-1626351418 tempest-VolumesSnapshotsTestJSON-1626351418-project] Calling method '.version_select at 0x7f1db4271b80>' {{(pid=123018) _process_stack /opt/stack/nova/nova/api/openstack/wsgi.py:513}}
Dec 07 22:41:39.189186 dv-cinder-820189-3-smb devstack@n-api.service[123016]: [pid: 123016|app: 0|req: 27/42] 10.222.0.21 () {58 vars in 1235 bytes} [Tue Dec 7 22:41:38 2021] GET /compute/v2.1/servers/6ffdd790-24a4-4568-b0a9-5cb43dd0fdc0 => generated 1272 bytes in 280 msecs (HTTP/1.1 200) 9 headers in 358 bytes (1 switches on core 0)
Dec 07 22:41:39.225775 dv-cinder-820189-3-smb devstack@n-api.service[123018]: INFO nova.api.openstack.wsgi [None req-918d0978-ffde-47d0-83b6-fb6f0b8b61cb tempest-VolumesSnapshotsTestJSON-1626351418 tempest-VolumesSnapshotsTestJSON-1626351418-project] HTTP exception thrown: Volume 52996147-aea7-45b5-845b-2d2dca997bc9 could not be found.
Dec 07 22:41:39.226368 dv-cinder-820189-3-smb devstack@n-api.service[123018]: DEBUG nova.api.openstack.wsgi [None req-918d0978-ffde-47d0-83b6-fb6f0b8b61cb tempest-VolumesSnapshotsTestJSON-1626351418 tempest-VolumesSnapshotsTestJSON-1626351418-project] Returning 404 to user: Volume 52996147-aea7-45b5-845b-2d2dca997bc9 could not be found. {{(pid=123018) __call__ /opt/stack/nova/nova/api/openstack/wsgi.py:936}}
Dec 07 22:41:39.227239 dv-cinder-820189-3-smb devstack@n-api.service[123018]: INFO nova.api.openstack.requestlog [None req-918d0978-ffde-47d0-83b6-fb6f0b8b61cb tempest-VolumesSnapshotsTestJSON-1626351418 tempest-VolumesSnapshotsTestJSON-1626351418-project] 10.222.0.21 "GET /compute/v2.1/os-volumes/52996147-aea7-45b5-845b-2d2dca997bc9" status: 404 len: 109 microversion: 2.1 time: 0.059685
Dec 07 22:41:39.234706 dv-cinder-820189-3-smb devstack@n-api.service[123018]: [pid: 123018|app: 0|req: 16/43] 10.222.0.21 () {58 vars in 1244 bytes} [Tue Dec 7 22:41:39 2021] GET /compute/v2.1/os-volumes/52996147-aea7-45b5-845b-2d2dca997bc9 => generated 109 bytes in 61 msecs (HTTP/1.1 404) 9 headers in 379 bytes (2 switches on core 0)
Dec 07 22:41:39.793785 dv-cinder-820189-3-smb devstack@n-api.service[123016]: DEBUG nova.api.openstack.wsgi [None req-2ddea96e-e54d-48c2-b660-0297f20194da tempest-AttachVolumeNegativeTest-690644130 tempest-AttachVolumeNegativeTest-690644130-project] Calling method '>' {{(pid=123016) _process_stack /opt/stack/nova/nova/api/openstack/wsgi.py:513}}
Dec 07 22:41:39.795309 dv-cinder-820189-3-smb devstack@n-api.service[123016]: DEBUG nova.compute.api [None req-2ddea96e-e54d-48c2-b660-0297f20194da tempest-AttachVolumeNegativeTest-690644130 tempest-AttachVolumeNegativeTest-690644130-project] [instance: 81e8d7d1-4399-4c98-997a-d37f99b48603] Fetching instance by UUID {{(pid=123016) get /opt/stack/nova/nova/compute/api.py:2865}}
Dec 07 22:41:39.807233 dv-cinder-820189-3-smb devstack@n-api.service[123016]: DEBUG oslo_concurrency.lockutils [None req-2ddea96e-e54d-48c2-b660-0297f20194da tempest-AttachVolumeNegativeTest-690644130 tempest-AttachVolumeNegativeTest-690644130-project] Lock "dc4466b6-c66b-4f1b-924d-5f8c3d3e8c66" acquired by "nova.context.set_target_cell..get_or_set_cached_cell_and_set_connections" :: waited 0.001s {{(pid=123016) inner /usr/local/lib/python3.8/dist-packages/oslo_concurrency/lockutils.py:386}}
Dec 07 22:41:39.808490 dv-cinder-820189-3-smb devstack@n-api.service[123016]: DEBUG oslo_concurrency.lockutils [None req-2ddea96e-e54d-48c2-b660-0297f20194da tempest-AttachVolumeNegativeTest-690644130 tempest-AttachVolumeNegativeTest-690644130-project] Lock "dc4466b6-c66b-4f1b-924d-5f8c3d3e8c66" "released" by "nova.context.set_target_cell..get_or_set_cached_cell_and_set_connections" :: held 0.002s {{(pid=123016) inner /usr/local/lib/python3.8/dist-packages/oslo_concurrency/lockutils.py:400}}
Dec 07 22:41:39.809627 dv-cinder-820189-3-smb devstack@n-api.service[123016]: DEBUG oslo_concurrency.lockutils [None req-2ddea96e-e54d-48c2-b660-0297f20194da tempest-AttachVolumeNegativeTest-690644130 tempest-AttachVolumeNegativeTest-690644130-project] Lock "dc4466b6-c66b-4f1b-924d-5f8c3d3e8c66" acquired by "nova.context.set_target_cell..get_or_set_cached_cell_and_set_connections" :: waited 0.000s {{(pid=123016) inner /usr/local/lib/python3.8/dist-packages/oslo_concurrency/lockutils.py:386}}
Dec 07 22:41:39.810429 dv-cinder-820189-3-smb devstack@n-api.service[123016]: DEBUG oslo_concurrency.lockutils [None req-2ddea96e-e54d-48c2-b660-0297f20194da tempest-AttachVolumeNegativeTest-690644130 tempest-AttachVolumeNegativeTest-690644130-project] Lock "dc4466b6-c66b-4f1b-924d-5f8c3d3e8c66" "released" by "nova.context.set_target_cell..get_or_set_cached_cell_and_set_connections" :: held 0.001s {{(pid=123016) inner /usr/local/lib/python3.8/dist-packages/oslo_concurrency/lockutils.py:400}}
Dec 07 22:41:40.049982 dv-cinder-820189-3-smb devstack@n-api.service[123016]: DEBUG nova.policy [None req-2ddea96e-e54d-48c2-b660-0297f20194da tempest-AttachVolumeNegativeTest-690644130 tempest-AttachVolumeNegativeTest-690644130-project] Policy check for os_compute_api:os-extended-server-attributes failed with credentials {'is_admin': False, 'user_id': '2c5e9552ddf6446d98d3da50abf263a5', 'user_domain_id': 'default', 'system_scope': None, 'domain_id': None, 'project_id': 'a3261c0c522246b391fcb3a3e8c989ed', 'project_domain_id': 'default', 'roles': ['member', 'reader'], 'is_admin_project': True, 'service_user_id': None, 'service_user_domain_id': None, 'service_project_id': None, 'service_project_domain_id': None, 'service_roles': []} {{(pid=123016) authorize /opt/stack/nova/nova/policy.py:199}}
Dec 07 22:41:40.064913 dv-cinder-820189-3-smb devstack@n-api.service[123016]: INFO nova.api.openstack.requestlog [None req-2ddea96e-e54d-48c2-b660-0297f20194da tempest-AttachVolumeNegativeTest-690644130 tempest-AttachVolumeNegativeTest-690644130-project] 10.222.0.21 "GET /compute/v2.1/servers/81e8d7d1-4399-4c98-997a-d37f99b48603" status: 200 len: 1317 microversion: 2.1 time: 0.270533
Dec 07 22:41:40.066684 dv-cinder-820189-3-smb devstack@n-api.service[123016]: [pid: 123016|app: 0|req: 28/44] 10.222.0.21 () {58 vars in 1235 bytes} [Tue Dec 7 22:41:39 2021] GET /compute/v2.1/servers/81e8d7d1-4399-4c98-997a-d37f99b48603 => generated 1317 bytes in 278 msecs (HTTP/1.1 200) 9 headers in 358 bytes (2 switches on core 0)
Dec 07 22:41:40.197193 dv-cinder-820189-3-smb devstack@n-api.service[123018]: DEBUG nova.api.openstack.wsgi [None req-a4faa961-b443-41c1-9d37-17b216ab65a8 tempest-DeleteServersTestJSON-1690554778 tempest-DeleteServersTestJSON-1690554778-project] Calling method '>' {{(pid=123018) _process_stack /opt/stack/nova/nova/api/openstack/wsgi.py:513}}
Dec 07 22:41:40.198004 dv-cinder-820189-3-smb devstack@n-api.service[123018]: DEBUG nova.compute.api [None req-a4faa961-b443-41c1-9d37-17b216ab65a8 tempest-DeleteServersTestJSON-1690554778 tempest-DeleteServersTestJSON-1690554778-project] [instance: 6ffdd790-24a4-4568-b0a9-5cb43dd0fdc0] Fetching instance by UUID {{(pid=123018) get /opt/stack/nova/nova/compute/api.py:2865}}
Dec 07 22:41:40.219204 dv-cinder-820189-3-smb devstack@n-api.service[123018]: DEBUG oslo_concurrency.lockutils [None req-a4faa961-b443-41c1-9d37-17b216ab65a8 tempest-DeleteServersTestJSON-1690554778 tempest-DeleteServersTestJSON-1690554778-project] Lock "dc4466b6-c66b-4f1b-924d-5f8c3d3e8c66" acquired by "nova.context.set_target_cell..get_or_set_cached_cell_and_set_connections" :: waited 0.000s {{(pid=123018) inner /usr/local/lib/python3.8/dist-packages/oslo_concurrency/lockutils.py:386}}
Dec 07 22:41:40.220035 dv-cinder-820189-3-smb devstack@n-api.service[123018]: DEBUG oslo_concurrency.lockutils [None req-a4faa961-b443-41c1-9d37-17b216ab65a8 tempest-DeleteServersTestJSON-1690554778 tempest-DeleteServersTestJSON-1690554778-project] Lock "dc4466b6-c66b-4f1b-924d-5f8c3d3e8c66" "released" by "nova.context.set_target_cell..get_or_set_cached_cell_and_set_connections" :: held 0.007s {{(pid=123018) inner /usr/local/lib/python3.8/dist-packages/oslo_concurrency/lockutils.py:400}}
Dec 07 22:41:40.221033 dv-cinder-820189-3-smb devstack@n-api.service[123018]: DEBUG oslo_concurrency.lockutils [None req-a4faa961-b443-41c1-9d37-17b216ab65a8 tempest-DeleteServersTestJSON-1690554778 tempest-DeleteServersTestJSON-1690554778-project] Lock "dc4466b6-c66b-4f1b-924d-5f8c3d3e8c66" acquired by "nova.context.set_target_cell..get_or_set_cached_cell_and_set_connections" :: waited 0.000s {{(pid=123018) inner /usr/local/lib/python3.8/dist-packages/oslo_concurrency/lockutils.py:386}}
Dec 07 22:41:40.221619 dv-cinder-820189-3-smb devstack@n-api.service[123018]: DEBUG oslo_concurrency.lockutils [None req-a4faa961-b443-41c1-9d37-17b216ab65a8 tempest-DeleteServersTestJSON-1690554778 tempest-DeleteServersTestJSON-1690554778-project] Lock "dc4466b6-c66b-4f1b-924d-5f8c3d3e8c66" "released" by "nova.context.set_target_cell..get_or_set_cached_cell_and_set_connections" :: held 0.001s {{(pid=123018) inner /usr/local/lib/python3.8/dist-packages/oslo_concurrency/lockutils.py:400}}
Dec 07 22:41:40.487954 dv-cinder-820189-3-smb devstack@n-api.service[123018]: DEBUG nova.policy [None req-a4faa961-b443-41c1-9d37-17b216ab65a8 tempest-DeleteServersTestJSON-1690554778 tempest-DeleteServersTestJSON-1690554778-project] Policy check for os_compute_api:os-extended-server-attributes failed with credentials {'is_admin': False, 'user_id': 'b5fa523b6a9c4901975770942904a1c6', 'user_domain_id': 'default', 'system_scope': None, 'domain_id': None, 'project_id': '16a0fce184344be1af9ab846ef2f491f', 'project_domain_id': 'default', 'roles': ['member', 'reader'], 'is_admin_project': True, 'service_user_id': None, 'service_user_domain_id': None, 'service_project_id': None, 'service_project_domain_id': None, 'service_roles': []} {{(pid=123018) authorize /opt/stack/nova/nova/policy.py:199}}
Dec 07 22:41:40.501319 dv-cinder-820189-3-smb devstack@n-api.service[123018]: INFO nova.api.openstack.requestlog [None req-a4faa961-b443-41c1-9d37-17b216ab65a8 tempest-DeleteServersTestJSON-1690554778 tempest-DeleteServersTestJSON-1690554778-project] 10.222.0.21 "GET /compute/v2.1/servers/6ffdd790-24a4-4568-b0a9-5cb43dd0fdc0" status: 200 len: 1272 microversion: 2.1 time: 0.308697
Dec 07 22:41:40.517476 dv-cinder-820189-3-smb devstack@n-api.service[123018]: [pid: 123018|app: 0|req: 17/45] 10.222.0.21 () {58 vars in 1235 bytes} [Tue Dec 7 22:41:40 2021] GET /compute/v2.1/servers/6ffdd790-24a4-4568-b0a9-5cb43dd0fdc0 => generated 1272 bytes in 317 msecs (HTTP/1.1 200) 9 headers in 358 bytes (1 switches on core 0)
Dec 07 22:41:41.082314 dv-cinder-820189-3-smb devstack@n-api.service[123016]: DEBUG nova.api.openstack.wsgi [None req-5f7ae5a7-d66e-45ac-bcbd-221f22493921 tempest-AttachVolumeNegativeTest-690644130 tempest-AttachVolumeNegativeTest-690644130-project] Calling method '>' {{(pid=123016) _process_stack /opt/stack/nova/nova/api/openstack/wsgi.py:513}}
Dec 07 22:41:41.085186 dv-cinder-820189-3-smb devstack@n-api.service[123016]: DEBUG nova.compute.api [None req-5f7ae5a7-d66e-45ac-bcbd-221f22493921 tempest-AttachVolumeNegativeTest-690644130 tempest-AttachVolumeNegativeTest-690644130-project] [instance: 81e8d7d1-4399-4c98-997a-d37f99b48603] Fetching instance by UUID {{(pid=123016) get /opt/stack/nova/nova/compute/api.py:2865}}
Dec 07 22:41:41.094338 dv-cinder-820189-3-smb devstack@n-api.service[123016]: DEBUG oslo_concurrency.lockutils [None req-5f7ae5a7-d66e-45ac-bcbd-221f22493921 tempest-AttachVolumeNegativeTest-690644130 tempest-AttachVolumeNegativeTest-690644130-project] Lock "dc4466b6-c66b-4f1b-924d-5f8c3d3e8c66" acquired by "nova.context.set_target_cell..get_or_set_cached_cell_and_set_connections" :: waited 0.000s {{(pid=123016) inner /usr/local/lib/python3.8/dist-packages/oslo_concurrency/lockutils.py:386}}
Dec 07 22:41:41.102591 dv-cinder-820189-3-smb devstack@n-api.service[123016]: DEBUG oslo_concurrency.lockutils [None req-5f7ae5a7-d66e-45ac-bcbd-221f22493921 tempest-AttachVolumeNegativeTest-690644130 tempest-AttachVolumeNegativeTest-690644130-project] Lock "dc4466b6-c66b-4f1b-924d-5f8c3d3e8c66" "released" by "nova.context.set_target_cell..get_or_set_cached_cell_and_set_connections" :: held 0.008s {{(pid=123016) inner /usr/local/lib/python3.8/dist-packages/oslo_concurrency/lockutils.py:400}}
Dec 07 22:41:41.103723 dv-cinder-820189-3-smb devstack@n-api.service[123016]: DEBUG oslo_concurrency.lockutils [None req-5f7ae5a7-d66e-45ac-bcbd-221f22493921 tempest-AttachVolumeNegativeTest-690644130 tempest-AttachVolumeNegativeTest-690644130-project] Lock "dc4466b6-c66b-4f1b-924d-5f8c3d3e8c66" acquired by "nova.context.set_target_cell..get_or_set_cached_cell_and_set_connections" :: waited 0.000s {{(pid=123016) inner /usr/local/lib/python3.8/dist-packages/oslo_concurrency/lockutils.py:386}}
Dec 07 22:41:41.104309 dv-cinder-820189-3-smb devstack@n-api.service[123016]: DEBUG oslo_concurrency.lockutils [None req-5f7ae5a7-d66e-45ac-bcbd-221f22493921 tempest-AttachVolumeNegativeTest-690644130 tempest-AttachVolumeNegativeTest-690644130-project] Lock "dc4466b6-c66b-4f1b-924d-5f8c3d3e8c66" "released" by "nova.context.set_target_cell..get_or_set_cached_cell_and_set_connections" :: held 0.001s {{(pid=123016) inner /usr/local/lib/python3.8/dist-packages/oslo_concurrency/lockutils.py:400}}
Dec 07 22:41:41.525449 dv-cinder-820189-3-smb devstack@n-api.service[123018]: DEBUG nova.api.openstack.wsgi [None req-77a67064-f79d-4c5c-a521-ca7912d2bd50 tempest-DeleteServersTestJSON-1690554778 tempest-DeleteServersTestJSON-1690554778-project] Calling method '>' {{(pid=123018) _process_stack /opt/stack/nova/nova/api/openstack/wsgi.py:513}}
Dec 07 22:41:41.527646 dv-cinder-820189-3-smb devstack@n-api.service[123018]: DEBUG nova.compute.api [None req-77a67064-f79d-4c5c-a521-ca7912d2bd50 tempest-DeleteServersTestJSON-1690554778 tempest-DeleteServersTestJSON-1690554778-project] [instance: 6ffdd790-24a4-4568-b0a9-5cb43dd0fdc0] Fetching instance by UUID {{(pid=123018) get /opt/stack/nova/nova/compute/api.py:2865}}
Dec 07 22:41:41.535356 dv-cinder-820189-3-smb devstack@n-api.service[123018]: DEBUG oslo_concurrency.lockutils [None req-77a67064-f79d-4c5c-a521-ca7912d2bd50 tempest-DeleteServersTestJSON-1690554778 tempest-DeleteServersTestJSON-1690554778-project] Lock "dc4466b6-c66b-4f1b-924d-5f8c3d3e8c66" acquired by "nova.context.set_target_cell..get_or_set_cached_cell_and_set_connections" :: waited 0.000s {{(pid=123018) inner /usr/local/lib/python3.8/dist-packages/oslo_concurrency/lockutils.py:386}}
Dec 07 22:41:41.535356 dv-cinder-820189-3-smb devstack@n-api.service[123018]: DEBUG oslo_concurrency.lockutils [None req-77a67064-f79d-4c5c-a521-ca7912d2bd50 tempest-DeleteServersTestJSON-1690554778 tempest-DeleteServersTestJSON-1690554778-project] Lock "dc4466b6-c66b-4f1b-924d-5f8c3d3e8c66" "released" by "nova.context.set_target_cell..get_or_set_cached_cell_and_set_connections" :: held 0.001s {{(pid=123018) inner /usr/local/lib/python3.8/dist-packages/oslo_concurrency/lockutils.py:400}}
Dec 07 22:41:41.550833 dv-cinder-820189-3-smb devstack@n-api.service[123018]: DEBUG oslo_concurrency.lockutils [None req-77a67064-f79d-4c5c-a521-ca7912d2bd50 tempest-DeleteServersTestJSON-1690554778 tempest-DeleteServersTestJSON-1690554778-project] Lock "dc4466b6-c66b-4f1b-924d-5f8c3d3e8c66" acquired by "nova.context.set_target_cell..get_or_set_cached_cell_and_set_connections" :: waited 0.000s {{(pid=123018) inner /usr/local/lib/python3.8/dist-packages/oslo_concurrency/lockutils.py:386}}
Dec 07 22:41:41.554250 dv-cinder-820189-3-smb devstack@n-api.service[123018]: DEBUG oslo_concurrency.lockutils [None req-77a67064-f79d-4c5c-a521-ca7912d2bd50 tempest-DeleteServersTestJSON-1690554778 tempest-DeleteServersTestJSON-1690554778-project] Lock "dc4466b6-c66b-4f1b-924d-5f8c3d3e8c66" "released" by "nova.context.set_target_cell..get_or_set_cached_cell_and_set_connections" :: held 0.004s {{(pid=123018) inner /usr/local/lib/python3.8/dist-packages/oslo_concurrency/lockutils.py:400}}
Dec 07 22:41:41.728283 dv-cinder-820189-3-smb devstack@n-api.service[123016]: DEBUG nova.policy [None req-5f7ae5a7-d66e-45ac-bcbd-221f22493921 tempest-AttachVolumeNegativeTest-690644130 tempest-AttachVolumeNegativeTest-690644130-project] Policy check for os_compute_api:os-extended-server-attributes failed with credentials {'is_admin': False, 'user_id': '2c5e9552ddf6446d98d3da50abf263a5', 'user_domain_id': 'default', 'system_scope': None, 'domain_id': None, 'project_id': 'a3261c0c522246b391fcb3a3e8c989ed', 'project_domain_id': 'default', 'roles': ['member', 'reader'], 'is_admin_project': True, 'service_user_id': None, 'service_user_domain_id': None, 'service_project_id': None, 'service_project_domain_id': None, 'service_roles': []} {{(pid=123016) authorize /opt/stack/nova/nova/policy.py:199}}
Dec 07 22:41:41.746459 dv-cinder-820189-3-smb devstack@n-api.service[123016]: INFO nova.api.openstack.requestlog [None req-5f7ae5a7-d66e-45ac-bcbd-221f22493921 tempest-AttachVolumeNegativeTest-690644130 tempest-AttachVolumeNegativeTest-690644130-project] 10.222.0.21 "GET /compute/v2.1/servers/81e8d7d1-4399-4c98-997a-d37f99b48603" status: 200 len: 1317 microversion: 2.1 time: 0.668384
Dec 07 22:41:41.750001 dv-cinder-820189-3-smb devstack@n-api.service[123016]: [pid: 123016|app: 0|req: 29/46] 10.222.0.21 () {58 vars in 1235 bytes} [Tue Dec 7 22:41:41 2021] GET /compute/v2.1/servers/81e8d7d1-4399-4c98-997a-d37f99b48603 => generated 1317 bytes in 673 msecs (HTTP/1.1 200) 9 headers in 358 bytes (1 switches on core 0)
Dec 07 22:41:42.525239 dv-cinder-820189-3-smb devstack@n-api.service[123018]: DEBUG nova.policy [None req-77a67064-f79d-4c5c-a521-ca7912d2bd50 tempest-DeleteServersTestJSON-1690554778 tempest-DeleteServersTestJSON-1690554778-project] Policy check for os_compute_api:os-extended-server-attributes failed with credentials {'is_admin': False, 'user_id': 'b5fa523b6a9c4901975770942904a1c6', 'user_domain_id': 'default', 'system_scope': None, 'domain_id': None, 'project_id': '16a0fce184344be1af9ab846ef2f491f', 'project_domain_id': 'default', 'roles': ['member', 'reader'], 'is_admin_project': True, 'service_user_id': None, 'service_user_domain_id': None, 'service_project_id': None, 'service_project_domain_id': None, 'service_roles': []} {{(pid=123018) authorize /opt/stack/nova/nova/policy.py:199}}
Dec 07 22:41:42.548850 dv-cinder-820189-3-smb devstack@n-api.service[123018]: INFO nova.api.openstack.requestlog [None req-77a67064-f79d-4c5c-a521-ca7912d2bd50 tempest-DeleteServersTestJSON-1690554778 tempest-DeleteServersTestJSON-1690554778-project] 10.222.0.21 "GET /compute/v2.1/servers/6ffdd790-24a4-4568-b0a9-5cb43dd0fdc0" status: 200 len: 1314 microversion: 2.1 time: 1.027514
Dec 07 22:41:42.576932 dv-cinder-820189-3-smb devstack@n-api.service[123018]: [pid: 123018|app: 0|req: 18/47] 10.222.0.21 () {58 vars in 1235 bytes} [Tue Dec 7 22:41:41 2021] GET /compute/v2.1/servers/6ffdd790-24a4-4568-b0a9-5cb43dd0fdc0 => generated 1314 bytes in 1056 msecs (HTTP/1.1 200) 9 headers in 358 bytes (2 switches on core 0)
Dec 07 22:41:42.768660 dv-cinder-820189-3-smb devstack@n-api.service[123016]: DEBUG nova.api.openstack.wsgi [None req-839dcb2a-9d3c-4e16-b7bd-22e3e307c3e6 tempest-AttachVolumeNegativeTest-690644130 tempest-AttachVolumeNegativeTest-690644130-project] Calling method '>' {{(pid=123016) _process_stack /opt/stack/nova/nova/api/openstack/wsgi.py:513}}
Dec 07 22:41:42.769568 dv-cinder-820189-3-smb devstack@n-api.service[123016]: DEBUG nova.compute.api [None req-839dcb2a-9d3c-4e16-b7bd-22e3e307c3e6 tempest-AttachVolumeNegativeTest-690644130 tempest-AttachVolumeNegativeTest-690644130-project] [instance: 81e8d7d1-4399-4c98-997a-d37f99b48603] Fetching instance by UUID {{(pid=123016) get /opt/stack/nova/nova/compute/api.py:2865}}
