Jan 24 15:47:48.391685 dv-cinder-820164-3-smb devstack@n-api.service[123258]: DEBUG nova.compute.api [None req-1c6bf19b-e8c3-40c2-8b49-a5031bd397b1 tempest-AttachVolumeNegativeTest-2081068542 tempest-AttachVolumeNegativeTest-2081068542-project] [instance: def71eaa-f171-4cd6-9864-1b6b009d168a] block_device_mapping [BlockDeviceMapping(attachment_id=,boot_index=0,connection_info=None,created_at=,delete_on_termination=True,deleted=,deleted_at=,destination_type='local',device_name=None,device_type='disk',disk_bus=None,guest_format=None,id=,image_id='2b6415bd-7d9b-4923-983b-c08685062c8a',instance=,instance_uuid=,no_device=False,snapshot_id=None,source_type='image',tag=None,updated_at=,uuid=,volume_id=None,volume_size=None,volume_type=None)] {{(pid=123258) _bdm_validate_set_size_and_instance /opt/stack/nova/nova/compute/api.py:1757}}
Jan 24 15:47:48.522085 dv-cinder-820164-3-smb devstack@n-api.service[123257]: DEBUG nova.virt.hardware [None req-c87e6fd4-0de2-4c25-92f6-2056a3229417 tempest-DeleteServersTestJSON-992600386 tempest-DeleteServersTestJSON-992600386-project] Flavor limits 0:0:0 {{(pid=123257) get_cpu_topology_constraints /opt/stack/nova/nova/virt/hardware.py:343}}
Jan 24 15:47:48.523155 dv-cinder-820164-3-smb devstack@n-api.service[123257]: DEBUG nova.virt.hardware [None req-c87e6fd4-0de2-4c25-92f6-2056a3229417 tempest-DeleteServersTestJSON-992600386 tempest-DeleteServersTestJSON-992600386-project] Image limits 0:0:0 {{(pid=123257) get_cpu_topology_constraints /opt/stack/nova/nova/virt/hardware.py:347}}
Jan 24 15:47:48.523893 dv-cinder-820164-3-smb devstack@n-api.service[123257]: DEBUG nova.virt.hardware [None req-c87e6fd4-0de2-4c25-92f6-2056a3229417 tempest-DeleteServersTestJSON-992600386 tempest-DeleteServersTestJSON-992600386-project] Flavor pref 0:0:0 {{(pid=123257) get_cpu_topology_constraints /opt/stack/nova/nova/virt/hardware.py:383}}
Jan 24 15:47:48.524473 dv-cinder-820164-3-smb devstack@n-api.service[123257]: DEBUG nova.virt.hardware [None req-c87e6fd4-0de2-4c25-92f6-2056a3229417 tempest-DeleteServersTestJSON-992600386 tempest-DeleteServersTestJSON-992600386-project] Image pref 0:0:0 {{(pid=123257) get_cpu_topology_constraints /opt/stack/nova/nova/virt/hardware.py:387}}
Jan 24 15:47:48.525048 dv-cinder-820164-3-smb devstack@n-api.service[123257]: DEBUG nova.virt.hardware [None req-c87e6fd4-0de2-4c25-92f6-2056a3229417 tempest-DeleteServersTestJSON-992600386 tempest-DeleteServersTestJSON-992600386-project] Chose sockets=0, cores=0, threads=0; limits were sockets=65536, cores=65536, threads=65536 {{(pid=123257) get_cpu_topology_constraints /opt/stack/nova/nova/virt/hardware.py:425}}
Jan 24 15:47:48.554445 dv-cinder-820164-3-smb devstack@n-api.service[123257]: DEBUG oslo_concurrency.lockutils [None req-c87e6fd4-0de2-4c25-92f6-2056a3229417 tempest-DeleteServersTestJSON-992600386 tempest-DeleteServersTestJSON-992600386-project] Lock "00000000-0000-0000-0000-000000000000" acquired by "nova.context.set_target_cell..get_or_set_cached_cell_and_set_connections" :: waited 0.000s {{(pid=123257) inner /usr/local/lib/python3.8/dist-packages/oslo_concurrency/lockutils.py:386}}
Jan 24 15:47:48.555094 dv-cinder-820164-3-smb devstack@n-api.service[123257]: DEBUG oslo_concurrency.lockutils [None req-c87e6fd4-0de2-4c25-92f6-2056a3229417 tempest-DeleteServersTestJSON-992600386 tempest-DeleteServersTestJSON-992600386-project] Lock "00000000-0000-0000-0000-000000000000" "released" by "nova.context.set_target_cell..get_or_set_cached_cell_and_set_connections" :: held 0.001s {{(pid=123257) inner /usr/local/lib/python3.8/dist-packages/oslo_concurrency/lockutils.py:400}}
Jan 24 15:47:48.558370 dv-cinder-820164-3-smb devstack@n-api.service[123257]: DEBUG oslo_concurrency.lockutils [None req-c87e6fd4-0de2-4c25-92f6-2056a3229417 tempest-DeleteServersTestJSON-992600386 tempest-DeleteServersTestJSON-992600386-project] Lock "3e582673-59f5-4460-8a71-ee9e59bec72a" acquired by "nova.context.set_target_cell..get_or_set_cached_cell_and_set_connections" :: waited 0.000s {{(pid=123257) inner /usr/local/lib/python3.8/dist-packages/oslo_concurrency/lockutils.py:386}}
Jan 24 15:47:48.559059 dv-cinder-820164-3-smb devstack@n-api.service[123257]: DEBUG oslo_concurrency.lockutils [None req-c87e6fd4-0de2-4c25-92f6-2056a3229417 tempest-DeleteServersTestJSON-992600386 tempest-DeleteServersTestJSON-992600386-project] Lock "3e582673-59f5-4460-8a71-ee9e59bec72a" "released" by "nova.context.set_target_cell..get_or_set_cached_cell_and_set_connections" :: held 0.003s {{(pid=123257) inner /usr/local/lib/python3.8/dist-packages/oslo_concurrency/lockutils.py:400}}
Jan 24 15:47:48.564245 dv-cinder-820164-3-smb devstack@n-api.service[123258]: INFO nova.api.openstack.requestlog [None req-1c6bf19b-e8c3-40c2-8b49-a5031bd397b1 tempest-AttachVolumeNegativeTest-2081068542 tempest-AttachVolumeNegativeTest-2081068542-project] 10.222.0.84 "POST /compute/v2.1/servers" status: 202 len: 380 microversion: 2.1 time: 3.089617
Jan 24 15:47:48.572201 dv-cinder-820164-3-smb devstack@n-api.service[123258]: [pid: 123258|app: 0|req: 1/2] 10.222.0.84 () {60 vars in 1146 bytes} [Mon Jan 24 15:47:45 2022] POST /compute/v2.1/servers => generated 380 bytes in 3099 msecs (HTTP/1.1 202) 10 headers in 451 bytes (2 switches on core 0)
Jan 24 15:47:48.588547 dv-cinder-820164-3-smb devstack@n-api.service[123258]: DEBUG nova.api.openstack.wsgi [None req-19053c8c-9cc1-4568-ac99-a7ab4730bc9f tempest-VolumesTestJSON-143012687 tempest-VolumesTestJSON-143012687-project] Calling method '.version_select at 0x7f1f81ddc310>' {{(pid=123258) _process_stack /opt/stack/nova/nova/api/openstack/wsgi.py:513}}
Jan 24 15:47:48.645368 dv-cinder-820164-3-smb devstack@n-api.service[123257]: DEBUG nova.quota [None req-c87e6fd4-0de2-4c25-92f6-2056a3229417 tempest-DeleteServersTestJSON-992600386 tempest-DeleteServersTestJSON-992600386-project] Getting quotas for project 5428084febb84f94970b4afc489af93c. Resources: {'cores', 'instances', 'ram'} {{(pid=123257) _get_quotas /opt/stack/nova/nova/quota.py:387}}
Jan 24 15:47:48.659190 dv-cinder-820164-3-smb devstack@n-api.service[123257]: DEBUG nova.quota [None req-c87e6fd4-0de2-4c25-92f6-2056a3229417 tempest-DeleteServersTestJSON-992600386 tempest-DeleteServersTestJSON-992600386-project] Getting quotas for user 45340f5dc4ab4b5bbe65842cf92e8f4c and project 5428084febb84f94970b4afc489af93c. Resources: {'cores', 'instances', 'ram'} {{(pid=123257) _get_quotas /opt/stack/nova/nova/quota.py:377}}
Jan 24 15:47:48.699148 dv-cinder-820164-3-smb devstack@n-api.service[123257]: DEBUG nova.compute.api [None req-c87e6fd4-0de2-4c25-92f6-2056a3229417 tempest-DeleteServersTestJSON-992600386 tempest-DeleteServersTestJSON-992600386-project] Going to run 1 instances... {{(pid=123257) _provision_instances /opt/stack/nova/nova/compute/api.py:1350}}
Jan 24 15:47:48.704603 dv-cinder-820164-3-smb devstack@n-api.service[123257]: DEBUG nova.compute.api [None req-c87e6fd4-0de2-4c25-92f6-2056a3229417 tempest-DeleteServersTestJSON-992600386 tempest-DeleteServersTestJSON-992600386-project] [instance: 04ea2475-74c5-4099-aa3c-1c505992c7d0] block_device_mapping [BlockDeviceMapping(attachment_id=,boot_index=0,connection_info=None,created_at=,delete_on_termination=True,deleted=,deleted_at=,destination_type='local',device_name=None,device_type='disk',disk_bus=None,guest_format=None,id=,image_id='2b6415bd-7d9b-4923-983b-c08685062c8a',instance=,instance_uuid=,no_device=False,snapshot_id=None,source_type='image',tag=None,updated_at=,uuid=,volume_id=None,volume_size=None,volume_type=None)] {{(pid=123257) _bdm_validate_set_size_and_instance /opt/stack/nova/nova/compute/api.py:1757}}
Jan 24 15:47:48.723818 dv-cinder-820164-3-smb devstack@n-api.service[123258]: INFO nova.api.openstack.requestlog [None req-19053c8c-9cc1-4568-ac99-a7ab4730bc9f tempest-VolumesTestJSON-143012687 tempest-VolumesTestJSON-143012687-project] 10.222.0.84 "GET /compute/v2.1/os-volumes/9f1989ff-40c1-475b-8e89-0c5848a3d003" status: 200 len: 351 microversion: 2.1 time: 0.149999
Jan 24 15:47:48.724418 dv-cinder-820164-3-smb devstack@n-api.service[123258]: [pid: 123258|app: 0|req: 2/3] 10.222.0.84 () {58 vars in 1244 bytes} [Mon Jan 24 15:47:48 2022] GET /compute/v2.1/os-volumes/9f1989ff-40c1-475b-8e89-0c5848a3d003 => generated 351 bytes in 152 msecs (HTTP/1.1 200) 9 headers in 357 bytes (1 switches on core 0)
Jan 24 15:47:48.729730 dv-cinder-820164-3-smb devstack@n-api.service[123258]: DEBUG nova.api.openstack.wsgi [None req-62f81363-e9ab-45f7-8f44-c06f87510e7c tempest-AttachVolumeNegativeTest-2081068542 tempest-AttachVolumeNegativeTest-2081068542-project] Calling method '>' {{(pid=123258) _process_stack /opt/stack/nova/nova/api/openstack/wsgi.py:513}}
Jan 24 15:47:48.730401 dv-cinder-820164-3-smb devstack@n-api.service[123258]: DEBUG nova.compute.api [None req-62f81363-e9ab-45f7-8f44-c06f87510e7c tempest-AttachVolumeNegativeTest-2081068542 tempest-AttachVolumeNegativeTest-2081068542-project] [instance: def71eaa-f171-4cd6-9864-1b6b009d168a] Fetching instance by UUID {{(pid=123258) get /opt/stack/nova/nova/compute/api.py:2865}}
Jan 24 15:47:48.991649 dv-cinder-820164-3-smb devstack@n-api.service[123257]: INFO nova.api.openstack.requestlog [None req-c87e6fd4-0de2-4c25-92f6-2056a3229417 tempest-DeleteServersTestJSON-992600386 tempest-DeleteServersTestJSON-992600386-project] 10.222.0.84 "POST /compute/v2.1/servers" status: 202 len: 380 microversion: 2.1 time: 2.420716
Jan 24 15:47:48.998969 dv-cinder-820164-3-smb devstack@n-api.service[123257]: [pid: 123257|app: 0|req: 2/4] 10.222.0.84 () {60 vars in 1146 bytes} [Mon Jan 24 15:47:46 2022] POST /compute/v2.1/servers => generated 380 bytes in 2429 msecs (HTTP/1.1 202) 10 headers in 451 bytes (2 switches on core 0)
Jan 24 15:47:49.004535 dv-cinder-820164-3-smb devstack@n-api.service[123257]: DEBUG nova.api.openstack.wsgi [None req-1fce347c-1c63-42df-a2db-728e59577603 tempest-DeleteServersTestJSON-992600386 tempest-DeleteServersTestJSON-992600386-project] Calling method '>' {{(pid=123257) _process_stack /opt/stack/nova/nova/api/openstack/wsgi.py:513}}
Jan 24 15:47:49.005169 dv-cinder-820164-3-smb devstack@n-api.service[123257]: DEBUG nova.compute.api [None req-1fce347c-1c63-42df-a2db-728e59577603 tempest-DeleteServersTestJSON-992600386 tempest-DeleteServersTestJSON-992600386-project] [instance: 04ea2475-74c5-4099-aa3c-1c505992c7d0] Fetching instance by UUID {{(pid=123257) get /opt/stack/nova/nova/compute/api.py:2865}}
Jan 24 15:47:49.037428 dv-cinder-820164-3-smb devstack@n-api.service[123258]: DEBUG nova.policy [None req-62f81363-e9ab-45f7-8f44-c06f87510e7c tempest-AttachVolumeNegativeTest-2081068542 tempest-AttachVolumeNegativeTest-2081068542-project] Policy check for os_compute_api:os-extended-server-attributes failed with credentials {'is_admin': False, 'user_id': '22595be0b4c242fdb687a6433bddb855', 'user_domain_id': 'default', 'system_scope': None, 'domain_id': None, 'project_id': 'e706513bf5b640f8a68e24dc82927e2a', 'project_domain_id': 'default', 'roles': ['reader', 'member'], 'is_admin_project': True, 'service_user_id': None, 'service_user_domain_id': None, 'service_project_id': None, 'service_project_domain_id': None, 'service_roles': []} {{(pid=123258) authorize /opt/stack/nova/nova/policy.py:199}}
Jan 24 15:47:49.076337 dv-cinder-820164-3-smb devstack@n-api.service[123258]: INFO nova.api.openstack.requestlog [None req-62f81363-e9ab-45f7-8f44-c06f87510e7c tempest-AttachVolumeNegativeTest-2081068542 tempest-AttachVolumeNegativeTest-2081068542-project] 10.222.0.84 "GET /compute/v2.1/servers/def71eaa-f171-4cd6-9864-1b6b009d168a" status: 200 len: 1218 microversion: 2.1 time: 0.350621
Jan 24 15:47:49.076938 dv-cinder-820164-3-smb devstack@n-api.service[123258]: [pid: 123258|app: 0|req: 3/5] 10.222.0.84 () {58 vars in 1235 bytes} [Mon Jan 24 15:47:48 2022] GET /compute/v2.1/servers/def71eaa-f171-4cd6-9864-1b6b009d168a => generated 1218 bytes in 352 msecs (HTTP/1.1 200) 9 headers in 358 bytes (1 switches on core 0)
Jan 24 15:47:49.311637 dv-cinder-820164-3-smb devstack@n-api.service[123257]: DEBUG nova.policy [None req-1fce347c-1c63-42df-a2db-728e59577603 tempest-DeleteServersTestJSON-992600386 tempest-DeleteServersTestJSON-992600386-project] Policy check for os_compute_api:os-extended-server-attributes failed with credentials {'is_admin': False, 'user_id': '45340f5dc4ab4b5bbe65842cf92e8f4c', 'user_domain_id': 'default', 'system_scope': None, 'domain_id': None, 'project_id': '5428084febb84f94970b4afc489af93c', 'project_domain_id': 'default', 'roles': ['reader', 'member'], 'is_admin_project': True, 'service_user_id': None, 'service_user_domain_id': None, 'service_project_id': None, 'service_project_domain_id': None, 'service_roles': []} {{(pid=123257) authorize /opt/stack/nova/nova/policy.py:199}}
Jan 24 15:47:49.337774 dv-cinder-820164-3-smb devstack@n-api.service[123257]: INFO nova.api.openstack.requestlog [None req-1fce347c-1c63-42df-a2db-728e59577603 tempest-DeleteServersTestJSON-992600386 tempest-DeleteServersTestJSON-992600386-project] 10.222.0.84 "GET /compute/v2.1/servers/04ea2475-74c5-4099-aa3c-1c505992c7d0" status: 200 len: 1212 microversion: 2.1 time: 0.336793
Jan 24 15:47:49.341882 dv-cinder-820164-3-smb devstack@n-api.service[123257]: [pid: 123257|app: 0|req: 3/6] 10.222.0.84 () {58 vars in 1235 bytes} [Mon Jan 24 15:47:48 2022] GET /compute/v2.1/servers/04ea2475-74c5-4099-aa3c-1c505992c7d0 => generated 1212 bytes in 339 msecs (HTTP/1.1 200) 9 headers in 358 bytes (1 switches on core 0)
Jan 24 15:47:50.106601 dv-cinder-820164-3-smb devstack@n-api.service[123258]: DEBUG nova.api.openstack.wsgi [None req-a60b028d-284c-4703-8bed-c6d2a2da764e tempest-AttachVolumeNegativeTest-2081068542 tempest-AttachVolumeNegativeTest-2081068542-project] Calling method '>' {{(pid=123258) _process_stack /opt/stack/nova/nova/api/openstack/wsgi.py:513}}
Jan 24 15:47:50.107287 dv-cinder-820164-3-smb devstack@n-api.service[123258]: DEBUG nova.compute.api [None req-a60b028d-284c-4703-8bed-c6d2a2da764e tempest-AttachVolumeNegativeTest-2081068542 tempest-AttachVolumeNegativeTest-2081068542-project] [instance: def71eaa-f171-4cd6-9864-1b6b009d168a] Fetching instance by UUID {{(pid=123258) get /opt/stack/nova/nova/compute/api.py:2865}}
Jan 24 15:47:50.235137 dv-cinder-820164-3-smb devstack@n-api.service[123258]: DEBUG nova.policy [None req-a60b028d-284c-4703-8bed-c6d2a2da764e tempest-AttachVolumeNegativeTest-2081068542 tempest-AttachVolumeNegativeTest-2081068542-project] Policy check for os_compute_api:os-extended-server-attributes failed with credentials {'is_admin': False, 'user_id': '22595be0b4c242fdb687a6433bddb855', 'user_domain_id': 'default', 'system_scope': None, 'domain_id': None, 'project_id': 'e706513bf5b640f8a68e24dc82927e2a', 'project_domain_id': 'default', 'roles': ['reader', 'member'], 'is_admin_project': True, 'service_user_id': None, 'service_user_domain_id': None, 'service_project_id': None, 'service_project_domain_id': None, 'service_roles': []} {{(pid=123258) authorize /opt/stack/nova/nova/policy.py:199}}
Jan 24 15:47:50.250285 dv-cinder-820164-3-smb devstack@n-api.service[123258]: INFO nova.api.openstack.requestlog [None req-a60b028d-284c-4703-8bed-c6d2a2da764e tempest-AttachVolumeNegativeTest-2081068542 tempest-AttachVolumeNegativeTest-2081068542-project] 10.222.0.84 "GET /compute/v2.1/servers/def71eaa-f171-4cd6-9864-1b6b009d168a" status: 200 len: 1218 microversion: 2.1 time: 0.147702
Jan 24 15:47:50.253122 dv-cinder-820164-3-smb devstack@n-api.service[123258]: [pid: 123258|app: 0|req: 4/7] 10.222.0.84 () {58 vars in 1235 bytes} [Mon Jan 24 15:47:50 2022] GET /compute/v2.1/servers/def71eaa-f171-4cd6-9864-1b6b009d168a => generated 1218 bytes in 155 msecs (HTTP/1.1 200) 9 headers in 358 bytes (1 switches on core 0)
Jan 24 15:47:50.658316 dv-cinder-820164-3-smb devstack@n-api.service[123257]: DEBUG nova.api.openstack.wsgi [None req-3e78c76d-884d-4439-b160-b6dd5e8f5bfc tempest-DeleteServersTestJSON-992600386 tempest-DeleteServersTestJSON-992600386-project] Calling method '>' {{(pid=123257) _process_stack /opt/stack/nova/nova/api/openstack/wsgi.py:513}}
Jan 24 15:47:50.658316 dv-cinder-820164-3-smb devstack@n-api.service[123257]: DEBUG nova.compute.api [None req-3e78c76d-884d-4439-b160-b6dd5e8f5bfc tempest-DeleteServersTestJSON-992600386 tempest-DeleteServersTestJSON-992600386-project] [instance: 04ea2475-74c5-4099-aa3c-1c505992c7d0] Fetching instance by UUID {{(pid=123257) get /opt/stack/nova/nova/compute/api.py:2865}}
Jan 24 15:47:50.658316 dv-cinder-820164-3-smb devstack@n-api.service[123257]: DEBUG nova.policy [None req-3e78c76d-884d-4439-b160-b6dd5e8f5bfc tempest-DeleteServersTestJSON-992600386 tempest-DeleteServersTestJSON-992600386-project] Policy check for os_compute_api:os-extended-server-attributes failed with credentials {'is_admin': False, 'user_id': '45340f5dc4ab4b5bbe65842cf92e8f4c', 'user_domain_id': 'default', 'system_scope': None, 'domain_id': None, 'project_id': '5428084febb84f94970b4afc489af93c', 'project_domain_id': 'default', 'roles': ['reader', 'member'], 'is_admin_project': True, 'service_user_id': None, 'service_user_domain_id': None, 'service_project_id': None, 'service_project_domain_id': None, 'service_roles': []} {{(pid=123257) authorize /opt/stack/nova/nova/policy.py:199}}
Jan 24 15:47:50.658316 dv-cinder-820164-3-smb devstack@n-api.service[123257]: INFO nova.api.openstack.requestlog [None req-3e78c76d-884d-4439-b160-b6dd5e8f5bfc tempest-DeleteServersTestJSON-992600386 tempest-DeleteServersTestJSON-992600386-project] 10.222.0.84 "GET /compute/v2.1/servers/04ea2475-74c5-4099-aa3c-1c505992c7d0" status: 200 len: 1212 microversion: 2.1 time: 0.158142
Jan 24 15:47:50.661984 dv-cinder-820164-3-smb devstack@n-api.service[123257]: [pid: 123257|app: 0|req: 4/8] 10.222.0.84 () {58 vars in 1235 bytes} [Mon Jan 24 15:47:50 2022] GET /compute/v2.1/servers/04ea2475-74c5-4099-aa3c-1c505992c7d0 => generated 1212 bytes in 161 msecs (HTTP/1.1 200) 9 headers in 358 bytes (1 switches on core 0)
Jan 24 15:47:51.237680 dv-cinder-820164-3-smb devstack@n-api.service[123258]: DEBUG nova.api.openstack.wsgi [None req-5e802ebb-b27d-4aee-9504-79a7004a70e3 tempest-VolumesTestJSON-143012687 tempest-VolumesTestJSON-143012687-project] Calling method '.version_select at 0x7f1f8157c700>' {{(pid=123258) _process_stack /opt/stack/nova/nova/api/openstack/wsgi.py:513}}
Jan 24 15:47:51.292462 dv-cinder-820164-3-smb devstack@n-api.service[123257]: DEBUG nova.api.openstack.wsgi [None req-cad71093-8cc7-4ae1-88f4-a713c442e929 tempest-AttachVolumeNegativeTest-2081068542 tempest-AttachVolumeNegativeTest-2081068542-project] Calling method '>' {{(pid=123257) _process_stack /opt/stack/nova/nova/api/openstack/wsgi.py:513}}
Jan 24 15:47:51.295542 dv-cinder-820164-3-smb devstack@n-api.service[123257]: DEBUG nova.compute.api [None req-cad71093-8cc7-4ae1-88f4-a713c442e929 tempest-AttachVolumeNegativeTest-2081068542 tempest-AttachVolumeNegativeTest-2081068542-project] [instance: def71eaa-f171-4cd6-9864-1b6b009d168a] Fetching instance by UUID {{(pid=123257) get /opt/stack/nova/nova/compute/api.py:2865}}
Jan 24 15:47:51.393109 dv-cinder-820164-3-smb devstack@n-api.service[123258]: INFO nova.api.openstack.requestlog [None req-5e802ebb-b27d-4aee-9504-79a7004a70e3 tempest-VolumesTestJSON-143012687 tempest-VolumesTestJSON-143012687-project] 10.222.0.84 "GET /compute/v2.1/os-volumes/ca89c985-2179-4033-868e-14f8fb8a37db" status: 200 len: 351 microversion: 2.1 time: 0.159622
Jan 24 15:47:51.396713 dv-cinder-820164-3-smb devstack@n-api.service[123258]: [pid: 123258|app: 0|req: 5/9] 10.222.0.84 () {58 vars in 1244 bytes} [Mon Jan 24 15:47:51 2022] GET /compute/v2.1/os-volumes/ca89c985-2179-4033-868e-14f8fb8a37db => generated 351 bytes in 161 msecs (HTTP/1.1 200) 9 headers in 357 bytes (2 switches on core 0)
Jan 24 15:47:51.410557 dv-cinder-820164-3-smb devstack@n-api.service[123258]: DEBUG nova.api.openstack.wsgi [None req-6df32346-adf7-4adc-8f2e-610ec3f92e30 tempest-VolumesTestJSON-143012687 tempest-VolumesTestJSON-143012687-project] Calling method '.version_select at 0x7f1f81570550>' {{(pid=123258) _process_stack /opt/stack/nova/nova/api/openstack/wsgi.py:513}}
Jan 24 15:47:51.506028 dv-cinder-820164-3-smb devstack@n-api.service[123257]: DEBUG nova.policy [None req-cad71093-8cc7-4ae1-88f4-a713c442e929 tempest-AttachVolumeNegativeTest-2081068542 tempest-AttachVolumeNegativeTest-2081068542-project] Policy check for os_compute_api:os-extended-server-attributes failed with credentials {'is_admin': False, 'user_id': '22595be0b4c242fdb687a6433bddb855', 'user_domain_id': 'default', 'system_scope': None, 'domain_id': None, 'project_id': 'e706513bf5b640f8a68e24dc82927e2a', 'project_domain_id': 'default', 'roles': ['reader', 'member'], 'is_admin_project': True, 'service_user_id': None, 'service_user_domain_id': None, 'service_project_id': None, 'service_project_domain_id': None, 'service_roles': []} {{(pid=123257) authorize /opt/stack/nova/nova/policy.py:199}}
Jan 24 15:47:51.555837 dv-cinder-820164-3-smb devstack@n-api.service[123257]: INFO nova.api.openstack.requestlog [None req-cad71093-8cc7-4ae1-88f4-a713c442e929 tempest-AttachVolumeNegativeTest-2081068542 tempest-AttachVolumeNegativeTest-2081068542-project] 10.222.0.84 "GET /compute/v2.1/servers/def71eaa-f171-4cd6-9864-1b6b009d168a" status: 200 len: 1218 microversion: 2.1 time: 0.287837
Jan 24 15:47:51.557334 dv-cinder-820164-3-smb devstack@n-api.service[123257]: [pid: 123257|app: 0|req: 5/10] 10.222.0.84 () {58 vars in 1235 bytes} [Mon Jan 24 15:47:51 2022] GET /compute/v2.1/servers/def71eaa-f171-4cd6-9864-1b6b009d168a => generated 1218 bytes in 290 msecs (HTTP/1.1 200) 9 headers in 358 bytes (1 switches on core 0)
Jan 24 15:47:51.590700 dv-cinder-820164-3-smb devstack@n-api.service[123257]: DEBUG nova.api.openstack.wsgi [None req-d71fccbf-ce6a-4199-8b1b-611710dd9609 tempest-DeleteServersTestJSON-992600386 tempest-DeleteServersTestJSON-992600386-project] Calling method '>' {{(pid=123257) _process_stack /opt/stack/nova/nova/api/openstack/wsgi.py:513}}
Jan 24 15:47:51.598666 dv-cinder-820164-3-smb devstack@n-api.service[123257]: DEBUG nova.compute.api [None req-d71fccbf-ce6a-4199-8b1b-611710dd9609 tempest-DeleteServersTestJSON-992600386 tempest-DeleteServersTestJSON-992600386-project] [instance: 04ea2475-74c5-4099-aa3c-1c505992c7d0] Fetching instance by UUID {{(pid=123257) get /opt/stack/nova/nova/compute/api.py:2865}}
Jan 24 15:47:51.710058 dv-cinder-820164-3-smb devstack@n-api.service[123257]: DEBUG nova.policy [None req-d71fccbf-ce6a-4199-8b1b-611710dd9609 tempest-DeleteServersTestJSON-992600386 tempest-DeleteServersTestJSON-992600386-project] Policy check for os_compute_api:os-extended-server-attributes failed with credentials {'is_admin': False, 'user_id': '45340f5dc4ab4b5bbe65842cf92e8f4c', 'user_domain_id': 'default', 'system_scope': None, 'domain_id': None, 'project_id': '5428084febb84f94970b4afc489af93c', 'project_domain_id': 'default', 'roles': ['reader', 'member'], 'is_admin_project': True, 'service_user_id': None, 'service_user_domain_id': None, 'service_project_id': None, 'service_project_domain_id': None, 'service_roles': []} {{(pid=123257) authorize /opt/stack/nova/nova/policy.py:199}}
Jan 24 15:47:51.745217 dv-cinder-820164-3-smb devstack@n-api.service[123257]: INFO nova.api.openstack.requestlog [None req-d71fccbf-ce6a-4199-8b1b-611710dd9609 tempest-DeleteServersTestJSON-992600386 tempest-DeleteServersTestJSON-992600386-project] 10.222.0.84 "GET /compute/v2.1/servers/04ea2475-74c5-4099-aa3c-1c505992c7d0" status: 200 len: 1212 microversion: 2.1 time: 0.169116
Jan 24 15:47:51.745217 dv-cinder-820164-3-smb devstack@n-api.service[123257]: [pid: 123257|app: 0|req: 6/11] 10.222.0.84 () {58 vars in 1235 bytes} [Mon Jan 24 15:47:51 2022] GET /compute/v2.1/servers/04ea2475-74c5-4099-aa3c-1c505992c7d0 => generated 1212 bytes in 181 msecs (HTTP/1.1 200) 9 headers in 358 bytes (1 switches on core 0)
Jan 24 15:47:51.857139 dv-cinder-820164-3-smb devstack@n-api.service[123258]: INFO nova.api.openstack.requestlog [None req-6df32346-adf7-4adc-8f2e-610ec3f92e30 tempest-VolumesTestJSON-143012687 tempest-VolumesTestJSON-143012687-project] 10.222.0.84 "GET /compute/v2.1/os-volumes" status: 200 len: 1035 microversion: 2.1 time: 0.449331
Jan 24 15:47:51.867443 dv-cinder-820164-3-smb devstack@n-api.service[123258]: [pid: 123258|app: 0|req: 6/12] 10.222.0.84 () {58 vars in 1133 bytes} [Mon Jan 24 15:47:51 2022] GET /compute/v2.1/os-volumes => generated 1035 bytes in 462 msecs (HTTP/1.1 200) 9 headers in 358 bytes (2 switches on core 0)
Jan 24 15:47:51.871161 dv-cinder-820164-3-smb devstack@n-api.service[123257]: DEBUG nova.api.openstack.wsgi [None req-ba965861-02ba-483a-84db-e2016e602403 tempest-VolumesTestJSON-143012687 tempest-VolumesTestJSON-143012687-project] Calling method '.version_select at 0x7f1f81d79430>' {{(pid=123257) _process_stack /opt/stack/nova/nova/api/openstack/wsgi.py:513}}
Jan 24 15:47:52.063185 dv-cinder-820164-3-smb devstack@n-api.service[123257]: INFO nova.api.openstack.requestlog [None req-ba965861-02ba-483a-84db-e2016e602403 tempest-VolumesTestJSON-143012687 tempest-VolumesTestJSON-143012687-project] 10.222.0.84 "GET /compute/v2.1/os-volumes?limit=2" status: 200 len: 695 microversion: 2.1 time: 0.196516
Jan 24 15:47:52.064220 dv-cinder-820164-3-smb devstack@n-api.service[123257]: [pid: 123257|app: 0|req: 7/13] 10.222.0.84 () {58 vars in 1148 bytes} [Mon Jan 24 15:47:51 2022] GET /compute/v2.1/os-volumes?limit=2 => generated 695 bytes in 198 msecs (HTTP/1.1 200) 9 headers in 357 bytes (1 switches on core 0)
Jan 24 15:47:52.077372 dv-cinder-820164-3-smb devstack@n-api.service[123258]: DEBUG nova.api.openstack.wsgi [None req-7c93346f-80dc-423a-923a-cad1a84c6338 tempest-VolumesTestJSON-143012687 tempest-VolumesTestJSON-143012687-project] Calling method '.version_select at 0x7f1f81504160>' {{(pid=123258) _process_stack /opt/stack/nova/nova/api/openstack/wsgi.py:513}}
Jan 24 15:47:52.301545 dv-cinder-820164-3-smb devstack@n-api.service[123258]: INFO nova.api.openstack.requestlog [None req-7c93346f-80dc-423a-923a-cad1a84c6338 tempest-VolumesTestJSON-143012687 tempest-VolumesTestJSON-143012687-project] 10.222.0.84 "GET /compute/v2.1/os-volumes" status: 200 len: 1035 microversion: 2.1 time: 0.228683
Jan 24 15:47:52.302705 dv-cinder-820164-3-smb devstack@n-api.service[123258]: [pid: 123258|app: 0|req: 7/14] 10.222.0.84 () {58 vars in 1133 bytes} [Mon Jan 24 15:47:52 2022] GET /compute/v2.1/os-volumes => generated 1035 bytes in 231 msecs (HTTP/1.1 200) 9 headers in 358 bytes (1 switches on core 0)
Jan 24 15:47:52.320380 dv-cinder-820164-3-smb devstack@n-api.service[123257]: DEBUG nova.api.openstack.wsgi [None req-1deb924e-10be-44ad-add7-79d5f27ff9fa tempest-VolumesTestJSON-143012687 tempest-VolumesTestJSON-143012687-project] Calling method '.version_select at 0x7f1f814fd040>' {{(pid=123257) _process_stack /opt/stack/nova/nova/api/openstack/wsgi.py:513}}
Jan 24 15:47:52.580182 dv-cinder-820164-3-smb devstack@n-api.service[123258]: DEBUG nova.api.openstack.wsgi [None req-25ea39aa-bd11-4a89-8ba6-86c027c77436 tempest-AttachVolumeNegativeTest-2081068542 tempest-AttachVolumeNegativeTest-2081068542-project] Calling method '>' {{(pid=123258) _process_stack /opt/stack/nova/nova/api/openstack/wsgi.py:513}}
Jan 24 15:47:52.580807 dv-cinder-820164-3-smb devstack@n-api.service[123258]: DEBUG nova.compute.api [None req-25ea39aa-bd11-4a89-8ba6-86c027c77436 tempest-AttachVolumeNegativeTest-2081068542 tempest-AttachVolumeNegativeTest-2081068542-project] [instance: def71eaa-f171-4cd6-9864-1b6b009d168a] Fetching instance by UUID {{(pid=123258) get /opt/stack/nova/nova/compute/api.py:2865}}
Jan 24 15:47:52.602609 dv-cinder-820164-3-smb devstack@n-api.service[123258]: DEBUG oslo_concurrency.lockutils [None req-25ea39aa-bd11-4a89-8ba6-86c027c77436 tempest-AttachVolumeNegativeTest-2081068542 tempest-AttachVolumeNegativeTest-2081068542-project] Lock "3e582673-59f5-4460-8a71-ee9e59bec72a" acquired by "nova.context.set_target_cell..get_or_set_cached_cell_and_set_connections" :: waited 0.000s {{(pid=123258) inner /usr/local/lib/python3.8/dist-packages/oslo_concurrency/lockutils.py:386}}
Jan 24 15:47:52.608365 dv-cinder-820164-3-smb devstack@n-api.service[123258]: DEBUG oslo_concurrency.lockutils [None req-25ea39aa-bd11-4a89-8ba6-86c027c77436 tempest-AttachVolumeNegativeTest-2081068542 tempest-AttachVolumeNegativeTest-2081068542-project] Lock "3e582673-59f5-4460-8a71-ee9e59bec72a" "released" by "nova.context.set_target_cell..get_or_set_cached_cell_and_set_connections" :: held 0.001s {{(pid=123258) inner /usr/local/lib/python3.8/dist-packages/oslo_concurrency/lockutils.py:400}}
Jan 24 15:47:52.611409 dv-cinder-820164-3-smb devstack@n-api.service[123258]: DEBUG oslo_concurrency.lockutils [None req-25ea39aa-bd11-4a89-8ba6-86c027c77436 tempest-AttachVolumeNegativeTest-2081068542 tempest-AttachVolumeNegativeTest-2081068542-project] Lock "3e582673-59f5-4460-8a71-ee9e59bec72a" acquired by "nova.context.set_target_cell..get_or_set_cached_cell_and_set_connections" :: waited 0.002s {{(pid=123258) inner /usr/local/lib/python3.8/dist-packages/oslo_concurrency/lockutils.py:386}}
Jan 24 15:47:52.611856 dv-cinder-820164-3-smb devstack@n-api.service[123258]: DEBUG oslo_concurrency.lockutils [None req-25ea39aa-bd11-4a89-8ba6-86c027c77436 tempest-AttachVolumeNegativeTest-2081068542 tempest-AttachVolumeNegativeTest-2081068542-project] Lock "3e582673-59f5-4460-8a71-ee9e59bec72a" "released" by "nova.context.set_target_cell..get_or_set_cached_cell_and_set_connections" :: held 0.001s {{(pid=123258) inner /usr/local/lib/python3.8/dist-packages/oslo_concurrency/lockutils.py:400}}
Jan 24 15:47:52.801924 dv-cinder-820164-3-smb devstack@n-api.service[123257]: INFO nova.api.openstack.requestlog [None req-1deb924e-10be-44ad-add7-79d5f27ff9fa tempest-VolumesTestJSON-143012687 tempest-VolumesTestJSON-143012687-project] 10.222.0.84 "GET /compute/v2.1/os-volumes?offset=1&limit=1" status: 200 len: 354 microversion: 2.1 time: 0.480710
Jan 24 15:47:52.811300 dv-cinder-820164-3-smb devstack@n-api.service[123257]: [pid: 123257|app: 0|req: 8/15] 10.222.0.84 () {58 vars in 1166 bytes} [Mon Jan 24 15:47:52 2022] GET /compute/v2.1/os-volumes?offset=1&limit=1 => generated 354 bytes in 496 msecs (HTTP/1.1 200) 9 headers in 357 bytes (1 switches on core 0)
Jan 24 15:47:52.816835 dv-cinder-820164-3-smb devstack@n-api.service[123257]: DEBUG nova.api.openstack.wsgi [None req-116c66c2-1695-41e7-9ef0-c7c4d4e963a3 tempest-DeleteServersTestJSON-992600386 tempest-DeleteServersTestJSON-992600386-project] Calling method '>' {{(pid=123257) _process_stack /opt/stack/nova/nova/api/openstack/wsgi.py:513}}
Jan 24 15:47:52.817655 dv-cinder-820164-3-smb devstack@n-api.service[123257]: DEBUG nova.compute.api [None req-116c66c2-1695-41e7-9ef0-c7c4d4e963a3 tempest-DeleteServersTestJSON-992600386 tempest-DeleteServersTestJSON-992600386-project] [instance: 04ea2475-74c5-4099-aa3c-1c505992c7d0] Fetching instance by UUID {{(pid=123257) get /opt/stack/nova/nova/compute/api.py:2865}}
Jan 24 15:47:52.824733 dv-cinder-820164-3-smb devstack@n-api.service[123257]: DEBUG oslo_concurrency.lockutils [None req-116c66c2-1695-41e7-9ef0-c7c4d4e963a3 tempest-DeleteServersTestJSON-992600386 tempest-DeleteServersTestJSON-992600386-project] Lock "3e582673-59f5-4460-8a71-ee9e59bec72a" acquired by "nova.context.set_target_cell..get_or_set_cached_cell_and_set_connections" :: waited 0.000s {{(pid=123257) inner /usr/local/lib/python3.8/dist-packages/oslo_concurrency/lockutils.py:386}}
Jan 24 15:47:52.829350 dv-cinder-820164-3-smb devstack@n-api.service[123257]: DEBUG oslo_concurrency.lockutils [None req-116c66c2-1695-41e7-9ef0-c7c4d4e963a3 tempest-DeleteServersTestJSON-992600386 tempest-DeleteServersTestJSON-992600386-project] Lock "3e582673-59f5-4460-8a71-ee9e59bec72a" "released" by "nova.context.set_target_cell..get_or_set_cached_cell_and_set_connections" :: held 0.005s {{(pid=123257) inner /usr/local/lib/python3.8/dist-packages/oslo_concurrency/lockutils.py:400}}
Jan 24 15:47:52.830379 dv-cinder-820164-3-smb devstack@n-api.service[123257]: DEBUG oslo_concurrency.lockutils [None req-116c66c2-1695-41e7-9ef0-c7c4d4e963a3 tempest-DeleteServersTestJSON-992600386 tempest-DeleteServersTestJSON-992600386-project] Lock "3e582673-59f5-4460-8a71-ee9e59bec72a" acquired by "nova.context.set_target_cell..get_or_set_cached_cell_and_set_connections" :: waited 0.000s {{(pid=123257) inner /usr/local/lib/python3.8/dist-packages/oslo_concurrency/lockutils.py:386}}
Jan 24 15:47:52.832339 dv-cinder-820164-3-smb devstack@n-api.service[123257]: DEBUG oslo_concurrency.lockutils [None req-116c66c2-1695-41e7-9ef0-c7c4d4e963a3 tempest-DeleteServersTestJSON-992600386 tempest-DeleteServersTestJSON-992600386-project] Lock "3e582673-59f5-4460-8a71-ee9e59bec72a" "released" by "nova.context.set_target_cell..get_or_set_cached_cell_and_set_connections" :: held 0.002s {{(pid=123257) inner /usr/local/lib/python3.8/dist-packages/oslo_concurrency/lockutils.py:400}}
Jan 24 15:47:52.936750 dv-cinder-820164-3-smb devstack@n-api.service[123258]: DEBUG nova.policy [None req-25ea39aa-bd11-4a89-8ba6-86c027c77436 tempest-AttachVolumeNegativeTest-2081068542 tempest-AttachVolumeNegativeTest-2081068542-project] Policy check for os_compute_api:os-extended-server-attributes failed with credentials {'is_admin': False, 'user_id': '22595be0b4c242fdb687a6433bddb855', 'user_domain_id': 'default', 'system_scope': None, 'domain_id': None, 'project_id': 'e706513bf5b640f8a68e24dc82927e2a', 'project_domain_id': 'default', 'roles': ['reader', 'member'], 'is_admin_project': True, 'service_user_id': None, 'service_user_domain_id': None, 'service_project_id': None, 'service_project_domain_id': None, 'service_roles': []} {{(pid=123258) authorize /opt/stack/nova/nova/policy.py:199}}
Jan 24 15:47:52.974715 dv-cinder-820164-3-smb devstack@n-api.service[123258]: INFO nova.api.openstack.requestlog [None req-25ea39aa-bd11-4a89-8ba6-86c027c77436 tempest-AttachVolumeNegativeTest-2081068542 tempest-AttachVolumeNegativeTest-2081068542-project] 10.222.0.84 "GET /compute/v2.1/servers/def71eaa-f171-4cd6-9864-1b6b009d168a" status: 200 len: 1214 microversion: 2.1 time: 0.395067
Jan 24 15:47:52.975424 dv-cinder-820164-3-smb devstack@n-api.service[123258]: [pid: 123258|app: 0|req: 8/16] 10.222.0.84 () {58 vars in 1235 bytes} [Mon Jan 24 15:47:52 2022] GET /compute/v2.1/servers/def71eaa-f171-4cd6-9864-1b6b009d168a => generated 1214 bytes in 401 msecs (HTTP/1.1 200) 9 headers in 358 bytes (1 switches on core 0)
Jan 24 15:47:53.001452 dv-cinder-820164-3-smb devstack@n-api.service[123258]: DEBUG nova.api.openstack.wsgi [None req-85b931b3-dc01-4754-8e6f-3f9518b840ba tempest-VolumesTestJSON-143012687 tempest-VolumesTestJSON-143012687-project] Calling method '.version_select at 0x7f1f814f8430>' {{(pid=123258) _process_stack /opt/stack/nova/nova/api/openstack/wsgi.py:513}}
Jan 24 15:47:53.115453 dv-cinder-820164-3-smb devstack@n-api.service[123257]: DEBUG nova.policy [None req-116c66c2-1695-41e7-9ef0-c7c4d4e963a3 tempest-DeleteServersTestJSON-992600386 tempest-DeleteServersTestJSON-992600386-project] Policy check for os_compute_api:os-extended-server-attributes failed with credentials {'is_admin': False, 'user_id': '45340f5dc4ab4b5bbe65842cf92e8f4c', 'user_domain_id': 'default', 'system_scope': None, 'domain_id': None, 'project_id': '5428084febb84f94970b4afc489af93c', 'project_domain_id': 'default', 'roles': ['reader', 'member'], 'is_admin_project': True, 'service_user_id': None, 'service_user_domain_id': None, 'service_project_id': None, 'service_project_domain_id': None, 'service_roles': []} {{(pid=123257) authorize /opt/stack/nova/nova/policy.py:199}}
Jan 24 15:47:53.139203 dv-cinder-820164-3-smb devstack@n-api.service[123257]: INFO nova.api.openstack.requestlog [None req-116c66c2-1695-41e7-9ef0-c7c4d4e963a3 tempest-DeleteServersTestJSON-992600386 tempest-DeleteServersTestJSON-992600386-project] 10.222.0.84 "GET /compute/v2.1/servers/04ea2475-74c5-4099-aa3c-1c505992c7d0" status: 200 len: 1208 microversion: 2.1 time: 0.326416
Jan 24 15:47:53.143399 dv-cinder-820164-3-smb devstack@n-api.service[123257]: [pid: 123257|app: 0|req: 9/17] 10.222.0.84 () {58 vars in 1235 bytes} [Mon Jan 24 15:47:52 2022] GET /compute/v2.1/servers/04ea2475-74c5-4099-aa3c-1c505992c7d0 => generated 1208 bytes in 331 msecs (HTTP/1.1 200) 9 headers in 358 bytes (1 switches on core 0)
Jan 24 15:47:53.222028 dv-cinder-820164-3-smb devstack@n-api.service[123258]: INFO nova.api.openstack.requestlog [None req-85b931b3-dc01-4754-8e6f-3f9518b840ba tempest-VolumesTestJSON-143012687 tempest-VolumesTestJSON-143012687-project] 10.222.0.84 "GET /compute/v2.1/os-volumes/detail?limit=2" status: 200 len: 695 microversion: 2.1 time: 0.239822
Jan 24 15:47:53.222912 dv-cinder-820164-3-smb devstack@n-api.service[123258]: [pid: 123258|app: 0|req: 9/18] 10.222.0.84 () {58 vars in 1169 bytes} [Mon Jan 24 15:47:52 2022] GET /compute/v2.1/os-volumes/detail?limit=2 => generated 695 bytes in 242 msecs (HTTP/1.1 200) 9 headers in 357 bytes (1 switches on core 0)
Jan 24 15:47:53.236733 dv-cinder-820164-3-smb devstack@n-api.service[123257]: DEBUG nova.api.openstack.wsgi [None req-9da21596-3e0c-4bbd-a554-5c631fa82bcf tempest-VolumesTestJSON-143012687 tempest-VolumesTestJSON-143012687-project] Calling method '.version_select at 0x7f1f814f2ca0>' {{(pid=123257) _process_stack /opt/stack/nova/nova/api/openstack/wsgi.py:513}}
Jan 24 15:47:53.415116 dv-cinder-820164-3-smb devstack@n-api.service[123257]: INFO nova.api.openstack.requestlog [None req-9da21596-3e0c-4bbd-a554-5c631fa82bcf tempest-VolumesTestJSON-143012687 tempest-VolumesTestJSON-143012687-project] 10.222.0.84 "GET /compute/v2.1/os-volumes/detail" status: 200 len: 1035 microversion: 2.1 time: 0.182772
Jan 24 15:47:53.416562 dv-cinder-820164-3-smb devstack@n-api.service[123257]: [pid: 123257|app: 0|req: 10/19] 10.222.0.84 () {58 vars in 1154 bytes} [Mon Jan 24 15:47:53 2022] GET /compute/v2.1/os-volumes/detail => generated 1035 bytes in 185 msecs (HTTP/1.1 200) 9 headers in 358 bytes (1 switches on core 0)
Jan 24 15:47:53.427861 dv-cinder-820164-3-smb devstack@n-api.service[123258]: DEBUG nova.api.openstack.wsgi [None req-ab2f17a0-d12d-4b64-ba49-8f080aca5702 tempest-VolumesTestJSON-143012687 tempest-VolumesTestJSON-143012687-project] Calling method '.version_select at 0x7f1f8149c160>' {{(pid=123258) _process_stack /opt/stack/nova/nova/api/openstack/wsgi.py:513}}
Jan 24 15:47:53.633281 dv-cinder-820164-3-smb devstack@n-api.service[123258]: INFO nova.api.openstack.requestlog [None req-ab2f17a0-d12d-4b64-ba49-8f080aca5702 tempest-VolumesTestJSON-143012687 tempest-VolumesTestJSON-143012687-project] 10.222.0.84 "GET /compute/v2.1/os-volumes/detail?offset=1&limit=1" status: 200 len: 354 microversion: 2.1 time: 0.209168
Jan 24 15:47:53.633878 dv-cinder-820164-3-smb devstack@n-api.service[123258]: [pid: 123258|app: 0|req: 10/20] 10.222.0.84 () {58 vars in 1187 bytes} [Mon Jan 24 15:47:53 2022] GET /compute/v2.1/os-volumes/detail?offset=1&limit=1 => generated 354 bytes in 211 msecs (HTTP/1.1 200) 9 headers in 357 bytes (1 switches on core 0)
Jan 24 15:47:53.649836 dv-cinder-820164-3-smb devstack@n-api.service[123257]: DEBUG nova.api.openstack.wsgi [None req-824783dd-4ac6-4119-a77a-9bb57507686d tempest-VolumesTestJSON-143012687 tempest-VolumesTestJSON-143012687-project] Calling method '.version_select at 0x7f1f814fda60>' {{(pid=123257) _process_stack /opt/stack/nova/nova/api/openstack/wsgi.py:513}}
Jan 24 15:47:53.818959 dv-cinder-820164-3-smb devstack@n-api.service[123257]: INFO nova.api.openstack.requestlog [None req-824783dd-4ac6-4119-a77a-9bb57507686d tempest-VolumesTestJSON-143012687 tempest-VolumesTestJSON-143012687-project] 10.222.0.84 "GET /compute/v2.1/os-volumes/detail" status: 200 len: 1035 microversion: 2.1 time: 0.172674
Jan 24 15:47:53.822110 dv-cinder-820164-3-smb devstack@n-api.service[123257]: [pid: 123257|app: 0|req: 11/21] 10.222.0.84 () {58 vars in 1154 bytes} [Mon Jan 24 15:47:53 2022] GET /compute/v2.1/os-volumes/detail => generated 1035 bytes in 176 msecs (HTTP/1.1 200) 9 headers in 358 bytes (1 switches on core 0)
Jan 24 15:47:53.993073 dv-cinder-820164-3-smb devstack@n-api.service[123258]: DEBUG nova.api.openstack.wsgi [None req-5dbba876-9b3d-4188-8e1c-dcfe12350000 tempest-AttachVolumeNegativeTest-2081068542 tempest-AttachVolumeNegativeTest-2081068542-project] Calling method '>' {{(pid=123258) _process_stack /opt/stack/nova/nova/api/openstack/wsgi.py:513}}
Jan 24 15:47:53.993943 dv-cinder-820164-3-smb devstack@n-api.service[123258]: DEBUG nova.compute.api [None req-5dbba876-9b3d-4188-8e1c-dcfe12350000 tempest-AttachVolumeNegativeTest-2081068542 tempest-AttachVolumeNegativeTest-2081068542-project] [instance: def71eaa-f171-4cd6-9864-1b6b009d168a] Fetching instance by UUID {{(pid=123258) get /opt/stack/nova/nova/compute/api.py:2865}}
Jan 24 15:47:54.005124 dv-cinder-820164-3-smb devstack@n-api.service[123258]: DEBUG oslo_concurrency.lockutils [None req-5dbba876-9b3d-4188-8e1c-dcfe12350000 tempest-AttachVolumeNegativeTest-2081068542 tempest-AttachVolumeNegativeTest-2081068542-project] Lock "3e582673-59f5-4460-8a71-ee9e59bec72a" acquired by "nova.context.set_target_cell..get_or_set_cached_cell_and_set_connections" :: waited 0.000s {{(pid=123258) inner /usr/local/lib/python3.8/dist-packages/oslo_concurrency/lockutils.py:386}}
Jan 24 15:47:54.006881 dv-cinder-820164-3-smb devstack@n-api.service[123258]: DEBUG oslo_concurrency.lockutils [None req-5dbba876-9b3d-4188-8e1c-dcfe12350000 tempest-AttachVolumeNegativeTest-2081068542 tempest-AttachVolumeNegativeTest-2081068542-project] Lock "3e582673-59f5-4460-8a71-ee9e59bec72a" "released" by "nova.context.set_target_cell..get_or_set_cached_cell_and_set_connections" :: held 0.002s {{(pid=123258) inner /usr/local/lib/python3.8/dist-packages/oslo_concurrency/lockutils.py:400}}
Jan 24 15:47:54.007779 dv-cinder-820164-3-smb devstack@n-api.service[123258]: DEBUG oslo_concurrency.lockutils [None req-5dbba876-9b3d-4188-8e1c-dcfe12350000 tempest-AttachVolumeNegativeTest-2081068542 tempest-AttachVolumeNegativeTest-2081068542-project] Lock "3e582673-59f5-4460-8a71-ee9e59bec72a" acquired by "nova.context.set_target_cell..get_or_set_cached_cell_and_set_connections" :: waited 0.000s {{(pid=123258) inner /usr/local/lib/python3.8/dist-packages/oslo_concurrency/lockutils.py:386}}
Jan 24 15:47:54.009395 dv-cinder-820164-3-smb devstack@n-api.service[123258]: DEBUG oslo_concurrency.lockutils [None req-5dbba876-9b3d-4188-8e1c-dcfe12350000 tempest-AttachVolumeNegativeTest-2081068542 tempest-AttachVolumeNegativeTest-2081068542-project] Lock "3e582673-59f5-4460-8a71-ee9e59bec72a" "released" by "nova.context.set_target_cell..get_or_set_cached_cell_and_set_connections" :: held 0.000s {{(pid=123258) inner /usr/local/lib/python3.8/dist-packages/oslo_concurrency/lockutils.py:400}}
Jan 24 15:47:54.161273 dv-cinder-820164-3-smb devstack@n-api.service[123257]: DEBUG nova.api.openstack.wsgi [None req-a3d04feb-83ff-45c2-8a2b-1fa5ee80d444 tempest-DeleteServersTestJSON-992600386 tempest-DeleteServersTestJSON-992600386-project] Calling method '>' {{(pid=123257) _process_stack /opt/stack/nova/nova/api/openstack/wsgi.py:513}}
Jan 24 15:47:54.162007 dv-cinder-820164-3-smb devstack@n-api.service[123257]: DEBUG nova.compute.api [None req-a3d04feb-83ff-45c2-8a2b-1fa5ee80d444 tempest-DeleteServersTestJSON-992600386 tempest-DeleteServersTestJSON-992600386-project] [instance: 04ea2475-74c5-4099-aa3c-1c505992c7d0] Fetching instance by UUID {{(pid=123257) get /opt/stack/nova/nova/compute/api.py:2865}}
Jan 24 15:47:54.171804 dv-cinder-820164-3-smb devstack@n-api.service[123257]: DEBUG oslo_concurrency.lockutils [None req-a3d04feb-83ff-45c2-8a2b-1fa5ee80d444 tempest-DeleteServersTestJSON-992600386 tempest-DeleteServersTestJSON-992600386-project] Lock "3e582673-59f5-4460-8a71-ee9e59bec72a" acquired by "nova.context.set_target_cell..get_or_set_cached_cell_and_set_connections" :: waited 0.000s {{(pid=123257) inner /usr/local/lib/python3.8/dist-packages/oslo_concurrency/lockutils.py:386}}
Jan 24 15:47:54.175216 dv-cinder-820164-3-smb devstack@n-api.service[123257]: DEBUG oslo_concurrency.lockutils [None req-a3d04feb-83ff-45c2-8a2b-1fa5ee80d444 tempest-DeleteServersTestJSON-992600386 tempest-DeleteServersTestJSON-992600386-project] Lock "3e582673-59f5-4460-8a71-ee9e59bec72a" "released" by "nova.context.set_target_cell..get_or_set_cached_cell_and_set_connections" :: held 0.003s {{(pid=123257) inner /usr/local/lib/python3.8/dist-packages/oslo_concurrency/lockutils.py:400}}
Jan 24 15:47:54.178236 dv-cinder-820164-3-smb devstack@n-api.service[123257]: DEBUG oslo_concurrency.lockutils [None req-a3d04feb-83ff-45c2-8a2b-1fa5ee80d444 tempest-DeleteServersTestJSON-992600386 tempest-DeleteServersTestJSON-992600386-project] Lock "3e582673-59f5-4460-8a71-ee9e59bec72a" acquired by "nova.context.set_target_cell..get_or_set_cached_cell_and_set_connections" :: waited 0.000s {{(pid=123257) inner /usr/local/lib/python3.8/dist-packages/oslo_concurrency/lockutils.py:386}}
Jan 24 15:47:54.179274 dv-cinder-820164-3-smb devstack@n-api.service[123257]: DEBUG oslo_concurrency.lockutils [None req-a3d04feb-83ff-45c2-8a2b-1fa5ee80d444 tempest-DeleteServersTestJSON-992600386 tempest-DeleteServersTestJSON-992600386-project] Lock "3e582673-59f5-4460-8a71-ee9e59bec72a" "released" by "nova.context.set_target_cell..get_or_set_cached_cell_and_set_connections" :: held 0.001s {{(pid=123257) inner /usr/local/lib/python3.8/dist-packages/oslo_concurrency/lockutils.py:400}}
Jan 24 15:47:54.373853 dv-cinder-820164-3-smb devstack@n-api.service[123258]: DEBUG nova.policy [None req-5dbba876-9b3d-4188-8e1c-dcfe12350000 tempest-AttachVolumeNegativeTest-2081068542 tempest-AttachVolumeNegativeTest-2081068542-project] Policy check for os_compute_api:os-extended-server-attributes failed with credentials {'is_admin': False, 'user_id': '22595be0b4c242fdb687a6433bddb855', 'user_domain_id': 'default', 'system_scope': None, 'domain_id': None, 'project_id': 'e706513bf5b640f8a68e24dc82927e2a', 'project_domain_id': 'default', 'roles': ['reader', 'member'], 'is_admin_project': True, 'service_user_id': None, 'service_user_domain_id': None, 'service_project_id': None, 'service_project_domain_id': None, 'service_roles': []} {{(pid=123258) authorize /opt/stack/nova/nova/policy.py:199}}
Jan 24 15:47:54.388419 dv-cinder-820164-3-smb devstack@n-api.service[123258]: INFO nova.api.openstack.requestlog [None req-5dbba876-9b3d-4188-8e1c-dcfe12350000 tempest-AttachVolumeNegativeTest-2081068542 tempest-AttachVolumeNegativeTest-2081068542-project] 10.222.0.84 "GET /compute/v2.1/servers/def71eaa-f171-4cd6-9864-1b6b009d168a" status: 200 len: 1288 microversion: 2.1 time: 0.399531
Jan 24 15:47:54.391732 dv-cinder-820164-3-smb devstack@n-api.service[123258]: [pid: 123258|app: 0|req: 11/22] 10.222.0.84 () {58 vars in 1235 bytes} [Mon Jan 24 15:47:53 2022] GET /compute/v2.1/servers/def71eaa-f171-4cd6-9864-1b6b009d168a => generated 1288 bytes in 404 msecs (HTTP/1.1 200) 9 headers in 358 bytes (1 switches on core 0)
Jan 24 15:47:55.048348 dv-cinder-820164-3-smb devstack@n-api.service[123257]: DEBUG nova.policy [None req-a3d04feb-83ff-45c2-8a2b-1fa5ee80d444 tempest-DeleteServersTestJSON-992600386 tempest-DeleteServersTestJSON-992600386-project] Policy check for os_compute_api:os-extended-server-attributes failed with credentials {'is_admin': False, 'user_id': '45340f5dc4ab4b5bbe65842cf92e8f4c', 'user_domain_id': 'default', 'system_scope': None, 'domain_id': None, 'project_id': '5428084febb84f94970b4afc489af93c', 'project_domain_id': 'default', 'roles': ['reader', 'member'], 'is_admin_project': True, 'service_user_id': None, 'service_user_domain_id': None, 'service_project_id': None, 'service_project_domain_id': None, 'service_roles': []} {{(pid=123257) authorize /opt/stack/nova/nova/policy.py:199}}
Jan 24 15:47:55.059389 dv-cinder-820164-3-smb devstack@n-api.service[123257]: INFO nova.api.openstack.requestlog [None req-a3d04feb-83ff-45c2-8a2b-1fa5ee80d444 tempest-DeleteServersTestJSON-992600386 tempest-DeleteServersTestJSON-992600386-project] 10.222.0.84 "GET /compute/v2.1/servers/04ea2475-74c5-4099-aa3c-1c505992c7d0" status: 200 len: 1282 microversion: 2.1 time: 0.900254
Jan 24 15:47:55.060011 dv-cinder-820164-3-smb devstack@n-api.service[123257]: [pid: 123257|app: 0|req: 12/23] 10.222.0.84 () {58 vars in 1235 bytes} [Mon Jan 24 15:47:54 2022] GET /compute/v2.1/servers/04ea2475-74c5-4099-aa3c-1c505992c7d0 => generated 1282 bytes in 904 msecs (HTTP/1.1 200) 9 headers in 358 bytes (2 switches on core 0)
Jan 24 15:47:55.419089 dv-cinder-820164-3-smb devstack@n-api.service[123258]: DEBUG nova.api.openstack.wsgi [None req-8f41c246-537f-4f8b-9337-b81d93fb0a6c tempest-AttachVolumeNegativeTest-2081068542 tempest-AttachVolumeNegativeTest-2081068542-project] Calling method '>' {{(pid=123258) _process_stack /opt/stack/nova/nova/api/openstack/wsgi.py:513}}
Jan 24 15:47:55.422027 dv-cinder-820164-3-smb devstack@n-api.service[123258]: DEBUG nova.compute.api [None req-8f41c246-537f-4f8b-9337-b81d93fb0a6c tempest-AttachVolumeNegativeTest-2081068542 tempest-AttachVolumeNegativeTest-2081068542-project] [instance: def71eaa-f171-4cd6-9864-1b6b009d168a] Fetching instance by UUID {{(pid=123258) get /opt/stack/nova/nova/compute/api.py:2865}}
Jan 24 15:47:55.440203 dv-cinder-820164-3-smb devstack@n-api.service[123258]: DEBUG oslo_concurrency.lockutils [None req-8f41c246-537f-4f8b-9337-b81d93fb0a6c tempest-AttachVolumeNegativeTest-2081068542 tempest-AttachVolumeNegativeTest-2081068542-project] Lock "3e582673-59f5-4460-8a71-ee9e59bec72a" acquired by "nova.context.set_target_cell..get_or_set_cached_cell_and_set_connections" :: waited 0.000s {{(pid=123258) inner /usr/local/lib/python3.8/dist-packages/oslo_concurrency/lockutils.py:386}}
