Jan 26 15:23:30.975689 dv-cinder-820027-7-smb neutron-server[103202]: INFO neutron.wsgi [req-ab8547b4-8855-4bd6-8b5d-5c845810697d req-45eede69-22d4-422c-bda7-7eca1f229e91 tempest-AttachVolumeNegativeTest-1861579612 tempest-AttachVolumeNegativeTest-1861579612-project] 10.222.0.31 "GET /v2.0/security-groups?id=0808895d-5bbf-4eca-9c37-f422ab7ed86a&fields=id&fields=name HTTP/1.1" status: 200 len: 286 time: 0.0893371
Jan 26 15:23:30.977405 dv-cinder-820027-7-smb neutron-server[103201]: INFO neutron.wsgi [req-68df1ca6-ccf1-4a89-8716-a83f2381a10f req-d81d119d-977a-466f-b200-a572af6242ba service neutron] 10.222.0.23 "GET /v2.0/ports?network_id=18c4305b-9aa3-4089-bbd5-b300c40207be&device_owner=network%3Adhcp HTTP/1.1" status: 200 len: 210 time: 0.0440772
Jan 26 15:23:30.977405 dv-cinder-820027-7-smb neutron-server[103201]: DEBUG neutron.api.rpc.handlers.resources_rpc [None req-87cc4b8c-5188-43c9-aa0a-676916202ae4 tempest-AttachVolumeTestJSON-2007440107 tempest-AttachVolumeTestJSON-2007440107-project] Pushing event updated for resources: {'Port': ['ID=ebdf2c1b-f2a7-42bc-a934-9afeb2ad4186,revision_number=1']} {{(pid=103201) push /opt/stack/neutron/neutron/api/rpc/handlers/resources_rpc.py:237}}
Jan 26 15:23:30.977405 dv-cinder-820027-7-smb neutron-server[103201]: INFO neutron.wsgi [req-68df1ca6-ccf1-4a89-8716-a83f2381a10f req-62395013-9f03-4b57-9246-01afb0b6f5a6 service neutron] 10.222.0.23 "GET /v2.0/networks/18c4305b-9aa3-4089-bbd5-b300c40207be?fields=segments HTTP/1.1" status: 200 len: 212 time: 0.1090291
Jan 26 15:23:30.978330 dv-cinder-820027-7-smb neutron-server[103203]: DEBUG neutron.plugins.ml2.rpc [None req-f7d8e6bc-65d4-48b6-8096-8b04601e41c5 None None] Device 1a5a85ce-03bf-4746-bf80-c59c1a275170 details requested by agent hyperv_hv-cinder-82002 with host hv-cinder-82002 {{(pid=103203) get_device_details /opt/stack/neutron/neutron/plugins/ml2/rpc.py:102}}
Jan 26 15:23:31.027840 dv-cinder-820027-7-smb neutron-server[103201]: INFO neutron.wsgi [req-3f3c2a8b-bd24-448f-b891-4e8737cacbcb req-87cc4b8c-5188-43c9-aa0a-676916202ae4 tempest-AttachVolumeTestJSON-2007440107 tempest-AttachVolumeTestJSON-2007440107-project] 10.222.0.23 "POST /v2.0/ports HTTP/1.1" status: 201 len: 933 time: 1.8546593
Jan 26 15:23:31.030164 dv-cinder-820027-7-smb neutron-server[103203]: DEBUG neutron.plugins.ml2.db [None req-f7d8e6bc-65d4-48b6-8096-8b04601e41c5 None None] For port 1a5a85ce-03bf-4746-bf80-c59c1a275170, host hv-cinder-82002, got binding levels [PortBindingLevel(driver='hyperv',host='hv-cinder-82002',level=0,port_id=1a5a85ce-03bf-4746-bf80-c59c1a275170,segment=NetworkSegment(a804096d-76ed-491b-ad29-c0aee6c65514),segment_id=a804096d-76ed-491b-ad29-c0aee6c65514)] {{(pid=103203) get_binding_level_objs /opt/stack/neutron/neutron/plugins/ml2/db.py:74}}
Jan 26 15:23:31.045389 dv-cinder-820027-7-smb neutron-server[103203]: DEBUG neutron.plugins.ml2.rpc [None req-f7d8e6bc-65d4-48b6-8096-8b04601e41c5 None None] Returning: {'device': '1a5a85ce-03bf-4746-bf80-c59c1a275170', 'network_id': '73756944-11b7-490b-821c-e29924b25a2e', 'port_id': '1a5a85ce-03bf-4746-bf80-c59c1a275170', 'mac_address': 'fa:16:3e:73:b9:e6', 'admin_state_up': True, 'network_type': 'vlan', 'segmentation_id': 63, 'physical_network': 'physnet1', 'mtu': 1500, 'fixed_ips': [{'subnet_id': 'c0d7232b-471a-4b33-8ef3-7a778cec5ca5', 'ip_address': '172.20.0.10'}], 'device_owner': 'compute:nova', 'allowed_address_pairs': [], 'port_security_enabled': True, 'qos_policy_id': None, 'network_qos_policy_id': None, 'profile': {}, 'propagate_uplink_status': False} {{(pid=103203) _get_device_details /opt/stack/neutron/neutron/plugins/ml2/rpc.py:184}}
Jan 26 15:23:31.055112 dv-cinder-820027-7-smb neutron-server[103201]: DEBUG neutron.api.v2.base [req-3f3c2a8b-bd24-448f-b891-4e8737cacbcb req-10c79789-aa9e-417a-aab1-ba6b13063cd8 service neutron] Request body: {'port': {'device_id': '5948d29a-8c65-4652-98b6-1a4f257d36d6', 'device_owner': 'compute:nova', 'binding:host_id': 'hv-cinder-82002'}} {{(pid=103201) prepare_request_body /opt/stack/neutron/neutron/api/v2/base.py:729}}
Jan 26 15:23:31.092459 dv-cinder-820027-7-smb neutron-server[103201]: INFO neutron.wsgi [req-68df1ca6-ccf1-4a89-8716-a83f2381a10f req-d444613d-cdd7-4b65-9e79-2a1085e812cf service neutron] 10.222.0.23 "GET /v2.0/networks/18c4305b-9aa3-4089-bbd5-b300c40207be?fields=provider%3Aphysical_network&fields=provider%3Anetwork_type HTTP/1.1" status: 200 len: 281 time: 0.2055378
Jan 26 15:23:31.095817 dv-cinder-820027-7-smb neutron-server[103203]: DEBUG neutron.plugins.ml2.plugin [None req-f7d8e6bc-65d4-48b6-8096-8b04601e41c5 None None] Current status of the port 1a5a85ce-03bf-4746-bf80-c59c1a275170 is: DOWN; New status is: BUILD {{(pid=103203) _update_individual_port_db_status /opt/stack/neutron/neutron/plugins/ml2/plugin.py:2219}}
Jan 26 15:23:31.096276 dv-cinder-820027-7-smb neutron-server[103203]: DEBUG neutron_lib.callbacks.manager [None req-f7d8e6bc-65d4-48b6-8096-8b04601e41c5 None None] Publish callbacks ['neutron.plugins.ml2.plugin.SecurityGroupDbMixin._ensure_default_security_group_handler-976778'] for port (1a5a85ce-03bf-4746-bf80-c59c1a275170), before_update {{(pid=103203) _notify_loop /usr/local/lib/python3.8/dist-packages/neutron_lib/callbacks/manager.py:176}}
Jan 26 15:23:31.115053 dv-cinder-820027-7-smb neutron-server[103203]: DEBUG neutron.db.provisioning_blocks [None req-6460cef3-4dac-4f02-b1f9-3b981209ad1d None None] Provisioning complete for port ebdf2c1b-f2a7-42bc-a934-9afeb2ad4186 triggered by entity DHCP. {{(pid=103203) provisioning_complete /opt/stack/neutron/neutron/db/provisioning_blocks.py:139}}
Jan 26 15:23:31.115380 dv-cinder-820027-7-smb neutron-server[103203]: DEBUG neutron_lib.callbacks.manager [None req-6460cef3-4dac-4f02-b1f9-3b981209ad1d None None] Publish callbacks ['neutron.plugins.ml2.plugin.Ml2Plugin._port_provisioned-634294'] for port (ebdf2c1b-f2a7-42bc-a934-9afeb2ad4186), provisioning_complete {{(pid=103203) _notify_loop /usr/local/lib/python3.8/dist-packages/neutron_lib/callbacks/manager.py:176}}
Jan 26 15:23:31.134547 dv-cinder-820027-7-smb neutron-server[103201]: DEBUG neutron.pecan_wsgi.hooks.policy_enforcement [req-af2f65f2-c021-42f4-97c2-c4b66e953f5b req-ab14e5f2-a442-4cb2-871f-a1aa2ab5a47a tempest-DeleteServersTestJSON-734237558 tempest-DeleteServersTestJSON-734237558-project] Attributes excluded by policy engine: ['standard_attr_id', 'binding:profile', 'binding:host_id', 'binding:vif_type', 'binding:vif_details'] {{(pid=103201) _exclude_attributes_by_policy /opt/stack/neutron/neutron/pecan_wsgi/hooks/policy_enforcement.py:255}}
Jan 26 15:23:31.136017 dv-cinder-820027-7-smb neutron-server[103201]: INFO neutron.wsgi [req-af2f65f2-c021-42f4-97c2-c4b66e953f5b req-ab14e5f2-a442-4cb2-871f-a1aa2ab5a47a tempest-DeleteServersTestJSON-734237558 tempest-DeleteServersTestJSON-734237558-project] 10.222.0.31 "GET /v2.0/ports?device_id=241b89bc-d64a-4bd7-afd2-3d8567b4bcc1 HTTP/1.1" status: 200 len: 943 time: 0.1599953
Jan 26 15:23:31.142779 dv-cinder-820027-7-smb neutron-server[103201]: DEBUG neutron_lib.callbacks.manager [req-3f3c2a8b-bd24-448f-b891-4e8737cacbcb req-10c79789-aa9e-417a-aab1-ba6b13063cd8 service neutron] Publish callbacks ['neutron.plugins.ml2.plugin.SecurityGroupDbMixin._ensure_default_security_group_handler-976778'] for port (ebdf2c1b-f2a7-42bc-a934-9afeb2ad4186), before_update {{(pid=103201) _notify_loop /usr/local/lib/python3.8/dist-packages/neutron_lib/callbacks/manager.py:176}}
Jan 26 15:23:31.156479 dv-cinder-820027-7-smb neutron-server[103203]: DEBUG neutron.notifiers.nova [None req-f7d8e6bc-65d4-48b6-8096-8b04601e41c5 None None] Ignoring state change previous_port_status: DOWN current_port_status: BUILD port_id 1a5a85ce-03bf-4746-bf80-c59c1a275170 {{(pid=103203) record_port_status_changed /opt/stack/neutron/neutron/notifiers/nova.py:224}}
Jan 26 15:23:31.162866 dv-cinder-820027-7-smb neutron-server[103203]: DEBUG neutron.plugins.ml2.plugin [None req-6460cef3-4dac-4f02-b1f9-3b981209ad1d None None] Port ebdf2c1b-f2a7-42bc-a934-9afeb2ad4186 cannot update to ACTIVE because it is not bound. {{(pid=103203) _port_provisioned /opt/stack/neutron/neutron/plugins/ml2/plugin.py:343}}
Jan 26 15:23:31.183155 dv-cinder-820027-7-smb neutron-server[103203]: DEBUG neutron.plugins.ml2.db [None req-f7d8e6bc-65d4-48b6-8096-8b04601e41c5 None None] For port 1a5a85ce-03bf-4746-bf80-c59c1a275170, host hv-cinder-82002, got binding levels [PortBindingLevel(driver='hyperv',host='hv-cinder-82002',level=0,port_id=1a5a85ce-03bf-4746-bf80-c59c1a275170,segment=NetworkSegment(a804096d-76ed-491b-ad29-c0aee6c65514),segment_id=a804096d-76ed-491b-ad29-c0aee6c65514)] {{(pid=103203) get_binding_level_objs /opt/stack/neutron/neutron/plugins/ml2/db.py:74}}
Jan 26 15:23:31.245461 dv-cinder-820027-7-smb neutron-server[103201]: INFO neutron.wsgi [req-af2f65f2-c021-42f4-97c2-c4b66e953f5b req-f8efaac1-a6fe-401a-bdb8-03198e05c751 tempest-DeleteServersTestJSON-734237558 tempest-DeleteServersTestJSON-734237558-project] 10.222.0.31 "GET /v2.0/security-groups?id=32e12990-48e9-45ef-894c-09aae2f124b2&fields=id&fields=name HTTP/1.1" status: 200 len: 286 time: 0.0983829
Jan 26 15:23:31.293498 dv-cinder-820027-7-smb neutron-server[103202]: DEBUG neutron.pecan_wsgi.hooks.policy_enforcement [req-b0707d73-5257-4fd9-b8b8-de5be1a28a25 req-68ba65de-43a4-4271-ad87-c9579e1e077f tempest-AttachVolumeTestJSON-2007440107 tempest-AttachVolumeTestJSON-2007440107-project] Attributes excluded by policy engine: ['standard_attr_id', 'binding:profile', 'binding:host_id', 'binding:vif_type', 'binding:vif_details'] {{(pid=103202) _exclude_attributes_by_policy /opt/stack/neutron/neutron/pecan_wsgi/hooks/policy_enforcement.py:255}}
Jan 26 15:23:31.295369 dv-cinder-820027-7-smb neutron-server[103202]: INFO neutron.wsgi [req-b0707d73-5257-4fd9-b8b8-de5be1a28a25 req-68ba65de-43a4-4271-ad87-c9579e1e077f tempest-AttachVolumeTestJSON-2007440107 tempest-AttachVolumeTestJSON-2007440107-project] 10.222.0.31 "GET /v2.0/ports?device_id=5948d29a-8c65-4652-98b6-1a4f257d36d6 HTTP/1.1" status: 200 len: 931 time: 0.0706725
Jan 26 15:23:31.332426 dv-cinder-820027-7-smb neutron-server[103203]: DEBUG neutron_lib.callbacks.manager [None req-f7d8e6bc-65d4-48b6-8096-8b04601e41c5 None None] Publish callbacks ['neutron.plugins.ml2.plugin.SecurityGroupServerNotifierRpcMixin._notify_sg_on_port_change-981333', 'neutron.plugins.ml2.ovo_rpc._ObjectChangeHandler.handle_event-468616', 'neutron.api.rpc.agentnotifiers.dhcp_rpc_agent_api.DhcpAgentNotifyAPI._native_event_send_dhcp_notification-1621015', 'neutron.db.l3_db.L3RpcNotifierMixin._notify_gateway_port_ip_changed-8756395341770', 'neutron.db.l3_dvrscheduler_db._notify_l3_agent_port_update-8756394774577', 'neutron.db.l3_hascheduler_db._notify_l3_agent_ha_port_update-8756394774595'] for port (1a5a85ce-03bf-4746-bf80-c59c1a275170), after_update {{(pid=103203) _notify_loop /usr/local/lib/python3.8/dist-packages/neutron_lib/callbacks/manager.py:176}}
Jan 26 15:23:31.335315 dv-cinder-820027-7-smb neutron-server[103203]: DEBUG neutron.plugins.ml2.rpc [None req-f7d8e6bc-65d4-48b6-8096-8b04601e41c5 None None] Device 2ef5acbd-c6e2-4b33-8b5e-cc2889c34c14 details requested by agent hyperv_hv-cinder-82002 with host hv-cinder-82002 {{(pid=103203) get_device_details /opt/stack/neutron/neutron/plugins/ml2/rpc.py:102}}
Jan 26 15:23:31.367361 dv-cinder-820027-7-smb neutron-server[103202]: INFO neutron.wsgi [req-b0707d73-5257-4fd9-b8b8-de5be1a28a25 req-cbb8e604-976b-4a5d-b274-47374aa4adb1 tempest-AttachVolumeTestJSON-2007440107 tempest-AttachVolumeTestJSON-2007440107-project] 10.222.0.31 "GET /v2.0/security-groups?id=ca7eb3dc-af4b-4000-aff6-1676cda4d5d6&fields=id&fields=name HTTP/1.1" status: 200 len: 312 time: 0.0592527
Jan 26 15:23:31.449605 dv-cinder-820027-7-smb neutron-server[103203]: DEBUG neutron.api.rpc.handlers.resources_rpc [None req-f7d8e6bc-65d4-48b6-8096-8b04601e41c5 None None] Pushing event updated for resources: {'Port': ['ID=1a5a85ce-03bf-4746-bf80-c59c1a275170,revision_number=4']} {{(pid=103203) push /opt/stack/neutron/neutron/api/rpc/handlers/resources_rpc.py:237}}
Jan 26 15:23:31.484626 dv-cinder-820027-7-smb neutron-server[103203]: DEBUG neutron.plugins.ml2.db [None req-f7d8e6bc-65d4-48b6-8096-8b04601e41c5 None None] For port 2ef5acbd-c6e2-4b33-8b5e-cc2889c34c14, host hv-cinder-82002, got binding levels [PortBindingLevel(driver='hyperv',host='hv-cinder-82002',level=0,port_id=2ef5acbd-c6e2-4b33-8b5e-cc2889c34c14,segment=NetworkSegment(a08f4654-533f-42a8-b3c3-82effe7ec300),segment_id=a08f4654-533f-42a8-b3c3-82effe7ec300)] {{(pid=103203) get_binding_level_objs /opt/stack/neutron/neutron/plugins/ml2/db.py:74}}
Jan 26 15:23:31.496410 dv-cinder-820027-7-smb neutron-server[103203]: DEBUG neutron.plugins.ml2.rpc [None req-f7d8e6bc-65d4-48b6-8096-8b04601e41c5 None None] Returning: {'device': '2ef5acbd-c6e2-4b33-8b5e-cc2889c34c14', 'network_id': 'ba2cc1aa-bec4-4777-9205-2322adfc99ce', 'port_id': '2ef5acbd-c6e2-4b33-8b5e-cc2889c34c14', 'mac_address': 'fa:16:3e:8c:93:88', 'admin_state_up': True, 'network_type': 'vlan', 'segmentation_id': 70, 'physical_network': 'physnet1', 'mtu': 1500, 'fixed_ips': [{'subnet_id': '255ca392-fbda-49fc-9c3c-659923670ce4', 'ip_address': '172.20.0.9'}], 'device_owner': 'compute:nova', 'allowed_address_pairs': [], 'port_security_enabled': True, 'qos_policy_id': None, 'network_qos_policy_id': None, 'profile': {}, 'propagate_uplink_status': False} {{(pid=103203) _get_device_details /opt/stack/neutron/neutron/plugins/ml2/rpc.py:184}}
Jan 26 15:23:31.515980 dv-cinder-820027-7-smb neutron-server[103201]: DEBUG neutron.notifiers.nova [req-3f3c2a8b-bd24-448f-b891-4e8737cacbcb req-10c79789-aa9e-417a-aab1-ba6b13063cd8 service neutron] Ignoring state change previous_port_status: DOWN current_port_status: DOWN port_id ebdf2c1b-f2a7-42bc-a934-9afeb2ad4186 {{(pid=103201) record_port_status_changed /opt/stack/neutron/neutron/notifiers/nova.py:224}}
Jan 26 15:23:31.531168 dv-cinder-820027-7-smb neutron-server[103201]: DEBUG neutron_lib.callbacks.manager [req-3f3c2a8b-bd24-448f-b891-4e8737cacbcb req-10c79789-aa9e-417a-aab1-ba6b13063cd8 service neutron] Publish callbacks [] for port (ebdf2c1b-f2a7-42bc-a934-9afeb2ad4186), precommit_update {{(pid=103201) _notify_loop /usr/local/lib/python3.8/dist-packages/neutron_lib/callbacks/manager.py:176}}
Jan 26 15:23:31.547782 dv-cinder-820027-7-smb neutron-server[103201]: DEBUG neutron.db.provisioning_blocks [req-3f3c2a8b-bd24-448f-b891-4e8737cacbcb req-10c79789-aa9e-417a-aab1-ba6b13063cd8 service neutron] Transition to ACTIVE for port object ebdf2c1b-f2a7-42bc-a934-9afeb2ad4186 will not be triggered until provisioned by entity L2. {{(pid=103201) add_provisioning_component /opt/stack/neutron/neutron/db/provisioning_blocks.py:73}}
Jan 26 15:23:31.550977 dv-cinder-820027-7-smb neutron-server[103203]: DEBUG neutron.plugins.ml2.plugin [None req-f7d8e6bc-65d4-48b6-8096-8b04601e41c5 None None] Current status of the port 2ef5acbd-c6e2-4b33-8b5e-cc2889c34c14 is: DOWN; New status is: BUILD {{(pid=103203) _update_individual_port_db_status /opt/stack/neutron/neutron/plugins/ml2/plugin.py:2219}}
Jan 26 15:23:31.551576 dv-cinder-820027-7-smb neutron-server[103203]: DEBUG neutron_lib.callbacks.manager [None req-f7d8e6bc-65d4-48b6-8096-8b04601e41c5 None None] Publish callbacks ['neutron.plugins.ml2.plugin.SecurityGroupDbMixin._ensure_default_security_group_handler-976778'] for port (2ef5acbd-c6e2-4b33-8b5e-cc2889c34c14), before_update {{(pid=103203) _notify_loop /usr/local/lib/python3.8/dist-packages/neutron_lib/callbacks/manager.py:176}}
Jan 26 15:23:31.565105 dv-cinder-820027-7-smb neutron-server[103203]: DEBUG neutron.notifiers.nova [None req-f7d8e6bc-65d4-48b6-8096-8b04601e41c5 None None] Ignoring state change previous_port_status: DOWN current_port_status: BUILD port_id 2ef5acbd-c6e2-4b33-8b5e-cc2889c34c14 {{(pid=103203) record_port_status_changed /opt/stack/neutron/neutron/notifiers/nova.py:224}}
Jan 26 15:23:31.586911 dv-cinder-820027-7-smb neutron-server[103203]: DEBUG neutron.plugins.ml2.db [None req-f7d8e6bc-65d4-48b6-8096-8b04601e41c5 None None] For port 2ef5acbd-c6e2-4b33-8b5e-cc2889c34c14, host hv-cinder-82002, got binding levels [PortBindingLevel(driver='hyperv',host='hv-cinder-82002',level=0,port_id=2ef5acbd-c6e2-4b33-8b5e-cc2889c34c14,segment=NetworkSegment(a08f4654-533f-42a8-b3c3-82effe7ec300),segment_id=a08f4654-533f-42a8-b3c3-82effe7ec300)] {{(pid=103203) get_binding_level_objs /opt/stack/neutron/neutron/plugins/ml2/db.py:74}}
Jan 26 15:23:31.622770 dv-cinder-820027-7-smb neutron-server[103201]: DEBUG neutron.pecan_wsgi.hooks.policy_enforcement [req-50b54ab3-870a-4c1b-b560-e1ccc9576966 req-926d4399-74e0-49ba-989d-edf4a373656b tempest-ServerRescueNegativeTestJSON-1885281208 tempest-ServerRescueNegativeTestJSON-1885281208-project] Attributes excluded by policy engine: ['standard_attr_id', 'binding:profile', 'binding:host_id', 'binding:vif_type', 'binding:vif_details'] {{(pid=103201) _exclude_attributes_by_policy /opt/stack/neutron/neutron/pecan_wsgi/hooks/policy_enforcement.py:255}}
Jan 26 15:23:31.622770 dv-cinder-820027-7-smb neutron-server[103201]: INFO neutron.wsgi [req-50b54ab3-870a-4c1b-b560-e1ccc9576966 req-926d4399-74e0-49ba-989d-edf4a373656b tempest-ServerRescueNegativeTestJSON-1885281208 tempest-ServerRescueNegativeTestJSON-1885281208-project] 10.222.0.31 "GET /v2.0/ports?device_id=edffb9e1-93f4-4e14-9703-00796e82d2fd HTTP/1.1" status: 200 len: 944 time: 0.0526867
Jan 26 15:23:31.671772 dv-cinder-820027-7-smb neutron-server[103201]: INFO neutron.wsgi [req-50b54ab3-870a-4c1b-b560-e1ccc9576966 req-cd8bcaf1-d414-4f31-b803-45cf863f767e tempest-ServerRescueNegativeTestJSON-1885281208 tempest-ServerRescueNegativeTestJSON-1885281208-project] 10.222.0.31 "GET /v2.0/security-groups?id=b4e16ce9-15ac-4504-8807-1d96a7af2f04&fields=id&fields=name HTTP/1.1" status: 200 len: 286 time: 0.0436835
Jan 26 15:23:31.692186 dv-cinder-820027-7-smb neutron-server[103201]: DEBUG neutron_lib.callbacks.manager [req-3f3c2a8b-bd24-448f-b891-4e8737cacbcb req-10c79789-aa9e-417a-aab1-ba6b13063cd8 service neutron] Publish callbacks ['neutron.plugins.ml2.plugin.SecurityGroupServerNotifierRpcMixin._notify_sg_on_port_change-981333', 'neutron.plugins.ml2.ovo_rpc._ObjectChangeHandler.handle_event-468616', 'neutron.api.rpc.agentnotifiers.dhcp_rpc_agent_api.DhcpAgentNotifyAPI._native_event_send_dhcp_notification-1621015', 'neutron.db.l3_db.L3RpcNotifierMixin._notify_gateway_port_ip_changed-8756395341770', 'neutron.db.l3_dvrscheduler_db._notify_l3_agent_port_update-8756394774577', 'neutron.db.l3_hascheduler_db._notify_l3_agent_ha_port_update-8756394774595'] for port (ebdf2c1b-f2a7-42bc-a934-9afeb2ad4186), after_update {{(pid=103201) _notify_loop /usr/local/lib/python3.8/dist-packages/neutron_lib/callbacks/manager.py:176}}
Jan 26 15:23:31.692482 dv-cinder-820027-7-smb neutron-server[103203]: DEBUG neutron_lib.callbacks.manager [None req-f7d8e6bc-65d4-48b6-8096-8b04601e41c5 None None] Publish callbacks ['neutron.plugins.ml2.plugin.SecurityGroupServerNotifierRpcMixin._notify_sg_on_port_change-981333', 'neutron.plugins.ml2.ovo_rpc._ObjectChangeHandler.handle_event-468616', 'neutron.api.rpc.agentnotifiers.dhcp_rpc_agent_api.DhcpAgentNotifyAPI._native_event_send_dhcp_notification-1621015', 'neutron.db.l3_db.L3RpcNotifierMixin._notify_gateway_port_ip_changed-8756395341770', 'neutron.db.l3_dvrscheduler_db._notify_l3_agent_port_update-8756394774577', 'neutron.db.l3_hascheduler_db._notify_l3_agent_ha_port_update-8756394774595'] for port (2ef5acbd-c6e2-4b33-8b5e-cc2889c34c14), after_update {{(pid=103203) _notify_loop /usr/local/lib/python3.8/dist-packages/neutron_lib/callbacks/manager.py:176}}
Jan 26 15:23:31.754934 dv-cinder-820027-7-smb neutron-server[103201]: DEBUG neutron.api.rpc.handlers.resources_rpc [None req-10c79789-aa9e-417a-aab1-ba6b13063cd8 service neutron] Pushing event updated for resources: {'Port': ['ID=ebdf2c1b-f2a7-42bc-a934-9afeb2ad4186,revision_number=2']} {{(pid=103201) push /opt/stack/neutron/neutron/api/rpc/handlers/resources_rpc.py:237}}
Jan 26 15:23:31.780269 dv-cinder-820027-7-smb neutron-server[103203]: DEBUG neutron.api.rpc.handlers.resources_rpc [None req-f7d8e6bc-65d4-48b6-8096-8b04601e41c5 None None] Pushing event updated for resources: {'Port': ['ID=2ef5acbd-c6e2-4b33-8b5e-cc2889c34c14,revision_number=4']} {{(pid=103203) push /opt/stack/neutron/neutron/api/rpc/handlers/resources_rpc.py:237}}
Jan 26 15:23:31.797893 dv-cinder-820027-7-smb neutron-server[103201]: DEBUG neutron.plugins.ml2.managers [req-3f3c2a8b-bd24-448f-b891-4e8737cacbcb req-10c79789-aa9e-417a-aab1-ba6b13063cd8 service neutron] Attempting to bind port ebdf2c1b-f2a7-42bc-a934-9afeb2ad4186 on host hv-cinder-82002 for vnic_type normal with profile {{(pid=103201) bind_port /opt/stack/neutron/neutron/plugins/ml2/managers.py:795}}
Jan 26 15:23:31.798498 dv-cinder-820027-7-smb neutron-server[103201]: DEBUG neutron.plugins.ml2.managers [req-3f3c2a8b-bd24-448f-b891-4e8737cacbcb req-10c79789-aa9e-417a-aab1-ba6b13063cd8 service neutron] Attempting to bind port ebdf2c1b-f2a7-42bc-a934-9afeb2ad4186 by drivers openvswitch,hyperv on host hv-cinder-82002 at level 0 using segments [{'id': '6415c6ec-2b60-40fb-9f0c-afed2dedcd2b', 'network_type': 'vlan', 'physical_network': 'physnet1', 'segmentation_id': 65, 'network_id': '4d691e6a-c203-4104-bec9-42bf0be3f769'}] {{(pid=103201) _bind_port_level /opt/stack/neutron/neutron/plugins/ml2/managers.py:820}}
Jan 26 15:23:31.799062 dv-cinder-820027-7-smb neutron-server[103201]: DEBUG neutron.plugins.ml2.drivers.mech_agent [req-3f3c2a8b-bd24-448f-b891-4e8737cacbcb req-10c79789-aa9e-417a-aab1-ba6b13063cd8 service neutron] Attempting to bind port ebdf2c1b-f2a7-42bc-a934-9afeb2ad4186 on network 4d691e6a-c203-4104-bec9-42bf0be3f769 {{(pid=103201) bind_port /opt/stack/neutron/neutron/plugins/ml2/drivers/mech_agent.py:91}}
Jan 26 15:23:31.815917 dv-cinder-820027-7-smb neutron-server[103201]: DEBUG neutron.plugins.ml2.drivers.mech_agent [req-3f3c2a8b-bd24-448f-b891-4e8737cacbcb req-10c79789-aa9e-417a-aab1-ba6b13063cd8 service neutron] Port ebdf2c1b-f2a7-42bc-a934-9afeb2ad4186 on network 4d691e6a-c203-4104-bec9-42bf0be3f769 not bound, no agent of type Open vSwitch agent registered on host hv-cinder-82002 {{(pid=103201) bind_port /opt/stack/neutron/neutron/plugins/ml2/drivers/mech_agent.py:103}}
Jan 26 15:23:31.817276 dv-cinder-820027-7-smb neutron-server[103201]: DEBUG neutron.plugins.ml2.drivers.mech_agent [req-3f3c2a8b-bd24-448f-b891-4e8737cacbcb req-10c79789-aa9e-417a-aab1-ba6b13063cd8 service neutron] Attempting to bind port ebdf2c1b-f2a7-42bc-a934-9afeb2ad4186 on network 4d691e6a-c203-4104-bec9-42bf0be3f769 {{(pid=103201) bind_port /opt/stack/neutron/neutron/plugins/ml2/drivers/mech_agent.py:91}}
Jan 26 15:23:31.823451 dv-cinder-820027-7-smb neutron-server[103201]: DEBUG neutron.plugins.ml2.drivers.mech_agent [req-3f3c2a8b-bd24-448f-b891-4e8737cacbcb req-10c79789-aa9e-417a-aab1-ba6b13063cd8 service neutron] Checking agent: {'id': 'bc35d55a-b0f3-42a3-8b4d-b84e57758421', 'agent_type': 'HyperV agent', 'binary': 'neutron-hyperv-agent', 'topic': 'N/A', 'host': 'hv-cinder-82002', 'admin_state_up': True, 'created_at': datetime.datetime(2022, 1, 26, 15, 21, 6), 'started_at': datetime.datetime(2022, 1, 26, 15, 21, 6), 'heartbeat_timestamp': datetime.datetime(2022, 1, 26, 15, 23, 6), 'description': None, 'resources_synced': None, 'availability_zone': None, 'alive': True, 'configurations': {'vswitch_mappings': {'physnet1$': 'br-data'}}, 'resource_versions': {}} {{(pid=103201) bind_port /opt/stack/neutron/neutron/plugins/ml2/drivers/mech_agent.py:110}}
Jan 26 15:23:31.823793 dv-cinder-820027-7-smb neutron-server[103201]: DEBUG neutron.plugins.ml2.drivers.mech_agent [req-3f3c2a8b-bd24-448f-b891-4e8737cacbcb req-10c79789-aa9e-417a-aab1-ba6b13063cd8 service neutron] Checking segment: {'id': '6415c6ec-2b60-40fb-9f0c-afed2dedcd2b', 'network_type': 'vlan', 'physical_network': 'physnet1', 'segmentation_id': 65, 'network_id': '4d691e6a-c203-4104-bec9-42bf0be3f769'} for mappings: {'physnet1$': 'br-data'} with network types: ['local', 'flat', 'vlan'] {{(pid=103201) check_segment_for_agent /opt/stack/neutron/neutron/plugins/ml2/drivers/mech_agent.py:373}}
Jan 26 15:23:31.824181 dv-cinder-820027-7-smb neutron-server[103201]: DEBUG neutron.plugins.ml2.drivers.mech_agent [req-3f3c2a8b-bd24-448f-b891-4e8737cacbcb req-10c79789-aa9e-417a-aab1-ba6b13063cd8 service neutron] Bound using segment: {'id': '6415c6ec-2b60-40fb-9f0c-afed2dedcd2b', 'network_type': 'vlan', 'physical_network': 'physnet1', 'segmentation_id': 65, 'network_id': '4d691e6a-c203-4104-bec9-42bf0be3f769'} {{(pid=103201) bind_port /opt/stack/neutron/neutron/plugins/ml2/drivers/mech_agent.py:120}}
Jan 26 15:23:31.824642 dv-cinder-820027-7-smb neutron-server[103201]: DEBUG neutron.plugins.ml2.managers [req-3f3c2a8b-bd24-448f-b891-4e8737cacbcb req-10c79789-aa9e-417a-aab1-ba6b13063cd8 service neutron] Bound port: ebdf2c1b-f2a7-42bc-a934-9afeb2ad4186, host: hv-cinder-82002, vif_type: hyperv, vif_details: {"connectivity": "legacy", "port_filter": false}, binding_levels: [{'bound_driver': 'hyperv', 'bound_segment': {'id': '6415c6ec-2b60-40fb-9f0c-afed2dedcd2b', 'network_type': 'vlan', 'physical_network': 'physnet1', 'segmentation_id': 65, 'network_id': '4d691e6a-c203-4104-bec9-42bf0be3f769'}}] {{(pid=103201) _bind_port_level /opt/stack/neutron/neutron/plugins/ml2/managers.py:932}}
Jan 26 15:23:31.825005 dv-cinder-820027-7-smb neutron-server[103201]: DEBUG neutron_lib.callbacks.manager [req-3f3c2a8b-bd24-448f-b891-4e8737cacbcb req-10c79789-aa9e-417a-aab1-ba6b13063cd8 service neutron] Publish callbacks ['neutron.plugins.ml2.plugin.SecurityGroupDbMixin._ensure_default_security_group_handler-976778'] for port (ebdf2c1b-f2a7-42bc-a934-9afeb2ad4186), before_update {{(pid=103201) _notify_loop /usr/local/lib/python3.8/dist-packages/neutron_lib/callbacks/manager.py:176}}
Jan 26 15:23:31.863556 dv-cinder-820027-7-smb neutron-server[103202]: DEBUG neutron.pecan_wsgi.hooks.policy_enforcement [req-8cbf6206-9444-40f9-80a0-0762f2f61dd5 req-7a3fcfe7-e4e2-4988-bb84-026cc5e5eb32 tempest-AttachVolumeNegativeTest-1861579612 tempest-AttachVolumeNegativeTest-1861579612-project] Attributes excluded by policy engine: ['standard_attr_id', 'binding:profile', 'binding:host_id', 'binding:vif_type', 'binding:vif_details'] {{(pid=103202) _exclude_attributes_by_policy /opt/stack/neutron/neutron/pecan_wsgi/hooks/policy_enforcement.py:255}}
Jan 26 15:23:31.865237 dv-cinder-820027-7-smb neutron-server[103202]: INFO neutron.wsgi [req-8cbf6206-9444-40f9-80a0-0762f2f61dd5 req-7a3fcfe7-e4e2-4988-bb84-026cc5e5eb32 tempest-AttachVolumeNegativeTest-1861579612 tempest-AttachVolumeNegativeTest-1861579612-project] 10.222.0.31 "GET /v2.0/ports?device_id=27ff8f47-2992-4b0a-adbc-155ab9149b2a HTTP/1.1" status: 200 len: 945 time: 0.0512545
Jan 26 15:23:31.905044 dv-cinder-820027-7-smb neutron-server[103201]: DEBUG neutron.plugins.ml2.db [req-3f3c2a8b-bd24-448f-b891-4e8737cacbcb req-10c79789-aa9e-417a-aab1-ba6b13063cd8 service neutron] For port ebdf2c1b-f2a7-42bc-a934-9afeb2ad4186, host hv-cinder-82002, cleared binding levels {{(pid=103201) clear_binding_levels /opt/stack/neutron/neutron/plugins/ml2/db.py:87}}
Jan 26 15:23:31.911895 dv-cinder-820027-7-smb neutron-server[103201]: DEBUG neutron.plugins.ml2.db [req-3f3c2a8b-bd24-448f-b891-4e8737cacbcb req-10c79789-aa9e-417a-aab1-ba6b13063cd8 service neutron] For port ebdf2c1b-f2a7-42bc-a934-9afeb2ad4186, host hv-cinder-82002, set binding levels [PortBindingLevel(driver='hyperv',host='hv-cinder-82002',level=0,port_id=ebdf2c1b-f2a7-42bc-a934-9afeb2ad4186,segment=NetworkSegment(6415c6ec-2b60-40fb-9f0c-afed2dedcd2b),segment_id=6415c6ec-2b60-40fb-9f0c-afed2dedcd2b)] {{(pid=103201) set_binding_levels /opt/stack/neutron/neutron/plugins/ml2/db.py:59}}
Jan 26 15:23:31.951750 dv-cinder-820027-7-smb neutron-server[103202]: INFO neutron.wsgi [req-8cbf6206-9444-40f9-80a0-0762f2f61dd5 req-c73b5de5-50d8-4506-b80d-6fac6a2267b1 tempest-AttachVolumeNegativeTest-1861579612 tempest-AttachVolumeNegativeTest-1861579612-project] 10.222.0.31 "GET /v2.0/security-groups?id=0808895d-5bbf-4eca-9c37-f422ab7ed86a&fields=id&fields=name HTTP/1.1" status: 200 len: 286 time: 0.0799479
Jan 26 15:23:31.979235 dv-cinder-820027-7-smb neutron-server[103203]: DEBUG neutron.plugins.ml2.db [None req-f7d8e6bc-65d4-48b6-8096-8b04601e41c5 None None] get_ports_and_sgs() called for port_ids ['1a5a85ce-03bf-4746-bf80-c59c1a275170'] {{(pid=103203) get_ports_and_sgs /opt/stack/neutron/neutron/plugins/ml2/db.py:156}}
Jan 26 15:23:31.981809 dv-cinder-820027-7-smb neutron-server[103201]: DEBUG neutron_lib.callbacks.manager [req-3f3c2a8b-bd24-448f-b891-4e8737cacbcb req-10c79789-aa9e-417a-aab1-ba6b13063cd8 service neutron] Publish callbacks ['neutron.plugins.ml2.plugin.SecurityGroupServerNotifierRpcMixin._notify_sg_on_port_change-981333', 'neutron.plugins.ml2.ovo_rpc._ObjectChangeHandler.handle_event-468616', 'neutron.api.rpc.agentnotifiers.dhcp_rpc_agent_api.DhcpAgentNotifyAPI._native_event_send_dhcp_notification-1621015', 'neutron.db.l3_db.L3RpcNotifierMixin._notify_gateway_port_ip_changed-8756395341770', 'neutron.db.l3_dvrscheduler_db._notify_l3_agent_port_update-8756394774577', 'neutron.db.l3_hascheduler_db._notify_l3_agent_ha_port_update-8756394774595'] for port (ebdf2c1b-f2a7-42bc-a934-9afeb2ad4186), after_update {{(pid=103201) _notify_loop /usr/local/lib/python3.8/dist-packages/neutron_lib/callbacks/manager.py:176}}
Jan 26 15:23:32.021590 dv-cinder-820027-7-smb neutron-server[103201]: DEBUG neutron.pecan_wsgi.hooks.policy_enforcement [req-3f3c2a8b-bd24-448f-b891-4e8737cacbcb req-10c79789-aa9e-417a-aab1-ba6b13063cd8 service neutron] Attributes excluded by policy engine: ['standard_attr_id'] {{(pid=103201) _exclude_attributes_by_policy /opt/stack/neutron/neutron/pecan_wsgi/hooks/policy_enforcement.py:255}}
Jan 26 15:23:32.027379 dv-cinder-820027-7-smb neutron-server[103201]: DEBUG neutron_lib.callbacks.manager [req-3f3c2a8b-bd24-448f-b891-4e8737cacbcb req-10c79789-aa9e-417a-aab1-ba6b13063cd8 service neutron] Publish callbacks ['neutron.notifiers.nova.Notifier._send_nova_notification-109094', 'neutron.api.rpc.agentnotifiers.dhcp_rpc_agent_api.DhcpAgentNotifyAPI._send_dhcp_notification-1621221'] for port (None), before_response {{(pid=103201) _notify_loop /usr/local/lib/python3.8/dist-packages/neutron_lib/callbacks/manager.py:176}}
Jan 26 15:23:32.027379 dv-cinder-820027-7-smb neutron-server[103201]: INFO neutron.wsgi [req-3f3c2a8b-bd24-448f-b891-4e8737cacbcb req-10c79789-aa9e-417a-aab1-ba6b13063cd8 service neutron] 10.222.0.23 "PUT /v2.0/ports/ebdf2c1b-f2a7-42bc-a934-9afeb2ad4186 HTTP/1.1" status: 200 len: 1093 time: 0.9737227
Jan 26 15:23:32.027379 dv-cinder-820027-7-smb neutron-server[103201]: DEBUG neutron.notifiers.nova [-] Sending events: [{'name': 'network-changed', 'server_uuid': '5948d29a-8c65-4652-98b6-1a4f257d36d6', 'tag': 'ebdf2c1b-f2a7-42bc-a934-9afeb2ad4186'}] {{(pid=103201) send_events /opt/stack/neutron/neutron/notifiers/nova.py:262}}
Jan 26 15:23:32.027379 dv-cinder-820027-7-smb neutron-server[103201]: DEBUG novaclient.v2.client [-] REQ: curl -g -i --cacert "/opt/stack/data/ca-bundle.pem" -X POST http://10.222.0.31/compute/v2.1/os-server-external-events -H "Accept: application/json" -H "Content-Type: application/json" -H "User-Agent: python-novaclient" -H "X-Auth-Token: {SHA256}eeb47ec164bcc2d5118fcd421c149c77e00bd0b32105d42c29c4faccea5eb070" -H "X-OpenStack-Nova-API-Version: 2.1" -H "X-OpenStack-Request-ID: req-0ba59178-ed6a-48c9-9ae4-95275bbb3117" -d '{"events": [{"name": "network-changed", "server_uuid": "5948d29a-8c65-4652-98b6-1a4f257d36d6", "tag": "ebdf2c1b-f2a7-42bc-a934-9afeb2ad4186"}]}' {{(pid=103201) _http_log_request /usr/local/lib/python3.8/dist-packages/keystoneauth1/session.py:519}}
Jan 26 15:23:32.050092 dv-cinder-820027-7-smb neutron-server[103203]: DEBUG neutron.plugins.ml2.db [None req-f7d8e6bc-65d4-48b6-8096-8b04601e41c5 None None] get_ports_and_sgs() called for port_ids ['2ef5acbd-c6e2-4b33-8b5e-cc2889c34c14'] {{(pid=103203) get_ports_and_sgs /opt/stack/neutron/neutron/plugins/ml2/db.py:156}}
Jan 26 15:23:32.058221 dv-cinder-820027-7-smb neutron-server[103201]: DEBUG neutron.api.rpc.handlers.resources_rpc [None req-10c79789-aa9e-417a-aab1-ba6b13063cd8 service neutron] Pushing event updated for resources: {'Port': ['ID=ebdf2c1b-f2a7-42bc-a934-9afeb2ad4186,revision_number=3']} {{(pid=103201) push /opt/stack/neutron/neutron/api/rpc/handlers/resources_rpc.py:237}}
Jan 26 15:23:32.204854 dv-cinder-820027-7-smb neutron-server[103201]: DEBUG neutron.pecan_wsgi.hooks.policy_enforcement [req-3f3c2a8b-bd24-448f-b891-4e8737cacbcb req-fdd54ce7-96cb-40f2-a336-02a8d85bac86 service neutron] Attributes excluded by policy engine: ['standard_attr_id'] {{(pid=103201) _exclude_attributes_by_policy /opt/stack/neutron/neutron/pecan_wsgi/hooks/policy_enforcement.py:255}}
Jan 26 15:23:32.210540 dv-cinder-820027-7-smb neutron-server[103201]: INFO neutron.wsgi [req-3f3c2a8b-bd24-448f-b891-4e8737cacbcb req-fdd54ce7-96cb-40f2-a336-02a8d85bac86 service neutron] 10.222.0.23 "GET /v2.0/ports?tenant_id=79e1b0bb71014a648808e84362470ee4&device_id=5948d29a-8c65-4652-98b6-1a4f257d36d6 HTTP/1.1" status: 200 len: 1096 time: 0.0568798
Jan 26 15:23:32.224836 dv-cinder-820027-7-smb neutron-server[103201]: DEBUG novaclient.v2.client [-] RESP: [200] Connection: close Content-Length: 179 Content-Type: application/json Date: Wed, 26 Jan 2022 15:23:32 GMT OpenStack-API-Version: compute 2.1 Server: Apache/2.4.41 (Ubuntu) Vary: OpenStack-API-Version,X-OpenStack-Nova-API-Version X-OpenStack-Nova-API-Version: 2.1 x-compute-request-id: req-9fea7e0c-16cb-4a60-a12e-d2c3b125ea03 x-openstack-request-id: req-9fea7e0c-16cb-4a60-a12e-d2c3b125ea03 {{(pid=103201) _http_log_response /usr/local/lib/python3.8/dist-packages/keystoneauth1/session.py:550}}
Jan 26 15:23:32.225182 dv-cinder-820027-7-smb neutron-server[103201]: DEBUG novaclient.v2.client [-] RESP BODY: {"events": [{"name": "network-changed", "server_uuid": "5948d29a-8c65-4652-98b6-1a4f257d36d6", "tag": "ebdf2c1b-f2a7-42bc-a934-9afeb2ad4186", "status": "completed", "code": 200}]} {{(pid=103201) _http_log_response /usr/local/lib/python3.8/dist-packages/keystoneauth1/session.py:582}}
Jan 26 15:23:32.225390 dv-cinder-820027-7-smb neutron-server[103201]: DEBUG novaclient.v2.client [-] POST call to compute for http://10.222.0.31/compute/v2.1/os-server-external-events used request id req-9fea7e0c-16cb-4a60-a12e-d2c3b125ea03 {{(pid=103201) request /usr/local/lib/python3.8/dist-packages/keystoneauth1/session.py:954}}
Jan 26 15:23:32.225864 dv-cinder-820027-7-smb neutron-server[103201]: INFO neutron.notifiers.nova [-] Nova event response: {'name': 'network-changed', 'server_uuid': '5948d29a-8c65-4652-98b6-1a4f257d36d6', 'tag': 'ebdf2c1b-f2a7-42bc-a934-9afeb2ad4186', 'status': 'completed', 'code': 200}
Jan 26 15:23:32.286575 dv-cinder-820027-7-smb neutron-server[103201]: INFO neutron.wsgi [req-3f3c2a8b-bd24-448f-b891-4e8737cacbcb req-3e5c20f7-78af-47e0-9eae-b9694641b519 service neutron] 10.222.0.23 "GET /v2.0/floatingips?fixed_ip_address=172.20.0.9&port_id=ebdf2c1b-f2a7-42bc-a934-9afeb2ad4186 HTTP/1.1" status: 200 len: 217 time: 0.0705805
Jan 26 15:23:32.356451 dv-cinder-820027-7-smb neutron-server[103201]: DEBUG neutron.pecan_wsgi.hooks.policy_enforcement [req-3f3c2a8b-bd24-448f-b891-4e8737cacbcb req-7c579266-1913-4b0f-b86a-9d0af820bdc2 service neutron] Attributes excluded by policy engine: ['standard_attr_id', 'shared'] {{(pid=103201) _exclude_attributes_by_policy /opt/stack/neutron/neutron/pecan_wsgi/hooks/policy_enforcement.py:255}}
Jan 26 15:23:32.357951 dv-cinder-820027-7-smb neutron-server[103201]: INFO neutron.wsgi [req-3f3c2a8b-bd24-448f-b891-4e8737cacbcb req-7c579266-1913-4b0f-b86a-9d0af820bdc2 service neutron] 10.222.0.23 "GET /v2.0/subnets?id=6acb5e30-4a05-43eb-b1ca-5be47dce2e8b HTTP/1.1" status: 200 len: 850 time: 0.0633805
Jan 26 15:23:32.448557 dv-cinder-820027-7-smb neutron-server[103202]: DEBUG neutron.pecan_wsgi.hooks.policy_enforcement [req-6cf2e39e-d958-4306-aae5-c9c853c73d82 req-50020295-d284-4dc3-9a41-33de0b9fc361 tempest-DeleteServersTestJSON-734237558 tempest-DeleteServersTestJSON-734237558-project] Attributes excluded by policy engine: ['standard_attr_id', 'binding:profile', 'binding:host_id', 'binding:vif_type', 'binding:vif_details'] {{(pid=103202) _exclude_attributes_by_policy /opt/stack/neutron/neutron/pecan_wsgi/hooks/policy_enforcement.py:255}}
Jan 26 15:23:32.460411 dv-cinder-820027-7-smb neutron-server[103202]: INFO neutron.wsgi [req-6cf2e39e-d958-4306-aae5-c9c853c73d82 req-50020295-d284-4dc3-9a41-33de0b9fc361 tempest-DeleteServersTestJSON-734237558 tempest-DeleteServersTestJSON-734237558-project] 10.222.0.31 "GET /v2.0/ports?device_id=241b89bc-d64a-4bd7-afd2-3d8567b4bcc1 HTTP/1.1" status: 200 len: 944 time: 0.0932355
Jan 26 15:23:32.514490 dv-cinder-820027-7-smb neutron-server[103201]: DEBUG neutron.pecan_wsgi.hooks.policy_enforcement [req-3f3c2a8b-bd24-448f-b891-4e8737cacbcb req-319202ff-6925-4d67-a471-8fd51d477dc6 service neutron] Attributes excluded by policy engine: ['standard_attr_id'] {{(pid=103201) _exclude_attributes_by_policy /opt/stack/neutron/neutron/pecan_wsgi/hooks/policy_enforcement.py:255}}
Jan 26 15:23:32.516050 dv-cinder-820027-7-smb neutron-server[103201]: INFO neutron.wsgi [req-3f3c2a8b-bd24-448f-b891-4e8737cacbcb req-319202ff-6925-4d67-a471-8fd51d477dc6 service neutron] 10.222.0.23 "GET /v2.0/ports?network_id=4d691e6a-c203-4104-bec9-42bf0be3f769&device_owner=network%3Adhcp HTTP/1.1" status: 200 len: 1173 time: 0.1473927
Jan 26 15:23:32.523384 dv-cinder-820027-7-smb neutron-server[103202]: INFO neutron.wsgi [req-6cf2e39e-d958-4306-aae5-c9c853c73d82 req-29cc73d7-9650-491f-8f48-03875a79fbfb tempest-DeleteServersTestJSON-734237558 tempest-DeleteServersTestJSON-734237558-project] 10.222.0.31 "GET /v2.0/security-groups?id=32e12990-48e9-45ef-894c-09aae2f124b2&fields=id&fields=name HTTP/1.1" status: 200 len: 286 time: 0.0639212
Jan 26 15:23:32.593218 dv-cinder-820027-7-smb neutron-server[103201]: DEBUG neutron.pecan_wsgi.hooks.policy_enforcement [req-cf3c4082-3b6e-4531-b735-b3536402a883 req-b218a2eb-ec0b-4bcc-a465-6b0255c68e5e tempest-AttachVolumeTestJSON-2007440107 tempest-AttachVolumeTestJSON-2007440107-project] Attributes excluded by policy engine: ['standard_attr_id', 'binding:profile', 'binding:host_id', 'binding:vif_type', 'binding:vif_details'] {{(pid=103201) _exclude_attributes_by_policy /opt/stack/neutron/neutron/pecan_wsgi/hooks/policy_enforcement.py:255}}
Jan 26 15:23:32.594718 dv-cinder-820027-7-smb neutron-server[103201]: INFO neutron.wsgi [req-cf3c4082-3b6e-4531-b735-b3536402a883 req-b218a2eb-ec0b-4bcc-a465-6b0255c68e5e tempest-AttachVolumeTestJSON-2007440107 tempest-AttachVolumeTestJSON-2007440107-project] 10.222.0.31 "GET /v2.0/ports?device_id=5948d29a-8c65-4652-98b6-1a4f257d36d6 HTTP/1.1" status: 200 len: 943 time: 0.1138923
Jan 26 15:23:32.664510 dv-cinder-820027-7-smb neutron-server[103201]: INFO neutron.wsgi [req-3f3c2a8b-bd24-448f-b891-4e8737cacbcb req-94c99da0-7e54-427c-99ab-c2619c1f73a5 service neutron] 10.222.0.23 "GET /v2.0/networks/4d691e6a-c203-4104-bec9-42bf0be3f769?fields=segments HTTP/1.1" status: 200 len: 212 time: 0.1413896
Jan 26 15:23:32.670724 dv-cinder-820027-7-smb neutron-server[103201]: INFO neutron.wsgi [req-cf3c4082-3b6e-4531-b735-b3536402a883 req-74d440ba-92bd-4914-9636-83b368104442 tempest-AttachVolumeTestJSON-2007440107 tempest-AttachVolumeTestJSON-2007440107-project] 10.222.0.31 "GET /v2.0/security-groups?id=ca7eb3dc-af4b-4000-aff6-1676cda4d5d6&fields=id&fields=name HTTP/1.1" status: 200 len: 312 time: 0.0667603
Jan 26 15:23:32.794450 dv-cinder-820027-7-smb neutron-server[103201]: INFO neutron.wsgi [req-3f3c2a8b-bd24-448f-b891-4e8737cacbcb req-a61b0fe6-89be-45b3-a434-92b7756a9fc5 service neutron] 10.222.0.23 "GET /v2.0/networks/4d691e6a-c203-4104-bec9-42bf0be3f769?fields=provider%3Aphysical_network&fields=provider%3Anetwork_type HTTP/1.1" status: 200 len: 281 time: 0.1232891
Jan 26 15:23:32.805162 dv-cinder-820027-7-smb neutron-server[103202]: DEBUG neutron.pecan_wsgi.hooks.policy_enforcement [req-56f6acde-f039-4c0f-a5b1-399c64a9d98a req-4efd1d34-3cac-4dce-b95a-0a5f33176c01 tempest-ServerRescueNegativeTestJSON-1885281208 tempest-ServerRescueNegativeTestJSON-1885281208-project] Attributes excluded by policy engine: ['standard_attr_id', 'binding:profile', 'binding:host_id', 'binding:vif_type', 'binding:vif_details'] {{(pid=103202) _exclude_attributes_by_policy /opt/stack/neutron/neutron/pecan_wsgi/hooks/policy_enforcement.py:255}}
Jan 26 15:23:32.806856 dv-cinder-820027-7-smb neutron-server[103202]: INFO neutron.wsgi [req-56f6acde-f039-4c0f-a5b1-399c64a9d98a req-4efd1d34-3cac-4dce-b95a-0a5f33176c01 tempest-ServerRescueNegativeTestJSON-1885281208 tempest-ServerRescueNegativeTestJSON-1885281208-project] 10.222.0.31 "GET /v2.0/ports?device_id=edffb9e1-93f4-4e14-9703-00796e82d2fd HTTP/1.1" status: 200 len: 944 time: 0.0565271
Jan 26 15:23:32.856723 dv-cinder-820027-7-smb neutron-server[103202]: INFO neutron.wsgi [req-56f6acde-f039-4c0f-a5b1-399c64a9d98a req-311c3338-d569-452b-ace0-d45fa15227dc tempest-ServerRescueNegativeTestJSON-1885281208 tempest-ServerRescueNegativeTestJSON-1885281208-project] 10.222.0.31 "GET /v2.0/security-groups?id=b4e16ce9-15ac-4504-8807-1d96a7af2f04&fields=id&fields=name HTTP/1.1" status: 200 len: 286 time: 0.0440800
Jan 26 15:23:32.902583 dv-cinder-820027-7-smb neutron-server[103203]: DEBUG neutron.plugins.ml2.rpc [None req-f7d8e6bc-65d4-48b6-8096-8b04601e41c5 None None] Device 01993f60-7abb-401b-af35-5d240c6ba617 details requested by agent hyperv_hv-cinder-82002 with host hv-cinder-82002 {{(pid=103203) get_device_details /opt/stack/neutron/neutron/plugins/ml2/rpc.py:102}}
Jan 26 15:23:32.995022 dv-cinder-820027-7-smb neutron-server[103201]: DEBUG neutron.pecan_wsgi.hooks.policy_enforcement [req-0ba59178-ed6a-48c9-9ae4-95275bbb3117 req-975f9576-7487-44ee-b353-6c23a2ea9686 service neutron] Attributes excluded by policy engine: ['standard_attr_id'] {{(pid=103201) _exclude_attributes_by_policy /opt/stack/neutron/neutron/pecan_wsgi/hooks/policy_enforcement.py:255}}
Jan 26 15:23:32.995022 dv-cinder-820027-7-smb neutron-server[103201]: INFO neutron.wsgi [req-0ba59178-ed6a-48c9-9ae4-95275bbb3117 req-975f9576-7487-44ee-b353-6c23a2ea9686 service neutron] 10.222.0.23 "GET /v2.0/ports?tenant_id=79e1b0bb71014a648808e84362470ee4&device_id=5948d29a-8c65-4652-98b6-1a4f257d36d6 HTTP/1.1" status: 200 len: 1096 time: 0.0715427
Jan 26 15:23:33.070515 dv-cinder-820027-7-smb neutron-server[103203]: DEBUG neutron.plugins.ml2.db [None req-f7d8e6bc-65d4-48b6-8096-8b04601e41c5 None None] For port 01993f60-7abb-401b-af35-5d240c6ba617, host hv-cinder-82002, got binding levels [PortBindingLevel(driver='hyperv',host='hv-cinder-82002',level=0,port_id=01993f60-7abb-401b-af35-5d240c6ba617,segment=NetworkSegment(ff064615-91aa-42ad-8495-7296f5ec9067),segment_id=ff064615-91aa-42ad-8495-7296f5ec9067)] {{(pid=103203) get_binding_level_objs /opt/stack/neutron/neutron/plugins/ml2/db.py:74}}
Jan 26 15:23:33.090414 dv-cinder-820027-7-smb neutron-server[103203]: DEBUG neutron.plugins.ml2.rpc [None req-f7d8e6bc-65d4-48b6-8096-8b04601e41c5 None None] Returning: {'device': '01993f60-7abb-401b-af35-5d240c6ba617', 'network_id': '18c4305b-9aa3-4089-bbd5-b300c40207be', 'port_id': '01993f60-7abb-401b-af35-5d240c6ba617', 'mac_address': 'fa:16:3e:8d:03:6f', 'admin_state_up': True, 'network_type': 'vlan', 'segmentation_id': 69, 'physical_network': 'physnet1', 'mtu': 1500, 'fixed_ips': [{'subnet_id': 'db8f263f-9aab-4d6c-a11d-28b119a778b4', 'ip_address': '172.20.0.13'}], 'device_owner': 'compute:nova', 'allowed_address_pairs': [], 'port_security_enabled': True, 'qos_policy_id': None, 'network_qos_policy_id': None, 'profile': {}, 'propagate_uplink_status': False} {{(pid=103203) _get_device_details /opt/stack/neutron/neutron/plugins/ml2/rpc.py:184}}
Jan 26 15:23:33.137494 dv-cinder-820027-7-smb neutron-server[103203]: DEBUG neutron.plugins.ml2.plugin [None req-f7d8e6bc-65d4-48b6-8096-8b04601e41c5 None None] Current status of the port 01993f60-7abb-401b-af35-5d240c6ba617 is: DOWN; New status is: BUILD {{(pid=103203) _update_individual_port_db_status /opt/stack/neutron/neutron/plugins/ml2/plugin.py:2219}}
Jan 26 15:23:33.149069 dv-cinder-820027-7-smb neutron-server[103203]: DEBUG neutron_lib.callbacks.manager [None req-f7d8e6bc-65d4-48b6-8096-8b04601e41c5 None None] Publish callbacks ['neutron.plugins.ml2.plugin.SecurityGroupDbMixin._ensure_default_security_group_handler-976778'] for port (01993f60-7abb-401b-af35-5d240c6ba617), before_update {{(pid=103203) _notify_loop /usr/local/lib/python3.8/dist-packages/neutron_lib/callbacks/manager.py:176}}
Jan 26 15:23:33.149205 dv-cinder-820027-7-smb neutron-server[103201]: DEBUG neutron.pecan_wsgi.hooks.policy_enforcement [req-85e71cfc-6a7e-4235-97c1-0bf38a1230f1 req-935352bb-8adb-4fc2-95ea-aa37a4cdb293 tempest-AttachVolumeNegativeTest-1861579612 tempest-AttachVolumeNegativeTest-1861579612-project] Attributes excluded by policy engine: ['standard_attr_id', 'binding:profile', 'binding:host_id', 'binding:vif_type', 'binding:vif_details'] {{(pid=103201) _exclude_attributes_by_policy /opt/stack/neutron/neutron/pecan_wsgi/hooks/policy_enforcement.py:255}}
Jan 26 15:23:33.149205 dv-cinder-820027-7-smb neutron-server[103201]: INFO neutron.wsgi [req-85e71cfc-6a7e-4235-97c1-0bf38a1230f1 req-935352bb-8adb-4fc2-95ea-aa37a4cdb293 tempest-AttachVolumeNegativeTest-1861579612 tempest-AttachVolumeNegativeTest-1861579612-project] 10.222.0.31 "GET /v2.0/ports?device_id=27ff8f47-2992-4b0a-adbc-155ab9149b2a HTTP/1.1" status: 200 len: 945 time: 0.0783985
Jan 26 15:23:33.151786 dv-cinder-820027-7-smb neutron-server[103203]: DEBUG neutron.notifiers.nova [None req-f7d8e6bc-65d4-48b6-8096-8b04601e41c5 None None] Ignoring state change previous_port_status: DOWN current_port_status: BUILD port_id 01993f60-7abb-401b-af35-5d240c6ba617 {{(pid=103203) record_port_status_changed /opt/stack/neutron/neutron/notifiers/nova.py:224}}
Jan 26 15:23:33.162779 dv-cinder-820027-7-smb neutron-server[103201]: DEBUG neutron.pecan_wsgi.hooks.policy_enforcement [req-0ba59178-ed6a-48c9-9ae4-95275bbb3117 req-a4d62edf-611d-4dc6-8ab7-8762aaeedeb8 service neutron] Attributes excluded by policy engine: ['standard_attr_id', 'vlan_transparent'] {{(pid=103201) _exclude_attributes_by_policy /opt/stack/neutron/neutron/pecan_wsgi/hooks/policy_enforcement.py:255}}
Jan 26 15:23:33.164050 dv-cinder-820027-7-smb neutron-server[103201]: INFO neutron.wsgi [req-0ba59178-ed6a-48c9-9ae4-95275bbb3117 req-a4d62edf-611d-4dc6-8ab7-8762aaeedeb8 service neutron] 10.222.0.23 "GET /v2.0/networks?id=4d691e6a-c203-4104-bec9-42bf0be3f769 HTTP/1.1" status: 200 len: 911 time: 0.1654134
Jan 26 15:23:33.180679 dv-cinder-820027-7-smb neutron-server[103203]: DEBUG neutron.plugins.ml2.db [None req-f7d8e6bc-65d4-48b6-8096-8b04601e41c5 None None] For port 01993f60-7abb-401b-af35-5d240c6ba617, host hv-cinder-82002, got binding levels [PortBindingLevel(driver='hyperv',host='hv-cinder-82002',level=0,port_id=01993f60-7abb-401b-af35-5d240c6ba617,segment=NetworkSegment(ff064615-91aa-42ad-8495-7296f5ec9067),segment_id=ff064615-91aa-42ad-8495-7296f5ec9067)] {{(pid=103203) get_binding_level_objs /opt/stack/neutron/neutron/plugins/ml2/db.py:74}}
Jan 26 15:23:33.214106 dv-cinder-820027-7-smb neutron-server[103201]: INFO neutron.wsgi [req-0ba59178-ed6a-48c9-9ae4-95275bbb3117 req-cd279e9f-5a41-4083-81fe-bb22a5ab9ca5 service neutron] 10.222.0.23 "GET /v2.0/floatingips?fixed_ip_address=172.20.0.9&port_id=ebdf2c1b-f2a7-42bc-a934-9afeb2ad4186 HTTP/1.1" status: 200 len: 217 time: 0.0434175
Jan 26 15:23:33.268854 dv-cinder-820027-7-smb neutron-server[103201]: INFO neutron.wsgi [req-85e71cfc-6a7e-4235-97c1-0bf38a1230f1 req-f1eb21aa-eb0f-4b65-83db-d35e8a0a58fb tempest-AttachVolumeNegativeTest-1861579612 tempest-AttachVolumeNegativeTest-1861579612-project] 10.222.0.31 "GET /v2.0/security-groups?id=0808895d-5bbf-4eca-9c37-f422ab7ed86a&fields=id&fields=name HTTP/1.1" status: 200 len: 286 time: 0.1174879
Jan 26 15:23:33.278410 dv-cinder-820027-7-smb neutron-server[103203]: DEBUG neutron_lib.callbacks.manager [None req-f7d8e6bc-65d4-48b6-8096-8b04601e41c5 None None] Publish callbacks ['neutron.plugins.ml2.plugin.SecurityGroupServerNotifierRpcMixin._notify_sg_on_port_change-981333', 'neutron.plugins.ml2.ovo_rpc._ObjectChangeHandler.handle_event-468616', 'neutron.api.rpc.agentnotifiers.dhcp_rpc_agent_api.DhcpAgentNotifyAPI._native_event_send_dhcp_notification-1621015', 'neutron.db.l3_db.L3RpcNotifierMixin._notify_gateway_port_ip_changed-8756395341770', 'neutron.db.l3_dvrscheduler_db._notify_l3_agent_port_update-8756394774577', 'neutron.db.l3_hascheduler_db._notify_l3_agent_ha_port_update-8756394774595'] for port (01993f60-7abb-401b-af35-5d240c6ba617), after_update {{(pid=103203) _notify_loop /usr/local/lib/python3.8/dist-packages/neutron_lib/callbacks/manager.py:176}}
Jan 26 15:23:33.282591 dv-cinder-820027-7-smb neutron-server[103201]: DEBUG neutron.pecan_wsgi.hooks.policy_enforcement [req-0ba59178-ed6a-48c9-9ae4-95275bbb3117 req-37cd76fb-90e0-4701-9d7c-f3da515db588 service neutron] Attributes excluded by policy engine: ['standard_attr_id', 'shared'] {{(pid=103201) _exclude_attributes_by_policy /opt/stack/neutron/neutron/pecan_wsgi/hooks/policy_enforcement.py:255}}
Jan 26 15:23:33.283676 dv-cinder-820027-7-smb neutron-server[103201]: INFO neutron.wsgi [req-0ba59178-ed6a-48c9-9ae4-95275bbb3117 req-37cd76fb-90e0-4701-9d7c-f3da515db588 service neutron] 10.222.0.23 "GET /v2.0/subnets?id=6acb5e30-4a05-43eb-b1ca-5be47dce2e8b HTTP/1.1" status: 200 len: 850 time: 0.0613074
