Jan 19 16:02:54.112259 dv-cinder-820027-5-smb devstack@c-api.service[122187]: DEBUG cinder.api.openstack.wsgi [None req-8751b7e0-7696-4f2d-af4c-3d8e469d2730 tempest-GroupSnapshotsV319Test-1758352056 tempest-GroupSnapshotsV319Test-1758352056-project] Empty body provided in request {{(pid=122187) get_body /opt/stack/cinder/cinder/api/openstack/wsgi.py:715}}
Jan 19 16:02:54.116061 dv-cinder-820027-5-smb devstack@c-api.service[122187]: DEBUG cinder.api.openstack.wsgi [None req-8751b7e0-7696-4f2d-af4c-3d8e469d2730 tempest-GroupSnapshotsV319Test-1758352056 tempest-GroupSnapshotsV319Test-1758352056-project] Calling method 'detail' {{(pid=122187) _process_stack /opt/stack/cinder/cinder/api/openstack/wsgi.py:868}}
Jan 19 16:02:54.117753 dv-cinder-820027-5-smb devstack@c-api.service[122187]: DEBUG cinder.api.api_utils [None req-8751b7e0-7696-4f2d-af4c-3d8e469d2730 tempest-GroupSnapshotsV319Test-1758352056 tempest-GroupSnapshotsV319Test-1758352056-project] Removing options '' from query. {{(pid=122187) remove_invalid_filter_options /opt/stack/cinder/cinder/api/api_utils.py:73}}
Jan 19 16:02:54.121515 dv-cinder-820027-5-smb devstack@c-api.service[122187]: DEBUG cinder.volume.api [None req-8751b7e0-7696-4f2d-af4c-3d8e469d2730 tempest-GroupSnapshotsV319Test-1758352056 tempest-GroupSnapshotsV319Test-1758352056-project] Searching by: MultiDict([('no_migration_targets', True)]). {{(pid=122187) get_all /opt/stack/cinder/cinder/volume/api.py:661}}
Jan 19 16:02:54.128640 dv-cinder-820027-5-smb devstack@c-api.service[122186]: INFO cinder.api.openstack.wsgi [None req-570a857a-360b-403b-89f1-550dbf170d0f tempest-VolumesTestJSON-1857684828 tempest-VolumesTestJSON-1857684828-project] http://10.222.0.53/volume/v3/8f97461462094d13bbe2773a719fc764/volumes/cb5a2f47-a0e8-42a5-848b-59665915c408 returned with HTTP 200
Jan 19 16:02:54.137431 dv-cinder-820027-5-smb devstack@c-api.service[122186]: [pid: 122186|app: 0|req: 48/100] 10.222.0.53 () {58 vars in 1324 bytes} [Wed Jan 19 16:02:53 2022] GET /volume/v3/8f97461462094d13bbe2773a719fc764/volumes/cb5a2f47-a0e8-42a5-848b-59665915c408 => generated 921 bytes in 144 msecs (HTTP/1.1 200) 7 headers in 285 bytes (1 switches on core 0)
Jan 19 16:02:54.339877 dv-cinder-820027-5-smb devstack@c-api.service[122187]: INFO cinder.volume.api [None req-8751b7e0-7696-4f2d-af4c-3d8e469d2730 tempest-GroupSnapshotsV319Test-1758352056 tempest-GroupSnapshotsV319Test-1758352056-project] Get all volumes completed successfully.
Jan 19 16:02:54.353147 dv-cinder-820027-5-smb devstack@c-api.service[122187]: WARNING stevedore.named [None req-8751b7e0-7696-4f2d-af4c-3d8e469d2730 tempest-GroupSnapshotsV319Test-1758352056 tempest-GroupSnapshotsV319Test-1758352056-project] Could not load cinder.keymgr.conf_key_mgr.ConfKeyManager
Jan 19 16:02:54.356886 dv-cinder-820027-5-smb devstack@c-api.service[122187]: WARNING castellan.key_manager [None req-8751b7e0-7696-4f2d-af4c-3d8e469d2730 tempest-GroupSnapshotsV319Test-1758352056 tempest-GroupSnapshotsV319Test-1758352056-project] Deprecation Warning : cinder.keymgr.conf_key_mgr.ConfKeyManager is not a stevedore based driver, trying to load it as a class: stevedore.exception.NoMatches: No 'castellan.drivers' driver found, looking for 'cinder.keymgr.conf_key_mgr.ConfKeyManager'
Jan 19 16:02:54.390115 dv-cinder-820027-5-smb devstack@c-api.service[122187]: DEBUG oslo_db.sqlalchemy.engines [None req-8751b7e0-7696-4f2d-af4c-3d8e469d2730 tempest-GroupSnapshotsV319Test-1758352056 tempest-GroupSnapshotsV319Test-1758352056-project] MySQL server mode set to STRICT_TRANS_TABLES,STRICT_ALL_TABLES,NO_ZERO_IN_DATE,NO_ZERO_DATE,ERROR_FOR_DIVISION_BY_ZERO,TRADITIONAL,NO_ENGINE_SUBSTITUTION {{(pid=122187) _check_effective_sql_mode /usr/local/lib/python3.8/dist-packages/oslo_db/sqlalchemy/engines.py:314}}
Jan 19 16:02:54.400402 dv-cinder-820027-5-smb devstack@c-api.service[122187]: /usr/local/lib/python3.8/dist-packages/oslo_context/context.py:105: DeprecationWarning: Policy enforcement is depending on the value of is_admin. This key is deprecated. Please update your policy file to use the standard policy values.
Jan 19 16:02:54.400402 dv-cinder-820027-5-smb devstack@c-api.service[122187]: warnings.warn('Policy enforcement is depending on the value of '
Jan 19 16:02:54.456529 dv-cinder-820027-5-smb devstack@c-api.service[122187]: INFO cinder.api.openstack.wsgi [None req-8751b7e0-7696-4f2d-af4c-3d8e469d2730 tempest-GroupSnapshotsV319Test-1758352056 tempest-GroupSnapshotsV319Test-1758352056-project] http://10.222.0.53/volume/v3/cda777eea0574e77b947fb41ba6d09b9/volumes/detail returned with HTTP 200
Jan 19 16:02:54.474429 dv-cinder-820027-5-smb devstack@c-api.service[122187]: [pid: 122187|app: 0|req: 53/101] 10.222.0.53 () {60 vars in 1275 bytes} [Wed Jan 19 16:02:54 2022] GET /volume/v3/cda777eea0574e77b947fb41ba6d09b9/volumes/detail => generated 1010 bytes in 373 msecs (HTTP/1.1 200) 7 headers in 287 bytes (1 switches on core 0)
Jan 19 16:02:54.490876 dv-cinder-820027-5-smb devstack@c-api.service[122186]: INFO cinder.api.openstack.wsgi [None req-c3524199-ecca-4f2d-9382-6b473548dde4 tempest-GroupSnapshotsV319Test-1758352056 tempest-GroupSnapshotsV319Test-1758352056-project] POST http://10.222.0.53/volume/v3/cda777eea0574e77b947fb41ba6d09b9/groups/daebd0f8-45d8-47fd-a5d2-b673b4277e84/action
Jan 19 16:02:54.493032 dv-cinder-820027-5-smb devstack@c-api.service[122186]: DEBUG cinder.api.openstack.wsgi [None req-c3524199-ecca-4f2d-9382-6b473548dde4 tempest-GroupSnapshotsV319Test-1758352056 tempest-GroupSnapshotsV319Test-1758352056-project] Action body: b'{"delete": {"delete-volumes": true}}' {{(pid=122186) get_method /opt/stack/cinder/cinder/api/openstack/wsgi.py:983}}
Jan 19 16:02:54.493903 dv-cinder-820027-5-smb devstack@c-api.service[122186]: DEBUG cinder.api.openstack.wsgi [None req-c3524199-ecca-4f2d-9382-6b473548dde4 tempest-GroupSnapshotsV319Test-1758352056 tempest-GroupSnapshotsV319Test-1758352056-project] Action: 'action', calling method: version_select, body: {"delete": {"delete-volumes": true}} {{(pid=122186) _process_stack /opt/stack/cinder/cinder/api/openstack/wsgi.py:866}}
Jan 19 16:02:54.496582 dv-cinder-820027-5-smb devstack@c-api.service[122186]: DEBUG cinder.api.v3.groups [None req-c3524199-ecca-4f2d-9382-6b473548dde4 tempest-GroupSnapshotsV319Test-1758352056 tempest-GroupSnapshotsV319Test-1758352056-project] delete called for group daebd0f8-45d8-47fd-a5d2-b673b4277e84 {{(pid=122186) _delete /opt/stack/cinder/cinder/api/v3/groups.py:117}}
Jan 19 16:02:54.503899 dv-cinder-820027-5-smb devstack@c-api.service[122186]: INFO cinder.api.v3.groups [None req-c3524199-ecca-4f2d-9382-6b473548dde4 tempest-GroupSnapshotsV319Test-1758352056 tempest-GroupSnapshotsV319Test-1758352056-project] Delete group with id: daebd0f8-45d8-47fd-a5d2-b673b4277e84
Jan 19 16:02:54.564333 dv-cinder-820027-5-smb devstack@c-api.service[122186]: /usr/local/lib/python3.8/dist-packages/oslo_context/context.py:105: DeprecationWarning: Policy enforcement is depending on the value of is_admin. This key is deprecated. Please update your policy file to use the standard policy values.
Jan 19 16:02:54.564333 dv-cinder-820027-5-smb devstack@c-api.service[122186]: warnings.warn('Policy enforcement is depending on the value of '
Jan 19 16:02:55.018685 dv-cinder-820027-5-smb devstack@c-api.service[122187]: INFO cinder.api.openstack.wsgi [None req-1a350032-c65b-45cb-af5d-d676d221c818 tempest-GroupsV314Test-1059030949 tempest-GroupsV314Test-1059030949-project] GET http://10.222.0.53/volume/v3/f11816f54e674da48b80b75736f27839/volumes/28e0ac78-56a1-4e40-9b5f-a5b18df29d38
Jan 19 16:02:55.019711 dv-cinder-820027-5-smb devstack@c-api.service[122187]: DEBUG cinder.api.openstack.wsgi [None req-1a350032-c65b-45cb-af5d-d676d221c818 tempest-GroupsV314Test-1059030949 tempest-GroupsV314Test-1059030949-project] Empty body provided in request {{(pid=122187) get_body /opt/stack/cinder/cinder/api/openstack/wsgi.py:715}}
Jan 19 16:02:55.021443 dv-cinder-820027-5-smb devstack@c-api.service[122187]: DEBUG cinder.api.openstack.wsgi [None req-1a350032-c65b-45cb-af5d-d676d221c818 tempest-GroupsV314Test-1059030949 tempest-GroupsV314Test-1059030949-project] Calling method 'show' {{(pid=122187) _process_stack /opt/stack/cinder/cinder/api/openstack/wsgi.py:868}}
Jan 19 16:02:55.084463 dv-cinder-820027-5-smb devstack@c-api.service[122187]: /usr/local/lib/python3.8/dist-packages/oslo_context/context.py:105: DeprecationWarning: Policy enforcement is depending on the value of is_admin. This key is deprecated. Please update your policy file to use the standard policy values.
Jan 19 16:02:55.084463 dv-cinder-820027-5-smb devstack@c-api.service[122187]: warnings.warn('Policy enforcement is depending on the value of '
Jan 19 16:02:55.106853 dv-cinder-820027-5-smb devstack@c-api.service[122187]: INFO cinder.volume.api [None req-1a350032-c65b-45cb-af5d-d676d221c818 tempest-GroupsV314Test-1059030949 tempest-GroupsV314Test-1059030949-project] Volume info retrieved successfully.
Jan 19 16:02:55.108675 dv-cinder-820027-5-smb devstack@c-api.service[122187]: WARNING stevedore.named [None req-1a350032-c65b-45cb-af5d-d676d221c818 tempest-GroupsV314Test-1059030949 tempest-GroupsV314Test-1059030949-project] Could not load cinder.keymgr.conf_key_mgr.ConfKeyManager
Jan 19 16:02:55.110735 dv-cinder-820027-5-smb devstack@c-api.service[122187]: WARNING castellan.key_manager [None req-1a350032-c65b-45cb-af5d-d676d221c818 tempest-GroupsV314Test-1059030949 tempest-GroupsV314Test-1059030949-project] Deprecation Warning : cinder.keymgr.conf_key_mgr.ConfKeyManager is not a stevedore based driver, trying to load it as a class: stevedore.exception.NoMatches: No 'castellan.drivers' driver found, looking for 'cinder.keymgr.conf_key_mgr.ConfKeyManager'
Jan 19 16:02:55.136703 dv-cinder-820027-5-smb devstack@c-api.service[122187]: DEBUG oslo_db.sqlalchemy.engines [None req-1a350032-c65b-45cb-af5d-d676d221c818 tempest-GroupsV314Test-1059030949 tempest-GroupsV314Test-1059030949-project] MySQL server mode set to STRICT_TRANS_TABLES,STRICT_ALL_TABLES,NO_ZERO_IN_DATE,NO_ZERO_DATE,ERROR_FOR_DIVISION_BY_ZERO,TRADITIONAL,NO_ENGINE_SUBSTITUTION {{(pid=122187) _check_effective_sql_mode /usr/local/lib/python3.8/dist-packages/oslo_db/sqlalchemy/engines.py:314}}
Jan 19 16:02:55.146679 dv-cinder-820027-5-smb devstack@c-api.service[122186]: INFO cinder.api.openstack.wsgi [None req-c3524199-ecca-4f2d-9382-6b473548dde4 tempest-GroupSnapshotsV319Test-1758352056 tempest-GroupSnapshotsV319Test-1758352056-project] http://10.222.0.53/volume/v3/cda777eea0574e77b947fb41ba6d09b9/groups/daebd0f8-45d8-47fd-a5d2-b673b4277e84/action returned with HTTP 202
Jan 19 16:02:55.153896 dv-cinder-820027-5-smb devstack@c-api.service[122186]: [pid: 122186|app: 0|req: 49/102] 10.222.0.53 () {62 vars in 1404 bytes} [Wed Jan 19 16:02:54 2022] POST /volume/v3/cda777eea0574e77b947fb41ba6d09b9/groups/daebd0f8-45d8-47fd-a5d2-b673b4277e84/action => generated 0 bytes in 681 msecs (HTTP/1.1 202) 6 headers in 234 bytes (2 switches on core 0)
Jan 19 16:02:55.154440 dv-cinder-820027-5-smb devstack@c-api.service[122187]: /usr/local/lib/python3.8/dist-packages/oslo_context/context.py:105: DeprecationWarning: Policy enforcement is depending on the value of is_admin. This key is deprecated. Please update your policy file to use the standard policy values.
Jan 19 16:02:55.154440 dv-cinder-820027-5-smb devstack@c-api.service[122187]: warnings.warn('Policy enforcement is depending on the value of '
Jan 19 16:02:55.159598 dv-cinder-820027-5-smb devstack@c-api.service[122186]: INFO cinder.api.openstack.wsgi [None req-67edd8df-546b-4e21-9232-04334767d099 tempest-GroupSnapshotsV319Test-1758352056 tempest-GroupSnapshotsV319Test-1758352056-project] GET http://10.222.0.53/volume/v3/cda777eea0574e77b947fb41ba6d09b9/volumes/86cd4b05-5694-4119-a341-0594e86e7799
Jan 19 16:02:55.160650 dv-cinder-820027-5-smb devstack@c-api.service[122186]: DEBUG cinder.api.openstack.wsgi [None req-67edd8df-546b-4e21-9232-04334767d099 tempest-GroupSnapshotsV319Test-1758352056 tempest-GroupSnapshotsV319Test-1758352056-project] Empty body provided in request {{(pid=122186) get_body /opt/stack/cinder/cinder/api/openstack/wsgi.py:715}}
Jan 19 16:02:55.161527 dv-cinder-820027-5-smb devstack@c-api.service[122186]: DEBUG cinder.api.openstack.wsgi [None req-67edd8df-546b-4e21-9232-04334767d099 tempest-GroupSnapshotsV319Test-1758352056 tempest-GroupSnapshotsV319Test-1758352056-project] Calling method 'show' {{(pid=122186) _process_stack /opt/stack/cinder/cinder/api/openstack/wsgi.py:868}}
Jan 19 16:02:55.184695 dv-cinder-820027-5-smb devstack@c-api.service[122186]: /usr/local/lib/python3.8/dist-packages/oslo_context/context.py:105: DeprecationWarning: Policy enforcement is depending on the value of is_admin. This key is deprecated. Please update your policy file to use the standard policy values.
Jan 19 16:02:55.184695 dv-cinder-820027-5-smb devstack@c-api.service[122186]: warnings.warn('Policy enforcement is depending on the value of '
Jan 19 16:02:55.206853 dv-cinder-820027-5-smb devstack@c-api.service[122187]: INFO cinder.api.openstack.wsgi [None req-1a350032-c65b-45cb-af5d-d676d221c818 tempest-GroupsV314Test-1059030949 tempest-GroupsV314Test-1059030949-project] http://10.222.0.53/volume/v3/f11816f54e674da48b80b75736f27839/volumes/28e0ac78-56a1-4e40-9b5f-a5b18df29d38 returned with HTTP 200
Jan 19 16:02:55.207809 dv-cinder-820027-5-smb devstack@c-api.service[122187]: [pid: 122187|app: 0|req: 54/103] 10.222.0.53 () {60 vars in 1365 bytes} [Wed Jan 19 16:02:55 2022] GET /volume/v3/f11816f54e674da48b80b75736f27839/volumes/28e0ac78-56a1-4e40-9b5f-a5b18df29d38 => generated 993 bytes in 197 msecs (HTTP/1.1 200) 7 headers in 286 bytes (2 switches on core 0)
Jan 19 16:02:55.218580 dv-cinder-820027-5-smb devstack@c-api.service[122186]: INFO cinder.volume.api [None req-67edd8df-546b-4e21-9232-04334767d099 tempest-GroupSnapshotsV319Test-1758352056 tempest-GroupSnapshotsV319Test-1758352056-project] Volume info retrieved successfully.
Jan 19 16:02:55.226360 dv-cinder-820027-5-smb devstack@c-api.service[122186]: WARNING stevedore.named [None req-67edd8df-546b-4e21-9232-04334767d099 tempest-GroupSnapshotsV319Test-1758352056 tempest-GroupSnapshotsV319Test-1758352056-project] Could not load cinder.keymgr.conf_key_mgr.ConfKeyManager
Jan 19 16:02:55.226949 dv-cinder-820027-5-smb devstack@c-api.service[122186]: WARNING castellan.key_manager [None req-67edd8df-546b-4e21-9232-04334767d099 tempest-GroupSnapshotsV319Test-1758352056 tempest-GroupSnapshotsV319Test-1758352056-project] Deprecation Warning : cinder.keymgr.conf_key_mgr.ConfKeyManager is not a stevedore based driver, trying to load it as a class: stevedore.exception.NoMatches: No 'castellan.drivers' driver found, looking for 'cinder.keymgr.conf_key_mgr.ConfKeyManager'
Jan 19 16:02:55.240449 dv-cinder-820027-5-smb devstack@c-api.service[122187]: INFO cinder.api.openstack.wsgi [None req-2de217ac-8014-4ad6-8de5-92afba555308 tempest-VolumesTestJSON-1857684828 tempest-VolumesTestJSON-1857684828-project] GET http://10.222.0.53/volume/v3/8f97461462094d13bbe2773a719fc764/volumes/cb5a2f47-a0e8-42a5-848b-59665915c408
Jan 19 16:02:55.240943 dv-cinder-820027-5-smb devstack@c-api.service[122187]: DEBUG cinder.api.openstack.wsgi [None req-2de217ac-8014-4ad6-8de5-92afba555308 tempest-VolumesTestJSON-1857684828 tempest-VolumesTestJSON-1857684828-project] Empty body provided in request {{(pid=122187) get_body /opt/stack/cinder/cinder/api/openstack/wsgi.py:715}}
Jan 19 16:02:55.241399 dv-cinder-820027-5-smb devstack@c-api.service[122187]: DEBUG cinder.api.openstack.wsgi [None req-2de217ac-8014-4ad6-8de5-92afba555308 tempest-VolumesTestJSON-1857684828 tempest-VolumesTestJSON-1857684828-project] Calling method 'show' {{(pid=122187) _process_stack /opt/stack/cinder/cinder/api/openstack/wsgi.py:868}}
Jan 19 16:02:55.256042 dv-cinder-820027-5-smb devstack@c-api.service[122186]: DEBUG oslo_db.sqlalchemy.engines [None req-67edd8df-546b-4e21-9232-04334767d099 tempest-GroupSnapshotsV319Test-1758352056 tempest-GroupSnapshotsV319Test-1758352056-project] MySQL server mode set to STRICT_TRANS_TABLES,STRICT_ALL_TABLES,NO_ZERO_IN_DATE,NO_ZERO_DATE,ERROR_FOR_DIVISION_BY_ZERO,TRADITIONAL,NO_ENGINE_SUBSTITUTION {{(pid=122186) _check_effective_sql_mode /usr/local/lib/python3.8/dist-packages/oslo_db/sqlalchemy/engines.py:314}}
Jan 19 16:02:55.269739 dv-cinder-820027-5-smb devstack@c-api.service[122186]: /usr/local/lib/python3.8/dist-packages/oslo_context/context.py:105: DeprecationWarning: Policy enforcement is depending on the value of is_admin. This key is deprecated. Please update your policy file to use the standard policy values.
Jan 19 16:02:55.269739 dv-cinder-820027-5-smb devstack@c-api.service[122186]: warnings.warn('Policy enforcement is depending on the value of '
Jan 19 16:02:55.296794 dv-cinder-820027-5-smb devstack@c-api.service[122187]: INFO cinder.api.openstack.wsgi [None req-2de217ac-8014-4ad6-8de5-92afba555308 tempest-VolumesTestJSON-1857684828 tempest-VolumesTestJSON-1857684828-project] http://10.222.0.53/volume/v3/8f97461462094d13bbe2773a719fc764/volumes/cb5a2f47-a0e8-42a5-848b-59665915c408 returned with HTTP 404
Jan 19 16:02:55.302268 dv-cinder-820027-5-smb devstack@c-api.service[122187]: [pid: 122187|app: 0|req: 55/104] 10.222.0.53 () {58 vars in 1324 bytes} [Wed Jan 19 16:02:55 2022] GET /volume/v3/8f97461462094d13bbe2773a719fc764/volumes/cb5a2f47-a0e8-42a5-848b-59665915c408 => generated 109 bytes in 90 msecs (HTTP/1.1 404) 7 headers in 292 bytes (1 switches on core 0)
Jan 19 16:02:55.321999 dv-cinder-820027-5-smb devstack@c-api.service[122187]: INFO cinder.api.openstack.wsgi [None req-40d1f76f-fde7-4169-9cc2-68744502e964 tempest-GroupsV314Test-1059030949 tempest-GroupsV314Test-1059030949-project] POST http://10.222.0.53/volume/v3/f11816f54e674da48b80b75736f27839/groups/action
Jan 19 16:02:55.335639 dv-cinder-820027-5-smb devstack@c-api.service[122187]: DEBUG cinder.api.openstack.wsgi [None req-40d1f76f-fde7-4169-9cc2-68744502e964 tempest-GroupsV314Test-1059030949 tempest-GroupsV314Test-1059030949-project] Action body: b'{"create-from-src": {"source_group_id": "ceb42f54-27a2-4e0d-9506-ceb3bed315a0", "name": "tempest-Group_from_grp-1956314412"}}' {{(pid=122187) get_method /opt/stack/cinder/cinder/api/openstack/wsgi.py:983}}
Jan 19 16:02:55.338187 dv-cinder-820027-5-smb devstack@c-api.service[122186]: INFO cinder.api.openstack.wsgi [None req-67edd8df-546b-4e21-9232-04334767d099 tempest-GroupSnapshotsV319Test-1758352056 tempest-GroupSnapshotsV319Test-1758352056-project] http://10.222.0.53/volume/v3/cda777eea0574e77b947fb41ba6d09b9/volumes/86cd4b05-5694-4119-a341-0594e86e7799 returned with HTTP 200
Jan 19 16:02:55.340005 dv-cinder-820027-5-smb devstack@c-api.service[122187]: DEBUG cinder.api.openstack.wsgi [None req-40d1f76f-fde7-4169-9cc2-68744502e964 tempest-GroupsV314Test-1059030949 tempest-GroupsV314Test-1059030949-project] Action: 'action', calling method: version_select, body: {"create-from-src": {"source_group_id": "ceb42f54-27a2-4e0d-9506-ceb3bed315a0", "name": "tempest-Group_from_grp-1956314412"}} {{(pid=122187) _process_stack /opt/stack/cinder/cinder/api/openstack/wsgi.py:866}}
Jan 19 16:02:55.342260 dv-cinder-820027-5-smb devstack@c-api.service[122187]: DEBUG cinder.api.v3.groups [None req-40d1f76f-fde7-4169-9cc2-68744502e964 tempest-GroupsV314Test-1059030949 tempest-GroupsV314Test-1059030949-project] Creating new group {'create-from-src': {'source_group_id': 'ceb42f54-27a2-4e0d-9506-ceb3bed315a0', 'name': 'tempest-Group_from_grp-1956314412'}}. {{(pid=122187) create_from_src /opt/stack/cinder/cinder/api/v3/groups.py:236}}
Jan 19 16:02:55.342260 dv-cinder-820027-5-smb devstack@c-api.service[122187]: INFO cinder.api.v3.groups [None req-40d1f76f-fde7-4169-9cc2-68744502e964 tempest-GroupsV314Test-1059030949 tempest-GroupsV314Test-1059030949-project] Creating group tempest-Group_from_grp-1956314412 from source group ceb42f54-27a2-4e0d-9506-ceb3bed315a0.
Jan 19 16:02:55.351591 dv-cinder-820027-5-smb devstack@c-api.service[122186]: [pid: 122186|app: 0|req: 50/105] 10.222.0.53 () {60 vars in 1365 bytes} [Wed Jan 19 16:02:55 2022] GET /volume/v3/cda777eea0574e77b947fb41ba6d09b9/volumes/86cd4b05-5694-4119-a341-0594e86e7799 => generated 1006 bytes in 190 msecs (HTTP/1.1 200) 7 headers in 287 bytes (1 switches on core 0)
Jan 19 16:02:55.352880 dv-cinder-820027-5-smb devstack@c-api.service[122187]: /usr/local/lib/python3.8/dist-packages/oslo_context/context.py:105: DeprecationWarning: Policy enforcement is depending on the value of is_admin. This key is deprecated. Please update your policy file to use the standard policy values.
Jan 19 16:02:55.352880 dv-cinder-820027-5-smb devstack@c-api.service[122187]: warnings.warn('Policy enforcement is depending on the value of '
Jan 19 16:02:55.388233 dv-cinder-820027-5-smb devstack@c-api.service[122187]: /usr/local/lib/python3.8/dist-packages/oslo_context/context.py:105: DeprecationWarning: Policy enforcement is depending on the value of is_admin. This key is deprecated. Please update your policy file to use the standard policy values.
Jan 19 16:02:55.388233 dv-cinder-820027-5-smb devstack@c-api.service[122187]: warnings.warn('Policy enforcement is depending on the value of '
Jan 19 16:02:55.632757 dv-cinder-820027-5-smb devstack@c-api.service[122187]: DEBUG cinder.quota [None req-40d1f76f-fde7-4169-9cc2-68744502e964 tempest-GroupsV314Test-1059030949 tempest-GroupsV314Test-1059030949-project] Created reservations ['8835d3e9-bafb-4da5-ae55-0e80c9a4c500'] {{(pid=122187) reserve /opt/stack/cinder/cinder/quota.py:755}}
Jan 19 16:02:56.188736 dv-cinder-820027-5-smb devstack@c-api.service[122187]: INFO cinder.group.api [None req-40d1f76f-fde7-4169-9cc2-68744502e964 tempest-GroupsV314Test-1059030949 tempest-GroupsV314Test-1059030949-project] A mapping entry already exists for group 43095e30-db4c-4e88-bcb3-bd1350c1c735 and volume type 1d9bcd61-816d-42b8-aafe-eda1f02a1bb8. Do not need to create again.
Jan 19 16:02:56.189865 dv-cinder-820027-5-smb devstack@c-api.service[122187]: /usr/local/lib/python3.8/dist-packages/oslo_context/context.py:105: DeprecationWarning: Policy enforcement is depending on the value of is_admin. This key is deprecated. Please update your policy file to use the standard policy values.
Jan 19 16:02:56.189865 dv-cinder-820027-5-smb devstack@c-api.service[122187]: warnings.warn('Policy enforcement is depending on the value of '
Jan 19 16:02:56.192031 dv-cinder-820027-5-smb devstack@c-api.service[122187]: INFO cinder.volume.api [None req-40d1f76f-fde7-4169-9cc2-68744502e964 tempest-GroupsV314Test-1059030949 tempest-GroupsV314Test-1059030949-project] Availability Zones retrieved successfully.
Jan 19 16:02:56.255046 dv-cinder-820027-5-smb devstack@c-api.service[122187]: DEBUG cinder.volume.api [None req-40d1f76f-fde7-4169-9cc2-68744502e964 tempest-GroupsV314Test-1059030949 tempest-GroupsV314Test-1059030949-project] Flow 'volume_create_api' (d5078b82-32bb-44ac-8de2-9940c7bbe69d) transitioned into state 'RUNNING' from state 'PENDING' {{(pid=122187) _flow_receiver /usr/local/lib/python3.8/dist-packages/taskflow/listeners/logging.py:141}}
Jan 19 16:02:56.267836 dv-cinder-820027-5-smb devstack@c-api.service[122187]: DEBUG cinder.volume.api [None req-40d1f76f-fde7-4169-9cc2-68744502e964 tempest-GroupsV314Test-1059030949 tempest-GroupsV314Test-1059030949-project] Task 'cinder.volume.flows.api.create_volume.ExtractVolumeRequestTask;volume:create' (3971e8a4-d4d0-4ecd-b458-4f5b6de62f91) transitioned into state 'RUNNING' from state 'PENDING' {{(pid=122187) _task_receiver /usr/local/lib/python3.8/dist-packages/taskflow/listeners/logging.py:190}}
Jan 19 16:02:56.273940 dv-cinder-820027-5-smb devstack@c-api.service[122187]: DEBUG cinder.volume.flows.api.create_volume [None req-40d1f76f-fde7-4169-9cc2-68744502e964 tempest-GroupsV314Test-1059030949 tempest-GroupsV314Test-1059030949-project] Validating volume size '1' using validate_int, validate_source_size {{(pid=122187) _extract_size /opt/stack/cinder/cinder/volume/flows/api/create_volume.py:225}}
Jan 19 16:02:56.324759 dv-cinder-820027-5-smb devstack@c-api.service[122186]: INFO cinder.api.openstack.wsgi [None req-32fff66f-ea59-4abf-85c7-67ac61ac133a tempest-UserMessagesTest-963449256 tempest-UserMessagesTest-963449256-project-admin] POST http://10.222.0.53/volume/v3/666661f43ecc4447a523c8487853e619/types
Jan 19 16:02:56.348124 dv-cinder-820027-5-smb devstack@c-api.service[122186]: DEBUG cinder.api.openstack.wsgi [None req-32fff66f-ea59-4abf-85c7-67ac61ac133a tempest-UserMessagesTest-963449256 tempest-UserMessagesTest-963449256-project-admin] Action: 'create', calling method: _create, body: {"volume_type": {"name": "tempest-UserMessagesTest-volume-type-395234149", "extra_specs": {"storage_protocol": "tempest-storage_protocol-1559964513", "vendor_name": "tempest-vendor_name-315776277"}}} {{(pid=122186) _process_stack /opt/stack/cinder/cinder/api/openstack/wsgi.py:866}}
Jan 19 16:02:56.425225 dv-cinder-820027-5-smb devstack@c-api.service[122187]: DEBUG cinder.volume.api [None req-40d1f76f-fde7-4169-9cc2-68744502e964 tempest-GroupsV314Test-1059030949 tempest-GroupsV314Test-1059030949-project] Task 'cinder.volume.flows.api.create_volume.ExtractVolumeRequestTask;volume:create' (3971e8a4-d4d0-4ecd-b458-4f5b6de62f91) transitioned into state 'SUCCESS' from state 'RUNNING' with result '{'size': 1, 'snapshot_id': None, 'source_volid': '28e0ac78-56a1-4e40-9b5f-a5b18df29d38', 'volume_type': VolumeType(created_at=2022-01-19T16:02:50Z,deleted=False,deleted_at=None,description=None,extra_specs={},id=1d9bcd61-816d-42b8-aafe-eda1f02a1bb8,is_public=True,name='tempest-GroupsV314Test-volume-type-1666086811',projects=[],qos_specs=,qos_specs_id=None,updated_at=None), 'volume_type_id': '1d9bcd61-816d-42b8-aafe-eda1f02a1bb8', 'encryption_key_id': None, 'qos_specs': None, 'consistencygroup_id': None, 'cgsnapshot_id': None, 'group_id': '43095e30-db4c-4e88-bcb3-bd1350c1c735', 'replication_status': 'disabled', 'refresh_az': False, 'backup_id': None, 'multiattach': False, 'availability_zones': ['nova']}' {{(pid=122187) _task_receiver /usr/local/lib/python3.8/dist-packages/taskflow/listeners/logging.py:178}}
Jan 19 16:02:56.429254 dv-cinder-820027-5-smb devstack@c-api.service[122187]: DEBUG cinder.volume.api [None req-40d1f76f-fde7-4169-9cc2-68744502e964 tempest-GroupsV314Test-1059030949 tempest-GroupsV314Test-1059030949-project] Task 'cinder.volume.flows.api.create_volume.QuotaReserveTask;volume:create' (d89a793a-d2f2-413b-b67c-e62bc785e5e7) transitioned into state 'RUNNING' from state 'PENDING' {{(pid=122187) _task_receiver /usr/local/lib/python3.8/dist-packages/taskflow/listeners/logging.py:190}}
Jan 19 16:02:56.525214 dv-cinder-820027-5-smb devstack@c-api.service[122187]: WARNING cinder.quota [None req-40d1f76f-fde7-4169-9cc2-68744502e964 tempest-GroupsV314Test-1059030949 tempest-GroupsV314Test-1059030949-project] Deprecated: Default quota for resource: volumes_tempest-GroupsV314Test-volume-type-1666086811 is set by the default quota flag: quota_volumes_tempest-GroupsV314Test-volume-type-1666086811, it is now deprecated. Please use the default quota class for default quota.
Jan 19 16:02:56.539760 dv-cinder-820027-5-smb devstack@c-api.service[122187]: WARNING cinder.quota [None req-40d1f76f-fde7-4169-9cc2-68744502e964 tempest-GroupsV314Test-1059030949 tempest-GroupsV314Test-1059030949-project] Deprecated: Default quota for resource: gigabytes_tempest-GroupsV314Test-volume-type-1666086811 is set by the default quota flag: quota_gigabytes_tempest-GroupsV314Test-volume-type-1666086811, it is now deprecated. Please use the default quota class for default quota.
Jan 19 16:02:56.691088 dv-cinder-820027-5-smb devstack@c-api.service[122187]: DEBUG cinder.quota [None req-40d1f76f-fde7-4169-9cc2-68744502e964 tempest-GroupsV314Test-1059030949 tempest-GroupsV314Test-1059030949-project] Created reservations ['27f4ab95-769b-4271-b045-092920d2abdb', 'b01658e3-9697-477d-85ae-cfd7fdd0f658', '73666975-9292-443e-8703-8c8489b24cda', '36e7e3d0-048e-4ba9-b72c-79274d906090'] {{(pid=122187) reserve /opt/stack/cinder/cinder/quota.py:755}}
Jan 19 16:02:56.698417 dv-cinder-820027-5-smb devstack@c-api.service[122187]: DEBUG cinder.volume.api [None req-40d1f76f-fde7-4169-9cc2-68744502e964 tempest-GroupsV314Test-1059030949 tempest-GroupsV314Test-1059030949-project] Task 'cinder.volume.flows.api.create_volume.QuotaReserveTask;volume:create' (d89a793a-d2f2-413b-b67c-e62bc785e5e7) transitioned into state 'SUCCESS' from state 'RUNNING' with result '{'reservations': ['27f4ab95-769b-4271-b045-092920d2abdb', 'b01658e3-9697-477d-85ae-cfd7fdd0f658', '73666975-9292-443e-8703-8c8489b24cda', '36e7e3d0-048e-4ba9-b72c-79274d906090']}' {{(pid=122187) _task_receiver /usr/local/lib/python3.8/dist-packages/taskflow/listeners/logging.py:178}}
Jan 19 16:02:56.708160 dv-cinder-820027-5-smb devstack@c-api.service[122187]: DEBUG cinder.volume.api [None req-40d1f76f-fde7-4169-9cc2-68744502e964 tempest-GroupsV314Test-1059030949 tempest-GroupsV314Test-1059030949-project] Task 'cinder.volume.flows.api.create_volume.EntryCreateTask;volume:create' (600e8e98-810b-42da-81ed-cd23fa7bd129) transitioned into state 'RUNNING' from state 'PENDING' {{(pid=122187) _task_receiver /usr/local/lib/python3.8/dist-packages/taskflow/listeners/logging.py:190}}
Jan 19 16:02:56.720280 dv-cinder-820027-5-smb devstack@c-api.service[122186]: INFO cinder.api.openstack.wsgi [None req-32fff66f-ea59-4abf-85c7-67ac61ac133a tempest-UserMessagesTest-963449256 tempest-UserMessagesTest-963449256-project-admin] http://10.222.0.53/volume/v3/666661f43ecc4447a523c8487853e619/types returned with HTTP 200
Jan 19 16:02:56.720280 dv-cinder-820027-5-smb devstack@c-api.service[122186]: [pid: 122186|app: 0|req: 51/106] 10.222.0.53 () {60 vars in 1229 bytes} [Wed Jan 19 16:02:55 2022] POST /volume/v3/666661f43ecc4447a523c8487853e619/types => generated 326 bytes in 876 msecs (HTTP/1.1 200) 7 headers in 285 bytes (2 switches on core 0)
Jan 19 16:02:56.723671 dv-cinder-820027-5-smb devstack@c-api.service[122186]: INFO cinder.api.openstack.wsgi [None req-79cbc523-dde2-48aa-b396-fa0adf2c6b48 tempest-GroupSnapshotsV319Test-1758352056 tempest-GroupSnapshotsV319Test-1758352056-project] GET http://10.222.0.53/volume/v3/cda777eea0574e77b947fb41ba6d09b9/volumes/86cd4b05-5694-4119-a341-0594e86e7799
Jan 19 16:02:56.729176 dv-cinder-820027-5-smb devstack@c-api.service[122186]: DEBUG cinder.api.openstack.wsgi [None req-79cbc523-dde2-48aa-b396-fa0adf2c6b48 tempest-GroupSnapshotsV319Test-1758352056 tempest-GroupSnapshotsV319Test-1758352056-project] Empty body provided in request {{(pid=122186) get_body /opt/stack/cinder/cinder/api/openstack/wsgi.py:715}}
Jan 19 16:02:56.737334 dv-cinder-820027-5-smb devstack@c-api.service[122186]: DEBUG cinder.api.openstack.wsgi [None req-79cbc523-dde2-48aa-b396-fa0adf2c6b48 tempest-GroupSnapshotsV319Test-1758352056 tempest-GroupSnapshotsV319Test-1758352056-project] Calling method 'show' {{(pid=122186) _process_stack /opt/stack/cinder/cinder/api/openstack/wsgi.py:868}}
Jan 19 16:02:56.778298 dv-cinder-820027-5-smb devstack@c-api.service[122186]: INFO cinder.api.openstack.wsgi [None req-79cbc523-dde2-48aa-b396-fa0adf2c6b48 tempest-GroupSnapshotsV319Test-1758352056 tempest-GroupSnapshotsV319Test-1758352056-project] http://10.222.0.53/volume/v3/cda777eea0574e77b947fb41ba6d09b9/volumes/86cd4b05-5694-4119-a341-0594e86e7799 returned with HTTP 404
Jan 19 16:02:56.789876 dv-cinder-820027-5-smb devstack@c-api.service[122186]: [pid: 122186|app: 0|req: 52/107] 10.222.0.53 () {60 vars in 1365 bytes} [Wed Jan 19 16:02:56 2022] GET /volume/v3/cda777eea0574e77b947fb41ba6d09b9/volumes/86cd4b05-5694-4119-a341-0594e86e7799 => generated 109 bytes in 75 msecs (HTTP/1.1 404) 7 headers in 293 bytes (1 switches on core 0)
Jan 19 16:02:57.006314 dv-cinder-820027-5-smb devstack@c-api.service[122187]: DEBUG cinder.volume.api [None req-40d1f76f-fde7-4169-9cc2-68744502e964 tempest-GroupsV314Test-1059030949 tempest-GroupsV314Test-1059030949-project] Task 'cinder.volume.flows.api.create_volume.EntryCreateTask;volume:create' (600e8e98-810b-42da-81ed-cd23fa7bd129) transitioned into state 'SUCCESS' from state 'RUNNING' with result '{'volume_id': '84cbf97e-5acb-419b-991e-a841c9e0475b', 'volume_properties': VolumeProperties(attach_status='detached',availability_zone='nova',cgsnapshot_id=None,consistencygroup_id=None,display_description=None,display_name=None,encryption_key_id=None,group_id=43095e30-db4c-4e88-bcb3-bd1350c1c735,group_type_id=,metadata={},multiattach=False,project_id='f11816f54e674da48b80b75736f27839',qos_specs=None,replication_status=,reservations=['27f4ab95-769b-4271-b045-092920d2abdb','b01658e3-9697-477d-85ae-cfd7fdd0f658','73666975-9292-443e-8703-8c8489b24cda','36e7e3d0-048e-4ba9-b72c-79274d906090'],size=1,snapshot_id=None,source_replicaid=,source_volid=28e0ac78-56a1-4e40-9b5f-a5b18df29d38,status='creating',user_id='e3209891477d4e3fa1ca7c0c3ef42291',volume_type_id=1d9bcd61-816d-42b8-aafe-eda1f02a1bb8), 'volume': Volume(_name_id=None,admin_metadata=,attach_status='detached',availability_zone='nova',bootable=False,cluster=,cluster_name=None,consistencygroup=,consistencygroup_id=None,created_at=2022-01-19T16:02:56Z,deleted=False,deleted_at=None,display_description=None,display_name=None,ec2_id=None,encryption_key_id=None,glance_metadata=,group=,group_id=43095e30-db4c-4e88-bcb3-bd1350c1c735,host=None,id=84cbf97e-5acb-419b-991e-a841c9e0475b,launched_at=None,metadata={},migration_status=None,multiattach=False,previous_status=None,project_id='f11816f54e674da48b80b75736f27839',provider_auth=None,provider_geometry=None,provider_id=None,provider_location=None,replication_driver_data=None,replication_extended_status=None,replication_status=None,scheduled_at=None,service_uuid=None,shared_targets=True,size=1,snapshot_id=None,snapshots=,source_volid=28e0ac78-56a1-4e40-9b5f-a5b18df29d38,status='creating',terminated_at=None,updated_at=None,use_quota=True,user_id='e3209891477d4e3fa1ca7c0c3ef42291',volume_attachment=VolumeAttachmentList,volume_type=VolumeType(1d9bcd61-816d-42b8-aafe-eda1f02a1bb8),volume_type_id=1d9bcd61-816d-42b8-aafe-eda1f02a1bb8)}' {{(pid=122187) _task_receiver /usr/local/lib/python3.8/dist-packages/taskflow/listeners/logging.py:178}}
Jan 19 16:02:57.008094 dv-cinder-820027-5-smb devstack@c-api.service[122187]: DEBUG cinder.volume.api [None req-40d1f76f-fde7-4169-9cc2-68744502e964 tempest-GroupsV314Test-1059030949 tempest-GroupsV314Test-1059030949-project] Task 'cinder.volume.flows.api.create_volume.QuotaCommitTask;volume:create' (2daedf92-6e20-4335-a69b-dd8cd26dec3b) transitioned into state 'RUNNING' from state 'PENDING' {{(pid=122187) _task_receiver /usr/local/lib/python3.8/dist-packages/taskflow/listeners/logging.py:190}}
Jan 19 16:02:57.266861 dv-cinder-820027-5-smb devstack@c-api.service[122186]: INFO cinder.api.openstack.wsgi [None req-31ec84b9-63a1-4054-84d0-1f7e114620e1 tempest-UserMessagesTest-441778905 tempest-UserMessagesTest-441778905-project] POST http://10.222.0.53/volume/v3/527593b7f5904133b12f96c4350dbd80/volumes
Jan 19 16:02:57.267825 dv-cinder-820027-5-smb devstack@c-api.service[122186]: DEBUG cinder.api.openstack.wsgi [None req-31ec84b9-63a1-4054-84d0-1f7e114620e1 tempest-UserMessagesTest-441778905 tempest-UserMessagesTest-441778905-project] Action: 'create', calling method: create, body: {"volume": {"volume_type": "a319dd79-dd0e-443b-b4b7-bcd44ea304e2", "size": 1, "name": "tempest-UserMessagesTest-Volume-879681222"}} {{(pid=122186) _process_stack /opt/stack/cinder/cinder/api/openstack/wsgi.py:866}}
Jan 19 16:02:57.269312 dv-cinder-820027-5-smb devstack@c-api.service[122186]: DEBUG cinder.api.v3.volumes [None req-31ec84b9-63a1-4054-84d0-1f7e114620e1 tempest-UserMessagesTest-441778905 tempest-UserMessagesTest-441778905-project] Create volume request body: {'volume': {'volume_type': 'a319dd79-dd0e-443b-b4b7-bcd44ea304e2', 'size': 1, 'name': 'tempest-UserMessagesTest-Volume-879681222'}} {{(pid=122186) create /opt/stack/cinder/cinder/api/v3/volumes.py:298}}
Jan 19 16:02:57.301340 dv-cinder-820027-5-smb devstack@c-api.service[122186]: INFO cinder.api.v3.volumes [None req-31ec84b9-63a1-4054-84d0-1f7e114620e1 tempest-UserMessagesTest-441778905 tempest-UserMessagesTest-441778905-project] Create volume of 1 GB
Jan 19 16:02:57.307606 dv-cinder-820027-5-smb devstack@c-api.service[122186]: /usr/local/lib/python3.8/dist-packages/oslo_context/context.py:105: DeprecationWarning: Policy enforcement is depending on the value of is_admin. This key is deprecated. Please update your policy file to use the standard policy values.
Jan 19 16:02:57.307606 dv-cinder-820027-5-smb devstack@c-api.service[122186]: warnings.warn('Policy enforcement is depending on the value of '
Jan 19 16:02:57.317275 dv-cinder-820027-5-smb devstack@c-api.service[122187]: DEBUG cinder.volume.api [None req-40d1f76f-fde7-4169-9cc2-68744502e964 tempest-GroupsV314Test-1059030949 tempest-GroupsV314Test-1059030949-project] Task 'cinder.volume.flows.api.create_volume.QuotaCommitTask;volume:create' (2daedf92-6e20-4335-a69b-dd8cd26dec3b) transitioned into state 'SUCCESS' from state 'RUNNING' with result '{'volume_properties': VolumeProperties(attach_status='detached',availability_zone='nova',cgsnapshot_id=None,consistencygroup_id=None,display_description=None,display_name=None,encryption_key_id=None,group_id=43095e30-db4c-4e88-bcb3-bd1350c1c735,group_type_id=,metadata={},multiattach=False,project_id='f11816f54e674da48b80b75736f27839',qos_specs=None,replication_status=,reservations=['27f4ab95-769b-4271-b045-092920d2abdb','b01658e3-9697-477d-85ae-cfd7fdd0f658','73666975-9292-443e-8703-8c8489b24cda','36e7e3d0-048e-4ba9-b72c-79274d906090'],size=1,snapshot_id=None,source_replicaid=,source_volid=28e0ac78-56a1-4e40-9b5f-a5b18df29d38,status='creating',user_id='e3209891477d4e3fa1ca7c0c3ef42291',volume_type_id=1d9bcd61-816d-42b8-aafe-eda1f02a1bb8)}' {{(pid=122187) _task_receiver /usr/local/lib/python3.8/dist-packages/taskflow/listeners/logging.py:178}}
Jan 19 16:02:57.322850 dv-cinder-820027-5-smb devstack@c-api.service[122186]: INFO cinder.volume.api [None req-31ec84b9-63a1-4054-84d0-1f7e114620e1 tempest-UserMessagesTest-441778905 tempest-UserMessagesTest-441778905-project] Availability Zones retrieved successfully.
Jan 19 16:02:57.330303 dv-cinder-820027-5-smb devstack@c-api.service[122187]: DEBUG cinder.volume.api [None req-40d1f76f-fde7-4169-9cc2-68744502e964 tempest-GroupsV314Test-1059030949 tempest-GroupsV314Test-1059030949-project] Flow 'volume_create_api' (d5078b82-32bb-44ac-8de2-9940c7bbe69d) transitioned into state 'SUCCESS' from state 'RUNNING' {{(pid=122187) _flow_receiver /usr/local/lib/python3.8/dist-packages/taskflow/listeners/logging.py:141}}
Jan 19 16:02:57.331073 dv-cinder-820027-5-smb devstack@c-api.service[122187]: INFO cinder.volume.api [None req-40d1f76f-fde7-4169-9cc2-68744502e964 tempest-GroupsV314Test-1059030949 tempest-GroupsV314Test-1059030949-project] Create volume request issued successfully.
Jan 19 16:02:57.440988 dv-cinder-820027-5-smb devstack@c-api.service[122186]: DEBUG cinder.volume.api [None req-31ec84b9-63a1-4054-84d0-1f7e114620e1 tempest-UserMessagesTest-441778905 tempest-UserMessagesTest-441778905-project] Flow 'volume_create_api' (879d37bf-541e-4e1e-9f76-2b1db9a28bd9) transitioned into state 'RUNNING' from state 'PENDING' {{(pid=122186) _flow_receiver /usr/local/lib/python3.8/dist-packages/taskflow/listeners/logging.py:141}}
Jan 19 16:02:57.454148 dv-cinder-820027-5-smb devstack@c-api.service[122187]: INFO cinder.api.openstack.wsgi [None req-40d1f76f-fde7-4169-9cc2-68744502e964 tempest-GroupsV314Test-1059030949 tempest-GroupsV314Test-1059030949-project] http://10.222.0.53/volume/v3/f11816f54e674da48b80b75736f27839/groups/action returned with HTTP 202
Jan 19 16:02:57.456735 dv-cinder-820027-5-smb devstack@c-api.service[122187]: [pid: 122187|app: 0|req: 56/108] 10.222.0.53 () {62 vars in 1294 bytes} [Wed Jan 19 16:02:55 2022] POST /volume/v3/f11816f54e674da48b80b75736f27839/groups/action => generated 102 bytes in 2156 msecs (HTTP/1.1 202) 7 headers in 292 bytes (1 switches on core 0)
Jan 19 16:02:57.456909 dv-cinder-820027-5-smb devstack@c-api.service[122186]: DEBUG cinder.volume.api [None req-31ec84b9-63a1-4054-84d0-1f7e114620e1 tempest-UserMessagesTest-441778905 tempest-UserMessagesTest-441778905-project] Task 'cinder.volume.flows.api.create_volume.ExtractVolumeRequestTask;volume:create' (3a35704e-075e-48ad-b82c-4920f4c8d171) transitioned into state 'RUNNING' from state 'PENDING' {{(pid=122186) _task_receiver /usr/local/lib/python3.8/dist-packages/taskflow/listeners/logging.py:190}}
Jan 19 16:02:57.460526 dv-cinder-820027-5-smb devstack@c-api.service[122187]: INFO cinder.api.openstack.wsgi [None req-49225f24-b359-4ba8-8e6f-3a7696676b93 tempest-GroupSnapshotsV319Test-1758352056 tempest-GroupSnapshotsV319Test-1758352056-project] GET http://10.222.0.53/volume/v3/cda777eea0574e77b947fb41ba6d09b9/groups/daebd0f8-45d8-47fd-a5d2-b673b4277e84
Jan 19 16:02:57.461275 dv-cinder-820027-5-smb devstack@c-api.service[122187]: DEBUG cinder.api.openstack.wsgi [None req-49225f24-b359-4ba8-8e6f-3a7696676b93 tempest-GroupSnapshotsV319Test-1758352056 tempest-GroupSnapshotsV319Test-1758352056-project] Empty body provided in request {{(pid=122187) get_body /opt/stack/cinder/cinder/api/openstack/wsgi.py:715}}
Jan 19 16:02:57.464559 dv-cinder-820027-5-smb devstack@c-api.service[122187]: DEBUG cinder.api.openstack.wsgi [None req-49225f24-b359-4ba8-8e6f-3a7696676b93 tempest-GroupSnapshotsV319Test-1758352056 tempest-GroupSnapshotsV319Test-1758352056-project] Calling method 'version_select' {{(pid=122187) _process_stack /opt/stack/cinder/cinder/api/openstack/wsgi.py:868}}
Jan 19 16:02:57.471573 dv-cinder-820027-5-smb devstack@c-api.service[122186]: DEBUG cinder.volume.flows.api.create_volume [None req-31ec84b9-63a1-4054-84d0-1f7e114620e1 tempest-UserMessagesTest-441778905 tempest-UserMessagesTest-441778905-project] Validating volume size '1' using validate_int {{(pid=122186) _extract_size /opt/stack/cinder/cinder/volume/flows/api/create_volume.py:225}}
Jan 19 16:02:57.486006 dv-cinder-820027-5-smb devstack@c-api.service[122187]: DEBUG cinder.api.v3.groups [None req-49225f24-b359-4ba8-8e6f-3a7696676b93 tempest-GroupSnapshotsV319Test-1758352056 tempest-GroupSnapshotsV319Test-1758352056-project] show called for member daebd0f8-45d8-47fd-a5d2-b673b4277e84 {{(pid=122187) show /opt/stack/cinder/cinder/api/v3/groups.py:58}}
Jan 19 16:02:57.515493 dv-cinder-820027-5-smb devstack@c-api.service[122187]: INFO cinder.api.openstack.wsgi [None req-49225f24-b359-4ba8-8e6f-3a7696676b93 tempest-GroupSnapshotsV319Test-1758352056 tempest-GroupSnapshotsV319Test-1758352056-project] http://10.222.0.53/volume/v3/cda777eea0574e77b947fb41ba6d09b9/groups/daebd0f8-45d8-47fd-a5d2-b673b4277e84 returned with HTTP 404
Jan 19 16:02:57.520149 dv-cinder-820027-5-smb devstack@c-api.service[122187]: [pid: 122187|app: 0|req: 57/109] 10.222.0.53 () {60 vars in 1362 bytes} [Wed Jan 19 16:02:57 2022] GET /volume/v3/cda777eea0574e77b947fb41ba6d09b9/groups/daebd0f8-45d8-47fd-a5d2-b673b4277e84 => generated 108 bytes in 63 msecs (HTTP/1.1 404) 7 headers in 293 bytes (1 switches on core 0)
Jan 19 16:02:57.541312 dv-cinder-820027-5-smb devstack@c-api.service[122187]: INFO cinder.api.openstack.wsgi [None req-a64b4fea-7d9c-47d3-9774-fff84eff8438 tempest-GroupsV314Test-1059030949 tempest-GroupsV314Test-1059030949-project] GET http://10.222.0.53/volume/v3/f11816f54e674da48b80b75736f27839/volumes/detail
Jan 19 16:02:57.542994 dv-cinder-820027-5-smb devstack@c-api.service[122187]: DEBUG cinder.api.openstack.wsgi [None req-a64b4fea-7d9c-47d3-9774-fff84eff8438 tempest-GroupsV314Test-1059030949 tempest-GroupsV314Test-1059030949-project] Empty body provided in request {{(pid=122187) get_body /opt/stack/cinder/cinder/api/openstack/wsgi.py:715}}
Jan 19 16:02:57.547796 dv-cinder-820027-5-smb devstack@c-api.service[122187]: DEBUG cinder.api.openstack.wsgi [None req-a64b4fea-7d9c-47d3-9774-fff84eff8438 tempest-GroupsV314Test-1059030949 tempest-GroupsV314Test-1059030949-project] Calling method 'detail' {{(pid=122187) _process_stack /opt/stack/cinder/cinder/api/openstack/wsgi.py:868}}
Jan 19 16:02:57.549433 dv-cinder-820027-5-smb devstack@c-api.service[122187]: DEBUG cinder.api.api_utils [None req-a64b4fea-7d9c-47d3-9774-fff84eff8438 tempest-GroupsV314Test-1059030949 tempest-GroupsV314Test-1059030949-project] Removing options '' from query. {{(pid=122187) remove_invalid_filter_options /opt/stack/cinder/cinder/api/api_utils.py:73}}
Jan 19 16:02:57.551234 dv-cinder-820027-5-smb devstack@c-api.service[122187]: /usr/local/lib/python3.8/dist-packages/oslo_context/context.py:105: DeprecationWarning: Policy enforcement is depending on the value of is_admin. This key is deprecated. Please update your policy file to use the standard policy values.
Jan 19 16:02:57.551234 dv-cinder-820027-5-smb devstack@c-api.service[122187]: warnings.warn('Policy enforcement is depending on the value of '
Jan 19 16:02:57.555093 dv-cinder-820027-5-smb devstack@c-api.service[122187]: DEBUG cinder.volume.api [None req-a64b4fea-7d9c-47d3-9774-fff84eff8438 tempest-GroupsV314Test-1059030949 tempest-GroupsV314Test-1059030949-project] Searching by: MultiDict([('no_migration_targets', True)]). {{(pid=122187) get_all /opt/stack/cinder/cinder/volume/api.py:661}}
Jan 19 16:02:57.574086 dv-cinder-820027-5-smb devstack@c-api.service[122186]: DEBUG cinder.volume.api [None req-31ec84b9-63a1-4054-84d0-1f7e114620e1 tempest-UserMessagesTest-441778905 tempest-UserMessagesTest-441778905-project] Task 'cinder.volume.flows.api.create_volume.ExtractVolumeRequestTask;volume:create' (3a35704e-075e-48ad-b82c-4920f4c8d171) transitioned into state 'SUCCESS' from state 'RUNNING' with result '{'size': 1, 'snapshot_id': None, 'source_volid': None, 'volume_type': VolumeType(created_at=2022-01-19T16:02:56Z,deleted=False,deleted_at=None,description=None,extra_specs={storage_protocol='tempest-storage_protocol-1559964513',vendor_name='tempest-vendor_name-315776277'},id=a319dd79-dd0e-443b-b4b7-bcd44ea304e2,is_public=True,name='tempest-UserMessagesTest-volume-type-395234149',projects=[],qos_specs=,qos_specs_id=None,updated_at=None), 'volume_type_id': 'a319dd79-dd0e-443b-b4b7-bcd44ea304e2', 'encryption_key_id': None, 'qos_specs': None, 'consistencygroup_id': None, 'cgsnapshot_id': None, 'group_id': None, 'replication_status': 'disabled', 'refresh_az': False, 'backup_id': None, 'multiattach': False, 'availability_zones': ['nova']}' {{(pid=122186) _task_receiver /usr/local/lib/python3.8/dist-packages/taskflow/listeners/logging.py:178}}
Jan 19 16:02:57.589114 dv-cinder-820027-5-smb devstack@c-api.service[122186]: DEBUG cinder.volume.api [None req-31ec84b9-63a1-4054-84d0-1f7e114620e1 tempest-UserMessagesTest-441778905 tempest-UserMessagesTest-441778905-project] Task 'cinder.volume.flows.api.create_volume.QuotaReserveTask;volume:create' (aaecd291-b1c4-4985-bbfb-650c9f389e28) transitioned into state 'RUNNING' from state 'PENDING' {{(pid=122186) _task_receiver /usr/local/lib/python3.8/dist-packages/taskflow/listeners/logging.py:190}}
Jan 19 16:02:57.723958 dv-cinder-820027-5-smb devstack@c-api.service[122187]: INFO cinder.volume.api [None req-a64b4fea-7d9c-47d3-9774-fff84eff8438 tempest-GroupsV314Test-1059030949 tempest-GroupsV314Test-1059030949-project] Get all volumes completed successfully.
Jan 19 16:02:57.729148 dv-cinder-820027-5-smb devstack@c-api.service[122187]: WARNING stevedore.named [None req-a64b4fea-7d9c-47d3-9774-fff84eff8438 tempest-GroupsV314Test-1059030949 tempest-GroupsV314Test-1059030949-project] Could not load cinder.keymgr.conf_key_mgr.ConfKeyManager
Jan 19 16:02:57.730225 dv-cinder-820027-5-smb devstack@c-api.service[122187]: WARNING castellan.key_manager [None req-a64b4fea-7d9c-47d3-9774-fff84eff8438 tempest-GroupsV314Test-1059030949 tempest-GroupsV314Test-1059030949-project] Deprecation Warning : cinder.keymgr.conf_key_mgr.ConfKeyManager is not a stevedore based driver, trying to load it as a class: stevedore.exception.NoMatches: No 'castellan.drivers' driver found, looking for 'cinder.keymgr.conf_key_mgr.ConfKeyManager'
Jan 19 16:02:57.746075 dv-cinder-820027-5-smb devstack@c-api.service[122187]: DEBUG oslo_db.sqlalchemy.engines [None req-a64b4fea-7d9c-47d3-9774-fff84eff8438 tempest-GroupsV314Test-1059030949 tempest-GroupsV314Test-1059030949-project] MySQL server mode set to STRICT_TRANS_TABLES,STRICT_ALL_TABLES,NO_ZERO_IN_DATE,NO_ZERO_DATE,ERROR_FOR_DIVISION_BY_ZERO,TRADITIONAL,NO_ENGINE_SUBSTITUTION {{(pid=122187) _check_effective_sql_mode /usr/local/lib/python3.8/dist-packages/oslo_db/sqlalchemy/engines.py:314}}
Jan 19 16:02:57.763611 dv-cinder-820027-5-smb devstack@c-api.service[122187]: /usr/local/lib/python3.8/dist-packages/oslo_context/context.py:105: DeprecationWarning: Policy enforcement is depending on the value of is_admin. This key is deprecated. Please update your policy file to use the standard policy values.
Jan 19 16:02:57.763611 dv-cinder-820027-5-smb devstack@c-api.service[122187]: warnings.warn('Policy enforcement is depending on the value of '
Jan 19 16:02:57.768139 dv-cinder-820027-5-smb devstack@c-api.service[122186]: WARNING cinder.quota [None req-31ec84b9-63a1-4054-84d0-1f7e114620e1 tempest-UserMessagesTest-441778905 tempest-UserMessagesTest-441778905-project] Deprecated: Default quota for resource: volumes_tempest-UserMessagesTest-volume-type-395234149 is set by the default quota flag: quota_volumes_tempest-UserMessagesTest-volume-type-395234149, it is now deprecated. Please use the default quota class for default quota.
