Sep 12 23:52:19.524904 dv-cinder-820027-26-smb devstack@n-api.service[126932]: DEBUG nova.api.openstack.wsgi_app [-] oslo_messaging_rabbit.rabbit_quorum_delivery_limit = 0 {{(pid=126932) log_opt_values /usr/local/lib/python3.8/dist-packages/oslo_config/cfg.py:2609}}
Sep 12 23:52:19.525908 dv-cinder-820027-26-smb devstack@n-api.service[126932]: DEBUG nova.api.openstack.wsgi_app [-] oslo_messaging_rabbit.rabbit_quorum_queue = False {{(pid=126932) log_opt_values /usr/local/lib/python3.8/dist-packages/oslo_config/cfg.py:2609}}
Sep 12 23:52:19.525908 dv-cinder-820027-26-smb devstack@n-api.service[126932]: DEBUG nova.api.openstack.wsgi_app [-] oslo_messaging_rabbit.rabbit_quroum_max_memory_bytes = 0 {{(pid=126932) log_opt_values /usr/local/lib/python3.8/dist-packages/oslo_config/cfg.py:2609}}
Sep 12 23:52:19.526308 dv-cinder-820027-26-smb devstack@n-api.service[126932]: DEBUG nova.api.openstack.wsgi_app [-] oslo_messaging_rabbit.rabbit_quroum_max_memory_length = 0 {{(pid=126932) log_opt_values /usr/local/lib/python3.8/dist-packages/oslo_config/cfg.py:2609}}
Sep 12 23:52:19.526679 dv-cinder-820027-26-smb devstack@n-api.service[126932]: DEBUG nova.api.openstack.wsgi_app [-] oslo_messaging_rabbit.rabbit_retry_backoff = 2 {{(pid=126932) log_opt_values /usr/local/lib/python3.8/dist-packages/oslo_config/cfg.py:2609}}
Sep 12 23:52:19.527051 dv-cinder-820027-26-smb devstack@n-api.service[126932]: DEBUG nova.api.openstack.wsgi_app [-] oslo_messaging_rabbit.rabbit_retry_interval = 1 {{(pid=126932) log_opt_values /usr/local/lib/python3.8/dist-packages/oslo_config/cfg.py:2609}}
Sep 12 23:52:19.527431 dv-cinder-820027-26-smb devstack@n-api.service[126932]: DEBUG nova.api.openstack.wsgi_app [-] oslo_messaging_rabbit.rabbit_transient_queues_ttl = 1800 {{(pid=126932) log_opt_values /usr/local/lib/python3.8/dist-packages/oslo_config/cfg.py:2609}}
Sep 12 23:52:19.527804 dv-cinder-820027-26-smb devstack@n-api.service[126932]: DEBUG nova.api.openstack.wsgi_app [-] oslo_messaging_rabbit.rpc_conn_pool_size = 30 {{(pid=126932) log_opt_values /usr/local/lib/python3.8/dist-packages/oslo_config/cfg.py:2609}}
Sep 12 23:52:19.528196 dv-cinder-820027-26-smb devstack@n-api.service[126932]: DEBUG nova.api.openstack.wsgi_app [-] oslo_messaging_rabbit.ssl = False {{(pid=126932) log_opt_values /usr/local/lib/python3.8/dist-packages/oslo_config/cfg.py:2609}}
Sep 12 23:52:19.528569 dv-cinder-820027-26-smb devstack@n-api.service[126932]: DEBUG nova.api.openstack.wsgi_app [-] oslo_messaging_rabbit.ssl_ca_file = {{(pid=126932) log_opt_values /usr/local/lib/python3.8/dist-packages/oslo_config/cfg.py:2609}}
Sep 12 23:52:19.528963 dv-cinder-820027-26-smb devstack@n-api.service[126932]: DEBUG nova.api.openstack.wsgi_app [-] oslo_messaging_rabbit.ssl_cert_file = {{(pid=126932) log_opt_values /usr/local/lib/python3.8/dist-packages/oslo_config/cfg.py:2609}}
Sep 12 23:52:19.529529 dv-cinder-820027-26-smb devstack@n-api.service[126932]: DEBUG nova.api.openstack.wsgi_app [-] oslo_messaging_rabbit.ssl_enforce_fips_mode = False {{(pid=126932) log_opt_values /usr/local/lib/python3.8/dist-packages/oslo_config/cfg.py:2609}}
Sep 12 23:52:19.529810 dv-cinder-820027-26-smb devstack@n-api.service[126932]: DEBUG nova.api.openstack.wsgi_app [-] oslo_messaging_rabbit.ssl_key_file = {{(pid=126932) log_opt_values /usr/local/lib/python3.8/dist-packages/oslo_config/cfg.py:2609}}
Sep 12 23:52:19.530348 dv-cinder-820027-26-smb devstack@n-api.service[126932]: DEBUG nova.api.openstack.wsgi_app [-] oslo_messaging_rabbit.ssl_version = {{(pid=126932) log_opt_values /usr/local/lib/python3.8/dist-packages/oslo_config/cfg.py:2609}}
Sep 12 23:52:19.530622 dv-cinder-820027-26-smb devstack@n-api.service[126932]: DEBUG nova.api.openstack.wsgi_app [-] oslo_messaging_notifications.driver = ['messagingv2'] {{(pid=126932) log_opt_values /usr/local/lib/python3.8/dist-packages/oslo_config/cfg.py:2609}}
Sep 12 23:52:19.531004 dv-cinder-820027-26-smb devstack@n-api.service[126932]: DEBUG nova.api.openstack.wsgi_app [-] oslo_messaging_notifications.retry = -1 {{(pid=126932) log_opt_values /usr/local/lib/python3.8/dist-packages/oslo_config/cfg.py:2609}}
Sep 12 23:52:19.531416 dv-cinder-820027-26-smb devstack@n-api.service[126932]: DEBUG nova.api.openstack.wsgi_app [-] oslo_messaging_notifications.topics = ['notifications'] {{(pid=126932) log_opt_values /usr/local/lib/python3.8/dist-packages/oslo_config/cfg.py:2609}}
Sep 12 23:52:19.532061 dv-cinder-820027-26-smb devstack@n-api.service[126932]: DEBUG nova.api.openstack.wsgi_app [-] oslo_messaging_notifications.transport_url = **** {{(pid=126932) log_opt_values /usr/local/lib/python3.8/dist-packages/oslo_config/cfg.py:2609}}
Sep 12 23:52:19.532446 dv-cinder-820027-26-smb devstack@n-api.service[126932]: DEBUG nova.api.openstack.wsgi_app [-] oslo_reports.file_event_handler = None {{(pid=126932) log_opt_values /usr/local/lib/python3.8/dist-packages/oslo_config/cfg.py:2609}}
Sep 12 23:52:19.532967 dv-cinder-820027-26-smb devstack@n-api.service[126932]: DEBUG nova.api.openstack.wsgi_app [-] oslo_reports.file_event_handler_interval = 1 {{(pid=126932) log_opt_values /usr/local/lib/python3.8/dist-packages/oslo_config/cfg.py:2609}}
Sep 12 23:52:19.533208 dv-cinder-820027-26-smb devstack@n-api.service[126932]: DEBUG nova.api.openstack.wsgi_app [-] oslo_reports.log_dir = None {{(pid=126932) log_opt_values /usr/local/lib/python3.8/dist-packages/oslo_config/cfg.py:2609}}
Sep 12 23:52:19.533541 dv-cinder-820027-26-smb devstack@n-api.service[126932]: DEBUG nova.api.openstack.wsgi_app [-] ******************************************************************************** {{(pid=126932) log_opt_values /usr/local/lib/python3.8/dist-packages/oslo_config/cfg.py:2613}}
Sep 12 23:52:19.572694 dv-cinder-820027-26-smb devstack@n-api.service[126929]: DEBUG nova.context [None req-4eda81e0-2ec5-4ed0-b169-6cc65a0c5e0e None None] Found 2 cells: 00000000-0000-0000-0000-000000000000(cell0),9dcb5d20-a76d-45fb-9355-cadc1a0bcb7d(cell1) {{(pid=126929) load_cells /opt/stack/nova/nova/context.py:464}}
Sep 12 23:52:19.576808 dv-cinder-820027-26-smb devstack@n-api.service[126929]: DEBUG oslo_concurrency.lockutils [None req-4eda81e0-2ec5-4ed0-b169-6cc65a0c5e0e None None] Acquiring lock "00000000-0000-0000-0000-000000000000" by "nova.context.set_target_cell..get_or_set_cached_cell_and_set_connections" {{(pid=126929) inner /usr/local/lib/python3.8/dist-packages/oslo_concurrency/lockutils.py:404}}
Sep 12 23:52:19.577281 dv-cinder-820027-26-smb devstack@n-api.service[126929]: DEBUG oslo_concurrency.lockutils [None req-4eda81e0-2ec5-4ed0-b169-6cc65a0c5e0e None None] Lock "00000000-0000-0000-0000-000000000000" acquired by "nova.context.set_target_cell..get_or_set_cached_cell_and_set_connections" :: waited 0.001s {{(pid=126929) inner /usr/local/lib/python3.8/dist-packages/oslo_concurrency/lockutils.py:409}}
Sep 12 23:52:19.578895 dv-cinder-820027-26-smb devstack@n-api.service[126929]: DEBUG oslo_concurrency.lockutils [None req-4eda81e0-2ec5-4ed0-b169-6cc65a0c5e0e None None] Lock "00000000-0000-0000-0000-000000000000" "released" by "nova.context.set_target_cell..get_or_set_cached_cell_and_set_connections" :: held 0.002s {{(pid=126929) inner /usr/local/lib/python3.8/dist-packages/oslo_concurrency/lockutils.py:423}}
Sep 12 23:52:19.579831 dv-cinder-820027-26-smb devstack@n-api.service[126929]: DEBUG oslo_concurrency.lockutils [None req-4eda81e0-2ec5-4ed0-b169-6cc65a0c5e0e None None] Acquiring lock "9dcb5d20-a76d-45fb-9355-cadc1a0bcb7d" by "nova.context.set_target_cell..get_or_set_cached_cell_and_set_connections" {{(pid=126929) inner /usr/local/lib/python3.8/dist-packages/oslo_concurrency/lockutils.py:404}}
Sep 12 23:52:19.580096 dv-cinder-820027-26-smb devstack@n-api.service[126929]: DEBUG oslo_concurrency.lockutils [None req-4eda81e0-2ec5-4ed0-b169-6cc65a0c5e0e None None] Lock "9dcb5d20-a76d-45fb-9355-cadc1a0bcb7d" acquired by "nova.context.set_target_cell..get_or_set_cached_cell_and_set_connections" :: waited 0.000s {{(pid=126929) inner /usr/local/lib/python3.8/dist-packages/oslo_concurrency/lockutils.py:409}}
Sep 12 23:52:19.582549 dv-cinder-820027-26-smb devstack@n-api.service[126929]: DEBUG oslo_concurrency.lockutils [None req-4eda81e0-2ec5-4ed0-b169-6cc65a0c5e0e None None] Lock "9dcb5d20-a76d-45fb-9355-cadc1a0bcb7d" "released" by "nova.context.set_target_cell..get_or_set_cached_cell_and_set_connections" :: held 0.002s {{(pid=126929) inner /usr/local/lib/python3.8/dist-packages/oslo_concurrency/lockutils.py:423}}
Sep 12 23:52:19.584894 dv-cinder-820027-26-smb devstack@n-api.service[126929]: INFO dbcounter [None req-4eda81e0-2ec5-4ed0-b169-6cc65a0c5e0e None None] Registered counter for database nova_cell0
Sep 12 23:52:19.589516 dv-cinder-820027-26-smb devstack@n-api.service[126929]: INFO dbcounter [None req-4eda81e0-2ec5-4ed0-b169-6cc65a0c5e0e None None] Registered counter for database nova_cell1
Sep 12 23:52:19.595756 dv-cinder-820027-26-smb devstack@n-api.service[126932]: INFO dbcounter [None req-de575ce7-c3ce-4162-ae0c-4887c52906af None None] Registered counter for database nova_api
Sep 12 23:52:19.597117 dv-cinder-820027-26-smb devstack@n-api.service[126929]: DEBUG oslo_db.sqlalchemy.engines [None req-4eda81e0-2ec5-4ed0-b169-6cc65a0c5e0e None None] MySQL server mode set to STRICT_TRANS_TABLES,STRICT_ALL_TABLES,NO_ZERO_IN_DATE,NO_ZERO_DATE,ERROR_FOR_DIVISION_BY_ZERO,TRADITIONAL,NO_ENGINE_SUBSTITUTION {{(pid=126929) _check_effective_sql_mode /usr/local/lib/python3.8/dist-packages/oslo_db/sqlalchemy/engines.py:314}}
Sep 12 23:52:19.598987 dv-cinder-820027-26-smb devstack@n-api.service[126929]: DEBUG oslo_db.sqlalchemy.engines [None req-4eda81e0-2ec5-4ed0-b169-6cc65a0c5e0e None None] MySQL server mode set to STRICT_TRANS_TABLES,STRICT_ALL_TABLES,NO_ZERO_IN_DATE,NO_ZERO_DATE,ERROR_FOR_DIVISION_BY_ZERO,TRADITIONAL,NO_ENGINE_SUBSTITUTION {{(pid=126929) _check_effective_sql_mode /usr/local/lib/python3.8/dist-packages/oslo_db/sqlalchemy/engines.py:314}}
Sep 12 23:52:19.605164 dv-cinder-820027-26-smb devstack@n-api.service[126929]: DEBUG dbcounter [-] [126929] Writer thread running {{(pid=126929) stat_writer /usr/local/lib/python3.8/dist-packages/dbcounter.py:99}}
Sep 12 23:52:19.606889 dv-cinder-820027-26-smb devstack@n-api.service[126929]: DEBUG dbcounter [-] [126929] Writer thread running {{(pid=126929) stat_writer /usr/local/lib/python3.8/dist-packages/dbcounter.py:99}}
Sep 12 23:52:19.617101 dv-cinder-820027-26-smb devstack@n-api.service[126932]: DEBUG oslo_db.sqlalchemy.engines [None req-de575ce7-c3ce-4162-ae0c-4887c52906af None None] MySQL server mode set to STRICT_TRANS_TABLES,STRICT_ALL_TABLES,NO_ZERO_IN_DATE,NO_ZERO_DATE,ERROR_FOR_DIVISION_BY_ZERO,TRADITIONAL,NO_ENGINE_SUBSTITUTION {{(pid=126932) _check_effective_sql_mode /usr/local/lib/python3.8/dist-packages/oslo_db/sqlalchemy/engines.py:314}}
Sep 12 23:52:19.624964 dv-cinder-820027-26-smb devstack@n-api.service[126932]: DEBUG dbcounter [-] [126932] Writer thread running {{(pid=126932) stat_writer /usr/local/lib/python3.8/dist-packages/dbcounter.py:99}}
Sep 12 23:52:19.681748 dv-cinder-820027-26-smb devstack@n-api.service[126932]: DEBUG nova.context [None req-de575ce7-c3ce-4162-ae0c-4887c52906af None None] Found 2 cells: 00000000-0000-0000-0000-000000000000(cell0),9dcb5d20-a76d-45fb-9355-cadc1a0bcb7d(cell1) {{(pid=126932) load_cells /opt/stack/nova/nova/context.py:464}}
Sep 12 23:52:19.685915 dv-cinder-820027-26-smb devstack@n-api.service[126932]: DEBUG oslo_concurrency.lockutils [None req-de575ce7-c3ce-4162-ae0c-4887c52906af None None] Acquiring lock "00000000-0000-0000-0000-000000000000" by "nova.context.set_target_cell..get_or_set_cached_cell_and_set_connections" {{(pid=126932) inner /usr/local/lib/python3.8/dist-packages/oslo_concurrency/lockutils.py:404}}
Sep 12 23:52:19.686397 dv-cinder-820027-26-smb devstack@n-api.service[126932]: DEBUG oslo_concurrency.lockutils [None req-de575ce7-c3ce-4162-ae0c-4887c52906af None None] Lock "00000000-0000-0000-0000-000000000000" acquired by "nova.context.set_target_cell..get_or_set_cached_cell_and_set_connections" :: waited 0.001s {{(pid=126932) inner /usr/local/lib/python3.8/dist-packages/oslo_concurrency/lockutils.py:409}}
Sep 12 23:52:19.688034 dv-cinder-820027-26-smb devstack@n-api.service[126932]: DEBUG oslo_concurrency.lockutils [None req-de575ce7-c3ce-4162-ae0c-4887c52906af None None] Lock "00000000-0000-0000-0000-000000000000" "released" by "nova.context.set_target_cell..get_or_set_cached_cell_and_set_connections" :: held 0.002s {{(pid=126932) inner /usr/local/lib/python3.8/dist-packages/oslo_concurrency/lockutils.py:423}}
Sep 12 23:52:19.688789 dv-cinder-820027-26-smb devstack@n-api.service[126932]: DEBUG oslo_concurrency.lockutils [None req-de575ce7-c3ce-4162-ae0c-4887c52906af None None] Acquiring lock "9dcb5d20-a76d-45fb-9355-cadc1a0bcb7d" by "nova.context.set_target_cell..get_or_set_cached_cell_and_set_connections" {{(pid=126932) inner /usr/local/lib/python3.8/dist-packages/oslo_concurrency/lockutils.py:404}}
Sep 12 23:52:19.689231 dv-cinder-820027-26-smb devstack@n-api.service[126932]: DEBUG oslo_concurrency.lockutils [None req-de575ce7-c3ce-4162-ae0c-4887c52906af None None] Lock "9dcb5d20-a76d-45fb-9355-cadc1a0bcb7d" acquired by "nova.context.set_target_cell..get_or_set_cached_cell_and_set_connections" :: waited 0.000s {{(pid=126932) inner /usr/local/lib/python3.8/dist-packages/oslo_concurrency/lockutils.py:409}}
Sep 12 23:52:19.691308 dv-cinder-820027-26-smb devstack@n-api.service[126932]: DEBUG oslo_concurrency.lockutils [None req-de575ce7-c3ce-4162-ae0c-4887c52906af None None] Lock "9dcb5d20-a76d-45fb-9355-cadc1a0bcb7d" "released" by "nova.context.set_target_cell..get_or_set_cached_cell_and_set_connections" :: held 0.002s {{(pid=126932) inner /usr/local/lib/python3.8/dist-packages/oslo_concurrency/lockutils.py:423}}
Sep 12 23:52:19.693389 dv-cinder-820027-26-smb devstack@n-api.service[126932]: INFO dbcounter [None req-de575ce7-c3ce-4162-ae0c-4887c52906af None None] Registered counter for database nova_cell0
Sep 12 23:52:19.697807 dv-cinder-820027-26-smb devstack@n-api.service[126932]: INFO dbcounter [None req-de575ce7-c3ce-4162-ae0c-4887c52906af None None] Registered counter for database nova_cell1
Sep 12 23:52:19.706492 dv-cinder-820027-26-smb devstack@n-api.service[126932]: DEBUG oslo_db.sqlalchemy.engines [None req-de575ce7-c3ce-4162-ae0c-4887c52906af None None] MySQL server mode set to STRICT_TRANS_TABLES,STRICT_ALL_TABLES,NO_ZERO_IN_DATE,NO_ZERO_DATE,ERROR_FOR_DIVISION_BY_ZERO,TRADITIONAL,NO_ENGINE_SUBSTITUTION {{(pid=126932) _check_effective_sql_mode /usr/local/lib/python3.8/dist-packages/oslo_db/sqlalchemy/engines.py:314}}
Sep 12 23:52:19.709385 dv-cinder-820027-26-smb devstack@n-api.service[126932]: DEBUG oslo_db.sqlalchemy.engines [None req-de575ce7-c3ce-4162-ae0c-4887c52906af None None] MySQL server mode set to STRICT_TRANS_TABLES,STRICT_ALL_TABLES,NO_ZERO_IN_DATE,NO_ZERO_DATE,ERROR_FOR_DIVISION_BY_ZERO,TRADITIONAL,NO_ENGINE_SUBSTITUTION {{(pid=126932) _check_effective_sql_mode /usr/local/lib/python3.8/dist-packages/oslo_db/sqlalchemy/engines.py:314}}
Sep 12 23:52:19.713554 dv-cinder-820027-26-smb devstack@n-api.service[126932]: DEBUG dbcounter [-] [126932] Writer thread running {{(pid=126932) stat_writer /usr/local/lib/python3.8/dist-packages/dbcounter.py:99}}
Sep 12 23:52:19.773190 dv-cinder-820027-26-smb devstack@n-api.service[126929]: INFO dbcounter [None req-4eda81e0-2ec5-4ed0-b169-6cc65a0c5e0e None None] Registered counter for database nova_cell0
Sep 12 23:52:19.785681 dv-cinder-820027-26-smb devstack@n-api.service[126929]: DEBUG oslo_db.sqlalchemy.engines [None req-4eda81e0-2ec5-4ed0-b169-6cc65a0c5e0e None None] MySQL server mode set to STRICT_TRANS_TABLES,STRICT_ALL_TABLES,NO_ZERO_IN_DATE,NO_ZERO_DATE,ERROR_FOR_DIVISION_BY_ZERO,TRADITIONAL,NO_ENGINE_SUBSTITUTION {{(pid=126929) _check_effective_sql_mode /usr/local/lib/python3.8/dist-packages/oslo_db/sqlalchemy/engines.py:314}}
Sep 12 23:52:19.795670 dv-cinder-820027-26-smb devstack@n-api.service[126929]: DEBUG dbcounter [-] [126929] Writer thread running {{(pid=126929) stat_writer /usr/local/lib/python3.8/dist-packages/dbcounter.py:99}}
Sep 12 23:52:19.867387 dv-cinder-820027-26-smb devstack@n-api.service[126932]: DEBUG dbcounter [-] [126932] Writer thread running {{(pid=126932) stat_writer /usr/local/lib/python3.8/dist-packages/dbcounter.py:99}}
Sep 12 23:52:19.877255 dv-cinder-820027-26-smb devstack@n-api.service[126932]: INFO dbcounter [None req-de575ce7-c3ce-4162-ae0c-4887c52906af None None] Registered counter for database nova_cell0
Sep 12 23:52:19.885593 dv-cinder-820027-26-smb devstack@n-api.service[126932]: DEBUG oslo_db.sqlalchemy.engines [None req-de575ce7-c3ce-4162-ae0c-4887c52906af None None] MySQL server mode set to STRICT_TRANS_TABLES,STRICT_ALL_TABLES,NO_ZERO_IN_DATE,NO_ZERO_DATE,ERROR_FOR_DIVISION_BY_ZERO,TRADITIONAL,NO_ENGINE_SUBSTITUTION {{(pid=126932) _check_effective_sql_mode /usr/local/lib/python3.8/dist-packages/oslo_db/sqlalchemy/engines.py:314}}
Sep 12 23:52:19.891142 dv-cinder-820027-26-smb devstack@n-api.service[126932]: DEBUG dbcounter [-] [126932] Writer thread running {{(pid=126932) stat_writer /usr/local/lib/python3.8/dist-packages/dbcounter.py:99}}
Sep 12 23:52:20.125773 dv-cinder-820027-26-smb devstack@n-api.service[126929]: WARNING keystonemiddleware.auth_token [None req-4eda81e0-2ec5-4ed0-b169-6cc65a0c5e0e None None] AuthToken middleware is set with keystone_authtoken.service_token_roles_required set to False. This is backwards compatible but deprecated behaviour. Please set this to True.
Sep 12 23:52:20.133277 dv-cinder-820027-26-smb devstack@n-api.service[126929]: WARNING keystonemiddleware.auth_token [None req-4eda81e0-2ec5-4ed0-b169-6cc65a0c5e0e None None] Configuring www_authenticate_uri to point to the public identity endpoint is required; clients may not be able to authenticate against an admin endpoint
Sep 12 23:52:20.223599 dv-cinder-820027-26-smb devstack@n-api.service[126932]: WARNING keystonemiddleware.auth_token [None req-de575ce7-c3ce-4162-ae0c-4887c52906af None None] AuthToken middleware is set with keystone_authtoken.service_token_roles_required set to False. This is backwards compatible but deprecated behaviour. Please set this to True.
Sep 12 23:52:20.231329 dv-cinder-820027-26-smb devstack@n-api.service[126932]: WARNING keystonemiddleware.auth_token [None req-de575ce7-c3ce-4162-ae0c-4887c52906af None None] Configuring www_authenticate_uri to point to the public identity endpoint is required; clients may not be able to authenticate against an admin endpoint
Sep 12 23:52:20.484154 dv-cinder-820027-26-smb devstack@n-api.service[126929]: WARNING keystonemiddleware.auth_token [None req-4eda81e0-2ec5-4ed0-b169-6cc65a0c5e0e None None] AuthToken middleware is set with keystone_authtoken.service_token_roles_required set to False. This is backwards compatible but deprecated behaviour. Please set this to True.
Sep 12 23:52:20.490553 dv-cinder-820027-26-smb devstack@n-api.service[126929]: WARNING keystonemiddleware.auth_token [None req-4eda81e0-2ec5-4ed0-b169-6cc65a0c5e0e None None] Configuring www_authenticate_uri to point to the public identity endpoint is required; clients may not be able to authenticate against an admin endpoint
Sep 12 23:52:20.496121 dv-cinder-820027-26-smb devstack@n-api.service[126929]: WSGI app 0 (mountpoint='') ready in 6 seconds on interpreter 0x56167b2d19c0 pid: 126929 (default app)
Sep 12 23:52:20.576766 dv-cinder-820027-26-smb devstack@n-api.service[126932]: WARNING keystonemiddleware.auth_token [None req-de575ce7-c3ce-4162-ae0c-4887c52906af None None] AuthToken middleware is set with keystone_authtoken.service_token_roles_required set to False. This is backwards compatible but deprecated behaviour. Please set this to True.
Sep 12 23:52:20.582896 dv-cinder-820027-26-smb devstack@n-api.service[126932]: WARNING keystonemiddleware.auth_token [None req-de575ce7-c3ce-4162-ae0c-4887c52906af None None] Configuring www_authenticate_uri to point to the public identity endpoint is required; clients may not be able to authenticate against an admin endpoint
Sep 12 23:52:20.588308 dv-cinder-820027-26-smb devstack@n-api.service[126932]: WSGI app 0 (mountpoint='') ready in 6 seconds on interpreter 0x56167b2d19c0 pid: 126932 (default app)
Sep 12 23:53:04.294467 dv-cinder-820027-26-smb devstack@n-api.service[126929]: DEBUG nova.api.openstack.wsgi [None req-3d7182b3-61ab-44a2-9d3f-54bc7d7a6677 tempest-VolumesTestJSON-1761980156 tempest-VolumesTestJSON-1761980156-project] Calling method '.version_select at 0x7f9184061f70>' {{(pid=126929) _process_stack /opt/stack/nova/nova/api/openstack/wsgi.py:513}}
Sep 12 23:53:04.340345 dv-cinder-820027-26-smb devstack@n-api.service[126929]: DEBUG dbcounter [-] [126929] Writing DB stats nova_api:SELECT=3 {{(pid=126929) stat_writer /usr/local/lib/python3.8/dist-packages/dbcounter.py:114}}
Sep 12 23:53:04.341611 dv-cinder-820027-26-smb devstack@n-api.service[126929]: DEBUG dbcounter [-] [126929] Writing DB stats nova_cell1:SELECT=3 {{(pid=126929) stat_writer /usr/local/lib/python3.8/dist-packages/dbcounter.py:114}}
Sep 12 23:53:04.343014 dv-cinder-820027-26-smb devstack@n-api.service[126929]: DEBUG dbcounter [-] [126929] Writing DB stats nova_cell0:SELECT=3 {{(pid=126929) stat_writer /usr/local/lib/python3.8/dist-packages/dbcounter.py:114}}
Sep 12 23:53:04.344113 dv-cinder-820027-26-smb devstack@n-api.service[126929]: DEBUG dbcounter [-] [126929] Writing DB stats nova_cell0:SELECT=3 {{(pid=126929) stat_writer /usr/local/lib/python3.8/dist-packages/dbcounter.py:114}}
Sep 12 23:53:05.403240 dv-cinder-820027-26-smb devstack@n-api.service[126929]: INFO nova.api.openstack.requestlog [None req-3d7182b3-61ab-44a2-9d3f-54bc7d7a6677 tempest-VolumesTestJSON-1761980156 tempest-VolumesTestJSON-1761980156-project] 10.222.0.23 "GET /compute/v2.1/os-volumes/f8675234-4265-4d98-889c-20246ba7b6d8" status: 200 len: 351 microversion: 2.1 time: 1.476388
Sep 12 23:53:05.405761 dv-cinder-820027-26-smb devstack@n-api.service[126929]: [pid: 126929|app: 0|req: 1/1] 10.222.0.23 () {58 vars in 1245 bytes} [Mon Sep 12 23:53:03 2022] GET /compute/v2.1/os-volumes/f8675234-4265-4d98-889c-20246ba7b6d8 => generated 351 bytes in 1482 msecs (HTTP/1.1 200) 9 headers in 357 bytes (2 switches on core 0)
Sep 12 23:53:09.257614 dv-cinder-820027-26-smb devstack@n-api.service[126932]: DEBUG nova.api.openstack.wsgi [None req-5a8f604a-e64f-4b76-a6c0-453298f6817a tempest-VolumesTestJSON-1761980156 tempest-VolumesTestJSON-1761980156-project] Calling method '.version_select at 0x7f9184061f70>' {{(pid=126932) _process_stack /opt/stack/nova/nova/api/openstack/wsgi.py:513}}
Sep 12 23:53:09.406929 dv-cinder-820027-26-smb devstack@n-api.service[126932]: DEBUG dbcounter [-] [126932] Writing DB stats nova_api:SELECT=3 {{(pid=126932) stat_writer /usr/local/lib/python3.8/dist-packages/dbcounter.py:114}}
Sep 12 23:53:09.413560 dv-cinder-820027-26-smb devstack@n-api.service[126932]: DEBUG dbcounter [-] [126932] Writing DB stats nova_cell0:SELECT=3 {{(pid=126932) stat_writer /usr/local/lib/python3.8/dist-packages/dbcounter.py:114}}
Sep 12 23:53:09.415370 dv-cinder-820027-26-smb devstack@n-api.service[126932]: DEBUG dbcounter [-] [126932] Writing DB stats nova_cell1:SELECT=3 {{(pid=126932) stat_writer /usr/local/lib/python3.8/dist-packages/dbcounter.py:114}}
Sep 12 23:53:09.418835 dv-cinder-820027-26-smb devstack@n-api.service[126932]: DEBUG dbcounter [-] [126932] Writing DB stats nova_cell0:SELECT=3 {{(pid=126932) stat_writer /usr/local/lib/python3.8/dist-packages/dbcounter.py:114}}
Sep 12 23:53:11.366644 dv-cinder-820027-26-smb devstack@n-api.service[126932]: INFO nova.api.openstack.requestlog [None req-5a8f604a-e64f-4b76-a6c0-453298f6817a tempest-VolumesTestJSON-1761980156 tempest-VolumesTestJSON-1761980156-project] 10.222.0.23 "GET /compute/v2.1/os-volumes/bacc2d9f-4cd5-496f-9081-df3853057776" status: 200 len: 351 microversion: 2.1 time: 2.551927
Sep 12 23:53:11.367691 dv-cinder-820027-26-smb devstack@n-api.service[126932]: [pid: 126932|app: 0|req: 1/2] 10.222.0.23 () {58 vars in 1245 bytes} [Mon Sep 12 23:53:08 2022] GET /compute/v2.1/os-volumes/bacc2d9f-4cd5-496f-9081-df3853057776 => generated 351 bytes in 2555 msecs (HTTP/1.1 200) 9 headers in 357 bytes (1 switches on core 0)
Sep 12 23:53:13.388106 dv-cinder-820027-26-smb devstack@n-api.service[126929]: DEBUG nova.api.openstack.wsgi [None req-c081a5ee-5ddc-479d-be6d-53280b59697f tempest-VolumesTestJSON-1761980156 tempest-VolumesTestJSON-1761980156-project] Calling method '.version_select at 0x7f9183e61310>' {{(pid=126929) _process_stack /opt/stack/nova/nova/api/openstack/wsgi.py:513}}
Sep 12 23:53:13.533536 dv-cinder-820027-26-smb devstack@n-api.service[126929]: INFO nova.api.openstack.requestlog [None req-c081a5ee-5ddc-479d-be6d-53280b59697f tempest-VolumesTestJSON-1761980156 tempest-VolumesTestJSON-1761980156-project] 10.222.0.23 "GET /compute/v2.1/os-volumes/8c088f83-5cd5-4e93-aa54-2b680b01cd07" status: 200 len: 350 microversion: 2.1 time: 0.150218
Sep 12 23:53:13.535648 dv-cinder-820027-26-smb devstack@n-api.service[126929]: [pid: 126929|app: 0|req: 2/3] 10.222.0.23 () {58 vars in 1245 bytes} [Mon Sep 12 23:53:13 2022] GET /compute/v2.1/os-volumes/8c088f83-5cd5-4e93-aa54-2b680b01cd07 => generated 350 bytes in 153 msecs (HTTP/1.1 200) 9 headers in 357 bytes (1 switches on core 0)
Sep 12 23:53:13.554064 dv-cinder-820027-26-smb devstack@n-api.service[126932]: DEBUG nova.api.openstack.wsgi [None req-eeb9dd87-1780-46b8-bb53-a98f923ac1d5 tempest-VolumesTestJSON-1761980156 tempest-VolumesTestJSON-1761980156-project] Calling method '.version_select at 0x7f9183e70310>' {{(pid=126932) _process_stack /opt/stack/nova/nova/api/openstack/wsgi.py:513}}
Sep 12 23:53:13.808552 dv-cinder-820027-26-smb devstack@n-api.service[126932]: INFO nova.api.openstack.requestlog [None req-eeb9dd87-1780-46b8-bb53-a98f923ac1d5 tempest-VolumesTestJSON-1761980156 tempest-VolumesTestJSON-1761980156-project] 10.222.0.23 "GET /compute/v2.1/os-volumes" status: 200 len: 1035 microversion: 2.1 time: 0.260318
Sep 12 23:53:13.810866 dv-cinder-820027-26-smb devstack@n-api.service[126932]: [pid: 126932|app: 0|req: 2/4] 10.222.0.23 () {58 vars in 1134 bytes} [Mon Sep 12 23:53:13 2022] GET /compute/v2.1/os-volumes => generated 1035 bytes in 266 msecs (HTTP/1.1 200) 9 headers in 358 bytes (1 switches on core 0)
Sep 12 23:53:13.827343 dv-cinder-820027-26-smb devstack@n-api.service[126929]: DEBUG nova.api.openstack.wsgi [None req-e1e4c12f-4da3-4c8e-ac89-aa52f6df05e0 tempest-VolumesTestJSON-1761980156 tempest-VolumesTestJSON-1761980156-project] Calling method '.version_select at 0x7f9183e614c0>' {{(pid=126929) _process_stack /opt/stack/nova/nova/api/openstack/wsgi.py:513}}
Sep 12 23:53:14.190951 dv-cinder-820027-26-smb devstack@n-api.service[126929]: INFO nova.api.openstack.requestlog [None req-e1e4c12f-4da3-4c8e-ac89-aa52f6df05e0 tempest-VolumesTestJSON-1761980156 tempest-VolumesTestJSON-1761980156-project] 10.222.0.23 "GET /compute/v2.1/os-volumes?limit=2" status: 200 len: 694 microversion: 2.1 time: 0.368157
Sep 12 23:53:14.192036 dv-cinder-820027-26-smb devstack@n-api.service[126929]: [pid: 126929|app: 0|req: 3/5] 10.222.0.23 () {58 vars in 1149 bytes} [Mon Sep 12 23:53:13 2022] GET /compute/v2.1/os-volumes?limit=2 => generated 694 bytes in 370 msecs (HTTP/1.1 200) 9 headers in 357 bytes (1 switches on core 0)
Sep 12 23:53:14.214710 dv-cinder-820027-26-smb devstack@n-api.service[126932]: DEBUG nova.api.openstack.wsgi [None req-573f78f1-ce2c-494f-9d42-7d7748825848 tempest-VolumesTestJSON-1761980156 tempest-VolumesTestJSON-1761980156-project] Calling method '.version_select at 0x7f9183e790d0>' {{(pid=126932) _process_stack /opt/stack/nova/nova/api/openstack/wsgi.py:513}}
Sep 12 23:53:14.609739 dv-cinder-820027-26-smb devstack@n-api.service[126932]: INFO nova.api.openstack.requestlog [None req-573f78f1-ce2c-494f-9d42-7d7748825848 tempest-VolumesTestJSON-1761980156 tempest-VolumesTestJSON-1761980156-project] 10.222.0.23 "GET /compute/v2.1/os-volumes" status: 200 len: 1035 microversion: 2.1 time: 0.399088
Sep 12 23:53:14.609739 dv-cinder-820027-26-smb devstack@n-api.service[126932]: [pid: 126932|app: 0|req: 3/6] 10.222.0.23 () {58 vars in 1134 bytes} [Mon Sep 12 23:53:14 2022] GET /compute/v2.1/os-volumes => generated 1035 bytes in 401 msecs (HTTP/1.1 200) 9 headers in 358 bytes (1 switches on core 0)
Sep 12 23:53:14.632291 dv-cinder-820027-26-smb devstack@n-api.service[126929]: DEBUG nova.api.openstack.wsgi [None req-76334186-2d56-48ec-9417-fc7fcf30c470 tempest-VolumesTestJSON-1761980156 tempest-VolumesTestJSON-1761980156-project] Calling method '.version_select at 0x7f9183e61d30>' {{(pid=126929) _process_stack /opt/stack/nova/nova/api/openstack/wsgi.py:513}}
Sep 12 23:53:15.224978 dv-cinder-820027-26-smb devstack@n-api.service[126929]: INFO nova.api.openstack.requestlog [None req-76334186-2d56-48ec-9417-fc7fcf30c470 tempest-VolumesTestJSON-1761980156 tempest-VolumesTestJSON-1761980156-project] 10.222.0.23 "GET /compute/v2.1/os-volumes?offset=1&limit=1" status: 200 len: 354 microversion: 2.1 time: 0.595252
Sep 12 23:53:15.226870 dv-cinder-820027-26-smb devstack@n-api.service[126929]: [pid: 126929|app: 0|req: 4/7] 10.222.0.23 () {58 vars in 1167 bytes} [Mon Sep 12 23:53:14 2022] GET /compute/v2.1/os-volumes?offset=1&limit=1 => generated 354 bytes in 600 msecs (HTTP/1.1 200) 9 headers in 357 bytes (1 switches on core 0)
Sep 12 23:53:15.254724 dv-cinder-820027-26-smb devstack@n-api.service[126932]: DEBUG nova.api.openstack.wsgi [None req-c116dbc4-f6ac-4ae0-b96d-19dc8de045b6 tempest-VolumesTestJSON-1761980156 tempest-VolumesTestJSON-1761980156-project] Calling method '.version_select at 0x7f9183e798b0>' {{(pid=126932) _process_stack /opt/stack/nova/nova/api/openstack/wsgi.py:513}}
Sep 12 23:53:15.692800 dv-cinder-820027-26-smb devstack@n-api.service[126932]: INFO nova.api.openstack.requestlog [None req-c116dbc4-f6ac-4ae0-b96d-19dc8de045b6 tempest-VolumesTestJSON-1761980156 tempest-VolumesTestJSON-1761980156-project] 10.222.0.23 "GET /compute/v2.1/os-volumes/detail?limit=2" status: 200 len: 694 microversion: 2.1 time: 0.445453
Sep 12 23:53:15.693812 dv-cinder-820027-26-smb devstack@n-api.service[126932]: [pid: 126932|app: 0|req: 4/8] 10.222.0.23 () {58 vars in 1170 bytes} [Mon Sep 12 23:53:15 2022] GET /compute/v2.1/os-volumes/detail?limit=2 => generated 694 bytes in 447 msecs (HTTP/1.1 200) 9 headers in 357 bytes (1 switches on core 0)
Sep 12 23:53:15.714263 dv-cinder-820027-26-smb devstack@n-api.service[126929]: DEBUG nova.api.openstack.wsgi [None req-59b332fb-b1fa-4eda-b6de-2e8b2e48ed29 tempest-VolumesTestJSON-1761980156 tempest-VolumesTestJSON-1761980156-project] Calling method '.version_select at 0x7f9183e96670>' {{(pid=126929) _process_stack /opt/stack/nova/nova/api/openstack/wsgi.py:513}}
Sep 12 23:53:16.312913 dv-cinder-820027-26-smb devstack@n-api.service[126929]: INFO nova.api.openstack.requestlog [None req-59b332fb-b1fa-4eda-b6de-2e8b2e48ed29 tempest-VolumesTestJSON-1761980156 tempest-VolumesTestJSON-1761980156-project] 10.222.0.23 "GET /compute/v2.1/os-volumes/detail" status: 200 len: 1035 microversion: 2.1 time: 0.602502
Sep 12 23:53:16.313764 dv-cinder-820027-26-smb devstack@n-api.service[126929]: [pid: 126929|app: 0|req: 5/9] 10.222.0.23 () {58 vars in 1155 bytes} [Mon Sep 12 23:53:15 2022] GET /compute/v2.1/os-volumes/detail => generated 1035 bytes in 604 msecs (HTTP/1.1 200) 9 headers in 358 bytes (2 switches on core 0)
Sep 12 23:53:16.339518 dv-cinder-820027-26-smb devstack@n-api.service[126932]: DEBUG nova.api.openstack.wsgi [None req-fd026deb-6df9-4b14-9ff6-1ad55e694bd2 tempest-VolumesTestJSON-1761980156 tempest-VolumesTestJSON-1761980156-project] Calling method '.version_select at 0x7f9183e97310>' {{(pid=126932) _process_stack /opt/stack/nova/nova/api/openstack/wsgi.py:513}}
Sep 12 23:53:16.646370 dv-cinder-820027-26-smb devstack@n-api.service[126932]: INFO nova.api.openstack.requestlog [None req-fd026deb-6df9-4b14-9ff6-1ad55e694bd2 tempest-VolumesTestJSON-1761980156 tempest-VolumesTestJSON-1761980156-project] 10.222.0.23 "GET /compute/v2.1/os-volumes/detail?offset=1&limit=1" status: 200 len: 354 microversion: 2.1 time: 0.310696
Sep 12 23:53:16.648304 dv-cinder-820027-26-smb devstack@n-api.service[126932]: [pid: 126932|app: 0|req: 5/10] 10.222.0.23 () {58 vars in 1188 bytes} [Mon Sep 12 23:53:16 2022] GET /compute/v2.1/os-volumes/detail?offset=1&limit=1 => generated 354 bytes in 313 msecs (HTTP/1.1 200) 9 headers in 357 bytes (1 switches on core 0)
Sep 12 23:53:16.674629 dv-cinder-820027-26-smb devstack@n-api.service[126929]: DEBUG nova.api.openstack.wsgi [None req-ff4d5e29-9937-4592-99fb-8bb4a8407e23 tempest-VolumesTestJSON-1761980156 tempest-VolumesTestJSON-1761980156-project] Calling method '.version_select at 0x7f9183e1d9d0>' {{(pid=126929) _process_stack /opt/stack/nova/nova/api/openstack/wsgi.py:513}}
Sep 12 23:53:16.878129 dv-cinder-820027-26-smb devstack@n-api.service[126929]: INFO nova.api.openstack.requestlog [None req-ff4d5e29-9937-4592-99fb-8bb4a8407e23 tempest-VolumesTestJSON-1761980156 tempest-VolumesTestJSON-1761980156-project] 10.222.0.23 "GET /compute/v2.1/os-volumes/detail" status: 200 len: 1035 microversion: 2.1 time: 0.209937
Sep 12 23:53:16.879200 dv-cinder-820027-26-smb devstack@n-api.service[126929]: [pid: 126929|app: 0|req: 6/11] 10.222.0.23 () {58 vars in 1155 bytes} [Mon Sep 12 23:53:16 2022] GET /compute/v2.1/os-volumes/detail => generated 1035 bytes in 212 msecs (HTTP/1.1 200) 9 headers in 358 bytes (1 switches on core 0)
Sep 12 23:53:23.422976 dv-cinder-820027-26-smb devstack@n-api.service[126932]: DEBUG nova.api.openstack.wsgi [None req-2a703f68-156b-44a6-a1e0-1418c6ed7a78 tempest-AttachVolumeShelveTestJSON-1524336771 tempest-AttachVolumeShelveTestJSON-1524336771-project] Action: 'create', calling method: .version_select at 0x7f9183e978b0>, body: {"keypair": {"name": "tempest-keypair-808562298", "public_key": "ecdsa-sha2-nistp384 AAAAE2VjZHNhLXNoYTItbmlzdHAzODQAAAAIbmlzdHAzODQAAABhBK1DArQ55OEKt9hOGBtxUFDhpRDw2KOHY/+s/PJtkh5ExBEGAlqIUe5aMFp8p9NfL0fHmNI3mpzrCz849WsuZdHAKQTYCb+dTf2cDCq7GjQqry81Srw3yWcJjd7gumdqSw=="}} {{(pid=126932) _process_stack /opt/stack/nova/nova/api/openstack/wsgi.py:511}}
Sep 12 23:53:23.600670 dv-cinder-820027-26-smb devstack@n-api.service[126929]: DEBUG nova.api.openstack.wsgi [None req-1222e241-070f-4ddb-bdac-7a7634ff3ea7 tempest-ServerRescueNegativeTestJSON-507824462 tempest-ServerRescueNegativeTestJSON-507824462-project] Action: 'create', calling method: >, body: {"server": {"name": "tempest-ServerRescueNegativeTestJSON-server-629282243", "imageRef": "a8e486f7-1869-4325-bf52-6176c0e8723f", "flavorRef": "452", "adminPass": "***", "networks": [{"uuid": "}]}} {{(pid=126929) _process_stack /opt/stack/nova/nova/api/openstack/wsgi.py:511}}
Sep 12 23:53:23.744469 dv-cinder-820027-26-smb devstack@n-api.service[126932]: DEBUG nova.quota [None req-2a703f68-156b-44a6-a1e0-1418c6ed7a78 tempest-AttachVolumeShelveTestJSON-1524336771 tempest-AttachVolumeShelveTestJSON-1524336771-project] Getting quotas for project 0c5b0898583d4508b8f7449aa16c0656. Resources: {'key_pairs'} {{(pid=126932) _get_quotas /opt/stack/nova/nova/quota.py:393}}
Sep 12 23:53:23.784353 dv-cinder-820027-26-smb devstack@n-api.service[126932]: DEBUG nova.quota [None req-2a703f68-156b-44a6-a1e0-1418c6ed7a78 tempest-AttachVolumeShelveTestJSON-1524336771 tempest-AttachVolumeShelveTestJSON-1524336771-project] Getting quotas for user 1f69ab01440e406f86f50bedc7e02fa4 and project 0c5b0898583d4508b8f7449aa16c0656. Resources: {'key_pairs'} {{(pid=126932) _get_quotas /opt/stack/nova/nova/quota.py:383}}
Sep 12 23:53:24.111837 dv-cinder-820027-26-smb devstack@n-api.service[126932]: INFO nova.api.openstack.requestlog [None req-2a703f68-156b-44a6-a1e0-1418c6ed7a78 tempest-AttachVolumeShelveTestJSON-1524336771 tempest-AttachVolumeShelveTestJSON-1524336771-project] 10.222.0.23 "POST /compute/v2.1/os-keypairs" status: 201 len: 400 microversion: 2.20 time: 1.439844
Sep 12 23:53:24.136418 dv-cinder-820027-26-smb devstack@n-api.service[126932]: [pid: 126932|app: 0|req: 6/12] 10.222.0.23 () {62 vars in 1200 bytes} [Mon Sep 12 23:53:22 2022] POST /compute/v2.1/os-keypairs => generated 400 bytes in 1470 msecs (HTTP/1.1 201) 9 headers in 364 bytes (1 switches on core 0)
Sep 12 23:53:24.161856 dv-cinder-820027-26-smb devstack@n-api.service[126929]: DEBUG nova.network.neutron [None req-1222e241-070f-4ddb-bdac-7a7634ff3ea7 tempest-ServerRescueNegativeTestJSON-507824462 tempest-ServerRescueNegativeTestJSON-507824462-project] validate_networks() for [('c84790fe-5bd5-4ec4-9f35-779557f95e8e', None, None, None, None, None)] {{(pid=126929) validate_networks /opt/stack/nova/nova/network/neutron.py:2623}}
Sep 12 23:53:24.796544 dv-cinder-820027-26-smb devstack@n-api.service[126932]: DEBUG nova.api.openstack.wsgi [None req-a845fbca-0512-48b1-a1a1-e1ea1b5fa049 tempest-DeleteServersTestJSON-1077969612 tempest-DeleteServersTestJSON-1077969612-project] Action: 'create', calling method: >, body: {"server": {"name": "tempest-DeleteServersTestJSON-server-668742047", "imageRef": "a8e486f7-1869-4325-bf52-6176c0e8723f", "flavorRef": "452", "networks": [{"uuid": "837f995c-b342-4e50-946f-5835fde8f2d7"}]}} {{(pid=126932) _process_stack /opt/stack/nova/nova/api/openstack/wsgi.py:511}}
Sep 12 23:53:25.215759 dv-cinder-820027-26-smb devstack@n-api.service[126932]: DEBUG nova.network.neutron [None req-a845fbca-0512-48b1-a1a1-e1ea1b5fa049 tempest-DeleteServersTestJSON-1077969612 tempest-DeleteServersTestJSON-1077969612-project] validate_networks() for [('837f995c-b342-4e50-946f-5835fde8f2d7', None, None, None, None, None)] {{(pid=126932) validate_networks /opt/stack/nova/nova/network/neutron.py:2623}}
Sep 12 23:53:27.209087 dv-cinder-820027-26-smb devstack@n-api.service[126929]: DEBUG nova.virt.hardware [None req-1222e241-070f-4ddb-bdac-7a7634ff3ea7 tempest-ServerRescueNegativeTestJSON-507824462 tempest-ServerRescueNegativeTestJSON-507824462-project] Flavor limits 0:0:0 {{(pid=126929) get_cpu_topology_constraints /opt/stack/nova/nova/virt/hardware.py:343}}
Sep 12 23:53:27.209719 dv-cinder-820027-26-smb devstack@n-api.service[126929]: DEBUG nova.virt.hardware [None req-1222e241-070f-4ddb-bdac-7a7634ff3ea7 tempest-ServerRescueNegativeTestJSON-507824462 tempest-ServerRescueNegativeTestJSON-507824462-project] Image limits 0:0:0 {{(pid=126929) get_cpu_topology_constraints /opt/stack/nova/nova/virt/hardware.py:347}}
Sep 12 23:53:27.210381 dv-cinder-820027-26-smb devstack@n-api.service[126929]: DEBUG nova.virt.hardware [None req-1222e241-070f-4ddb-bdac-7a7634ff3ea7 tempest-ServerRescueNegativeTestJSON-507824462 tempest-ServerRescueNegativeTestJSON-507824462-project] Flavor pref 0:0:0 {{(pid=126929) get_cpu_topology_constraints /opt/stack/nova/nova/virt/hardware.py:383}}
Sep 12 23:53:27.210945 dv-cinder-820027-26-smb devstack@n-api.service[126929]: DEBUG nova.virt.hardware [None req-1222e241-070f-4ddb-bdac-7a7634ff3ea7 tempest-ServerRescueNegativeTestJSON-507824462 tempest-ServerRescueNegativeTestJSON-507824462-project] Image pref 0:0:0 {{(pid=126929) get_cpu_topology_constraints /opt/stack/nova/nova/virt/hardware.py:387}}
Sep 12 23:53:27.211513 dv-cinder-820027-26-smb devstack@n-api.service[126929]: DEBUG nova.virt.hardware [None req-1222e241-070f-4ddb-bdac-7a7634ff3ea7 tempest-ServerRescueNegativeTestJSON-507824462 tempest-ServerRescueNegativeTestJSON-507824462-project] Chose sockets=0, cores=0, threads=0; limits were sockets=65536, cores=65536, threads=65536 {{(pid=126929) get_cpu_topology_constraints /opt/stack/nova/nova/virt/hardware.py:425}}
Sep 12 23:53:27.265094 dv-cinder-820027-26-smb devstack@n-api.service[126929]: DEBUG oslo_concurrency.lockutils [None req-1222e241-070f-4ddb-bdac-7a7634ff3ea7 tempest-ServerRescueNegativeTestJSON-507824462 tempest-ServerRescueNegativeTestJSON-507824462-project] Acquiring lock "00000000-0000-0000-0000-000000000000" by "nova.context.set_target_cell..get_or_set_cached_cell_and_set_connections" {{(pid=126929) inner /usr/local/lib/python3.8/dist-packages/oslo_concurrency/lockutils.py:404}}
Sep 12 23:53:27.265910 dv-cinder-820027-26-smb devstack@n-api.service[126929]: DEBUG oslo_concurrency.lockutils [None req-1222e241-070f-4ddb-bdac-7a7634ff3ea7 tempest-ServerRescueNegativeTestJSON-507824462 tempest-ServerRescueNegativeTestJSON-507824462-project] Lock "00000000-0000-0000-0000-000000000000" acquired by "nova.context.set_target_cell..get_or_set_cached_cell_and_set_connections" :: waited 0.002s {{(pid=126929) inner /usr/local/lib/python3.8/dist-packages/oslo_concurrency/lockutils.py:409}}
Sep 12 23:53:27.267265 dv-cinder-820027-26-smb devstack@n-api.service[126929]: DEBUG oslo_concurrency.lockutils [None req-1222e241-070f-4ddb-bdac-7a7634ff3ea7 tempest-ServerRescueNegativeTestJSON-507824462 tempest-ServerRescueNegativeTestJSON-507824462-project] Lock "00000000-0000-0000-0000-000000000000" "released" by "nova.context.set_target_cell..get_or_set_cached_cell_and_set_connections" :: held 0.001s {{(pid=126929) inner /usr/local/lib/python3.8/dist-packages/oslo_concurrency/lockutils.py:423}}
Sep 12 23:53:27.271096 dv-cinder-820027-26-smb devstack@n-api.service[126929]: DEBUG oslo_concurrency.lockutils [None req-1222e241-070f-4ddb-bdac-7a7634ff3ea7 tempest-ServerRescueNegativeTestJSON-507824462 tempest-ServerRescueNegativeTestJSON-507824462-project] Acquiring lock "9dcb5d20-a76d-45fb-9355-cadc1a0bcb7d" by "nova.context.set_target_cell..get_or_set_cached_cell_and_set_connections" {{(pid=126929) inner /usr/local/lib/python3.8/dist-packages/oslo_concurrency/lockutils.py:404}}
Sep 12 23:53:27.272157 dv-cinder-820027-26-smb devstack@n-api.service[126929]: DEBUG oslo_concurrency.lockutils [None req-1222e241-070f-4ddb-bdac-7a7634ff3ea7 tempest-ServerRescueNegativeTestJSON-507824462 tempest-ServerRescueNegativeTestJSON-507824462-project] Lock "9dcb5d20-a76d-45fb-9355-cadc1a0bcb7d" acquired by "nova.context.set_target_cell..get_or_set_cached_cell_and_set_connections" :: waited 0.001s {{(pid=126929) inner /usr/local/lib/python3.8/dist-packages/oslo_concurrency/lockutils.py:409}}
Sep 12 23:53:27.278468 dv-cinder-820027-26-smb devstack@n-api.service[126929]: DEBUG oslo_concurrency.lockutils [None req-1222e241-070f-4ddb-bdac-7a7634ff3ea7 tempest-ServerRescueNegativeTestJSON-507824462 tempest-ServerRescueNegativeTestJSON-507824462-project] Lock "9dcb5d20-a76d-45fb-9355-cadc1a0bcb7d" "released" by "nova.context.set_target_cell..get_or_set_cached_cell_and_set_connections" :: held 0.006s {{(pid=126929) inner /usr/local/lib/python3.8/dist-packages/oslo_concurrency/lockutils.py:423}}
Sep 12 23:53:27.403868 dv-cinder-820027-26-smb devstack@n-api.service[126929]: DEBUG nova.quota [None req-1222e241-070f-4ddb-bdac-7a7634ff3ea7 tempest-ServerRescueNegativeTestJSON-507824462 tempest-ServerRescueNegativeTestJSON-507824462-project] Getting quotas for project 599db5bc6cd74f27ae885c9994f06953. Resources: {'ram', 'instances', 'cores'} {{(pid=126929) _get_quotas /opt/stack/nova/nova/quota.py:393}}
Sep 12 23:53:27.437068 dv-cinder-820027-26-smb devstack@n-api.service[126929]: DEBUG nova.quota [None req-1222e241-070f-4ddb-bdac-7a7634ff3ea7 tempest-ServerRescueNegativeTestJSON-507824462 tempest-ServerRescueNegativeTestJSON-507824462-project] Getting quotas for user 4e71cfb3bd8646798cd5ab0d1a7445d7 and project 599db5bc6cd74f27ae885c9994f06953. Resources: {'ram', 'instances', 'cores'} {{(pid=126929) _get_quotas /opt/stack/nova/nova/quota.py:383}}
Sep 12 23:53:27.468749 dv-cinder-820027-26-smb devstack@n-api.service[126929]: DEBUG nova.compute.api [None req-1222e241-070f-4ddb-bdac-7a7634ff3ea7 tempest-ServerRescueNegativeTestJSON-507824462 tempest-ServerRescueNegativeTestJSON-507824462-project] Going to run 1 instances... {{(pid=126929) _provision_instances /opt/stack/nova/nova/compute/api.py:1403}}
Sep 12 23:53:27.475899 dv-cinder-820027-26-smb devstack@n-api.service[126929]: DEBUG nova.compute.api [None req-1222e241-070f-4ddb-bdac-7a7634ff3ea7 tempest-ServerRescueNegativeTestJSON-507824462 tempest-ServerRescueNegativeTestJSON-507824462-project] [instance: 21ac7a9d-cf25-4f1d-8d87-926f4d9caaeb] block_device_mapping [BlockDeviceMapping(attachment_id=,boot_index=0,connection_info=None,created_at=,delete_on_termination=True,deleted=,deleted_at=,destination_type='local',device_name=None,device_type='disk',disk_bus=None,encrypted=False,encryption_format=None,encryption_options=None,encryption_secret_uuid=None,guest_format=None,id=,image_id='a8e486f7-1869-4325-bf52-6176c0e8723f',instance=,instance_uuid=,no_device=False,snapshot_id=None,source_type='image',tag=None,updated_at=,uuid=,volume_id=None,volume_size=None,volume_type=None)] {{(pid=126929) _bdm_validate_set_size_and_instance /opt/stack/nova/nova/compute/api.py:1864}}
Sep 12 23:53:27.779530 dv-cinder-820027-26-smb devstack@n-api.service[126929]: INFO nova.api.openstack.requestlog [None req-1222e241-070f-4ddb-bdac-7a7634ff3ea7 tempest-ServerRescueNegativeTestJSON-507824462 tempest-ServerRescueNegativeTestJSON-507824462-project] 10.222.0.23 "POST /compute/v2.1/servers" status: 202 len: 383 microversion: 2.1 time: 4.868408
Sep 12 23:53:27.791901 dv-cinder-820027-26-smb devstack@n-api.service[126929]: [pid: 126929|app: 0|req: 7/13] 10.222.0.23 () {60 vars in 1147 bytes} [Mon Sep 12 23:53:22 2022] POST /compute/v2.1/servers => generated 383 bytes in 4883 msecs (HTTP/1.1 202) 10 headers in 451 bytes (2 switches on core 0)
Sep 12 23:53:28.068691 dv-cinder-820027-26-smb devstack@n-api.service[126932]: DEBUG nova.virt.hardware [None req-a845fbca-0512-48b1-a1a1-e1ea1b5fa049 tempest-DeleteServersTestJSON-1077969612 tempest-DeleteServersTestJSON-1077969612-project] Flavor limits 0:0:0 {{(pid=126932) get_cpu_topology_constraints /opt/stack/nova/nova/virt/hardware.py:343}}
Sep 12 23:53:28.069256 dv-cinder-820027-26-smb devstack@n-api.service[126932]: DEBUG nova.virt.hardware [None req-a845fbca-0512-48b1-a1a1-e1ea1b5fa049 tempest-DeleteServersTestJSON-1077969612 tempest-DeleteServersTestJSON-1077969612-project] Image limits 0:0:0 {{(pid=126932) get_cpu_topology_constraints /opt/stack/nova/nova/virt/hardware.py:347}}
Sep 12 23:53:28.069607 dv-cinder-820027-26-smb devstack@n-api.service[126932]: DEBUG nova.virt.hardware [None req-a845fbca-0512-48b1-a1a1-e1ea1b5fa049 tempest-DeleteServersTestJSON-1077969612 tempest-DeleteServersTestJSON-1077969612-project] Flavor pref 0:0:0 {{(pid=126932) get_cpu_topology_constraints /opt/stack/nova/nova/virt/hardware.py:383}}
Sep 12 23:53:28.070016 dv-cinder-820027-26-smb devstack@n-api.service[126932]: DEBUG nova.virt.hardware [None req-a845fbca-0512-48b1-a1a1-e1ea1b5fa049 tempest-DeleteServersTestJSON-1077969612 tempest-DeleteServersTestJSON-1077969612-project] Image pref 0:0:0 {{(pid=126932) get_cpu_topology_constraints /opt/stack/nova/nova/virt/hardware.py:387}}
Sep 12 23:53:28.070459 dv-cinder-820027-26-smb devstack@n-api.service[126932]: DEBUG nova.virt.hardware [None req-a845fbca-0512-48b1-a1a1-e1ea1b5fa049 tempest-DeleteServersTestJSON-1077969612 tempest-DeleteServersTestJSON-1077969612-project] Chose sockets=0, cores=0, threads=0; limits were sockets=65536, cores=65536, threads=65536 {{(pid=126932) get_cpu_topology_constraints /opt/stack/nova/nova/virt/hardware.py:425}}
Sep 12 23:53:28.128352 dv-cinder-820027-26-smb devstack@n-api.service[126932]: DEBUG oslo_concurrency.lockutils [None req-a845fbca-0512-48b1-a1a1-e1ea1b5fa049 tempest-DeleteServersTestJSON-1077969612 tempest-DeleteServersTestJSON-1077969612-project] Acquiring lock "00000000-0000-0000-0000-000000000000" by "nova.context.set_target_cell..get_or_set_cached_cell_and_set_connections" {{(pid=126932) inner /usr/local/lib/python3.8/dist-packages/oslo_concurrency/lockutils.py:404}}
Sep 12 23:53:28.130072 dv-cinder-820027-26-smb devstack@n-api.service[126932]: DEBUG oslo_concurrency.lockutils [None req-a845fbca-0512-48b1-a1a1-e1ea1b5fa049 tempest-DeleteServersTestJSON-1077969612 tempest-DeleteServersTestJSON-1077969612-project] Lock "00000000-0000-0000-0000-000000000000" acquired by "nova.context.set_target_cell..get_or_set_cached_cell_and_set_connections" :: waited 0.002s {{(pid=126932) inner /usr/local/lib/python3.8/dist-packages/oslo_concurrency/lockutils.py:409}}
Sep 12 23:53:28.132710 dv-cinder-820027-26-smb devstack@n-api.service[126932]: DEBUG oslo_concurrency.lockutils [None req-a845fbca-0512-48b1-a1a1-e1ea1b5fa049 tempest-DeleteServersTestJSON-1077969612 tempest-DeleteServersTestJSON-1077969612-project] Lock "00000000-0000-0000-0000-000000000000" "released" by "nova.context.set_target_cell..get_or_set_cached_cell_and_set_connections" :: held 0.001s {{(pid=126932) inner /usr/local/lib/python3.8/dist-packages/oslo_concurrency/lockutils.py:423}}
Sep 12 23:53:28.135346 dv-cinder-820027-26-smb devstack@n-api.service[126932]: DEBUG oslo_concurrency.lockutils [None req-a845fbca-0512-48b1-a1a1-e1ea1b5fa049 tempest-DeleteServersTestJSON-1077969612 tempest-DeleteServersTestJSON-1077969612-project] Acquiring lock "9dcb5d20-a76d-45fb-9355-cadc1a0bcb7d" by "nova.context.set_target_cell..get_or_set_cached_cell_and_set_connections" {{(pid=126932) inner /usr/local/lib/python3.8/dist-packages/oslo_concurrency/lockutils.py:404}}
Sep 12 23:53:28.138724 dv-cinder-820027-26-smb devstack@n-api.service[126932]: DEBUG oslo_concurrency.lockutils [None req-a845fbca-0512-48b1-a1a1-e1ea1b5fa049 tempest-DeleteServersTestJSON-1077969612 tempest-DeleteServersTestJSON-1077969612-project] Lock "9dcb5d20-a76d-45fb-9355-cadc1a0bcb7d" acquired by "nova.context.set_target_cell..get_or_set_cached_cell_and_set_connections" :: waited 0.005s {{(pid=126932) inner /usr/local/lib/python3.8/dist-packages/oslo_concurrency/lockutils.py:409}}
