Sep 12 23:54:29.479413 dv-cinder-820027-26-iscsi neutron-server[112753]: DEBUG neutron.plugins.ml2.drivers.mech_agent [None req-135690cc-c8bd-4f88-9be5-413d676c6b60 None None] Checking agent: {'id': 'ab490990-c74c-4a78-a3a6-c31b7ead70b0', 'agent_type': 'Open vSwitch agent', 'binary': 'neutron-openvswitch-agent', 'topic': 'N/A', 'host': 'dv-cinder-820027-26-iscsi', 'admin_state_up': True, 'created_at': datetime.datetime(2022, 9, 12, 23, 44, 44), 'started_at': datetime.datetime(2022, 9, 12, 23, 45, 14), 'heartbeat_timestamp': datetime.datetime(2022, 9, 12, 23, 54, 14), 'description': None, 'resources_synced': None, 'availability_zone': None, 'alive': True, 'configurations': {'arp_responder_enabled': False, 'baremetal_smartnic': False, 'bridge_mappings': {'physnet1': 'br-data'}, 'datapath_type': 'system', 'devices': 0, 'enable_distributed_routing': False, 'extensions': [], 'in_distributed_mode': False, 'integration_bridge': 'br-int', 'l2_population': False, 'log_agent_heartbeats': False, 'ovs_capabilities': {'datapath_types': ['netdev', 'system'], 'iface_types': ['erspan', 'geneve', 'gre', 'internal', 'ip6erspan', 'ip6gre', 'lisp', 'patch', 'stt', 'system', 'tap', 'vxlan']}, 'ovs_hybrid_plug': False, 'resource_provider_bandwidths': {}, 'resource_provider_hypervisors': {'br-data': 'dv-cinder-820027-26-iscsi'}, 'resource_provider_inventory_defaults': {'allocation_ratio': 1.0, 'min_unit': 1, 'step_size': 1, 'reserved': 0}, 'resource_provider_packet_processing_inventory_defaults': {'allocation_ratio': 1.0, 'min_unit': 1, 'step_size': 1, 'reserved': 0}, 'resource_provider_packet_processing_with_direction': {}, 'resource_provider_packet_processing_without_direction': {}, 'tunnel_types': [], 'tunneling_ip': None, 'vhostuser_socket_dir': '/var/run/openvswitch'}, 'resource_versions': {'AddressGroup': '1.2', 'Agent': '1.1', 'ConntrackHelper': '1.0', 'LocalIPAssociation': '1.0', 'Log': '1.0', 'NDPProxy': '1.0', 'Network': '1.1', 'Port': '1.7', 'PortForwarding': '1.3', 'QosPolicy': '1.10', 'SecurityGroup': '1.5', 'SecurityGroupRule': '1.2', 'SubPort': '1.0', 'Subnet': '1.1', 'Trunk': '1.1'}} {{(pid=112753) bind_port /opt/stack/neutron/neutron/plugins/ml2/drivers/mech_agent.py:127}}
Sep 12 23:54:29.479805 dv-cinder-820027-26-iscsi neutron-server[112753]: DEBUG neutron.plugins.ml2.drivers.mech_agent [None req-135690cc-c8bd-4f88-9be5-413d676c6b60 None None] Checking segment: {'id': 'f57904e4-b3ca-4119-8c6a-f20cc41965c7', 'network_type': 'vlan', 'physical_network': 'physnet1', 'segmentation_id': 170, 'network_id': '21bf63a0-2c64-49f9-bfe5-14fd7ac5e729'} for mappings: {'physnet1': 'br-data'} with network types: ['local', 'flat', 'vlan'] {{(pid=112753) check_segment_for_agent /opt/stack/neutron/neutron/plugins/ml2/drivers/mech_agent.py:399}}
Sep 12 23:54:29.480225 dv-cinder-820027-26-iscsi neutron-server[112753]: DEBUG neutron_lib.callbacks.manager [None req-135690cc-c8bd-4f88-9be5-413d676c6b60 None None] Publish callbacks [] for ovs_bridge_name (None), before_read {{(pid=112753) _notify_loop /usr/local/lib/python3.8/dist-packages/neutron_lib/callbacks/manager.py:176}}
Sep 12 23:54:29.480951 dv-cinder-820027-26-iscsi neutron-server[112753]: DEBUG neutron.plugins.ml2.drivers.mech_agent [None req-135690cc-c8bd-4f88-9be5-413d676c6b60 None None] Bound using segment: {'id': 'f57904e4-b3ca-4119-8c6a-f20cc41965c7', 'network_type': 'vlan', 'physical_network': 'physnet1', 'segmentation_id': 170, 'network_id': '21bf63a0-2c64-49f9-bfe5-14fd7ac5e729'} {{(pid=112753) bind_port /opt/stack/neutron/neutron/plugins/ml2/drivers/mech_agent.py:137}}
Sep 12 23:54:29.481541 dv-cinder-820027-26-iscsi neutron-server[112753]: DEBUG neutron.plugins.ml2.managers [None req-135690cc-c8bd-4f88-9be5-413d676c6b60 None None] Bound port: a83e9d70-4e56-4b59-87e4-b3f75276a603, host: dv-cinder-820027-26-iscsi, vif_type: ovs, vif_details: {"connectivity": "l2", "port_filter": true, "ovs_hybrid_plug": false, "datapath_type": "system", "bridge_name": "br-int"}, binding_levels: [{'bound_driver': 'openvswitch', 'bound_segment': {'id': 'f57904e4-b3ca-4119-8c6a-f20cc41965c7', 'network_type': 'vlan', 'physical_network': 'physnet1', 'segmentation_id': 170, 'network_id': '21bf63a0-2c64-49f9-bfe5-14fd7ac5e729'}}] {{(pid=112753) _bind_port_level /opt/stack/neutron/neutron/plugins/ml2/managers.py:947}}
Sep 12 23:54:29.482016 dv-cinder-820027-26-iscsi neutron-server[112753]: DEBUG neutron_lib.callbacks.manager [None req-135690cc-c8bd-4f88-9be5-413d676c6b60 None None] Publish callbacks ['neutron.plugins.ml2.plugin.SecurityGroupDbMixin._ensure_default_security_group_handler-1803443'] for port (a83e9d70-4e56-4b59-87e4-b3f75276a603), before_update {{(pid=112753) _notify_loop /usr/local/lib/python3.8/dist-packages/neutron_lib/callbacks/manager.py:176}}
Sep 12 23:54:29.490178 dv-cinder-820027-26-iscsi neutron-server[112751]: DEBUG neutron.db.db_base_plugin_common [None req-24c827dd-5b93-4c8c-a5fa-1aac878ff1f1 admin admin] Allocated IP 172.27.1.149 (2516e979-4620-44cb-a22c-f82227160da3/618b734e-5fac-4676-a5da-6697982d7b54/5143764e-619b-42ee-8926-9b45c50799b6) {{(pid=112751) _store_ip_allocation /opt/stack/neutron/neutron/db/db_base_plugin_common.py:131}}
Sep 12 23:54:29.503539 dv-cinder-820027-26-iscsi neutron-server[112751]: DEBUG neutron_lib.callbacks.manager [None req-7e492b33-0b89-493d-bbc3-0b5e3788051b admin admin] Publish callbacks ['neutron.plugins.ml2.ovo_rpc._ObjectChangeHandler.handle_event-601775', 'neutron.api.rpc.agentnotifiers.dhcp_rpc_agent_api.DhcpAgentNotifyAPI._native_event_send_dhcp_notification-545064'] for subnet (9be67a88-0a44-4304-838d-ad835fa1c2ae), after_create {{(pid=112751) _notify_loop /usr/local/lib/python3.8/dist-packages/neutron_lib/callbacks/manager.py:176}}
Sep 12 23:54:29.602778 dv-cinder-820027-26-iscsi neutron-server[112753]: DEBUG neutron.plugins.ml2.db [None req-135690cc-c8bd-4f88-9be5-413d676c6b60 None None] For port a83e9d70-4e56-4b59-87e4-b3f75276a603, host dv-cinder-820027-26-iscsi, cleared binding levels {{(pid=112753) clear_binding_levels /opt/stack/neutron/neutron/plugins/ml2/db.py:87}}
Sep 12 23:54:29.606752 dv-cinder-820027-26-iscsi neutron-server[112753]: DEBUG neutron.plugins.ml2.db [None req-135690cc-c8bd-4f88-9be5-413d676c6b60 None None] For port a83e9d70-4e56-4b59-87e4-b3f75276a603, host dv-cinder-820027-26-iscsi, set binding levels [PortBindingLevel(driver='openvswitch',host='dv-cinder-820027-26-iscsi',level=0,port_id=a83e9d70-4e56-4b59-87e4-b3f75276a603,segment=NetworkSegment(f57904e4-b3ca-4119-8c6a-f20cc41965c7),segment_id=f57904e4-b3ca-4119-8c6a-f20cc41965c7)] {{(pid=112753) set_binding_levels /opt/stack/neutron/neutron/plugins/ml2/db.py:59}}
Sep 12 23:54:29.626886 dv-cinder-820027-26-iscsi neutron-server[112753]: DEBUG neutron_lib.callbacks.manager [None req-135690cc-c8bd-4f88-9be5-413d676c6b60 None None] Publish callbacks ['neutron.plugins.ml2.plugin.SecurityGroupServerNotifierRpcMixin._notify_sg_on_port_change-1802868', 'neutron.plugins.ml2.ovo_rpc._ObjectChangeHandler.handle_event-904336', 'neutron.api.rpc.agentnotifiers.dhcp_rpc_agent_api.DhcpAgentNotifyAPI._native_event_send_dhcp_notification-545064', 'neutron.db.l3_db.L3RpcNotifierMixin._notify_gateway_port_ip_changed-8727824958091', 'neutron.db.l3_dvrscheduler_db._notify_l3_agent_port_update-8727824498378', 'neutron.db.l3_hascheduler_db._notify_l3_agent_ha_port_update-8727824498396'] for port (a83e9d70-4e56-4b59-87e4-b3f75276a603), after_update {{(pid=112753) _notify_loop /usr/local/lib/python3.8/dist-packages/neutron_lib/callbacks/manager.py:176}}
Sep 12 23:54:29.691885 dv-cinder-820027-26-iscsi neutron-server[112753]: DEBUG neutron.api.rpc.handlers.resources_rpc [None req-135690cc-c8bd-4f88-9be5-413d676c6b60 None None] Pushing event updated for resources: {'Port': ['ID=a83e9d70-4e56-4b59-87e4-b3f75276a603,revision_number=2']} {{(pid=112753) push /opt/stack/neutron/neutron/api/rpc/handlers/resources_rpc.py:237}}
Sep 12 23:54:29.700726 dv-cinder-820027-26-iscsi neutron-server[112751]: DEBUG neutron.api.rpc.handlers.resources_rpc [None req-7e492b33-0b89-493d-bbc3-0b5e3788051b admin admin] Pushing event updated for resources: {'Subnet': ['ID=9be67a88-0a44-4304-838d-ad835fa1c2ae,revision_number=0']} {{(pid=112751) push /opt/stack/neutron/neutron/api/rpc/handlers/resources_rpc.py:237}}
Sep 12 23:54:29.723753 dv-cinder-820027-26-iscsi neutron-server[112751]: DEBUG neutron.plugins.ml2.drivers.mech_agent [None req-7e492b33-0b89-493d-bbc3-0b5e3788051b admin admin] Checking segment: {'id': 'df275a0a-f2d7-499f-963c-00487497a147', 'network_type': 'vlan', 'physical_network': 'physnet1', 'segmentation_id': 175, 'network_id': 'a00795a0-7940-4d27-b9b4-ee7dc7fb6ce1'} for mappings: {'physnet1': 'br-data'} with network types: ['local', 'flat', 'vlan'] {{(pid=112751) check_segment_for_agent /opt/stack/neutron/neutron/plugins/ml2/drivers/mech_agent.py:399}}
Sep 12 23:54:29.724401 dv-cinder-820027-26-iscsi neutron-server[112751]: DEBUG neutron.scheduler.dhcp_agent_scheduler [None req-7e492b33-0b89-493d-bbc3-0b5e3788051b admin admin] Network hostable DHCP agents. Network: a00795a0-7940-4d27-b9b4-ee7dc7fb6ce1, hostable agents: ['51df3278-e3c6-458c-984d-d8e43e8a0841'], hosted agents: [] {{(pid=112751) _get_network_hostable_dhcp_agents /opt/stack/neutron/neutron/scheduler/dhcp_agent_scheduler.py:329}}
Sep 12 23:54:29.788771 dv-cinder-820027-26-iscsi neutron-server[112751]: DEBUG neutron.scheduler.dhcp_agent_scheduler [None req-7e492b33-0b89-493d-bbc3-0b5e3788051b admin admin] Network a00795a0-7940-4d27-b9b4-ee7dc7fb6ce1 is scheduled to be hosted by DHCP agent 51df3278-e3c6-458c-984d-d8e43e8a0841 with binding_index 1 {{(pid=112751) bind /opt/stack/neutron/neutron/scheduler/dhcp_agent_scheduler.py:227}}
Sep 12 23:54:29.813180 dv-cinder-820027-26-iscsi neutron-server[112751]: DEBUG neutron.scheduler.base_scheduler [None req-7e492b33-0b89-493d-bbc3-0b5e3788051b admin admin] Resources bound (agent type, host, resource id): (DHCP agent, dv-cinder-820027-26-iscsi, a00795a0-7940-4d27-b9b4-ee7dc7fb6ce1) {{(pid=112751) schedule /opt/stack/neutron/neutron/scheduler/base_scheduler.py:57}}
Sep 12 23:54:29.824048 dv-cinder-820027-26-iscsi neutron-server[112751]: DEBUG neutron.pecan_wsgi.hooks.policy_enforcement [None req-7e492b33-0b89-493d-bbc3-0b5e3788051b admin admin] Attributes excluded by policy engine: ['standard_attr_id', 'shared', 'network'] {{(pid=112751) _exclude_attributes_by_policy /opt/stack/neutron/neutron/pecan_wsgi/hooks/policy_enforcement.py:259}}
Sep 12 23:54:29.824671 dv-cinder-820027-26-iscsi neutron-server[112751]: DEBUG neutron_lib.callbacks.manager [None req-7e492b33-0b89-493d-bbc3-0b5e3788051b admin admin] Publish callbacks ['neutron.api.rpc.agentnotifiers.dhcp_rpc_agent_api.DhcpAgentNotifyAPI._send_dhcp_notification-545030'] for subnet (None), before_response {{(pid=112751) _notify_loop /usr/local/lib/python3.8/dist-packages/neutron_lib/callbacks/manager.py:176}}
Sep 12 23:54:29.828862 dv-cinder-820027-26-iscsi neutron-server[112753]: DEBUG neutron.api.rpc.handlers.dhcp_rpc [None req-9f2f25ce-8094-4df2-a0d3-f89082422aa2 None None] Network a00795a0-7940-4d27-b9b4-ee7dc7fb6ce1 requested from dv-cinder-820027-26-iscsi {{(pid=112753) get_network_info /opt/stack/neutron/neutron/api/rpc/handlers/dhcp_rpc.py:193}}
Sep 12 23:54:29.831503 dv-cinder-820027-26-iscsi neutron-server[112751]: DEBUG dbcounter [-] [112751] Writing DB stats neutron:SELECT=86,neutron:INSERT=10,neutron:UPDATE=4 {{(pid=112751) stat_writer /usr/local/lib/python3.8/dist-packages/dbcounter.py:114}}
Sep 12 23:54:29.838880 dv-cinder-820027-26-iscsi neutron-server[112751]: DEBUG neutron_lib.callbacks.manager [None req-24c827dd-5b93-4c8c-a5fa-1aac878ff1f1 admin admin] Publish callbacks [] for port (5143764e-619b-42ee-8926-9b45c50799b6), precommit_create {{(pid=112751) _notify_loop /usr/local/lib/python3.8/dist-packages/neutron_lib/callbacks/manager.py:176}}
Sep 12 23:54:29.859299 dv-cinder-820027-26-iscsi neutron-server[112751]: INFO neutron.wsgi [None req-7e492b33-0b89-493d-bbc3-0b5e3788051b admin admin] 10.222.0.26 "POST /networking/v2.0/subnets HTTP/1.1" status: 201 len: 846 time: 0.9977572
Sep 12 23:54:29.967160 dv-cinder-820027-26-iscsi neutron-server[112751]: DEBUG neutron_lib.callbacks.manager [None req-24c827dd-5b93-4c8c-a5fa-1aac878ff1f1 admin admin] Publish callbacks ['neutron.plugins.ml2.plugin.SecurityGroupServerNotifierRpcMixin._notify_sg_on_port_change-1802868', 'neutron.plugins.ml2.ovo_rpc._ObjectChangeHandler.handle_event-904336', 'neutron.api.rpc.agentnotifiers.dhcp_rpc_agent_api.DhcpAgentNotifyAPI._native_event_send_dhcp_notification-545064', 'neutron.db.l3_dvrscheduler_db._notify_l3_agent_new_port-8727824498360'] for port (5143764e-619b-42ee-8926-9b45c50799b6), after_create {{(pid=112751) _notify_loop /usr/local/lib/python3.8/dist-packages/neutron_lib/callbacks/manager.py:176}}
Sep 12 23:54:30.036277 dv-cinder-820027-26-iscsi neutron-server[112751]: DEBUG neutron.scheduler.dhcp_agent_scheduler [None req-24c827dd-5b93-4c8c-a5fa-1aac878ff1f1 admin admin] Network 2516e979-4620-44cb-a22c-f82227160da3 is already hosted by enough agents. {{(pid=112751) _get_dhcp_agents_hosting_network /opt/stack/neutron/neutron/scheduler/dhcp_agent_scheduler.py:275}}
Sep 12 23:54:30.050073 dv-cinder-820027-26-iscsi neutron-server[112751]: DEBUG neutron.scheduler.base_scheduler [None req-24c827dd-5b93-4c8c-a5fa-1aac878ff1f1 admin admin] Resources bound (agent type, host, resource id): {{(pid=112751) schedule /opt/stack/neutron/neutron/scheduler/base_scheduler.py:57}}
Sep 12 23:54:30.054924 dv-cinder-820027-26-iscsi neutron-server[112751]: DEBUG neutron.db.l3_dvrscheduler_db [None req-24c827dd-5b93-4c8c-a5fa-1aac878ff1f1 admin admin] Received port after_create {{(pid=112751) _notify_l3_agent_new_port /opt/stack/neutron/neutron/db/l3_dvrscheduler_db.py:538}}
Sep 12 23:54:30.116936 dv-cinder-820027-26-iscsi neutron-server[112753]: DEBUG neutron.api.rpc.handlers.dhcp_rpc [None req-c82dd57d-3c8d-4b01-b509-18c2ae35f329 None None] Network a00795a0-7940-4d27-b9b4-ee7dc7fb6ce1 requested from dv-cinder-820027-26-iscsi {{(pid=112753) get_network_info /opt/stack/neutron/neutron/api/rpc/handlers/dhcp_rpc.py:193}}
Sep 12 23:54:30.243826 dv-cinder-820027-26-iscsi neutron-server[112751]: DEBUG neutron.api.rpc.handlers.resources_rpc [None req-24c827dd-5b93-4c8c-a5fa-1aac878ff1f1 admin admin] Pushing event updated for resources: {'Port': ['ID=5143764e-619b-42ee-8926-9b45c50799b6,revision_number=1']} {{(pid=112751) push /opt/stack/neutron/neutron/api/rpc/handlers/resources_rpc.py:237}}
Sep 12 23:54:30.348150 dv-cinder-820027-26-iscsi neutron-server[112752]: DEBUG neutron.pecan_wsgi.hooks.policy_enforcement [req-d7b7606d-2139-48dc-836d-74c744e50f0a req-26525fac-1e54-43c8-b494-0f19cd3df292 tempest-ServerRescueNegativeTestJSON-2096714212 tempest-ServerRescueNegativeTestJSON-2096714212-project] Attributes excluded by policy engine: ['standard_attr_id', 'binding:profile', 'binding:host_id', 'binding:vif_type', 'binding:vif_details'] {{(pid=112752) _exclude_attributes_by_policy /opt/stack/neutron/neutron/pecan_wsgi/hooks/policy_enforcement.py:259}}
Sep 12 23:54:30.349884 dv-cinder-820027-26-iscsi neutron-server[112752]: INFO neutron.wsgi [req-d7b7606d-2139-48dc-836d-74c744e50f0a req-26525fac-1e54-43c8-b494-0f19cd3df292 tempest-ServerRescueNegativeTestJSON-2096714212 tempest-ServerRescueNegativeTestJSON-2096714212-project] 10.222.0.26 "GET /networking/v2.0/ports?device_id=f3ba81ef-4875-4ba4-94e0-c8275bfcf252 HTTP/1.1" status: 200 len: 945 time: 0.0880630
Sep 12 23:54:30.383398 dv-cinder-820027-26-iscsi neutron-server[112751]: DEBUG dbcounter [-] [112751] Writing DB stats neutron:SELECT=89,neutron:INSERT=6,neutron:UPDATE=3,neutron:DELETE=2 {{(pid=112751) stat_writer /usr/local/lib/python3.8/dist-packages/dbcounter.py:114}}
Sep 12 23:54:30.497475 dv-cinder-820027-26-iscsi neutron-server[112752]: INFO neutron.wsgi [req-d7b7606d-2139-48dc-836d-74c744e50f0a req-d9e41f84-5bf3-4373-a49d-ef104be965d6 tempest-ServerRescueNegativeTestJSON-2096714212 tempest-ServerRescueNegativeTestJSON-2096714212-project] 10.222.0.26 "GET /networking/v2.0/security-groups?id=7be9e6b5-988c-40f3-87b3-e65da8b2a51e&fields=id&fields=name HTTP/1.1" status: 200 len: 286 time: 0.1304641
Sep 12 23:54:30.623068 dv-cinder-820027-26-iscsi neutron-server[112751]: DEBUG neutron_lib.callbacks.manager [None req-24c827dd-5b93-4c8c-a5fa-1aac878ff1f1 admin admin] Publish callbacks [] for router_gateway (d76f1542-dba9-4e0a-894e-8fd6918444d1), after_create {{(pid=112751) _notify_loop /usr/local/lib/python3.8/dist-packages/neutron_lib/callbacks/manager.py:176}}
Sep 12 23:54:30.995158 dv-cinder-820027-26-iscsi neutron-server[112753]: DEBUG neutron.plugins.ml2.rpc [None req-11a1c52e-ff56-4597-ac71-69e422387514 None None] Device a83e9d70-4e56-4b59-87e4-b3f75276a603 up at agent ovs-agent-dv-cinder-820027-26-iscsi {{(pid=112753) update_device_up /opt/stack/neutron/neutron/plugins/ml2/rpc.py:296}}
Sep 12 23:54:31.017016 dv-cinder-820027-26-iscsi neutron-server[112751]: DEBUG neutron_lib.callbacks.manager [None req-24c827dd-5b93-4c8c-a5fa-1aac878ff1f1 admin admin] Publish callbacks ['neutron.services.l3_router.l3_router_plugin.L3_HA_NAT_db_mixin._after_router_create-435936', 'neutron.services.l3_router.l3_router_plugin.DVRResourceOperationHandler._create_snat_interfaces_after_change-431414'] for router (d76f1542-dba9-4e0a-894e-8fd6918444d1), after_create {{(pid=112751) _notify_loop /usr/local/lib/python3.8/dist-packages/neutron_lib/callbacks/manager.py:176}}
Sep 12 23:54:31.070650 dv-cinder-820027-26-iscsi neutron-server[112752]: DEBUG neutron.wsgi [-] (112752) accepted ('10.222.0.26', 36616) {{(pid=112752) server /usr/local/lib/python3.8/dist-packages/eventlet/wsgi.py:1004}}
Sep 12 23:54:31.077630 dv-cinder-820027-26-iscsi neutron-server[112752]: DEBUG neutron.api.v2.base [None req-7a02010f-0df7-4c64-9067-9892dd9ca62e admin admin] Request body: {'network': {'name': 'tempest-VolumesActionsTest-1111667605-network', 'tenant_id': '1a41068bd73247eeaf090fc1878a46a8'}} {{(pid=112752) prepare_request_body /opt/stack/neutron/neutron/api/v2/base.py:730}}
Sep 12 23:54:31.116552 dv-cinder-820027-26-iscsi neutron-server[112753]: DEBUG neutron.db.provisioning_blocks [None req-11a1c52e-ff56-4597-ac71-69e422387514 None None] Provisioning complete for port a83e9d70-4e56-4b59-87e4-b3f75276a603 triggered by entity L2. {{(pid=112753) provisioning_complete /opt/stack/neutron/neutron/db/provisioning_blocks.py:144}}
Sep 12 23:54:31.117688 dv-cinder-820027-26-iscsi neutron-server[112753]: DEBUG neutron_lib.callbacks.manager [None req-11a1c52e-ff56-4597-ac71-69e422387514 None None] Publish callbacks ['neutron.plugins.ml2.plugin.Ml2Plugin._port_provisioned-1727811'] for port (a83e9d70-4e56-4b59-87e4-b3f75276a603), provisioning_complete {{(pid=112753) _notify_loop /usr/local/lib/python3.8/dist-packages/neutron_lib/callbacks/manager.py:176}}
Sep 12 23:54:31.134964 dv-cinder-820027-26-iscsi neutron-server[112752]: DEBUG neutron.pecan_wsgi.hooks.quota_enforcement [None req-7a02010f-0df7-4c64-9067-9892dd9ca62e admin admin] Made reservation on behalf of 1a41068bd73247eeaf090fc1878a46a8 for: {'network': 1} {{(pid=112752) before /opt/stack/neutron/neutron/pecan_wsgi/hooks/quota_enforcement.py:53}}
Sep 12 23:54:31.137569 dv-cinder-820027-26-iscsi neutron-server[112752]: DEBUG neutron_lib.callbacks.ma