Sep 08 13:52:57.976216 dv-cinder-820027-24-iscsi devstack@c-api.service[119747]: DEBUG cinder.api.middleware.request_id [None req-3deed5c4-bde5-4e2d-9eb9-34af9a208f37 None None] RequestId filter calling following filter/app {{(pid=119747) _context_setter /opt/stack/cinder/cinder/api/middleware/request_id.py:62}}
Sep 08 13:52:57.989330 dv-cinder-820027-24-iscsi devstack@c-api.service[119747]: INFO cinder.api.openstack.wsgi [None req-3deed5c4-bde5-4e2d-9eb9-34af9a208f37 tempest-GroupsTest-385354069 tempest-GroupsTest-385354069-project-admin] DELETE http://10.222.0.55/volume/v3/d88a346a96a94eb89843dbcf7664ca00/group_types/c5760863-e455-4a63-85a5-4d928ca1d720
Sep 08 13:52:57.990390 dv-cinder-820027-24-iscsi devstack@c-api.service[119747]: DEBUG cinder.api.openstack.wsgi [None req-3deed5c4-bde5-4e2d-9eb9-34af9a208f37 tempest-GroupsTest-385354069 tempest-GroupsTest-385354069-project-admin] Empty body provided in request {{(pid=119747) get_body /opt/stack/cinder/cinder/api/openstack/wsgi.py:715}}
Sep 08 13:52:57.991056 dv-cinder-820027-24-iscsi devstack@c-api.service[119747]: DEBUG cinder.api.openstack.wsgi [None req-3deed5c4-bde5-4e2d-9eb9-34af9a208f37 tempest-GroupsTest-385354069 tempest-GroupsTest-385354069-project-admin] Calling method 'version_select' {{(pid=119747) _process_stack /opt/stack/cinder/cinder/api/openstack/wsgi.py:868}}
Sep 08 13:52:58.050700 dv-cinder-820027-24-iscsi devstack@c-api.service[119747]: INFO cinder.api.openstack.wsgi [None req-3deed5c4-bde5-4e2d-9eb9-34af9a208f37 tempest-GroupsTest-385354069 tempest-GroupsTest-385354069-project-admin] http://10.222.0.55/volume/v3/d88a346a96a94eb89843dbcf7664ca00/group_types/c5760863-e455-4a63-85a5-4d928ca1d720 returned with HTTP 202
Sep 08 13:52:58.051745 dv-cinder-820027-24-iscsi devstack@c-api.service[119747]: [pid: 119747|app: 0|req: 80/147] 10.222.0.55 () {60 vars in 1381 bytes} [Thu Sep 8 13:52:57 2022] DELETE /volume/v3/d88a346a96a94eb89843dbcf7664ca00/group_types/c5760863-e455-4a63-85a5-4d928ca1d720 => generated 0 bytes in 77 msecs (HTTP/1.1 202) 6 headers in 234 bytes (1 switches on core 0)
Sep 08 13:52:58.059270 dv-cinder-820027-24-iscsi devstack@c-api.service[119747]: DEBUG cinder.api.middleware.request_id [None req-4a22e7c9-a625-4f11-8d0d-9083e3ec8b77 None None] RequestId filter calling following filter/app {{(pid=119747) _context_setter /opt/stack/cinder/cinder/api/middleware/request_id.py:62}}
Sep 08 13:52:58.067792 dv-cinder-820027-24-iscsi devstack@c-api.service[119747]: INFO cinder.api.openstack.wsgi [None req-4a22e7c9-a625-4f11-8d0d-9083e3ec8b77 tempest-GroupsTest-385354069 tempest-GroupsTest-385354069-project-admin] POST http://10.222.0.55/volume/v3/d88a346a96a94eb89843dbcf7664ca00/types
Sep 08 13:52:58.070338 dv-cinder-820027-24-iscsi devstack@c-api.service[119747]: DEBUG cinder.api.openstack.wsgi [None req-4a22e7c9-a625-4f11-8d0d-9083e3ec8b77 tempest-GroupsTest-385354069 tempest-GroupsTest-385354069-project-admin] Action: 'create', calling method: _create, body: {"volume_type": {"name": "tempest-GroupsTest-volume-type-128420263"}} {{(pid=119747) _process_stack /opt/stack/cinder/cinder/api/openstack/wsgi.py:866}}
Sep 08 13:52:58.121975 dv-cinder-820027-24-iscsi devstack@c-api.service[119747]: DEBUG dbcounter [-] [119747] Writing DB stats cinder:SELECT=94,cinder:UPDATE=5,cinder:INSERT=1 {{(pid=119747) stat_writer /usr/local/lib/python3.8/dist-packages/dbcounter.py:114}}
Sep 08 13:52:58.151576 dv-cinder-820027-24-iscsi devstack@c-api.service[119747]: INFO cinder.api.openstack.wsgi [None req-4a22e7c9-a625-4f11-8d0d-9083e3ec8b77 tempest-GroupsTest-385354069 tempest-GroupsTest-385354069-project-admin] http://10.222.0.55/volume/v3/d88a346a96a94eb89843dbcf7664ca00/types returned with HTTP 200
Sep 08 13:52:58.163261 dv-cinder-820027-24-iscsi devstack@c-api.service[119747]: [pid: 119747|app: 0|req: 81/148] 10.222.0.55 () {60 vars in 1229 bytes} [Thu Sep 8 13:52:58 2022] POST /volume/v3/d88a346a96a94eb89843dbcf7664ca00/types => generated 215 bytes in 105 msecs (HTTP/1.1 200) 7 headers in 285 bytes (1 switches on core 0)
Sep 08 13:52:58.165086 dv-cinder-820027-24-iscsi devstack@c-api.service[119747]: DEBUG cinder.api.middleware.request_id [None req-f19ed99b-92e0-403c-98d2-535f7f62a54a None None] RequestId filter calling following filter/app {{(pid=119747) _context_setter /opt/stack/cinder/cinder/api/middleware/request_id.py:62}}
Sep 08 13:52:58.180773 dv-cinder-820027-24-iscsi devstack@c-api.service[119747]: INFO cinder.api.openstack.wsgi [None req-f19ed99b-92e0-403c-98d2-535f7f62a54a tempest-VolumeQuotasNegativeTestJSON-2072404025 tempest-VolumeQuotasNegativeTestJSON-2072404025-project] GET http://10.222.0.55/volume/v3/273c312832c945fa9ad844f195881598/volumes/c2136087-9532-42dc-9251-8bbf20307d89
Sep 08 13:52:58.181245 dv-cinder-820027-24-iscsi devstack@c-api.service[119747]: DEBUG cinder.api.openstack.wsgi [None req-f19ed99b-92e0-403c-98d2-535f7f62a54a tempest-VolumeQuotasNegativeTestJSON-2072404025 tempest-VolumeQuotasNegativeTestJSON-2072404025-project] Empty body provided in request {{(pid=119747) get_body /opt/stack/cinder/cinder/api/openstack/wsgi.py:715}}
Sep 08 13:52:58.181708 dv-cinder-820027-24-iscsi devstack@c-api.service[119747]: DEBUG cinder.api.openstack.wsgi [None req-f19ed99b-92e0-403c-98d2-535f7f62a54a tempest-VolumeQuotasNegativeTestJSON-2072404025 tempest-VolumeQuotasNegativeTestJSON-2072404025-project] Calling method 'show' {{(pid=119747) _process_stack /opt/stack/cinder/cinder/api/openstack/wsgi.py:868}}
Sep 08 13:52:58.274514 dv-cinder-820027-24-iscsi devstack@c-api.service[119747]: /usr/local/lib/python3.8/dist-packages/oslo_context/context.py:100: DeprecationWarning: Policy enforcement is depending on the value of is_admin. This key is deprecated. Please update your policy file to use the standard policy values.
Sep 08 13:52:58.274514 dv-cinder-820027-24-iscsi devstack@c-api.service[119747]: warnings.warn('Policy enforcement is depending on the value of '
Sep 08 13:52:58.295942 dv-cinder-820027-24-iscsi devstack@c-api.service[119747]: INFO cinder.volume.api [None req-f19ed99b-92e0-403c-98d2-535f7f62a54a tempest-VolumeQuotasNegativeTestJSON-2072404025 tempest-VolumeQuotasNegativeTestJSON-2072404025-project] Volume info retrieved successfully.
Sep 08 13:52:58.309953 dv-cinder-820027-24-iscsi devstack@c-api.service[119746]: INFO cinder.api.openstack.wsgi [None req-52562489-27c1-4ea0-9f7c-51802eebc5a6 tempest-VolumesServicesTestJSON-1148373243 tempest-VolumesServicesTestJSON-1148373243-project] POST http://10.222.0.55/volume/v3/8052ba73815e46a9ac70e7004674efd0/volumes
Sep 08 13:52:58.310767 dv-cinder-820027-24-iscsi devstack@c-api.service[119746]: DEBUG cinder.api.openstack.wsgi [None req-52562489-27c1-4ea0-9f7c-51802eebc5a6 tempest-VolumesServicesTestJSON-1148373243 tempest-VolumesServicesTestJSON-1148373243-project] Action: 'create', calling method: create, body: {"volume": {"size": 1, "name": "tempest-VolumesServicesTestJSON-Volume-398570546"}} {{(pid=119746) _process_stack /opt/stack/cinder/cinder/api/openstack/wsgi.py:866}}
Sep 08 13:52:58.313774 dv-cinder-820027-24-iscsi devstack@c-api.service[119746]: DEBUG cinder.api.v3.volumes [None req-52562489-27c1-4ea0-9f7c-51802eebc5a6 tempest-VolumesServicesTestJSON-1148373243 tempest-VolumesServicesTestJSON-1148373243-project] Create volume request body: {'volume': {'size': 1, 'name': 'tempest-VolumesServicesTestJSON-Volume-398570546'}} {{(pid=119746) create /opt/stack/cinder/cinder/api/v3/volumes.py:298}}
Sep 08 13:52:58.314174 dv-cinder-820027-24-iscsi devstack@c-api.service[119746]: INFO cinder.api.v3.volumes [None req-52562489-27c1-4ea0-9f7c-51802eebc5a6 tempest-VolumesServicesTestJSON-1148373243 tempest-VolumesServicesTestJSON-1148373243-project] Create volume of 1 GB
Sep 08 13:52:58.317430 dv-cinder-820027-24-iscsi devstack@c-api.service[119746]: DEBUG dbcounter [-] [119746] Writing DB stats cinder:SELECT=78,cinder:INSERT=10,cinder:UPDATE=12 {{(pid=119746) stat_writer /usr/local/lib/python3.8/dist-packages/dbcounter.py:114}}
Sep 08 13:52:58.331521 dv-cinder-820027-24-iscsi devstack@c-api.service[119747]: INFO cinder.api.openstack.wsgi [None req-f19ed99b-92e0-403c-98d2-535f7f62a54a tempest-VolumeQuotasNegativeTestJSON-2072404025 tempest-VolumeQuotasNegativeTestJSON-2072404025-project] http://10.222.0.55/volume/v3/273c312832c945fa9ad844f195881598/volumes/c2136087-9532-42dc-9251-8bbf20307d89 returned with HTTP 200
Sep 08 13:52:58.332511 dv-cinder-820027-24-iscsi devstack@c-api.service[119747]: [pid: 119747|app: 0|req: 82/149] 10.222.0.55 () {58 vars in 1325 bytes} [Thu Sep 8 13:52:58 2022] GET /volume/v3/273c312832c945fa9ad844f195881598/volumes/c2136087-9532-42dc-9251-8bbf20307d89 => generated 920 bytes in 169 msecs (HTTP/1.1 200) 7 headers in 285 bytes (1 switches on core 0)
Sep 08 13:52:58.333943 dv-cinder-820027-24-iscsi devstack@c-api.service[119747]: DEBUG cinder.api.middleware.request_id [None req-7cab92e4-0e67-4637-ad67-d8988ff8b8ea None None] RequestId filter calling following filter/app {{(pid=119747) _context_setter /opt/stack/cinder/cinder/api/middleware/request_id.py:62}}
Sep 08 13:52:58.342720 dv-cinder-820027-24-iscsi devstack@c-api.service[119747]: INFO cinder.api.openstack.wsgi [None req-7cab92e4-0e67-4637-ad67-d8988ff8b8ea tempest-GroupsTest-385354069 tempest-GroupsTest-385354069-project-admin] POST http://10.222.0.55/volume/v3/d88a346a96a94eb89843dbcf7664ca00/group_types
Sep 08 13:52:58.343652 dv-cinder-820027-24-iscsi devstack@c-api.service[119747]: DEBUG cinder.api.openstack.wsgi [None req-7cab92e4-0e67-4637-ad67-d8988ff8b8ea tempest-GroupsTest-385354069 tempest-GroupsTest-385354069-project-admin] Action: 'create', calling method: version_select, body: {"group_type": {"name": "tempest-GroupsTest-group-type-466163785"}} {{(pid=119747) _process_stack /opt/stack/cinder/cinder/api/openstack/wsgi.py:866}}
Sep 08 13:52:58.366270 dv-cinder-820027-24-iscsi devstack@c-api.service[119746]: INFO cinder.volume.api [None req-52562489-27c1-4ea0-9f7c-51802eebc5a6 tempest-VolumesServicesTestJSON-1148373243 tempest-VolumesServicesTestJSON-1148373243-project] Availability Zones retrieved successfully.
Sep 08 13:52:58.396548 dv-cinder-820027-24-iscsi devstack@c-api.service[119747]: INFO cinder.api.openstack.wsgi [None req-7cab92e4-0e67-4637-ad67-d8988ff8b8ea tempest-GroupsTest-385354069 tempest-GroupsTest-385354069-project-admin] http://10.222.0.55/volume/v3/d88a346a96a94eb89843dbcf7664ca00/group_types returned with HTTP 202
Sep 08 13:52:58.400986 dv-cinder-820027-24-iscsi devstack@c-api.service[119747]: [pid: 119747|app: 0|req: 83/150] 10.222.0.55 () {62 vars in 1288 bytes} [Thu Sep 8 13:52:58 2022] POST /volume/v3/d88a346a96a94eb89843dbcf7664ca00/group_types => generated 172 bytes in 68 msecs (HTTP/1.1 202) 7 headers in 292 bytes (1 switches on core 0)
Sep 08 13:52:58.409158 dv-cinder-820027-24-iscsi devstack@c-api.service[119747]: DEBUG cinder.api.middleware.request_id [None req-c64197d6-d83e-4a16-879b-a8a8d6e7b7a9 None None] RequestId filter calling following filter/app {{(pid=119747) _context_setter /opt/stack/cinder/cinder/api/middleware/request_id.py:62}}
Sep 08 13:52:58.431927 dv-cinder-820027-24-iscsi devstack@c-api.service[119747]: INFO cinder.api.openstack.wsgi [None req-c64197d6-d83e-4a16-879b-a8a8d6e7b7a9 tempest-VolumeQuotasNegativeTestJSON-253840076 tempest-VolumeQuotasNegativeTestJSON-253840076-project-admin] PUT http://10.222.0.55/volume/v3/a0860d4609c642cdae4948f2ea11b5be/os-quota-sets/273c312832c945fa9ad844f195881598
Sep 08 13:52:58.431927 dv-cinder-820027-24-iscsi devstack@c-api.service[119747]: DEBUG cinder.api.openstack.wsgi [None req-c64197d6-d83e-4a16-879b-a8a8d6e7b7a9 tempest-VolumeQuotasNegativeTestJSON-253840076 tempest-VolumeQuotasNegativeTestJSON-253840076-project-admin] Action: 'update', calling method: update, body: {"quota_set": {"gigabytes": 1, "volumes": -1}} {{(pid=119747) _process_stack /opt/stack/cinder/cinder/api/openstack/wsgi.py:866}}
Sep 08 13:52:58.435078 dv-cinder-820027-24-iscsi devstack@c-api.service[119746]: DEBUG cinder.volume.api [None req-52562489-27c1-4ea0-9f7c-51802eebc5a6 tempest-VolumesServicesTestJSON-1148373243 tempest-VolumesServicesTestJSON-1148373243-project] Flow 'volume_create_api' (39e9652c-b17c-44e0-a509-0935c39a1ce6) transitioned into state 'RUNNING' from state 'PENDING' {{(pid=119746) _flow_receiver /usr/local/lib/python3.8/dist-packages/taskflow/listeners/logging.py:141}}
Sep 08 13:52:58.451079 dv-cinder-820027-24-iscsi devstack@c-api.service[119746]: DEBUG cinder.volume.api [None req-52562489-27c1-4ea0-9f7c-51802eebc5a6 tempest-VolumesServicesTestJSON-1148373243 tempest-VolumesServicesTestJSON-1148373243-project] Task 'cinder.volume.flows.api.create_volume.ExtractVolumeRequestTask;volume:create' (b97bd26c-a1f3-4a92-a45c-3b233f3f3ca5) transitioned into state 'RUNNING' from state 'PENDING' {{(pid=119746) _task_receiver /usr/local/lib/python3.8/dist-packages/taskflow/listeners/logging.py:190}}
Sep 08 13:52:58.465677 dv-cinder-820027-24-iscsi devstack@c-api.service[119746]: DEBUG cinder.volume.flows.api.create_volume [None req-52562489-27c1-4ea0-9f7c-51802eebc5a6 tempest-VolumesServicesTestJSON-1148373243 tempest-VolumesServicesTestJSON-1148373243-project] Validating volume size '1' using validate_int {{(pid=119746) _extract_size /opt/stack/cinder/cinder/volume/flows/api/create_volume.py:228}}
Sep 08 13:52:58.630556 dv-cinder-820027-24-iscsi devstack@c-api.service[119747]: WARNING cinder.quota [None req-c64197d6-d83e-4a16-879b-a8a8d6e7b7a9 tempest-VolumeQuotasNegativeTestJSON-253840076 tempest-VolumeQuotasNegativeTestJSON-253840076-project-admin] Deprecated: Default quota for resource: volumes_tempest-GroupsTest-volume-type-128420263 is set by the default quota flag: quota_volumes_tempest-GroupsTest-volume-type-128420263, it is now deprecated. Please use the default quota class for default quota.
Sep 08 13:52:58.632865 dv-cinder-820027-24-iscsi devstack@c-api.service[119747]: WARNING cinder.quota [None req-c64197d6-d83e-4a16-879b-a8a8d6e7b7a9 tempest-VolumeQuotasNegativeTestJSON-253840076 tempest-VolumeQuotasNegativeTestJSON-253840076-project-admin] Deprecated: Default quota for resource: gigabytes_tempest-GroupsTest-volume-type-128420263 is set by the default quota flag: quota_gigabytes_tempest-GroupsTest-volume-type-128420263, it is now deprecated. Please use the default quota class for default quota.
Sep 08 13:52:58.637708 dv-cinder-820027-24-iscsi devstack@c-api.service[119747]: WARNING cinder.quota [None req-c64197d6-d83e-4a16-879b-a8a8d6e7b7a9 tempest-VolumeQuotasNegativeTestJSON-253840076 tempest-VolumeQuotasNegativeTestJSON-253840076-project-admin] Deprecated: Default quota for resource: snapshots_tempest-GroupsTest-volume-type-128420263 is set by the default quota flag: quota_snapshots_tempest-GroupsTest-volume-type-128420263, it is now deprecated. Please use the default quota class for default quota.
Sep 08 13:52:58.650445 dv-cinder-820027-24-iscsi devstack@c-api.service[119746]: DEBUG cinder.volume.api [None req-52562489-27c1-4ea0-9f7c-51802eebc5a6 tempest-VolumesServicesTestJSON-1148373243 tempest-VolumesServicesTestJSON-1148373243-project] Task 'cinder.volume.flows.api.create_volume.ExtractVolumeRequestTask;volume:create' (b97bd26c-a1f3-4a92-a45c-3b233f3f3ca5) transitioned into state 'SUCCESS' from state 'RUNNING' with result '{'size': 1, 'snapshot_id': None, 'source_volid': None, 'volume_type': VolumeType(created_at=2022-09-08T13:42:32Z,deleted=False,deleted_at=None,description='Default Volume Type',extra_specs={},id=a2b43613-1138-4769-9587-cd8bcf7dc1c3,is_public=True,name='__DEFAULT__',projects=[],qos_specs=,qos_specs_id=None,updated_at=2022-09-08T13:42:32Z), 'volume_type_id': 'a2b43613-1138-4769-9587-cd8bcf7dc1c3', 'encryption_key_id': None, 'qos_specs': None, 'consistencygroup_id': None, 'cgsnapshot_id': None, 'group_id': None, 'replication_status': 'disabled', 'refresh_az': False, 'backup_id': None, 'multiattach': False, 'availability_zones': ['nova']}' {{(pid=119746) _task_receiver /usr/local/lib/python3.8/dist-packages/taskflow/listeners/logging.py:178}}
Sep 08 13:52:58.665032 dv-cinder-820027-24-iscsi devstack@c-api.service[119746]: DEBUG cinder.volume.api [None req-52562489-27c1-4ea0-9f7c-51802eebc5a6 tempest-VolumesServicesTestJSON-1148373243 tempest-VolumesServicesTestJSON-1148373243-project] Task 'cinder.volume.flows.api.create_volume.QuotaReserveTask;volume:create' (7eda60d5-46ad-4ad3-b839-78276f05202b) transitioned into state 'RUNNING' from state 'PENDING' {{(pid=119746) _task_receiver /usr/local/lib/python3.8/dist-packages/taskflow/listeners/logging.py:190}}
Sep 08 13:52:58.673065 dv-cinder-820027-24-iscsi devstack@c-api.service[119747]: INFO cinder.api.openstack.wsgi [None req-c64197d6-d83e-4a16-879b-a8a8d6e7b7a9 tempest-VolumeQuotasNegativeTestJSON-253840076 tempest-VolumeQuotasNegativeTestJSON-253840076-project-admin] http://10.222.0.55/volume/v3/a0860d4609c642cdae4948f2ea11b5be/os-quota-sets/273c312832c945fa9ad844f195881598 returned with HTTP 200
Sep 08 13:52:58.674593 dv-cinder-820027-24-iscsi devstack@c-api.service[119747]: [pid: 119747|app: 0|req: 84/151] 10.222.0.55 () {60 vars in 1351 bytes} [Thu Sep 8 13:52:58 2022] PUT /volume/v3/a0860d4609c642cdae4948f2ea11b5be/os-quota-sets/273c312832c945fa9ad844f195881598 => generated 663 bytes in 273 msecs (HTTP/1.1 200) 7 headers in 285 bytes (1 switches on core 0)
Sep 08 13:52:58.676499 dv-cinder-820027-24-iscsi devstack@c-api.service[119747]: DEBUG cinder.api.middleware.request_id [None req-3ead16ea-e804-4baf-9c0b-9a49d7e1cd88 None None] RequestId filter calling following filter/app {{(pid=119747) _context_setter /opt/stack/cinder/cinder/api/middleware/request_id.py:62}}
Sep 08 13:52:58.681822 dv-cinder-820027-24-iscsi devstack@c-api.service[119747]: INFO cinder.api.openstack.wsgi [None req-3ead16ea-e804-4baf-9c0b-9a49d7e1cd88 tempest-GroupsTest-2013146529 tempest-GroupsTest-2013146529-project] POST http://10.222.0.55/volume/v3/4a0dc70d5a194b3a958ef5dfcab44533/groups
Sep 08 13:52:58.691252 dv-cinder-820027-24-iscsi devstack@c-api.service[119747]: DEBUG cinder.api.openstack.wsgi [None req-3ead16ea-e804-4baf-9c0b-9a49d7e1cd88 tempest-GroupsTest-2013146529 tempest-GroupsTest-2013146529-project] Action: 'create', calling method: version_select, body: {"group": {"group_type": "cf3e0f2a-1fc2-419d-b1a3-7fef93227130", "volume_types": ["5ef14834-6051-4300-98c5-3965379dec31"], "name": "tempest-GroupsTest-Group-1806286863"}} {{(pid=119747) _process_stack /opt/stack/cinder/cinder/api/openstack/wsgi.py:866}}
Sep 08 13:52:58.706065 dv-cinder-820027-24-iscsi devstack@c-api.service[119747]: DEBUG cinder.api.v3.groups [None req-3ead16ea-e804-4baf-9c0b-9a49d7e1cd88 tempest-GroupsTest-2013146529 tempest-GroupsTest-2013146529-project] Creating new group {'group': {'group_type': 'cf3e0f2a-1fc2-419d-b1a3-7fef93227130', 'volume_types': ['5ef14834-6051-4300-98c5-3965379dec31'], 'name': 'tempest-GroupsTest-Group-1806286863'}} {{(pid=119747) create /opt/stack/cinder/cinder/api/v3/groups.py:190}}
Sep 08 13:52:58.725179 dv-cinder-820027-24-iscsi devstack@c-api.service[119747]: INFO cinder.api.v3.groups [None req-3ead16ea-e804-4baf-9c0b-9a49d7e1cd88 tempest-GroupsTest-2013146529 tempest-GroupsTest-2013146529-project] Creating group tempest-GroupsTest-Group-1806286863.
Sep 08 13:52:58.782617 dv-cinder-820027-24-iscsi devstack@c-api.service[119747]: INFO cinder.volume.api [None req-3ead16ea-e804-4baf-9c0b-9a49d7e1cd88 tempest-GroupsTest-2013146529 tempest-GroupsTest-2013146529-project] Availability Zones retrieved successfully.
Sep 08 13:52:58.849304 dv-cinder-820027-24-iscsi devstack@c-api.service[119747]: DEBUG cinder.quota [None req-3ead16ea-e804-4baf-9c0b-9a49d7e1cd88 tempest-GroupsTest-2013146529 tempest-GroupsTest-2013146529-project] Created reservations ['bce41c76-185b-424e-836f-84ebd092c707'] {{(pid=119747) reserve /opt/stack/cinder/cinder/quota.py:755}}
Sep 08 13:52:58.924094 dv-cinder-820027-24-iscsi devstack@c-api.service[119746]: DEBUG cinder.quota [None req-52562489-27c1-4ea0-9f7c-51802eebc5a6 tempest-VolumesServicesTestJSON-1148373243 tempest-VolumesServicesTestJSON-1148373243-project] Created reservations ['469c85cb-35ee-449d-8e25-4e1953a77cea', '7cc226fc-8924-46ab-a562-700a757a93af', '9f253d7f-256a-4cff-b2d8-309c0fadfb65', '7ef849ed-922a-4225-bf18-39f3a60f68d6'] {{(pid=119746) reserve /opt/stack/cinder/cinder/quota.py:755}}
Sep 08 13:52:58.928122 dv-cinder-820027-24-iscsi devstack@c-api.service[119746]: DEBUG cinder.volume.api [None req-52562489-27c1-4ea0-9f7c-51802eebc5a6 tempest-VolumesServicesTestJSON-1148373243 tempest-VolumesServicesTestJSON-1148373243-project] Task 'cinder.volume.flows.api.create_volume.QuotaReserveTask;volume:create' (7eda60d5-46ad-4ad3-b839-78276f05202b) transitioned into state 'SUCCESS' from state 'RUNNING' with result '{'reservations': ['469c85cb-35ee-449d-8e25-4e1953a77cea', '7cc226fc-8924-46ab-a562-700a757a93af', '9f253d7f-256a-4cff-b2d8-309c0fadfb65', '7ef849ed-922a-4225-bf18-39f3a60f68d6']}' {{(pid=119746) _task_receiver /usr/local/lib/python3.8/dist-packages/taskflow/listeners/logging.py:178}}
Sep 08 13:52:58.933304 dv-cinder-820027-24-iscsi devstack@c-api.service[119746]: DEBUG cinder.volume.api [None req-52562489-27c1-4ea0-9f7c-51802eebc5a6 tempest-VolumesServicesTestJSON-1148373243 tempest-VolumesServicesTestJSON-1148373243-project] Task 'cinder.volume.flows.api.create_volume.EntryCreateTask;volume:create' (c95b0d7e-edf0-40b2-9b1a-5c961cd6f4b0) transitioned into state 'RUNNING' from state 'PENDING' {{(pid=119746) _task_receiver /usr/local/lib/python3.8/dist-packages/taskflow/listeners/logging.py:190}}
Sep 08 13:52:58.950445 dv-cinder-820027-24-iscsi devstack@c-api.service[119747]: INFO cinder.api.openstack.wsgi [None req-3ead16ea-e804-4baf-9c0b-9a49d7e1cd88 tempest-GroupsTest-2013146529 tempest-GroupsTest-2013146529-project] http://10.222.0.55/volume/v3/4a0dc70d5a194b3a958ef5dfcab44533/groups returned with HTTP 202
Sep 08 13:52:58.956949 dv-cinder-820027-24-iscsi devstack@c-api.service[119747]: [pid: 119747|app: 0|req: 85/152] 10.222.0.55 () {62 vars in 1274 bytes} [Thu Sep 8 13:52:58 2022] POST /volume/v3/4a0dc70d5a194b3a958ef5dfcab44533/groups => generated 104 bytes in 281 msecs (HTTP/1.1 202) 7 headers in 292 bytes (1 switches on core 0)
Sep 08 13:52:58.958585 dv-cinder-820027-24-iscsi devstack@c-api.service[119747]: DEBUG cinder.api.middleware.request_id [None req-c08d9b84-1a0a-4856-a546-1634c361f227 None None] RequestId filter calling following filter/app {{(pid=119747) _context_setter /opt/stack/cinder/cinder/api/middleware/request_id.py:62}}
Sep 08 13:52:58.965086 dv-cinder-820027-24-iscsi devstack@c-api.service[119747]: INFO cinder.api.openstack.wsgi [None req-c08d9b84-1a0a-4856-a546-1634c361f227 tempest-VolumeQuotasNegativeTestJSON-2072404025 tempest-VolumeQuotasNegativeTestJSON-2072404025-project] POST http://10.222.0.55/volume/v3/273c312832c945fa9ad844f195881598/volumes
Sep 08 13:52:58.965203 dv-cinder-820027-24-iscsi devstack@c-api.service[119747]: DEBUG cinder.api.openstack.wsgi [None req-c08d9b84-1a0a-4856-a546-1634c361f227 tempest-VolumeQuotasNegativeTestJSON-2072404025 tempest-VolumeQuotasNegativeTestJSON-2072404025-project] Action: 'create', calling method: create, body: {"volume": {"size": 2}} {{(pid=119747) _process_stack /opt/stack/cinder/cinder/api/openstack/wsgi.py:866}}
Sep 08 13:52:58.982040 dv-cinder-820027-24-iscsi devstack@c-api.service[119747]: DEBUG cinder.api.v3.volumes [None req-c08d9b84-1a0a-4856-a546-1634c361f227 tempest-VolumeQuotasNegativeTestJSON-2072404025 tempest-VolumeQuotasNegativeTestJSON-2072404025-project] Create volume request body: {'volume': {'size': 2}} {{(pid=119747) create /opt/stack/cinder/cinder/api/v3/volumes.py:298}}
Sep 08 13:52:58.982040 dv-cinder-820027-24-iscsi devstack@c-api.service[119747]: INFO cinder.api.v3.volumes [None req-c08d9b84-1a0a-4856-a546-1634c361f227 tempest-VolumeQuotasNegativeTestJSON-2072404025 tempest-VolumeQuotasNegativeTestJSON-2072404025-project] Create volume of 2 GB
Sep 08 13:52:58.982040 dv-cinder-820027-24-iscsi devstack@c-api.service[119747]: /usr/local/lib/python3.8/dist-packages/oslo_context/context.py:100: DeprecationWarning: Policy enforcement is depending on the value of is_admin. This key is deprecated. Please update your policy file to use the standard policy values.
Sep 08 13:52:58.982040 dv-cinder-820027-24-iscsi devstack@c-api.service[119747]: warnings.warn('Policy enforcement is depending on the value of '
Sep 08 13:52:58.999325 dv-cinder-820027-24-iscsi devstack@c-api.service[119746]: DEBUG cinder.volume.api [None req-52562489-27c1-4ea0-9f7c-51802eebc5a6 tempest-VolumesServicesTestJSON-1148373243 tempest-VolumesServicesTestJSON-1148373243-project] Task 'cinder.volume.flows.api.create_volume.EntryCreateTask;volume:create' (c95b0d7e-edf0-40b2-9b1a-5c961cd6f4b0) transitioned into state 'SUCCESS' from state 'RUNNING' with result '{'volume_id': '31bbdc5f-b783-4dc2-a383-764d2dc5daed', 'volume_properties': VolumeProperties(attach_status='detached',availability_zone='nova',cgsnapshot_id=None,consistencygroup_id=None,display_description=None,display_name='tempest-VolumesServicesTestJSON-Volume-398570546',encryption_key_id=None,group_id=None,group_type_id=,metadata={},multiattach=False,project_id='8052ba73815e46a9ac70e7004674efd0',qos_specs=None,replication_status=,reservations=['469c85cb-35ee-449d-8e25-4e1953a77cea','7cc226fc-8924-46ab-a562-700a757a93af','9f253d7f-256a-4cff-b2d8-309c0fadfb65','7ef849ed-922a-4225-bf18-39f3a60f68d6'],size=1,snapshot_id=None,source_replicaid=,source_volid=None,status='creating',user_id='b8935baf74ee40468cbc839ae6e8ed8e',volume_type_id=a2b43613-1138-4769-9587-cd8bcf7dc1c3), 'volume': Volume(_name_id=None,admin_metadata=,attach_status='detached',availability_zone='nova',bootable=False,cluster=,cluster_name=None,consistencygroup=,consistencygroup_id=None,created_at=2022-09-08T13:52:58Z,deleted=False,deleted_at=None,display_description=None,display_name='tempest-VolumesServicesTestJSON-Volume-398570546',ec2_id=None,encryption_key_id=None,glance_metadata=,group=,group_id=None,host=None,id=31bbdc5f-b783-4dc2-a383-764d2dc5daed,launched_at=None,metadata={},migration_status=None,multiattach=False,previous_status=None,project_id='8052ba73815e46a9ac70e7004674efd0',provider_auth=None,provider_geometry=None,provider_id=None,provider_location=None,replication_driver_data=None,replication_extended_status=None,replication_status=None,scheduled_at=None,service_uuid=None,shared_targets=True,size=1,snapshot_id=None,snapshots=,source_volid=None,status='creating',terminated_at=None,updated_at=None,use_quota=True,user_id='b8935baf74ee40468cbc839ae6e8ed8e',volume_attachment=VolumeAttachmentList,volume_type=VolumeType(a2b43613-1138-4769-9587-cd8bcf7dc1c3),volume_type_id=a2b43613-1138-4769-9587-cd8bcf7dc1c3)}' {{(pid=119746) _task_receiver /usr/local/lib/python3.8/dist-packages/taskflow/listeners/logging.py:178}}
Sep 08 13:52:59.003111 dv-cinder-820027-24-iscsi devstack@c-api.service[119746]: DEBUG cinder.volume.api [None req-52562489-27c1-4ea0-9f7c-51802eebc5a6 tempest-VolumesServicesTestJSON-1148373243 tempest-VolumesServicesTestJSON-1148373243-project] Task 'cinder.volume.flows.api.create_volume.QuotaCommitTask;volume:create' (f9cf38b0-6b94-436b-990e-cbfa9c05aee9) transitioned into state 'RUNNING' from state 'PENDING' {{(pid=119746) _task_receiver /usr/local/lib/python3.8/dist-packages/taskflow/listeners/logging.py:190}}
Sep 08 13:52:59.028398 dv-cinder-820027-24-iscsi devstack@c-api.service[119747]: INFO cinder.volume.api [None req-c08d9b84-1a0a-4856-a546-1634c361f227 tempest-VolumeQuotasNegativeTestJSON-2072404025 tempest-VolumeQuotasNegativeTestJSON-2072404025-project] Availability Zones retrieved successfully.
Sep 08 13:52:59.050652 dv-cinder-820027-24-iscsi devstack@c-api.service[119746]: DEBUG cinder.volume.api [None req-52562489-27c1-4ea0-9f7c-51802eebc5a6 tempest-VolumesServicesTestJSON-1148373243 tempest-VolumesServicesTestJSON-1148373243-project] Task 'cinder.volume.flows.api.create_volume.QuotaCommitTask;volume:create' (f9cf38b0-6b94-436b-990e-cbfa9c05aee9) transitioned into state 'SUCCESS' from state 'RUNNING' with result '{'volume_properties': VolumeProperties(attach_status='detached',availability_zone='nova',cgsnapshot_id=None,consistencygroup_id=None,display_description=None,display_name='tempest-VolumesServicesTestJSON-Volume-398570546',encryption_key_id=None,group_id=None,group_type_id=,metadata={},multiattach=False,project_id='8052ba73815e46a9ac70e7004674efd0',qos_specs=None,replication_status=,reservations=['469c85cb-35ee-449d-8e25-4e1953a77cea','7cc226fc-8924-46ab-a562-700a757a93af','9f253d7f-256a-4cff-b2d8-309c0fadfb65','7ef849ed-922a-4225-bf18-39f3a60f68d6'],size=1,snapshot_id=None,source_replicaid=,source_volid=None,status='creating',user_id='b8935baf74ee40468cbc839ae6e8ed8e',volume_type_id=a2b43613-1138-4769-9587-cd8bcf7dc1c3)}' {{(pid=119746) _task_receiver /usr/local/lib/python3.8/dist-packages/taskflow/listeners/logging.py:178}}
Sep 08 13:52:59.053449 dv-cinder-820027-24-iscsi devstack@c-api.service[119746]: DEBUG cinder.volume.api [None req-52562489-27c1-4ea0-9f7c-51802eebc5a6 tempest-VolumesServicesTestJSON-1148373243 tempest-VolumesServicesTestJSON-1148373243-project] Task 'cinder.volume.flows.api.create_volume.VolumeCastTask;volume:create' (bd74a8c2-0399-45f0-afab-854bb7122109) transitioned into state 'RUNNING' from state 'PENDING' {{(pid=119746) _task_receiver /usr/local/lib/python3.8/dist-packages/taskflow/listeners/logging.py:190}}
Sep 08 13:52:59.102051 dv-cinder-820027-24-iscsi devstack@c-api.service[119747]: DEBUG cinder.volume.api [None req-c08d9b84-1a0a-4856-a546-1634c361f227 tempest-VolumeQuotasNegativeTestJSON-2072404025 tempest-VolumeQuotasNegativeTestJSON-2072404025-project] Flow 'volume_create_api' (a0687d17-4086-409a-a88e-fafb0f0a35d8) transitioned into state 'RUNNING' from state 'PENDING' {{(pid=119747) _flow_receiver /usr/local/lib/python3.8/dist-packages/taskflow/listeners/logging.py:141}}
Sep 08 13:52:59.105617 dv-cinder-820027-24-iscsi devstack@c-api.service[119746]: DEBUG cinder.volume.api [None req-52562489-27c1-4ea0-9f7c-51802eebc5a6 tempest-VolumesServicesTestJSON-1148373243 tempest-VolumesServicesTestJSON-1148373243-project] Task 'cinder.volume.flows.api.create_volume.VolumeCastTask;volume:create' (bd74a8c2-0399-45f0-afab-854bb7122109) transitioned into state 'SUCCESS' from state 'RUNNING' with result 'None' {{(pid=119746) _task_receiver /usr/local/lib/python3.8/dist-packages/taskflow/listeners/logging.py:178}}
Sep 08 13:52:59.105776 dv-cinder-820027-24-iscsi devstack@c-api.service[119747]: DEBUG cinder.volume.api [None req-c08d9b84-1a0a-4856-a546-1634c361f227 tempest-VolumeQuotasNegativeTestJSON-2072404025 tempest-VolumeQuotasNegativeTestJSON-2072404025-project] Task 'cinder.volume.flows.api.create_volume.ExtractVolumeRequestTask;volume:create' (b05f519f-3600-48ac-884b-87fdb2335d2c) transitioned into state 'RUNNING' from state 'PENDING' {{(pid=119747) _task_receiver /usr/local/lib/python3.8/dist-packages/taskflow/listeners/logging.py:190}}
Sep 08 13:52:59.108079 dv-cinder-820027-24-iscsi devstack@c-api.service[119747]: DEBUG cinder.volume.flows.api.create_volume [None req-c08d9b84-1a0a-4856-a546-1634c361f227 tempest-VolumeQuotasNegativeTestJSON-2072404025 tempest-VolumeQuotasNegativeTestJSON-2072404025-project] Validating volume size '2' using validate_int {{(pid=119747) _extract_size /opt/stack/cinder/cinder/volume/flows/api/create_volume.py:228}}
Sep 08 13:52:59.129172 dv-cinder-820027-24-iscsi devstack@c-api.service[119746]: DEBUG cinder.volume.api [None req-52562489-27c1-4ea0-9f7c-51802eebc5a6 tempest-VolumesServicesTestJSON-1148373243 tempest-VolumesServicesTestJSON-1148373243-project] Flow 'volume_create_api' (39e9652c-b17c-44e0-a509-0935c39a1ce6) transitioned into state 'SUCCESS' from state 'RUNNING' {{(pid=119746) _flow_receiver /usr/local/lib/python3.8/dist-packages/taskflow/listeners/logging.py:141}}
Sep 08 13:52:59.130812 dv-cinder-820027-24-iscsi devstack@c-api.service[119746]: INFO cinder.volume.api [None req-52562489-27c1-4ea0-9f7c-51802eebc5a6 tempest-VolumesServicesTestJSON-1148373243 tempest-VolumesServicesTestJSON-1148373243-project] Create volume request issued successfully.
Sep 08 13:52:59.135331 dv-cinder-820027-24-iscsi devstack@c-api.service[119746]: INFO cinder.api.openstack.wsgi [None req-52562489-27c1-4ea0-9f7c-51802eebc5a6 tempest-VolumesServicesTestJSON-1148373243 tempest-VolumesServicesTestJSON-1148373243-project] http://10.222.0.55/volume/v3/8052ba73815e46a9ac70e7004674efd0/volumes returned with HTTP 202
Sep 08 13:52:59.143465 dv-cinder-820027-24-iscsi devstack@c-api.service[119746]: [pid: 119746|app: 0|req: 68/153] 10.222.0.55 () {60 vars in 1235 bytes} [Thu Sep 8 13:52:57 2022] POST /volume/v3/8052ba73815e46a9ac70e7004674efd0/volumes => generated 822 bytes in 1786 msecs (HTTP/1.1 202) 7 headers in 291 bytes (2 switches on core 0)
Sep 08 13:52:59.149528 dv-cinder-820027-24-iscsi devstack@c-api.service[119746]: DEBUG cinder.api.middleware.request_id [None req-f7bf54bc-f154-4ff3-96cf-88d3186d1b1d None None] RequestId filter calling following filter/app {{(pid=119746) _context_setter /opt/stack/cinder/cinder/api/middleware/request_id.py:62}}
Sep 08 13:52:59.168966 dv-cinder-820027-24-iscsi devstack@c-api.service[119746]: INFO cinder.api.openstack.wsgi [None req-f7bf54bc-f154-4ff3-96cf-88d3186d1b1d tempest-GroupsTest-2013146529 tempest-GroupsTest-2013146529-project] GET http://10.222.0.55/volume/v3/4a0dc70d5a194b3a958ef5dfcab44533/groups/14e165b6-fec1-43d8-9918-1bb7136cb731
Sep 08 13:52:59.169415 dv-cinder-820027-24-iscsi devstack@c-api.service[119746]: DEBUG cinder.api.openstack.wsgi [None req-f7bf54bc-f154-4ff3-96cf-88d3186d1b1d tempest-GroupsTest-2013146529 tempest-GroupsTest-2013146529-project] Empty body provided in request {{(pid=119746) get_body /opt/stack/cinder/cinder/api/openstack/wsgi.py:715}}
Sep 08 13:52:59.169911 dv-cinder-820027-24-iscsi devstack@c-api.service[119746]: DEBUG cinder.api.openstack.wsgi [None req-f7bf54bc-f154-4ff3-96cf-88d3186d1b1d tempest-GroupsTest-2013146529 tempest-GroupsTest-2013146529-project] Calling method 'version_select' {{(pid=119746) _process_stack /opt/stack/cinder/cinder/api/openstack/wsgi.py:868}}
Sep 08 13:52:59.170267 dv-cinder-820027-24-iscsi devstack@c-api.service[119746]: DEBUG cinder.api.v3.groups [None req-f7bf54bc-f154-4ff3-96cf-88d3186d1b1d tempest-GroupsTest-2013146529 tempest-GroupsTest-2013146529-project] show called for member 14e165b6-fec1-43d8-9918-1bb7136cb731 {{(pid=119746) show /opt/stack/cinder/cinder/api/v3/groups.py:58}}
Sep 08 13:52:59.203493 dv-cinder-820027-24-iscsi devstack@c-api.service[119746]: /usr/local/lib/python3.8/dist-packages/oslo_context/context.py:100: DeprecationWarning: Policy enforcement is depending on the value of is_admin. This key is deprecated. Please update your policy file to use the standard policy values.
Sep 08 13:52:59.203493 dv-cinder-820027-24-iscsi devstack@c-api.service[119746]: warnings.warn('Policy enforcement is depending on the value of '
Sep 08 13:52:59.234616 dv-cinder-820027-24-iscsi devstack@c-api.service[119747]: DEBUG cinder.volume.api [None req-c08d9b84-1a0a-4856-a546-1634c361f227 tempest-VolumeQuotasNegativeTestJSON-2072404025 tempest-VolumeQuotasNegativeTestJSON-2072404025-project] Task 'cinder.volume.flows.api.create_volume.ExtractVolumeRequestTask;volume:create' (b05f519f-3600-48ac-884b-87fdb2335d2c) transitioned into state 'SUCCESS' from state 'RUNNING' with result '{'size': 2, 'snapshot_id': None, 'source_volid': None, 'volume_type': VolumeType(created_at=2022-09-08T13:42:32Z,deleted=False,deleted_at=None,description='Default Volume Type',extra_specs={},id=a2b43613-1138-4769-9587-cd8bcf7dc1c3,is_public=True,name='__DEFAULT__',projects=[],qos_specs=,qos_specs_id=None,updated_at=2022-09-08T13:42:32Z), 'volume_type_id': 'a2b43613-1138-4769-9587-cd8bcf7dc1c3', 'encryption_key_id': None, 'qos_specs': None, 'consistencygroup_id': None, 'cgsnapshot_id': None, 'group_id': None, 'replication_status': 'disabled', 'refresh_az': False, 'backup_id': None, 'multiattach': False, 'availability_zones': ['nova']}' {{(pid=119747) _task_receiver /usr/local/lib/python3.8/dist-packages/taskflow/listeners/logging.py:178}}
Sep 08 13:52:59.247772 dv-cinder-820027-24-iscsi devstack@c-api.service[119746]: INFO cinder.api.openstack.wsgi [None req-f7bf54bc-f154-4ff3-96cf-88d3186d1b1d tempest-GroupsTest-2013146529 tempest-GroupsTest-2013146529-project] http://10.222.0.55/volume/v3/4a0dc70d5a194b3a958ef5dfcab44533/groups/14e165b6-fec1-43d8-9918-1bb7136cb731 returned with HTTP 200
Sep 08 13:52:59.258847 dv-cinder-820027-24-iscsi devstack@c-api.service[119746]: [pid: 119746|app: 0|req: 69/154] 10.222.0.55 () {60 vars in 1363 bytes} [Thu Sep 8 13:52:59 2022] GET /volume/v3/4a0dc70d5a194b3a958ef5dfcab44533/groups/14e165b6-fec1-43d8-9918-1bb7136cb731 => generated 333 bytes in 115 msecs (HTTP/1.1 200) 7 headers in 286 bytes (1 switches on core 0)
Sep 08 13:52:59.274639 dv-cinder-820027-24-iscsi devstack@c-api.service[119746]: DEBUG cinder.api.middleware.request_id [None req-e7276e8a-0412-458e-b39a-863b55fd4549 None None] RequestId filter calling following filter/app {{(pid=119746) _context_setter /opt/stack/cinder/cinder/api/middleware/request_id.py:62}}
Sep 08 13:52:59.280874 dv-cinder-820027-24-iscsi devstack@c-api.service[119747]: DEBUG cinder.volume.api [None req-c08d9b84-1a0a-4856-a546-1634c361f227 tempest-VolumeQuotasNegativeTestJSON-2072404025 tempest-VolumeQuotasNegativeTestJSON-2072404025-project] Task 'cinder.volume.flows.api.create_volume.QuotaReserveTask;volume:create' (d1d13da7-fed9-4b79-971c-402fe4e18c71) transitioned into state 'RUNNING' from state 'PENDING' {{(pid=119747) _task_receiver /usr/local/lib/python3.8/dist-packages/taskflow/listeners/logging.py:190}}
Sep 08 13:52:59.284956 dv-cinder-820027-24-iscsi devstack@c-api.service[119746]: INFO cinder.api.openstack.wsgi [None req-e7276e8a-0412-458e-b39a-863b55fd4549 tempest-VolumesServicesTestJSON-1148373243 tempest-VolumesServicesTestJSON-1148373243-project] GET http://10.222.0.55/volume/v3/8052ba73815e46a9ac70e7004674efd0/volumes/31bbdc5f-b783-4dc2-a383-764d2dc5daed
Sep 08 13:52:59.300700 dv-cinder-820027-24-iscsi devstack@c-api.service[119746]: DEBUG cinder.api.openstack.wsgi [None req-e7276e8a-0412-458e-b39a-863b55fd4549 tempest-VolumesServicesTestJSON-1148373243 tempest-VolumesServicesTestJSON-1148373243-project] Empty body provided in request {{(pid=119746) get_body /opt/stack/cinder/cinder/api/openstack/wsgi.py:715}}
Sep 08 13:52:59.303196 dv-cinder-820027-24-iscsi devstack@c-api.service[119746]: DEBUG cinder.api.openstack.wsgi [None req-e7276e8a-0412-458e-b39a-863b55fd4549 tempest-VolumesServicesTestJSON-1148373243 tempest-VolumesServicesTestJSON-1148373243-project] Calling method 'show' {{(pid=119746) _process_stack /opt/stack/cinder/cinder/api/openstack/wsgi.py:868}}
Sep 08 13:52:59.386220 dv-cinder-820027-24-iscsi devstack@c-api.service[119746]: /usr/local/lib/python3.8/dist-packages/oslo_context/context.py:100: DeprecationWarning: Policy enforcement is depending on the value of is_admin. This key is deprecated. Please update your policy file to use the standard policy values.
Sep 08 13:52:59.386220 dv-cinder-820027-24-iscsi devstack@c-api.service[119746]: warnings.warn('Policy enforcement is depending on the value of '
Sep 08 13:52:59.429373 dv-cinder-820027-24-iscsi devstack@c-api.service[119746]: INFO cinder.volume.api [None req-e7276e8a-0412-458e-b39a-863b55fd4549 tempest-VolumesServicesTestJSON-1148373243 tempest-VolumesServicesTestJSON-1148373243-project] Volume info retrieved successfully.
Sep 08 13:52:59.472124 dv-cinder-820027-24-iscsi devstack@c-api.service[119747]: DEBUG dbcounter [-] [119747] Writing DB stats cinder:SELECT=91,cinder:INSERT=6,cinder:UPDATE=3 {{(pid=119747) stat_writer /usr/local/lib/python3.8/dist-packages/dbcounter.py:114}}
Sep 08 13:52:59.497033 dv-cinder-820027-24-iscsi devstack@c-api.service[119746]: INFO cinder.api.openstack.wsgi [None req-e7276e8a-0412-458e-b39a-863b55fd4549 tempest-VolumesServicesTestJSON-1148373243 tempest-VolumesServicesTestJSON-1148373243-project] http://10.222.0.55/volume/v3/8052ba73815e46a9ac70e7004674efd0/volumes/31bbdc5f-b783-4dc2-a383-764d2dc5daed returned with HTTP 200
Sep 08 13:52:59.497839 dv-cinder-820027-24-iscsi devstack@c-api.service[119746]: [pid: 119746|app: 0|req: 70/155] 10.222.0.55 () {58 vars in 1325 bytes} [Thu Sep 8 13:52:59 2022] GET /volume/v3/8052ba73815e46a9ac70e7004674efd0/volumes/31bbdc5f-b783-4dc2-a383-764d2dc5daed => generated 890 bytes in 235 msecs (HTTP/1.1 200) 7 headers in 285 bytes (1 switches on core 0)
Sep 08 13:52:59.524938 dv-cinder-820027-24-iscsi devstack@c-api.service[119746]: DEBUG cinder.api.middleware.request_id [None req-2598289b-dca0-4577-9b8f-2291453847b4 None None] RequestId filter calling following filter/app {{(pid=119746) _context_setter /opt/stack/cinder/cinder/api/middleware/request_id.py:62}}
Sep 08 13:52:59.534825 dv-cinder-820027-24-iscsi devstack@c-api.service[119746]: INFO cinder.api.openstack.wsgi [None req-2598289b-dca0-4577-9b8f-2291453847b4 tempest-GroupsTest-2013146529 tempest-GroupsTest-2013146529-project] POST http://10.222.0.55/volume/v3/4a0dc70d5a194b3a958ef5dfcab44533/volumes
Sep 08 13:52:59.549018 dv-cinder-820027-24-iscsi devstack@c-api.service[119746]: DEBUG cinder.api.openstack.wsgi [None req-2598289b-dca0-4577-9b8f-2291453847b4 tempest-GroupsTest-2013146529 tempest-GroupsTest-2013146529-project] Action: 'create', calling method: create, body: {"volume": {"volume_type": "5ef14834-6051-4300-98c5-3965379dec31", "group_id": "14e165b6-fec1-43d8-9918-1bb7136cb731", "size": 1, "name": "tempest-GroupsTest-Volume-1151748989"}} {{(pid=119746) _process_stack /opt/stack/cinder/cinder/api/openstack/wsgi.py:866}}
Sep 08 13:52:59.559168 dv-cinder-820027-24-iscsi devstack@c-api.service[119747]: WARNING cinder.quota_utils [None req-c08d9b84-1a0a-4856-a546-1634c361f227 tempest-VolumeQuotasNegativeTestJSON-2072404025 tempest-VolumeQuotasNegativeTestJSON-2072404025-project] Quota exceeded for 273c312832c945fa9ad844f195881598, tried to create 2G volume (1G of 1G already consumed).: cinder.exception.OverQuota: Quota exceeded for resources: ['gigabytes']
Sep 08 13:52:59.560377 dv-cinder-820027-24-iscsi devstack@c-api.service[119746]: DEBUG cinder.api.v3.volumes [None req-2598289b-dca0-4577-9b8f-2291453847b4 tempest-GroupsTest-2013146529 tempest-GroupsTest-2013146529-project] Create volume request body: {'volume': {'volume_type': '5ef14834-6051-4300-98c5-3965379dec31', 'group_id': '14e165b6-fec1-43d8-9918-1bb7136cb731', 'size': 1, 'name': 'tempest-GroupsTest-Volume-1151748989'}} {{(pid=119746) create /opt/stack/cinder/cinder/api/v3/volumes.py:298}}
Sep 08 13:52:59.596318 dv-cinder-820027-24-iscsi devstack@c-api.service[119747]: WARNING cinder.volume.api [None req-c08d9b84-1a0a-4856-a546-1634c361f227 tempest-VolumeQuotasNegativeTestJSON-2072404025 tempest-VolumeQuotasNegativeTestJSON-2072404025-project] Task 'cinder.volume.flows.api.create_volume.QuotaReserveTask;volume:create' (d1d13da7-fed9-4b79-971c-402fe4e18c71) transitioned into state 'FAILURE' from state 'RUNNING'
Sep 08 13:52:59.596318 dv-cinder-820027-24-iscsi devstack@c-api.service[119747]: Failure: cinder.exception.VolumeSizeExceedsAvailableQuota: Requested volume or snapshot exceeds allowed gigabytes quota. Requested 2G, quota is 1G and 1G has been consumed.
Sep 08 13:52:59.597884 dv-cinder-820027-24-iscsi devstack@c-api.service[119746]: /usr/local/lib/python3.8/dist-packages/oslo_context/context.py:100: DeprecationWarning: Policy enforcement is depending on the value of is_admin. This key is deprecated. Please update your policy file to use the standard policy values.
Sep 08 13:52:59.597884 dv-cinder-820027-24-iscsi devstack@c-api.service[119746]: warnings.warn('Policy enforcement is depending on the value of '
Sep 08 13:52:59.599169 dv-cinder-820027-24-iscsi devstack@c-api.service[119746]: INFO cinder.api.v3.volumes [None req-2598289b-dca0-4577-9b8f-2291453847b4 tempest-GroupsTest-2013146529 tempest-GroupsTest-2013146529-project] Create volume of 1 GB
Sep 08 13:52:59.610116 dv-cinder-820027-24-iscsi devstack@c-api.service[119747]: DEBUG cinder.volume.api [None req-c08d9b84-1a0a-4856-a546-1634c361f227 tempest-VolumeQuotasNegativeTestJSON-2072404025 tempest-VolumeQuotasNegativeTestJSON-2072404025-project] Task 'cinder.volume.flows.api.create_volume.QuotaReserveTask;volume:create' (d1d13da7-fed9-4b79-971c-402fe4e18c71) transitioned into state 'REVERTING' from state 'FAILURE' {{(pid=119747) _task_receiver /usr/local/lib/python3.8/dist-packages/taskflow/listeners/logging.py:190}}
Sep 08 13:52:59.620268 dv-cinder-820027-24-iscsi devstack@c-api.service[119747]: WARNING cinder.volume.api [None req-c08d9b84-1a0a-4856-a546-1634c361f227 tempest-VolumeQuotasNegativeTestJSON-2072404025 tempest-VolumeQuotasNegativeTestJSON-2072404025-project] Task 'cinder.volume.flows.api.create_volume.QuotaReserveTask;volume:create' (d1d13da7-fed9-4b79-971c-402fe4e18c71) transitioned into state 'REVERTED' from state 'REVERTING' with result 'None'
Sep 08 13:52:59.628538 dv-cinder-820027-24-iscsi devstack@c-api.service[119747]: DEBUG cinder.volume.api [None req-c08d9b84-1a0a-4856-a546-1634c361f227 tempest-VolumeQuotasNegativeTestJSON-2072404025 tempest-VolumeQuotasNegativeTestJSON-2072404025-project] Task 'cinder.volume.flows.api.create_volume.ExtractVolumeRequestTask;volume:create' (b05f519f-3600-48ac-884b-87fdb2335d2c) transitioned into state 'REVERTING' from state 'SUCCESS' {{(pid=119747) _task_receiver /usr/local/lib/python3.8/dist-packages/taskflow/listeners/logging.py:190}}
Sep 08 13:52:59.636706 dv-cinder-820027-24-iscsi devstack@c-api.service[119747]: WARNING cinder.volume.api [None req-c08d9b84-1a0a-4856-a546-1634c361f227 tempest-VolumeQuotasNegativeTestJSON-2072404025 tempest-VolumeQuotasNegativeTestJSON-2072404025-project] Task 'cinder.volume.flows.api.create_volume.ExtractVolumeRequestTask;volume:create' (b05f519f-3600-48ac-884b-87fdb2335d2c) transitioned into state 'REVERTED' from state 'REVERTING' with result 'None'
Sep 08 13:52:59.650441 dv-cinder-820027-24-iscsi devstack@c-api.service[119746]: INFO cinder.volume.api [None req-2598289b-dca0-4577-9b8f-2291453847b4 tempest-GroupsTest-2013146529 tempest-GroupsTest-2013146529-project] Availability Zones retrieved successfully.
Sep 08 13:52:59.650919 dv-cinder-820027-24-iscsi devstack@c-api.service[119747]: WARNING cinder.volume.api [None req-c08d9b84-1a0a-4856-a546-1634c361f227 tempest-VolumeQuotasNegativeTestJSON-2072404025 tempest-VolumeQuotasNegativeTestJSON-2072404025-project] Flow 'volume_create_api' (a0687d17-4086-409a-a88e-fafb0f0a35d8) transitioned into state 'REVERTED' from state 'RUNNING'
Sep 08 13:52:59.652513 dv-cinder-820027-24-iscsi devstack@c-api.service[119747]: INFO cinder.api.middleware.fault [None req-c08d9b84-1a0a-4856-a546-1634c361f227 tempest-VolumeQuotasNegativeTestJSON-2072404025 tempest-VolumeQuotasNegativeTestJSON-2072404025-project] http://10.222.0.55/volume/v3/273c312832c945fa9ad844f195881598/volumes returned with HTTP 413
Sep 08 13:52:59.662978 dv-cinder-820027-24-iscsi devstack@c-api.service[119747]: [pid: 119747|app: 0|req: 86/156] 10.222.0.55 () {60 vars in 1235 bytes} [Thu Sep 8 13:52:58 2022] POST /volume/v3/273c312832c945fa9ad844f195881598/volumes => generated 208 bytes in 698 msecs (HTTP/1.1 413) 8 headers in 323 bytes (1 switches on core 0)
Sep 08 13:52:59.664938 dv-cinder-820027-24-iscsi devstack@c-api.service[119747]: DEBUG cinder.api.middleware.request_id [None req-b5e24871-97eb-4571-acb4-d13b890591bd None None] RequestId filter calling following filter/app {{(pid=119747) _context_setter /opt/stack/cinder/cinder/api/middleware/request_id.py:62}}
Sep 08 13:52:59.672731 dv-cinder-820027-24-iscsi devstack@c-api.service[119746]: DEBUG cinder.volume.api [None req-2598289b-dca0-4577-9b8f-2291453847b4 tempest-GroupsTest-2013146529 tempest-GroupsTest-2013146529-project] Flow 'volume_create_api' (d5514e80-55b5-47dc-bbf7-d4b9cac7376c) transitioned into state 'RUNNING' from state 'PENDING' {{(pid=119746) _flow_receiver /usr/local/lib/python3.8/dist-packages/taskflow/listeners/logging.py:141}}
Sep 08 13:52:59.677409 dv-cinder-820027-24-iscsi devstack@c-api.service[119747]: INFO cinder.api.openstack.wsgi [None req-b5e24871-97eb-4571-acb4-d13b890591bd tempest-VolumeQuotasNegativeTestJSON-253840076 tempest-VolumeQuotasNegativeTestJSON-253840076-project-admin] PUT http://10.222.0.55/volume/v3/a0860d4609c642cdae4948f2ea11b5be/os-quota-sets/273c312832c945fa9ad844f195881598
Sep 08 13:52:59.689079 dv-cinder-820027-24-iscsi devstack@c-api.service[119747]: DEBUG cinder.api.openstack.wsgi [None req-b5e24871-97eb-4571-acb4-d13b890591bd tempest-VolumeQuotasNegativeTestJSON-253840076 tempest-VolumeQuotasNegativeTestJSON-253840076-project-admin] Action: 'update', calling method: update, body: {"quota_set": {"volumes": 1, "gigabytes": -1}} {{(pid=119747) _process_stack /opt/stack/cinder/cinder/api/openstack/wsgi.py:866}}
Sep 08 13:52:59.695642 dv-cinder-820027-24-iscsi devstack@c-api.service[119746]: DEBUG cinder.volume.api [None req-2598289b-dca0-4577-9b8f-2291453847b4 tempest-GroupsTest-2013146529 tempest-GroupsTest-2013146529-project] Task 'cinder.volume.flows.api.create_volume.ExtractVolumeRequestTask;volume:create' (28ce1d0d-8265-4f04-9554-230e98e29840) transitioned into state 'RUNNING' from state 'PENDING' {{(pid=119746) _task_receiver /usr/local/lib/python3.8/dist-packages/taskflow/listeners/logging.py:190}}
Sep 08 13:52:59.700465 dv-cinder-820027-24-iscsi devstack@c-api.service[119746]: /usr/local/lib/python3.8/dist-packages/oslo_context/context.py:100: DeprecationWarning: Policy enforcement is depending on the value of is_admin. This key is deprecated. Please update your policy file to use the standard policy values.
