Sep 08 13:53:10.712206 dv-cinder-820027-24-iscsi devstack@c-api.service[119746]: INFO cinder.api.openstack.wsgi [None req-f071d0f8-3c3e-49bd-9c46-b3e523664345 tempest-VolumeTypesAccessTest-1644687096 tempest-VolumeTypesAccessTest-1644687096-project-admin] GET http://10.222.0.55/volume/v3/97c64dd8363b4450b3400e94fc531483/types/1fe5200b-e3e9-42b4-b1e9-90f8273db252
Sep 08 13:53:10.712656 dv-cinder-820027-24-iscsi devstack@c-api.service[119746]: DEBUG cinder.api.openstack.wsgi [None req-f071d0f8-3c3e-49bd-9c46-b3e523664345 tempest-VolumeTypesAccessTest-1644687096 tempest-VolumeTypesAccessTest-1644687096-project-admin] Empty body provided in request {{(pid=119746) get_body /opt/stack/cinder/cinder/api/openstack/wsgi.py:715}}
Sep 08 13:53:10.713571 dv-cinder-820027-24-iscsi devstack@c-api.service[119746]: DEBUG cinder.api.openstack.wsgi [None req-f071d0f8-3c3e-49bd-9c46-b3e523664345 tempest-VolumeTypesAccessTest-1644687096 tempest-VolumeTypesAccessTest-1644687096-project-admin] Calling method 'show' {{(pid=119746) _process_stack /opt/stack/cinder/cinder/api/openstack/wsgi.py:868}}
Sep 08 13:53:10.719332 dv-cinder-820027-24-iscsi devstack@c-api.service[119746]: INFO cinder.api.openstack.wsgi [None req-f071d0f8-3c3e-49bd-9c46-b3e523664345 tempest-VolumeTypesAccessTest-1644687096 tempest-VolumeTypesAccessTest-1644687096-project-admin] http://10.222.0.55/volume/v3/97c64dd8363b4450b3400e94fc531483/types/1fe5200b-e3e9-42b4-b1e9-90f8273db252 returned with HTTP 404
Sep 08 13:53:10.720400 dv-cinder-820027-24-iscsi devstack@c-api.service[119746]: [pid: 119746|app: 0|req: 126/244] 10.222.0.55 () {58 vars in 1319 bytes} [Thu Sep 8 13:53:10 2022] GET /volume/v3/97c64dd8363b4450b3400e94fc531483/types/1fe5200b-e3e9-42b4-b1e9-90f8273db252 => generated 114 bytes in 13 msecs (HTTP/1.1 404) 7 headers in 292 bytes (1 switches on core 0)
Sep 08 13:53:10.724597 dv-cinder-820027-24-iscsi devstack@c-api.service[119746]: DEBUG cinder.api.middleware.request_id [None req-6ce6e4c8-db1f-4dbf-9707-dc6e7553f5b9 None None] RequestId filter calling following filter/app {{(pid=119746) _context_setter /opt/stack/cinder/cinder/api/middleware/request_id.py:62}}
Sep 08 13:53:10.728244 dv-cinder-820027-24-iscsi devstack@c-api.service[119746]: INFO cinder.api.openstack.wsgi [None req-6ce6e4c8-db1f-4dbf-9707-dc6e7553f5b9 tempest-GroupsTest-2013146529 tempest-GroupsTest-2013146529-project] DELETE http://10.222.0.55/volume/v3/4a0dc70d5a194b3a958ef5dfcab44533/volumes/30543a77-b2d9-4e3a-bc26-9176a319a46c
Sep 08 13:53:10.728714 dv-cinder-820027-24-iscsi devstack@c-api.service[119746]: DEBUG cinder.api.openstack.wsgi [None req-6ce6e4c8-db1f-4dbf-9707-dc6e7553f5b9 tempest-GroupsTest-2013146529 tempest-GroupsTest-2013146529-project] Empty body provided in request {{(pid=119746) get_body /opt/stack/cinder/cinder/api/openstack/wsgi.py:715}}
Sep 08 13:53:10.729166 dv-cinder-820027-24-iscsi devstack@c-api.service[119746]: DEBUG cinder.api.openstack.wsgi [None req-6ce6e4c8-db1f-4dbf-9707-dc6e7553f5b9 tempest-GroupsTest-2013146529 tempest-GroupsTest-2013146529-project] Calling method 'delete' {{(pid=119746) _process_stack /opt/stack/cinder/cinder/api/openstack/wsgi.py:868}}
Sep 08 13:53:10.729554 dv-cinder-820027-24-iscsi devstack@c-api.service[119746]: INFO cinder.api.v3.volumes [None req-6ce6e4c8-db1f-4dbf-9707-dc6e7553f5b9 tempest-GroupsTest-2013146529 tempest-GroupsTest-2013146529-project] Delete volume with id: 30543a77-b2d9-4e3a-bc26-9176a319a46c
Sep 08 13:53:10.742446 dv-cinder-820027-24-iscsi devstack@c-api.service[119746]: INFO cinder.api.openstack.wsgi [None req-6ce6e4c8-db1f-4dbf-9707-dc6e7553f5b9 tempest-GroupsTest-2013146529 tempest-GroupsTest-2013146529-project] http://10.222.0.55/volume/v3/4a0dc70d5a194b3a958ef5dfcab44533/volumes/30543a77-b2d9-4e3a-bc26-9176a319a46c returned with HTTP 404
Sep 08 13:53:10.746569 dv-cinder-820027-24-iscsi devstack@c-api.service[119746]: [pid: 119746|app: 0|req: 127/245] 10.222.0.55 () {60 vars in 1369 bytes} [Thu Sep 8 13:53:10 2022] DELETE /volume/v3/4a0dc70d5a194b3a958ef5dfcab44533/volumes/30543a77-b2d9-4e3a-bc26-9176a319a46c => generated 109 bytes in 23 msecs (HTTP/1.1 404) 7 headers in 293 bytes (1 switches on core 0)
Sep 08 13:53:10.746569 dv-cinder-820027-24-iscsi devstack@c-api.service[119746]: DEBUG cinder.api.middleware.request_id [None req-4c1711b7-ca16-48fc-b363-a0dbc722fb57 None None] RequestId filter calling following filter/app {{(pid=119746) _context_setter /opt/stack/cinder/cinder/api/middleware/request_id.py:62}}
Sep 08 13:53:10.750236 dv-cinder-820027-24-iscsi devstack@c-api.service[119746]: INFO cinder.api.openstack.wsgi [None req-4c1711b7-ca16-48fc-b363-a0dbc722fb57 tempest-VolumeTypesAccessTest-1138357434 tempest-VolumeTypesAccessTest-1138357434-project] DELETE http://10.222.0.55/volume/v3/f2fae35cf21340a3b90015ee4c184044/volumes/e132e010-0118-4cf2-815c-eb3b9306ce56
Sep 08 13:53:10.750236 dv-cinder-820027-24-iscsi devstack@c-api.service[119746]: DEBUG cinder.api.openstack.wsgi [None req-4c1711b7-ca16-48fc-b363-a0dbc722fb57 tempest-VolumeTypesAccessTest-1138357434 tempest-VolumeTypesAccessTest-1138357434-project] Empty body provided in request {{(pid=119746) get_body /opt/stack/cinder/cinder/api/openstack/wsgi.py:715}}
Sep 08 13:53:10.750236 dv-cinder-820027-24-iscsi devstack@c-api.service[119746]: DEBUG cinder.api.openstack.wsgi [None req-4c1711b7-ca16-48fc-b363-a0dbc722fb57 tempest-VolumeTypesAccessTest-1138357434 tempest-VolumeTypesAccessTest-1138357434-project] Calling method 'delete' {{(pid=119746) _process_stack /opt/stack/cinder/cinder/api/openstack/wsgi.py:868}}
Sep 08 13:53:10.750236 dv-cinder-820027-24-iscsi devstack@c-api.service[119746]: INFO cinder.api.v3.volumes [None req-4c1711b7-ca16-48fc-b363-a0dbc722fb57 tempest-VolumeTypesAccessTest-1138357434 tempest-VolumeTypesAccessTest-1138357434-project] Delete volume with id: e132e010-0118-4cf2-815c-eb3b9306ce56
Sep 08 13:53:10.765059 dv-cinder-820027-24-iscsi devstack@c-api.service[119746]: /usr/local/lib/python3.8/dist-packages/oslo_context/context.py:100: DeprecationWarning: Policy enforcement is depending on the value of is_admin. This key is deprecated. Please update your policy file to use the standard policy values.
Sep 08 13:53:10.765059 dv-cinder-820027-24-iscsi devstack@c-api.service[119746]: warnings.warn('Policy enforcement is depending on the value of '
Sep 08 13:53:10.766597 dv-cinder-820027-24-iscsi devstack@c-api.service[119746]: INFO cinder.volume.api [None req-4c1711b7-ca16-48fc-b363-a0dbc722fb57 tempest-VolumeTypesAccessTest-1138357434 tempest-VolumeTypesAccessTest-1138357434-project] Volume info retrieved successfully.
Sep 08 13:53:10.778853 dv-cinder-820027-24-iscsi devstack@c-api.service[119747]: DEBUG dbcounter [-] [119747] Writing DB stats cinder:UPDATE=18,cinder:INSERT=13,cinder:SELECT=69 {{(pid=119747) stat_writer /usr/local/lib/python3.8/dist-packages/dbcounter.py:114}}
Sep 08 13:53:10.819460 dv-cinder-820027-24-iscsi devstack@c-api.service[119746]: INFO cinder.volume.api [None req-4c1711b7-ca16-48fc-b363-a0dbc722fb57 tempest-VolumeTypesAccessTest-1138357434 tempest-VolumeTypesAccessTest-1138357434-project] Delete volume request issued successfully.
Sep 08 13:53:10.819772 dv-cinder-820027-24-iscsi devstack@c-api.service[119747]: INFO cinder.volume.api [None req-0f13ed4c-50e8-4f3f-a766-00c6030afb01 tempest-VolumeSnapshotQuotasNegativeTestJSON-1786957779 tempest-VolumeSnapshotQuotasNegativeTestJSON-1786957779-project] Snapshot create request issued successfully.
Sep 08 13:53:10.819980 dv-cinder-820027-24-iscsi devstack@c-api.service[119746]: INFO cinder.api.openstack.wsgi [None req-4c1711b7-ca16-48fc-b363-a0dbc722fb57 tempest-VolumeTypesAccessTest-1138357434 tempest-VolumeTypesAccessTest-1138357434-project] http://10.222.0.55/volume/v3/f2fae35cf21340a3b90015ee4c184044/volumes/e132e010-0118-4cf2-815c-eb3b9306ce56 returned with HTTP 202
Sep 08 13:53:10.823281 dv-cinder-820027-24-iscsi devstack@c-api.service[119747]: INFO cinder.api.openstack.wsgi [None req-0f13ed4c-50e8-4f3f-a766-00c6030afb01 tempest-VolumeSnapshotQuotasNegativeTestJSON-1786957779 tempest-VolumeSnapshotQuotasNegativeTestJSON-1786957779-project] http://10.222.0.55/volume/v3/fc5175fe08c240a9b090258cf832294c/snapshots returned with HTTP 202
Sep 08 13:53:10.824233 dv-cinder-820027-24-iscsi devstack@c-api.service[119746]: [pid: 119746|app: 0|req: 128/246] 10.222.0.55 () {58 vars in 1328 bytes} [Thu Sep 8 13:53:10 2022] DELETE /volume/v3/f2fae35cf21340a3b90015ee4c184044/volumes/e132e010-0118-4cf2-815c-eb3b9306ce56 => generated 0 bytes in 80 msecs (HTTP/1.1 202) 6 headers in 233 bytes (1 switches on core 0)
Sep 08 13:53:10.825658 dv-cinder-820027-24-iscsi devstack@c-api.service[119746]: DEBUG cinder.api.middleware.request_id [None req-0b3cdb06-3d23-4493-9e90-c4fcb19028e1 None None] RequestId filter calling following filter/app {{(pid=119746) _context_setter /opt/stack/cinder/cinder/api/middleware/request_id.py:62}}
Sep 08 13:53:10.833500 dv-cinder-820027-24-iscsi devstack@c-api.service[119747]: [pid: 119747|app: 0|req: 119/247] 10.222.0.55 () {60 vars in 1242 bytes} [Thu Sep 8 13:53:09 2022] POST /volume/v3/fc5175fe08c240a9b090258cf832294c/snapshots => generated 323 bytes in 1310 msecs (HTTP/1.1 202) 7 headers in 291 bytes (1 switches on core 0)
Sep 08 13:53:10.833682 dv-cinder-820027-24-iscsi devstack@c-api.service[119746]: INFO cinder.api.openstack.wsgi [None req-0b3cdb06-3d23-4493-9e90-c4fcb19028e1 tempest-GroupsTest-385354069 tempest-GroupsTest-385354069-project-admin] DELETE http://10.222.0.55/volume/v3/d88a346a96a94eb89843dbcf7664ca00/types/5ef14834-6051-4300-98c5-3965379dec31
Sep 08 13:53:10.833682 dv-cinder-820027-24-iscsi devstack@c-api.service[119746]: DEBUG cinder.api.openstack.wsgi [None req-0b3cdb06-3d23-4493-9e90-c4fcb19028e1 tempest-GroupsTest-385354069 tempest-GroupsTest-385354069-project-admin] Empty body provided in request {{(pid=119746) get_body /opt/stack/cinder/cinder/api/openstack/wsgi.py:715}}
Sep 08 13:53:10.833682 dv-cinder-820027-24-iscsi devstack@c-api.service[119746]: DEBUG cinder.api.openstack.wsgi [None req-0b3cdb06-3d23-4493-9e90-c4fcb19028e1 tempest-GroupsTest-385354069 tempest-GroupsTest-385354069-project-admin] Calling method '_delete' {{(pid=119746) _process_stack /opt/stack/cinder/cinder/api/openstack/wsgi.py:868}}
Sep 08 13:53:10.833937 dv-cinder-820027-24-iscsi devstack@c-api.service[119747]: DEBUG cinder.api.middleware.request_id [None req-336bc1e2-f227-4947-81d5-a7b5eb3dc14a None None] RequestId filter calling following filter/app {{(pid=119747) _context_setter /opt/stack/cinder/cinder/api/middleware/request_id.py:62}}
Sep 08 13:53:10.848197 dv-cinder-820027-24-iscsi devstack@c-api.service[119747]: INFO cinder.api.openstack.wsgi [None req-336bc1e2-f227-4947-81d5-a7b5eb3dc14a tempest-VolumeTypesAccessTest-1138357434 tempest-VolumeTypesAccessTest-1138357434-project] GET http://10.222.0.55/volume/v3/f2fae35cf21340a3b90015ee4c184044/volumes/e132e010-0118-4cf2-815c-eb3b9306ce56
Sep 08 13:53:10.849229 dv-cinder-820027-24-iscsi devstack@c-api.service[119747]: DEBUG cinder.api.openstack.wsgi [None req-336bc1e2-f227-4947-81d5-a7b5eb3dc14a tempest-VolumeTypesAccessTest-1138357434 tempest-VolumeTypesAccessTest-1138357434-project] Empty body provided in request {{(pid=119747) get_body /opt/stack/cinder/cinder/api/openstack/wsgi.py:715}}
Sep 08 13:53:10.850161 dv-cinder-820027-24-iscsi devstack@c-api.service[119747]: DEBUG cinder.api.openstack.wsgi [None req-336bc1e2-f227-4947-81d5-a7b5eb3dc14a tempest-VolumeTypesAccessTest-1138357434 tempest-VolumeTypesAccessTest-1138357434-project] Calling method 'show' {{(pid=119747) _process_stack /opt/stack/cinder/cinder/api/openstack/wsgi.py:868}}
Sep 08 13:53:10.917462 dv-cinder-820027-24-iscsi devstack@c-api.service[119747]: /usr/local/lib/python3.8/dist-packages/oslo_context/context.py:100: DeprecationWarning: Policy enforcement is depending on the value of is_admin. This key is deprecated. Please update your policy file to use the standard policy values.
Sep 08 13:53:10.917462 dv-cinder-820027-24-iscsi devstack@c-api.service[119747]: warnings.warn('Policy enforcement is depending on the value of '
Sep 08 13:53:10.923122 dv-cinder-820027-24-iscsi devstack@c-api.service[119746]: INFO cinder.api.openstack.wsgi [None req-0b3cdb06-3d23-4493-9e90-c4fcb19028e1 tempest-GroupsTest-385354069 tempest-GroupsTest-385354069-project-admin] http://10.222.0.55/volume/v3/d88a346a96a94eb89843dbcf7664ca00/types/5ef14834-6051-4300-98c5-3965379dec31 returned with HTTP 202
Sep 08 13:53:10.923939 dv-cinder-820027-24-iscsi devstack@c-api.service[119746]: [pid: 119746|app: 0|req: 129/248] 10.222.0.55 () {58 vars in 1322 bytes} [Thu Sep 8 13:53:10 2022] DELETE /volume/v3/d88a346a96a94eb89843dbcf7664ca00/types/5ef14834-6051-4300-98c5-3965379dec31 => generated 0 bytes in 99 msecs (HTTP/1.1 202) 6 headers in 233 bytes (1 switches on core 0)
Sep 08 13:53:10.926176 dv-cinder-820027-24-iscsi devstack@c-api.service[119746]: DEBUG cinder.api.middleware.request_id [None req-08950c7a-6be6-4cff-b5ed-48c188eb795b None None] RequestId filter calling following filter/app {{(pid=119746) _context_setter /opt/stack/cinder/cinder/api/middleware/request_id.py:62}}
Sep 08 13:53:10.935446 dv-cinder-820027-24-iscsi devstack@c-api.service[119746]: INFO cinder.api.openstack.wsgi [None req-08950c7a-6be6-4cff-b5ed-48c188eb795b tempest-VolumeSnapshotQuotasNegativeTestJSON-1786957779 tempest-VolumeSnapshotQuotasNegativeTestJSON-1786957779-project] GET http://10.222.0.55/volume/v3/fc5175fe08c240a9b090258cf832294c/snapshots/010879dc-4ce4-4c84-be60-8c1e12e1bcc5
Sep 08 13:53:10.937102 dv-cinder-820027-24-iscsi devstack@c-api.service[119746]: DEBUG cinder.api.openstack.wsgi [None req-08950c7a-6be6-4cff-b5ed-48c188eb795b tempest-VolumeSnapshotQuotasNegativeTestJSON-1786957779 tempest-VolumeSnapshotQuotasNegativeTestJSON-1786957779-project] Empty body provided in request {{(pid=119746) get_body /opt/stack/cinder/cinder/api/openstack/wsgi.py:715}}
Sep 08 13:53:10.937564 dv-cinder-820027-24-iscsi devstack@c-api.service[119746]: DEBUG cinder.api.openstack.wsgi [None req-08950c7a-6be6-4cff-b5ed-48c188eb795b tempest-VolumeSnapshotQuotasNegativeTestJSON-1786957779 tempest-VolumeSnapshotQuotasNegativeTestJSON-1786957779-project] Calling method 'show' {{(pid=119746) _process_stack /opt/stack/cinder/cinder/api/openstack/wsgi.py:868}}
Sep 08 13:53:10.939619 dv-cinder-820027-24-iscsi devstack@c-api.service[119747]: INFO cinder.volume.api [None req-336bc1e2-f227-4947-81d5-a7b5eb3dc14a tempest-VolumeTypesAccessTest-1138357434 tempest-VolumeTypesAccessTest-1138357434-project] Volume info retrieved successfully.
Sep 08 13:53:10.960411 dv-cinder-820027-24-iscsi devstack@c-api.service[119747]: INFO cinder.api.openstack.wsgi [None req-336bc1e2-f227-4947-81d5-a7b5eb3dc14a tempest-VolumeTypesAccessTest-1138357434 tempest-VolumeTypesAccessTest-1138357434-project] http://10.222.0.55/volume/v3/f2fae35cf21340a3b90015ee4c184044/volumes/e132e010-0118-4cf2-815c-eb3b9306ce56 returned with HTTP 200
Sep 08 13:53:10.961407 dv-cinder-820027-24-iscsi devstack@c-api.service[119746]: /usr/local/lib/python3.8/dist-packages/oslo_context/context.py:100: DeprecationWarning: Policy enforcement is depending on the value of is_admin. This key is deprecated. Please update your policy file to use the standard policy values.
Sep 08 13:53:10.961407 dv-cinder-820027-24-iscsi devstack@c-api.service[119746]: warnings.warn('Policy enforcement is depending on the value of '
Sep 08 13:53:10.962671 dv-cinder-820027-24-iscsi devstack@c-api.service[119747]: [pid: 119747|app: 0|req: 120/249] 10.222.0.55 () {58 vars in 1325 bytes} [Thu Sep 8 13:53:10 2022] GET /volume/v3/f2fae35cf21340a3b90015ee4c184044/volumes/e132e010-0118-4cf2-815c-eb3b9306ce56 => generated 950 bytes in 135 msecs (HTTP/1.1 200) 7 headers in 285 bytes (1 switches on core 0)
Sep 08 13:53:10.962799 dv-cinder-820027-24-iscsi devstack@c-api.service[119746]: INFO cinder.volume.api [None req-08950c7a-6be6-4cff-b5ed-48c188eb795b tempest-VolumeSnapshotQuotasNegativeTestJSON-1786957779 tempest-VolumeSnapshotQuotasNegativeTestJSON-1786957779-project] Snapshot retrieved successfully.
Sep 08 13:53:10.964010 dv-cinder-820027-24-iscsi devstack@c-api.service[119747]: DEBUG cinder.api.middleware.request_id [None req-b59b8e23-3fcf-4e60-9e11-7127d6a46d63 None None] RequestId filter calling following filter/app {{(pid=119747) _context_setter /opt/stack/cinder/cinder/api/middleware/request_id.py:62}}
Sep 08 13:53:10.979942 dv-cinder-820027-24-iscsi devstack@c-api.service[119747]: INFO cinder.api.openstack.wsgi [None req-b59b8e23-3fcf-4e60-9e11-7127d6a46d63 tempest-GroupSnapshotsV319Test-1841593515 tempest-GroupSnapshotsV319Test-1841593515-project] GET http://10.222.0.55/volume/v3/8ba6ca7d485c404dbe3ed5873c2142f6/snapshots/a5994bbd-d1ef-4558-bbe5-bf165a7be12b
Sep 08 13:53:10.980665 dv-cinder-820027-24-iscsi devstack@c-api.service[119747]: DEBUG cinder.api.openstack.wsgi [None req-b59b8e23-3fcf-4e60-9e11-7127d6a46d63 tempest-GroupSnapshotsV319Test-1841593515 tempest-GroupSnapshotsV319Test-1841593515-project] Empty body provided in request {{(pid=119747) get_body /opt/stack/cinder/cinder/api/openstack/wsgi.py:715}}
Sep 08 13:53:10.981297 dv-cinder-820027-24-iscsi devstack@c-api.service[119747]: DEBUG cinder.api.openstack.wsgi [None req-b59b8e23-3fcf-4e60-9e11-7127d6a46d63 tempest-GroupSnapshotsV319Test-1841593515 tempest-GroupSnapshotsV319Test-1841593515-project] Calling method 'show' {{(pid=119747) _process_stack /opt/stack/cinder/cinder/api/openstack/wsgi.py:868}}
Sep 08 13:53:10.986233 dv-cinder-820027-24-iscsi devstack@c-api.service[119746]: INFO cinder.api.openstack.wsgi [None req-08950c7a-6be6-4cff-b5ed-48c188eb795b tempest-VolumeSnapshotQuotasNegativeTestJSON-1786957779 tempest-VolumeSnapshotQuotasNegativeTestJSON-1786957779-project] http://10.222.0.55/volume/v3/fc5175fe08c240a9b090258cf832294c/snapshots/010879dc-4ce4-4c84-be60-8c1e12e1bcc5 returned with HTTP 200
Sep 08 13:53:10.992443 dv-cinder-820027-24-iscsi devstack@c-api.service[119746]: [pid: 119746|app: 0|req: 130/250] 10.222.0.55 () {58 vars in 1331 bytes} [Thu Sep 8 13:53:10 2022] GET /volume/v3/fc5175fe08c240a9b090258cf832294c/snapshots/010879dc-4ce4-4c84-be60-8c1e12e1bcc5 => generated 455 bytes in 63 msecs (HTTP/1.1 200) 7 headers in 285 bytes (1 switches on core 0)
Sep 08 13:53:10.992443 dv-cinder-820027-24-iscsi devstack@c-api.service[119746]: DEBUG cinder.api.middleware.request_id [None req-dcc5d47b-88dc-444a-ac4c-69b22dd85ae6 None None] RequestId filter calling following filter/app {{(pid=119746) _context_setter /opt/stack/cinder/cinder/api/middleware/request_id.py:62}}
Sep 08 13:53:10.992443 dv-cinder-820027-24-iscsi devstack@c-api.service[119746]: INFO cinder.api.openstack.wsgi [None req-dcc5d47b-88dc-444a-ac4c-69b22dd85ae6 tempest-GroupsTest-385354069 tempest-GroupsTest-385354069-project-admin] GET http://10.222.0.55/volume/v3/d88a346a96a94eb89843dbcf7664ca00/types/5ef14834-6051-4300-98c5-3965379dec31
Sep 08 13:53:10.992888 dv-cinder-820027-24-iscsi devstack@c-api.service[119746]: DEBUG cinder.api.openstack.wsgi [None req-dcc5d47b-88dc-444a-ac4c-69b22dd85ae6 tempest-GroupsTest-385354069 tempest-GroupsTest-385354069-project-admin] Empty body provided in request {{(pid=119746) get_body /opt/stack/cinder/cinder/api/openstack/wsgi.py:715}}
Sep 08 13:53:10.993265 dv-cinder-820027-24-iscsi devstack@c-api.service[119746]: DEBUG cinder.api.openstack.wsgi [None req-dcc5d47b-88dc-444a-ac4c-69b22dd85ae6 tempest-GroupsTest-385354069 tempest-GroupsTest-385354069-project-admin] Calling method 'show' {{(pid=119746) _process_stack /opt/stack/cinder/cinder/api/openstack/wsgi.py:868}}
Sep 08 13:53:11.003784 dv-cinder-820027-24-iscsi devstack@c-api.service[119747]: INFO cinder.api.openstack.wsgi [None req-b59b8e23-3fcf-4e60-9e11-7127d6a46d63 tempest-GroupSnapshotsV319Test-1841593515 tempest-GroupSnapshotsV319Test-1841593515-project] http://10.222.0.55/volume/v3/8ba6ca7d485c404dbe3ed5873c2142f6/snapshots/a5994bbd-d1ef-4558-bbe5-bf165a7be12b returned with HTTP 404
Sep 08 13:53:11.005716 dv-cinder-820027-24-iscsi devstack@c-api.service[119747]: [pid: 119747|app: 0|req: 121/251] 10.222.0.55 () {58 vars in 1331 bytes} [Thu Sep 8 13:53:10 2022] GET /volume/v3/8ba6ca7d485c404dbe3ed5873c2142f6/snapshots/a5994bbd-d1ef-4558-bbe5-bf165a7be12b => generated 111 bytes in 43 msecs (HTTP/1.1 404) 7 headers in 292 bytes (1 switches on core 0)
Sep 08 13:53:11.010499 dv-cinder-820027-24-iscsi devstack@c-api.service[119747]: DEBUG cinder.api.middleware.request_id [None req-10ba8ce4-dc2d-4e46-95c0-9d24320a2105 None None] RequestId filter calling following filter/app {{(pid=119747) _context_setter /opt/stack/cinder/cinder/api/middleware/request_id.py:62}}
Sep 08 13:53:11.012196 dv-cinder-820027-24-iscsi devstack@c-api.service[119746]: INFO cinder.api.openstack.wsgi [None req-dcc5d47b-88dc-444a-ac4c-69b22dd85ae6 tempest-GroupsTest-385354069 tempest-GroupsTest-385354069-project-admin] http://10.222.0.55/volume/v3/d88a346a96a94eb89843dbcf7664ca00/types/5ef14834-6051-4300-98c5-3965379dec31 returned with HTTP 404
Sep 08 13:53:11.013450 dv-cinder-820027-24-iscsi devstack@c-api.service[119746]: [pid: 119746|app: 0|req: 131/252] 10.222.0.55 () {58 vars in 1319 bytes} [Thu Sep 8 13:53:10 2022] GET /volume/v3/d88a346a96a94eb89843dbcf7664ca00/types/5ef14834-6051-4300-98c5-3965379dec31 => generated 114 bytes in 25 msecs (HTTP/1.1 404) 7 headers in 292 bytes (1 switches on core 0)
Sep 08 13:53:11.022074 dv-cinder-820027-24-iscsi devstack@c-api.service[119746]: DEBUG cinder.api.middleware.request_id [None req-47fc5125-4b77-4091-9f18-81c12dd72a7a None None] RequestId filter calling following filter/app {{(pid=119746) _context_setter /opt/stack/cinder/cinder/api/middleware/request_id.py:62}}
Sep 08 13:53:11.023895 dv-cinder-820027-24-iscsi devstack@c-api.service[119747]: INFO cinder.api.openstack.wsgi [None req-10ba8ce4-dc2d-4e46-95c0-9d24320a2105 tempest-GroupSnapshotsV319Test-1841593515 tempest-GroupSnapshotsV319Test-1841593515-project] GET http://10.222.0.55/volume/v3/8ba6ca7d485c404dbe3ed5873c2142f6/group_snapshots/1a4891dd-2965-4d0c-b735-dc7ac9db2561
Sep 08 13:53:11.024405 dv-cinder-820027-24-iscsi devstack@c-api.service[119747]: DEBUG cinder.api.openstack.wsgi [None req-10ba8ce4-dc2d-4e46-95c0-9d24320a2105 tempest-GroupSnapshotsV319Test-1841593515 tempest-GroupSnapshotsV319Test-1841593515-project] Empty body provided in request {{(pid=119747) get_body /opt/stack/cinder/cinder/api/openstack/wsgi.py:715}}
Sep 08 13:53:11.024863 dv-cinder-820027-24-iscsi devstack@c-api.service[119747]: DEBUG cinder.api.openstack.wsgi [None req-10ba8ce4-dc2d-4e46-95c0-9d24320a2105 tempest-GroupSnapshotsV319Test-1841593515 tempest-GroupSnapshotsV319Test-1841593515-project] Calling method 'version_select' {{(pid=119747) _process_stack /opt/stack/cinder/cinder/api/openstack/wsgi.py:868}}
Sep 08 13:53:11.025319 dv-cinder-820027-24-iscsi devstack@c-api.service[119747]: DEBUG cinder.api.v3.group_snapshots [None req-10ba8ce4-dc2d-4e46-95c0-9d24320a2105 tempest-GroupSnapshotsV319Test-1841593515 tempest-GroupSnapshotsV319Test-1841593515-project] show called for member 1a4891dd-2965-4d0c-b735-dc7ac9db2561 {{(pid=119747) show /opt/stack/cinder/cinder/api/v3/group_snapshots.py:58}}
Sep 08 13:53:11.025839 dv-cinder-820027-24-iscsi devstack@c-api.service[119746]: INFO cinder.api.openstack.wsgi [None req-47fc5125-4b77-4091-9f18-81c12dd72a7a tempest-GroupsTest-385354069 tempest-GroupsTest-385354069-project-admin] DELETE http://10.222.0.55/volume/v3/d88a346a96a94eb89843dbcf7664ca00/types/d1e31e24-5e88-4efd-a107-a416b55ba47f
Sep 08 13:53:11.026284 dv-cinder-820027-24-iscsi devstack@c-api.service[119746]: DEBUG cinder.api.openstack.wsgi [None req-47fc5125-4b77-4091-9f18-81c12dd72a7a tempest-GroupsTest-385354069 tempest-GroupsTest-385354069-project-admin] Empty body provided in request {{(pid=119746) get_body /opt/stack/cinder/cinder/api/openstack/wsgi.py:715}}
Sep 08 13:53:11.026755 dv-cinder-820027-24-iscsi devstack@c-api.service[119746]: DEBUG cinder.api.openstack.wsgi [None req-47fc5125-4b77-4091-9f18-81c12dd72a7a tempest-GroupsTest-385354069 tempest-GroupsTest-385354069-project-admin] Calling method '_delete' {{(pid=119746) _process_stack /opt/stack/cinder/cinder/api/openstack/wsgi.py:868}}
Sep 08 13:53:11.042186 dv-cinder-820027-24-iscsi devstack@c-api.service[119747]: INFO cinder.api.openstack.wsgi [None req-10ba8ce4-dc2d-4e46-95c0-9d24320a2105 tempest-GroupSnapshotsV319Test-1841593515 tempest-GroupSnapshotsV319Test-1841593515-project] http://10.222.0.55/volume/v3/8ba6ca7d485c404dbe3ed5873c2142f6/group_snapshots/1a4891dd-2965-4d0c-b735-dc7ac9db2561 returned with HTTP 404
Sep 08 13:53:11.043674 dv-cinder-820027-24-iscsi devstack@c-api.service[119747]: [pid: 119747|app: 0|req: 122/253] 10.222.0.55 () {60 vars in 1390 bytes} [Thu Sep 8 13:53:11 2022] GET /volume/v3/8ba6ca7d485c404dbe3ed5873c2142f6/group_snapshots/1a4891dd-2965-4d0c-b735-dc7ac9db2561 => generated 116 bytes in 34 msecs (HTTP/1.1 404) 7 headers in 293 bytes (1 switches on core 0)
Sep 08 13:53:11.050254 dv-cinder-820027-24-iscsi devstack@c-api.service[119747]: DEBUG cinder.api.middleware.request_id [None req-46659f7f-7ac6-4657-9ed8-575e9269c6d2 None None] RequestId filter calling following filter/app {{(pid=119747) _context_setter /opt/stack/cinder/cinder/api/middleware/request_id.py:62}}
Sep 08 13:53:11.063065 dv-cinder-820027-24-iscsi devstack@c-api.service[119747]: INFO cinder.api.openstack.wsgi [None req-46659f7f-7ac6-4657-9ed8-575e9269c6d2 tempest-GroupSnapshotsV319Test-1841593515 tempest-GroupSnapshotsV319Test-1841593515-project] GET http://10.222.0.55/volume/v3/8ba6ca7d485c404dbe3ed5873c2142f6/volumes/detail
Sep 08 13:53:11.071185 dv-cinder-820027-24-iscsi devstack@c-api.service[119747]: DEBUG cinder.api.openstack.wsgi [None req-46659f7f-7ac6-4657-9ed8-575e9269c6d2 tempest-GroupSnapshotsV319Test-1841593515 tempest-GroupSnapshotsV319Test-1841593515-project] Empty body provided in request {{(pid=119747) get_body /opt/stack/cinder/cinder/api/openstack/wsgi.py:715}}
Sep 08 13:53:11.072585 dv-cinder-820027-24-iscsi devstack@c-api.service[119747]: DEBUG cinder.api.openstack.wsgi [None req-46659f7f-7ac6-4657-9ed8-575e9269c6d2 tempest-GroupSnapshotsV319Test-1841593515 tempest-GroupSnapshotsV319Test-1841593515-project] Calling method 'detail' {{(pid=119747) _process_stack /opt/stack/cinder/cinder/api/openstack/wsgi.py:868}}
Sep 08 13:53:11.073529 dv-cinder-820027-24-iscsi devstack@c-api.service[119747]: DEBUG cinder.api.api_utils [None req-46659f7f-7ac6-4657-9ed8-575e9269c6d2 tempest-GroupSnapshotsV319Test-1841593515 tempest-GroupSnapshotsV319Test-1841593515-project] Removing options '' from query. {{(pid=119747) remove_invalid_filter_options /opt/stack/cinder/cinder/api/api_utils.py:83}}
Sep 08 13:53:11.075714 dv-cinder-820027-24-iscsi devstack@c-api.service[119747]: DEBUG cinder.volume.api [None req-46659f7f-7ac6-4657-9ed8-575e9269c6d2 tempest-GroupSnapshotsV319Test-1841593515 tempest-GroupSnapshotsV319Test-1841593515-project] Searching by: MultiDict([('no_migration_targets', True)]). {{(pid=119747) get_all /opt/stack/cinder/cinder/volume/api.py:664}}
Sep 08 13:53:11.083210 dv-cinder-820027-24-iscsi devstack@c-api.service[119746]: INFO cinder.api.openstack.wsgi [None req-47fc5125-4b77-4091-9f18-81c12dd72a7a tempest-GroupsTest-385354069 tempest-GroupsTest-385354069-project-admin] http://10.222.0.55/volume/v3/d88a346a96a94eb89843dbcf7664ca00/types/d1e31e24-5e88-4efd-a107-a416b55ba47f returned with HTTP 202
Sep 08 13:53:11.084227 dv-cinder-820027-24-iscsi devstack@c-api.service[119746]: [pid: 119746|app: 0|req: 132/254] 10.222.0.55 () {58 vars in 1322 bytes} [Thu Sep 8 13:53:11 2022] DELETE /volume/v3/d88a346a96a94eb89843dbcf7664ca00/types/d1e31e24-5e88-4efd-a107-a416b55ba47f => generated 0 bytes in 63 msecs (HTTP/1.1 202) 6 headers in 233 bytes (1 switches on core 0)
Sep 08 13:53:11.089070 dv-cinder-820027-24-iscsi devstack@c-api.service[119746]: DEBUG cinder.api.middleware.request_id [None req-6efe3c69-0805-4e9a-9d59-3ff044c5ae09 None None] RequestId filter calling following filter/app {{(pid=119746) _context_setter /opt/stack/cinder/cinder/api/middleware/request_id.py:62}}
Sep 08 13:53:11.099731 dv-cinder-820027-24-iscsi devstack@c-api.service[119746]: INFO cinder.api.openstack.wsgi [None req-6efe3c69-0805-4e9a-9d59-3ff044c5ae09 tempest-GroupsTest-385354069 tempest-GroupsTest-385354069-project-admin] GET http://10.222.0.55/volume/v3/d88a346a96a94eb89843dbcf7664ca00/types/d1e31e24-5e88-4efd-a107-a416b55ba47f
Sep 08 13:53:11.100713 dv-cinder-820027-24-iscsi devstack@c-api.service[119746]: DEBUG cinder.api.openstack.wsgi [None req-6efe3c69-0805-4e9a-9d59-3ff044c5ae09 tempest-GroupsTest-385354069 tempest-GroupsTest-385354069-project-admin] Empty body provided in request {{(pid=119746) get_body /opt/stack/cinder/cinder/api/openstack/wsgi.py:715}}
Sep 08 13:53:11.102685 dv-cinder-820027-24-iscsi devstack@c-api.service[119746]: DEBUG cinder.api.openstack.wsgi [None req-6efe3c69-0805-4e9a-9d59-3ff044c5ae09 tempest-GroupsTest-385354069 tempest-GroupsTest-385354069-project-admin] Calling method 'show' {{(pid=119746) _process_stack /opt/stack/cinder/cinder/api/openstack/wsgi.py:868}}
Sep 08 13:53:11.120024 dv-cinder-820027-24-iscsi devstack@c-api.service[119746]: INFO cinder.api.openstack.wsgi [None req-6efe3c69-0805-4e9a-9d59-3ff044c5ae09 tempest-GroupsTest-385354069 tempest-GroupsTest-385354069-project-admin] http://10.222.0.55/volume/v3/d88a346a96a94eb89843dbcf7664ca00/types/d1e31e24-5e88-4efd-a107-a416b55ba47f returned with HTTP 404
Sep 08 13:53:11.120984 dv-cinder-820027-24-iscsi devstack@c-api.service[119746]: [pid: 119746|app: 0|req: 133/255] 10.222.0.55 () {58 vars in 1319 bytes} [Thu Sep 8 13:53:11 2022] GET /volume/v3/d88a346a96a94eb89843dbcf7664ca00/types/d1e31e24-5e88-4efd-a107-a416b55ba47f => generated 114 bytes in 33 msecs (HTTP/1.1 404) 7 headers in 292 bytes (1 switches on core 0)
Sep 08 13:53:11.176645 dv-cinder-820027-24-iscsi devstack@c-api.service[119747]: INFO cinder.volume.api [None req-46659f7f-7ac6-4657-9ed8-575e9269c6d2 tempest-GroupSnapshotsV319Test-1841593515 tempest-GroupSnapshotsV319Test-1841593515-project] Get all volumes completed successfully.
Sep 08 13:53:11.178989 dv-cinder-820027-24-iscsi devstack@c-api.service[119747]: WARNING stevedore.named [None req-46659f7f-7ac6-4657-9ed8-575e9269c6d2 tempest-GroupSnapshotsV319Test-1841593515 tempest-GroupSnapshotsV319Test-1841593515-project] Could not load cinder.keymgr.conf_key_mgr.ConfKeyManager
Sep 08 13:53:11.179507 dv-cinder-820027-24-iscsi devstack@c-api.service[119747]: WARNING castellan.key_manager [None req-46659f7f-7ac6-4657-9ed8-575e9269c6d2 tempest-GroupSnapshotsV319Test-1841593515 tempest-GroupSnapshotsV319Test-1841593515-project] Deprecation Warning : cinder.keymgr.conf_key_mgr.ConfKeyManager is not a stevedore based driver, trying to load it as a class: stevedore.exception.NoMatches: No 'castellan.drivers' driver found, looking for 'cinder.keymgr.conf_key_mgr.ConfKeyManager'
Sep 08 13:53:11.191425 dv-cinder-820027-24-iscsi devstack@c-api.service[119747]: DEBUG oslo_db.sqlalchemy.engines [None req-46659f7f-7ac6-4657-9ed8-575e9269c6d2 tempest-GroupSnapshotsV319Test-1841593515 tempest-GroupSnapshotsV319Test-1841593515-project] MySQL server mode set to STRICT_TRANS_TABLES,STRICT_ALL_TABLES,NO_ZERO_IN_DATE,NO_ZERO_DATE,ERROR_FOR_DIVISION_BY_ZERO,TRADITIONAL,NO_ENGINE_SUBSTITUTION {{(pid=119747) _check_effective_sql_mode /usr/local/lib/python3.8/dist-packages/oslo_db/sqlalchemy/engines.py:314}}
Sep 08 13:53:11.200750 dv-cinder-820027-24-iscsi devstack@c-api.service[119747]: /usr/local/lib/python3.8/dist-packages/oslo_context/context.py:100: DeprecationWarning: Policy enforcement is depending on the value of is_admin. This key is deprecated. Please update your policy file to use the standard policy values.
Sep 08 13:53:11.200750 dv-cinder-820027-24-iscsi devstack@c-api.service[119747]: warnings.warn('Policy enforcement is depending on the value of '
Sep 08 13:53:11.235067 dv-cinder-820027-24-iscsi devstack@c-api.service[119747]: INFO cinder.api.openstack.wsgi [None req-46659f7f-7ac6-4657-9ed8-575e9269c6d2 tempest-GroupSnapshotsV319Test-1841593515 tempest-GroupSnapshotsV319Test-1841593515-project] http://10.222.0.55/volume/v3/8ba6ca7d485c404dbe3ed5873c2142f6/volumes/detail returned with HTTP 200
Sep 08 13:53:11.235860 dv-cinder-820027-24-iscsi devstack@c-api.service[119747]: [pid: 119747|app: 0|req: 123/256] 10.222.0.55 () {60 vars in 1276 bytes} [Thu Sep 8 13:53:11 2022] GET /volume/v3/8ba6ca7d485c404dbe3ed5873c2142f6/volumes/detail => generated 1010 bytes in 188 msecs (HTTP/1.1 200) 7 headers in 287 bytes (1 switches on core 0)
Sep 08 13:53:11.253875 dv-cinder-820027-24-iscsi devstack@c-api.service[119746]: DEBUG cinder.api.middleware.request_id [None req-a6de10bc-b889-418b-ba33-f67bdb240713 None None] RequestId filter calling following filter/app {{(pid=119746) _context_setter /opt/stack/cinder/cinder/api/middleware/request_id.py:62}}
Sep 08 13:53:11.258017 dv-cinder-820027-24-iscsi devstack@c-api.service[119746]: INFO cinder.api.openstack.wsgi [None req-a6de10bc-b889-418b-ba33-f67bdb240713 tempest-GroupSnapshotsV319Test-1841593515 tempest-GroupSnapshotsV319Test-1841593515-project] POST http://10.222.0.55/volume/v3/8ba6ca7d485c404dbe3ed5873c2142f6/groups/da105393-b02f-41c5-ac24-780647be3600/action
Sep 08 13:53:11.259019 dv-cinder-820027-24-iscsi devstack@c-api.service[119746]: DEBUG cinder.api.openstack.wsgi [None req-a6de10bc-b889-418b-ba33-f67bdb240713 tempest-GroupSnapshotsV319Test-1841593515 tempest-GroupSnapshotsV319Test-1841593515-project] Action body: b'{"delete": {"delete-volumes": true}}' {{(pid=119746) get_method /opt/stack/cinder/cinder/api/openstack/wsgi.py:983}}
Sep 08 13:53:11.259878 dv-cinder-820027-24-iscsi devstack@c-api.service[119746]: DEBUG cinder.api.openstack.wsgi [None req-a6de10bc-b889-418b-ba33-f67bdb240713 tempest-GroupSnapshotsV319Test-1841593515 tempest-GroupSnapshotsV319Test-1841593515-project] Action: 'action', calling method: delete_group, body: {"delete": {"delete-volumes": true}} {{(pid=119746) _process_stack /opt/stack/cinder/cinder/api/openstack/wsgi.py:866}}
Sep 08 13:53:11.264125 dv-cinder-820027-24-iscsi devstack@c-api.service[119746]: DEBUG cinder.api.v3.groups [None req-a6de10bc-b889-418b-ba33-f67bdb240713 tempest-GroupSnapshotsV319Test-1841593515 tempest-GroupSnapshotsV319Test-1841593515-project] delete called for group da105393-b02f-41c5-ac24-780647be3600 {{(pid=119746) _delete /opt/stack/cinder/cinder/api/v3/groups.py:117}}
Sep 08 13:53:11.267061 dv-cinder-820027-24-iscsi devstack@c-api.service[119746]: INFO cinder.api.v3.groups [None req-a6de10bc-b889-418b-ba33-f67bdb240713 tempest-GroupSnapshotsV319Test-1841593515 tempest-GroupSnapshotsV319Test-1841593515-project] Delete group with id: da105393-b02f-41c5-ac24-780647be3600
Sep 08 13:53:11.280958 dv-cinder-820027-24-iscsi devstack@c-api.service[119746]: DEBUG dbcounter [-] [119746] Writing DB stats cinder:SELECT=81,cinder:INSERT=2,cinder:UPDATE=17 {{(pid=119746) stat_writer /usr/local/lib/python3.8/dist-packages/dbcounter.py:114}}
Sep 08 13:53:11.291277 dv-cinder-820027-24-iscsi devstack@c-api.service[119746]: /usr/local/lib/python3.8/dist-packages/oslo_context/context.py:100: DeprecationWarning: Policy enforcement is depending on the value of is_admin. This key is deprecated. Please update your policy file to use the standard policy values.
Sep 08 13:53:11.291277 dv-cinder-820027-24-iscsi devstack@c-api.service[119746]: warnings.warn('Policy enforcement is depending on the value of '
Sep 08 13:53:11.412467 dv-cinder-820027-24-iscsi devstack@c-api.service[119746]: INFO cinder.api.openstack.wsgi [None req-a6de10bc-b889-418b-ba33-f67bdb240713 tempest-GroupSnapshotsV319Test-1841593515 tempest-GroupSnapshotsV319Test-1841593515-project] http://10.222.0.55/volume/v3/8ba6ca7d485c404dbe3ed5873c2142f6/groups/da105393-b02f-41c5-ac24-780647be3600/action returned with HTTP 202
Sep 08 13:53:11.416210 dv-cinder-820027-24-iscsi devstack@c-api.service[119746]: [pid: 119746|app: 0|req: 134/257] 10.222.0.55 () {62 vars in 1405 bytes} [Thu Sep 8 13:53:11 2022] POST /volume/v3/8ba6ca7d485c404dbe3ed5873c2142f6/groups/da105393-b02f-41c5-ac24-780647be3600/action => generated 0 bytes in 163 msecs (HTTP/1.1 202) 6 headers in 234 bytes (1 switches on core 0)
Sep 08 13:53:11.420393 dv-cinder-820027-24-iscsi devstack@c-api.service[119747]: DEBUG cinder.api.middleware.request_id [None req-6f260ed9-9e00-45f7-9a36-f412267774d1 None None] RequestId filter calling following filter/app {{(pid=119747) _context_setter /opt/stack/cinder/cinder/api/middleware/request_id.py:62}}
Sep 08 13:53:11.425991 dv-cinder-820027-24-iscsi devstack@c-api.service[119747]: INFO cinder.api.openstack.wsgi [None req-6f260ed9-9e00-45f7-9a36-f412267774d1 tempest-GroupSnapshotsV319Test-1841593515 tempest-GroupSnapshotsV319Test-1841593515-project] GET http://10.222.0.55/volume/v3/8ba6ca7d485c404dbe3ed5873c2142f6/volumes/960c112b-f75e-4024-85e7-69d05bf3984d
Sep 08 13:53:11.426620 dv-cinder-820027-24-iscsi devstack@c-api.service[119747]: DEBUG cinder.api.openstack.wsgi [None req-6f260ed9-9e00-45f7-9a36-f412267774d1 tempest-GroupSnapshotsV319Test-1841593515 tempest-GroupSnapshotsV319Test-1841593515-project] Empty body provided in request {{(pid=119747) get_body /opt/stack/cinder/cinder/api/openstack/wsgi.py:715}}
Sep 08 13:53:11.427290 dv-cinder-820027-24-iscsi devstack@c-api.service[119747]: DEBUG cinder.api.openstack.wsgi [None req-6f260ed9-9e00-45f7-9a36-f412267774d1 tempest-GroupSnapshotsV319Test-1841593515 tempest-GroupSnapshotsV319Test-1841593515-project] Calling method 'show' {{(pid=119747) _process_stack /opt/stack/cinder/cinder/api/openstack/wsgi.py:868}}
Sep 08 13:53:11.448243 dv-cinder-820027-24-iscsi devstack@c-api.service[119747]: /usr/local/lib/python3.8/dist-packages/oslo_context/context.py:100: DeprecationWarning: Policy enforcement is depending on the value of is_admin. This key is deprecated. Please update your policy file to use the standard policy values.
Sep 08 13:53:11.448243 dv-cinder-820027-24-iscsi devstack@c-api.service[119747]: warnings.warn('Policy enforcement is depending on the value of '
Sep 08 13:53:11.460082 dv-cinder-820027-24-iscsi devstack@c-api.service[119747]: INFO cinder.volume.api [None req-6f260ed9-9e00-45f7-9a36-f412267774d1 tempest-GroupSnapshotsV319Test-1841593515 tempest-GroupSnapshotsV319Test-1841593515-project] Volume info retrieved successfully.
Sep 08 13:53:11.461852 dv-cinder-820027-24-iscsi devstack@c-api.service[119747]: WARNING stevedore.named [None req-6f260ed9-9e00-45f7-9a36-f412267774d1 tempest-GroupSnapshotsV319Test-1841593515 tempest-GroupSnapshotsV319Test-1841593515-project] Could not load cinder.keymgr.conf_key_mgr.ConfKeyManager
Sep 08 13:53:11.462243 dv-cinder-820027-24-iscsi devstack@c-api.service[119747]: WARNING castellan.key_manager [None req-6f260ed9-9e00-45f7-9a36-f412267774d1 tempest-GroupSnapshotsV319Test-1841593515 tempest-GroupSnapshotsV319Test-1841593515-project] Deprecation Warning : cinder.keymgr.conf_key_mgr.ConfKeyManager is not a stevedore based driver, trying to load it as a class: stevedore.exception.NoMatches: No 'castellan.drivers' driver found, looking for 'cinder.keymgr.conf_key_mgr.ConfKeyManager'
Sep 08 13:53:11.471189 dv-cinder-820027-24-iscsi devstack@c-api.service[119747]: DEBUG oslo_db.sqlalchemy.engines [None req-6f260ed9-9e00-45f7-9a36-f412267774d1 tempest-GroupSnapshotsV319Test-1841593515 tempest-GroupSnapshotsV319Test-1841593515-project] MySQL server mode set to STRICT_TRANS_TABLES,STRICT_ALL_TABLES,NO_ZERO_IN_DATE,NO_ZERO_DATE,ERROR_FOR_DIVISION_BY_ZERO,TRADITIONAL,NO_ENGINE_SUBSTITUTION {{(pid=119747) _check_effective_sql_mode /usr/local/lib/python3.8/dist-packages/oslo_db/sqlalchemy/engines.py:314}}
Sep 08 13:53:11.478398 dv-cinder-820027-24-iscsi devstack@c-api.service[119747]: /usr/local/lib/python3.8/dist-packages/oslo_context/context.py:100: DeprecationWarning: Policy enforcement is depending on the value of is_admin. This key is deprecated. Please update your policy file to use the standard policy values.
Sep 08 13:53:11.478398 dv-cinder-820027-24-iscsi devstack@c-api.service[119747]: warnings.warn('Policy enforcement is depending on the value of '
Sep 08 13:53:11.497307 dv-cinder-820027-24-iscsi devstack@c-api.service[119747]: INFO cinder.api.openstack.wsgi [None req-6f260ed9-9e00-45f7-9a36-f412267774d1 tempest-GroupSnapshotsV319Test-1841593515 tempest-GroupSnapshotsV319Test-1841593515-project] http://10.222.0.55/volume/v3/8ba6ca7d485c404dbe3ed5873c2142f6/volumes/960c112b-f75e-4024-85e7-69d05bf3984d returned with HTTP 200
Sep 08 13:53:11.498368 dv-cinder-820027-24-iscsi devstack@c-api.service[119747]: [pid: 119747|app: 0|req: 124/258] 10.222.0.55 () {60 vars in 1366 bytes} [Thu Sep 8 13:53:11 2022] GET /volume/v3/8ba6ca7d485c404dbe3ed5873c2142f6/volumes/960c112b-f75e-4024-85e7-69d05bf3984d => generated 1006 bytes in 79 msecs (HTTP/1.1 200) 7 headers in 287 bytes (1 switches on core 0)
Sep 08 13:53:11.980977 dv-cinder-820027-24-iscsi devstack@c-api.service[119746]: DEBUG cinder.api.middleware.request_id [None req-158682c2-1cf6-45b7-af38-cf4e0be3c33e None None] RequestId filter calling following filter/app {{(pid=119746) _context_setter /opt/stack/cinder/cinder/api/middleware/request_id.py:62}}
Sep 08 13:53:11.986602 dv-cinder-820027-24-iscsi devstack@c-api.service[119746]: INFO cinder.api.openstack.wsgi [None req-158682c2-1cf6-45b7-af38-cf4e0be3c33e tempest-VolumeTypesAccessTest-1138357434 tempest-VolumeTypesAccessTest-1138357434-project] GET http://10.222.0.55/volume/v3/f2fae35cf21340a3b90015ee4c184044/volumes/e132e010-0118-4cf2-815c-eb3b9306ce56
Sep 08 13:53:11.987342 dv-cinder-820027-24-iscsi devstack@c-api.service[119746]: DEBUG cinder.api.openstack.wsgi [None req-158682c2-1cf6-45b7-af38-cf4e0be3c33e tempest-VolumeTypesAccessTest-1138357434 tempest-VolumeTypesAccessTest-1138357434-project] Empty body provided in request {{(pid=119746) get_body /opt/stack/cinder/cinder/api/openstack/wsgi.py:715}}
Sep 08 13:53:11.987532 dv-cinder-820027-24-iscsi devstack@c-api.service[119746]: DEBUG cinder.api.openstack.wsgi [None req-158682c2-1cf6-45b7-af38-cf4e0be3c33e tempest-VolumeTypesAccessTest-1138357434 tempest-VolumeTypesAccessTest-1138357434-project] Calling method 'show' {{(pid=119746) _process_stack /opt/stack/cinder/cinder/api/openstack/wsgi.py:868}}
Sep 08 13:53:11.996767 dv-cinder-820027-24-iscsi devstack@c-api.service[119747]: DEBUG cinder.api.middleware.request_id [None req-492f3471-a7ad-4e77-a91c-b438b005a17d None None] RequestId filter calling following filter/app {{(pid=119747) _context_setter /opt/stack/cinder/cinder/api/middleware/request_id.py:62}}
Sep 08 13:53:11.999433 dv-cinder-820027-24-iscsi devstack@c-api.service[119746]: INFO cinder.api.openstack.wsgi [None req-158682c2-1cf6-45b7-af38-cf4e0be3c33e tempest-VolumeTypesAccessTest-1138357434 tempest-VolumeTypesAccessTest-1138357434-project] http://10.222.0.55/volume/v3/f2fae35cf21340a3b90015ee4c184044/volumes/e132e010-0118-4cf2-815c-eb3b9306ce56 returned with HTTP 404
Sep 08 13:53:12.000513 dv-cinder-820027-24-iscsi devstack@c-api.service[119746]: [pid: 119746|app: 0|req: 135/259] 10.222.0.55 () {58 vars in 1325 bytes} [Thu Sep 8 13:53:11 2022] GET /volume/v3/f2fae35cf21340a3b90015ee4c184044/volumes/e132e010-0118-4cf2-815c-eb3b9306ce56 => generated 109 bytes in 20 msecs (HTTP/1.1 404) 7 headers in 292 bytes (1 switches on core 0)
Sep 08 13:53:12.002088 dv-cinder-820027-24-iscsi devstack@c-api.service[119747]: INFO cinder.api.openstack.wsgi [None req-492f3471-a7ad-4e77-a91c-b438b005a17d tempest-VolumeSnapshotQuotasNegativeTestJSON-1786957779 tempest-VolumeSnapshotQuotasNegativeTestJSON-1786957779-project] GET http://10.222.0.55/volume/v3/fc5175fe08c240a9b090258cf832294c/snapshots/010879dc-4ce4-4c84-be60-8c1e12e1bcc5
Sep 08 13:53:12.002548 dv-cinder-820027-24-iscsi devstack@c-api.service[119747]: DEBUG cinder.api.openstack.wsgi [None req-492f3471-a7ad-4e77-a91c-b438b005a17d tempest-VolumeSnapshotQuotasNegativeTestJSON-1786957779 tempest-VolumeSnapshotQuotasNegativeTestJSON-1786957779-project] Empty body provided in request {{(pid=119747) get_body /opt/stack/cinder/cinder/api/openstack/wsgi.py:715}}
Sep 08 13:53:12.004644 dv-cinder-820027-24-iscsi devstack@c-api.service[119747]: DEBUG cinder.api.openstack.wsgi [None req-492f3471-a7ad-4e77-a91c-b438b005a17d tempest-VolumeSnapshotQuotasNegativeTestJSON-1786957779 tempest-VolumeSnapshotQuotasNegativeTestJSON-1786957779-project] Calling method 'show' {{(pid=119747) _process_stack /opt/stack/cinder/cinder/api/openstack/wsgi.py:868}}
Sep 08 13:53:12.004889 dv-cinder-820027-24-iscsi devstack@c-api.service[119746]: DEBUG cinder.api.middleware.request_id [None req-d23baf85-c346-462d-91e3-ba2cd6c8fc84 None None] RequestId filter calling following filter/app {{(pid=119746) _context_setter /opt/stack/cinder/cinder/api/middleware/request_id.py:62}}
Sep 08 13:53:12.009910 dv-cinder-820027-24-iscsi devstack@c-api.service[119746]: INFO cinder.api.openstack.wsgi [None req-d23baf85-c346-462d-91e3-ba2cd6c8fc84 tempest-VolumeTypesAccessTest-1644687096 tempest-VolumeTypesAccessTest-1644687096-project-admin] DELETE http://10.222.0.55/volume/v3/97c64dd8363b4450b3400e94fc531483/types/645987c4-3363-4eda-b9c3-ceefafaf71d9
Sep 08 13:53:12.009910 dv-cinder-820027-24-iscsi devstack@c-api.service[119746]: DEBUG cinder.api.openstack.wsgi [None req-d23baf85-c346-462d-91e3-ba2cd6c8fc84 tempest-VolumeTypesAccessTest-1644687096 tempest-VolumeTypesAccessTest-1644687096-project-admin] Empty body provided in request {{(pid=119746) get_body /opt/stack/cinder/cinder/api/openstack/wsgi.py:715}}
Sep 08 13:53:12.009910 dv-cinder-820027-24-iscsi devstack@c-api.service[119746]: DEBUG cinder.api.openstack.wsgi [None req-d23baf85-c346-462d-91e3-ba2cd6c8fc84 tempest-VolumeTypesAccessTest-1644687096 tempest-VolumeTypesAccessTest-1644687096-project-admin] Calling method '_delete' {{(pid=119746) _process_stack /opt/stack/cinder/cinder/api/openstack/wsgi.py:868}}
Sep 08 13:53:12.025850 dv-cinder-820027-24-iscsi devstack@c-api.service[119747]: /usr/local/lib/python3.8/dist-packages/oslo_context/context.py:100: DeprecationWarning: Policy enforcement is depending on the value of is_admin. This key is deprecated. Please update your policy file to use the standard policy values.
Sep 08 13:53:12.025850 dv-cinder-820027-24-iscsi devstack@c-api.service[119747]: warnings.warn('Policy enforcement is depending on the value of '
Sep 08 13:53:12.027145 dv-cinder-820027-24-iscsi devstack@c-api.service[119747]: INFO cinder.volume.api [None req-492f3471-a7ad-4e77-a91c-b438b005a17d tempest-VolumeSnapshotQuotasNegativeTestJSON-1786957779 tempest-VolumeSnapshotQuotasNegativeTestJSON-1786957779-project] Snapshot retrieved successfully.
Sep 08 13:53:12.028937 dv-cinder-820027-24-iscsi devstack@c-api.service[119747]: INFO cinder.api.openstack.wsgi [None req-492f3471-a7ad-4e77-a91c-b438b005a17d tempest-VolumeSnapshotQuotasNegativeTestJSON-1786957779 tempest-VolumeSnapshotQuotasNegativeTestJSON-1786957779-project] http://10.222.0.55/volume/v3/fc5175fe08c240a9b090258cf832294c/snapshots/010879dc-4ce4-4c84-be60-8c1e12e1bcc5 returned with HTTP 200
Sep 08 13:53:12.030005 dv-cinder-820027-24-iscsi devstack@c-api.service[119747]: [pid: 119747|app: 0|req: 125/260] 10.222.0.55 () {58 vars in 1331 bytes} [Thu Sep 8 13:53:11 2022] GET /volume/v3/fc5175fe08c240a9b090258cf832294c/snapshots/010879dc-4ce4-4c84-be60-8c1e12e1bcc5 => generated 455 bytes in 34 msecs (HTTP/1.1 200) 7 headers in 285 bytes (1 switches on core 0)
Sep 08 13:53:12.061210 dv-cinder-820027-24-iscsi devstack@c-api.service[119746]: INFO cinder.api.openstack.wsgi [None req-d23baf85-c346-462d-91e3-ba2cd6c8fc84 tempest-VolumeTypesAccessTest-1644687096 tempest-VolumeTypesAccessTest-1644687096-project-admin] http://10.222.0.55/volume/v3/97c64dd8363b4450b3400e94fc531483/types/645987c4-3363-4eda-b9c3-ceefafaf71d9 returned with HTTP 202
Sep 08 13:53:12.062697 dv-cinder-820027-24-iscsi devstack@c-api.service[119746]: [pid: 119746|app: 0|req: 136/261] 10.222.0.55 () {58 vars in 1322 bytes} [Thu Sep 8 13:53:12 2022] DELETE /volume/v3/97c64dd8363b4450b3400e94fc531483/types/645987c4-3363-4eda-b9c3-ceefafaf71d9 => generated 0 bytes in 59 msecs (HTTP/1.1 202) 6 headers in 233 bytes (2 switches on core 0)
Sep 08 13:53:12.067515 dv-cinder-820027-24-iscsi devstack@c-api.service[119747]: DEBUG cinder.api.middleware.request_id [None req-05a3c194-b334-4562-93ef-995777339a5e None None] RequestId filter calling following filter/app {{(pid=119747) _context_setter /opt/stack/cinder/cinder/api/middleware/request_id.py:62}}
Sep 08 13:53:12.072159 dv-cinder-820027-24-iscsi devstack@c-api.service[119747]: INFO cinder.api.openstack.wsgi [None req-05a3c194-b334-4562-93ef-995777339a5e tempest-VolumeTypesAccessTest-1644687096 tempest-VolumeTypesAccessTest-1644687096-project-admin] GET http://10.222.0.55/volume/v3/97c64dd8363b4450b3400e94fc531483/types/645987c4-3363-4eda-b9c3-ceefafaf71d9
Sep 08 13:53:12.072608 dv-cinder-820027-24-iscsi devstack@c-api.service[119747]: DEBUG cinder.api.openstack.wsgi [None req-05a3c194-b334-4562-93ef-995777339a5e tempest-VolumeTypesAccessTest-1644687096 tempest-VolumeTypesAccessTest-1644687096-project-admin] Empty body provided in request {{(pid=119747) get_body /opt/stack/cinder/cinder/api/openstack/wsgi.py:715}}
Sep 08 13:53:12.073065 dv-cinder-820027-24-iscsi devstack@c-api.service[119747]: DEBUG cinder.api.openstack.wsgi [None req-05a3c194-b334-4562-93ef-995777339a5e tempest-VolumeTypesAccessTest-1644687096 tempest-VolumeTypesAccessTest-1644687096-project-admin] Calling method 'show' {{(pid=119747) _process_stack /opt/stack/cinder/cinder/api/openstack/wsgi.py:868}}
