Sep 01 09:10:08.455797 dv-cinder-820027-23-iscsi neutron-server[106846]: L3 agent@dv-cinder-820027-23-iscsi: {},
Sep 01 09:10:08.455797 dv-cinder-820027-23-iscsi neutron-server[106846]: Metadata agent@dv-cinder-820027-23-iscsi: {},
Sep 01 09:10:08.455797 dv-cinder-820027-23-iscsi neutron-server[106846]: Metering agent@dv-cinder-820027-23-iscsi: {},
Sep 01 09:10:08.455797 dv-cinder-820027-23-iscsi neutron-server[106846]: Open vSwitch agent@dv-cinder-820027-23-iscsi: { 'AddressGroup': '1.2',
Sep 01 09:10:08.455797 dv-cinder-820027-23-iscsi neutron-server[106846]: 'Agent': '1.1',
Sep 01 09:10:08.455797 dv-cinder-820027-23-iscsi neutron-server[106846]: 'ConntrackHelper': '1.0',
Sep 01 09:10:08.455797 dv-cinder-820027-23-iscsi neutron-server[106846]: 'LocalIPAssociation': '1.0',
Sep 01 09:10:08.455797 dv-cinder-820027-23-iscsi neutron-server[106846]: 'Log': '1.0',
Sep 01 09:10:08.455797 dv-cinder-820027-23-iscsi neutron-server[106846]: 'NDPProxy': '1.0',
Sep 01 09:10:08.455797 dv-cinder-820027-23-iscsi neutron-server[106846]: 'Network': '1.1',
Sep 01 09:10:08.455797 dv-cinder-820027-23-iscsi neutron-server[106846]: 'Port': '1.7',
Sep 01 09:10:08.455797 dv-cinder-820027-23-iscsi neutron-server[106846]: 'PortForwarding': '1.3',
Sep 01 09:10:08.455797 dv-cinder-820027-23-iscsi neutron-server[106846]: 'QosPolicy': '1.10',
Sep 01 09:10:08.455797 dv-cinder-820027-23-iscsi neutron-server[106846]: 'SecurityGroup': '1.5',
Sep 01 09:10:08.455797 dv-cinder-820027-23-iscsi neutron-server[106846]: 'SecurityGroupRule': '1.2',
Sep 01 09:10:08.455797 dv-cinder-820027-23-iscsi neutron-server[106846]: 'SubPort': '1.0',
Sep 01 09:10:08.455797 dv-cinder-820027-23-iscsi neutron-server[106846]: 'Subnet': '1.1',
Sep 01 09:10:08.455797 dv-cinder-820027-23-iscsi neutron-server[106846]: 'Trunk': '1.1'}}
Sep 01 09:10:08.455797 dv-cinder-820027-23-iscsi neutron-server[106846]: {{(pid=106846) report /opt/stack/neutron/neutron/api/rpc/callbacks/version_manager.py:175}}
Sep 01 09:10:08.455797 dv-cinder-820027-23-iscsi neutron-server[106846]: DEBUG neutron.scheduler.base_scheduler [None req-e931cb82-24b8-4ab5-bdaa-6cfdfdec076a None None] Resources bound (agent type, host, resource id): {{(pid=106846) schedule /opt/stack/neutron/neutron/scheduler/base_scheduler.py:57}}
Sep 01 09:10:08.462552 dv-cinder-820027-23-iscsi neutron-server[106846]: DEBUG neutron.db.l3_dvrscheduler_db [None req-e931cb82-24b8-4ab5-bdaa-6cfdfdec076a None None] Received port after_create {{(pid=106846) _notify_l3_agent_new_port /opt/stack/neutron/neutron/db/l3_dvrscheduler_db.py:538}}
Sep 01 09:10:08.523253 dv-cinder-820027-23-iscsi neutron-server[106845]: DEBUG neutron.pecan_wsgi.hooks.quota_enforcement [None req-099d9282-1a90-4a60-9945-d86ab2bccba5 admin admin] Made reservation on behalf of b8799a08d0684b5c8d9cd3f89c3016d7 for: {'network': 1} {{(pid=106845) before /opt/stack/neutron/neutron/pecan_wsgi/hooks/quota_enforcement.py:53}}
Sep 01 09:10:08.526141 dv-cinder-820027-23-iscsi neutron-server[106845]: DEBUG neutron_lib.callbacks.manager [None req-099d9282-1a90-4a60-9945-d86ab2bccba5 admin admin] Publish callbacks ['neutron.plugins.ml2.plugin.SecurityGroupDbMixin._ensure_default_security_group_handler-1729784'] for network (None), before_create {{(pid=106845) _notify_loop /usr/local/lib/python3.8/dist-packages/neutron_lib/callbacks/manager.py:176}}
Sep 01 09:10:08.529031 dv-cinder-820027-23-iscsi neutron-server[106845]: DEBUG neutron.pecan_wsgi.hooks.quota_enforcement [None req-b9b7ccd7-26c0-48a1-b9cd-8e8ac70181bb admin admin] Made reservation on behalf of f5045a17a253414e9c231bcd0d7d24b8 for: {'network': 1} {{(pid=106845) before /opt/stack/neutron/neutron/pecan_wsgi/hooks/quota_enforcement.py:53}}
Sep 01 09:10:08.531349 dv-cinder-820027-23-iscsi neutron-server[106845]: DEBUG neutron_lib.callbacks.manager [None req-b9b7ccd7-26c0-48a1-b9cd-8e8ac70181bb admin admin] Publish callbacks ['neutron.plugins.ml2.plugin.SecurityGroupDbMixin._ensure_default_security_group_handler-1729784'] for network (None), before_create {{(pid=106845) _notify_loop /usr/local/lib/python3.8/dist-packages/neutron_lib/callbacks/manager.py:176}}
Sep 01 09:10:08.557208 dv-cinder-820027-23-iscsi neutron-server[106846]: DEBUG neutron.plugins.ml2.managers [None req-e931cb82-24b8-4ab5-bdaa-6cfdfdec076a None None] Attempting to bind port 164d06d1-ee85-42fc-af49-58cb426d0ea2 on host dv-cinder-820027-23-iscsi for vnic_type normal with profile {{(pid=106846) bind_port /opt/stack/neutron/neutron/plugins/ml2/managers.py:810}}
Sep 01 09:10:08.557525 dv-cinder-820027-23-iscsi neutron-server[106845]: DEBUG neutron.pecan_wsgi.hooks.quota_enforcement [None req-4d4e9193-f2f0-401b-bc22-8bbad8c0e31a admin admin] Made reservation on behalf of 15f1ee0d68f646bcad60cbf31c3c684d for: {'network': 1} {{(pid=106845) before /opt/stack/neutron/neutron/pecan_wsgi/hooks/quota_enforcement.py:53}}
Sep 01 09:10:08.557659 dv-cinder-820027-23-iscsi neutron-server[106846]: DEBUG neutron.plugins.ml2.managers [None req-e931cb82-24b8-4ab5-bdaa-6cfdfdec076a None None] Attempting to bind port 164d06d1-ee85-42fc-af49-58cb426d0ea2 by drivers openvswitch,hyperv on host dv-cinder-820027-23-iscsi at level 0 using segments [{'id': '8ae19592-4bce-41d4-9e07-953e9b85ecd3', 'network_type': 'vlan', 'physical_network': 'physnet1', 'segmentation_id': 683, 'network_id': 'b7c0d6be-e38f-4a47-842c-71eb2f18d88c'}] {{(pid=106846) _bind_port_level /opt/stack/neutron/neutron/plugins/ml2/managers.py:835}}
Sep 01 09:10:08.557933 dv-cinder-820027-23-iscsi neutron-server[106846]: DEBUG neutron.plugins.ml2.drivers.mech_agent [None req-e931cb82-24b8-4ab5-bdaa-6cfdfdec076a None None] Attempting to bind port 164d06d1-ee85-42fc-af49-58cb426d0ea2 on network b7c0d6be-e38f-4a47-842c-71eb2f18d88c {{(pid=106846) bind_port /opt/stack/neutron/neutron/plugins/ml2/drivers/mech_agent.py:91}}
Sep 01 09:10:08.560530 dv-cinder-820027-23-iscsi neutron-server[106845]: DEBUG neutron_lib.callbacks.manager [None req-4d4e9193-f2f0-401b-bc22-8bbad8c0e31a admin admin] Publish callbacks ['neutron.plugins.ml2.plugin.SecurityGroupDbMixin._ensure_default_security_group_handler-1729784'] for network (None), before_create {{(pid=106845) _notify_loop /usr/local/lib/python3.8/dist-packages/neutron_lib/callbacks/manager.py:176}}
Sep 01 09:10:08.564371 dv-cinder-820027-23-iscsi neutron-server[106846]: DEBUG neutron.plugins.ml2.drivers.mech_agent [None req-e931cb82-24b8-4ab5-bdaa-6cfdfdec076a None None] Checking agent: {'id': '13f446eb-b86c-4d10-8228-99e74b09bf60', 'agent_type': 'Open vSwitch agent', 'binary': 'neutron-openvswitch-agent', 'topic': 'N/A', 'host': 'dv-cinder-820027-23-iscsi', 'admin_state_up': True, 'created_at': datetime.datetime(2022, 9, 1, 9, 2, 11), 'started_at': datetime.datetime(2022, 9, 1, 9, 2, 41), 'heartbeat_timestamp': datetime.datetime(2022, 9, 1, 9, 9, 41), 'description': None, 'resources_synced': None, 'availability_zone': None, 'alive': True, 'configurations': {'arp_responder_enabled': False, 'baremetal_smartnic': False, 'bridge_mappings': {'physnet1': 'br-data'}, 'datapath_type': 'system', 'devices': 0, 'enable_distributed_routing': False, 'extensions': [], 'in_distributed_mode': False, 'integration_bridge': 'br-int', 'l2_population': False, 'log_agent_heartbeats': False, 'ovs_capabilities': {'datapath_types': ['netdev', 'system'], 'iface_types': ['erspan', 'geneve', 'gre', 'internal', 'ip6erspan', 'ip6gre', 'lisp', 'patch', 'stt', 'system', 'tap', 'vxlan']}, 'ovs_hybrid_plug': False, 'resource_provider_bandwidths': {}, 'resource_provider_hypervisors': {'br-data': 'dv-cinder-820027-23-iscsi'}, 'resource_provider_inventory_defaults': {'allocation_ratio': 1.0, 'min_unit': 1, 'step_size': 1, 'reserved': 0}, 'resource_provider_packet_processing_inventory_defaults': {'allocation_ratio': 1.0, 'min_unit': 1, 'step_size': 1, 'reserved': 0}, 'resource_provider_packet_processing_with_direction': {}, 'resource_provider_packet_processing_without_direction': {}, 'tunnel_types': [], 'tunneling_ip': None, 'vhostuser_socket_dir': '/var/run/openvswitch'}, 'resource_versions': {'AddressGroup': '1.2', 'Agent': '1.1', 'ConntrackHelper': '1.0', 'LocalIPAssociation': '1.0', 'Log': '1.0', 'NDPProxy': '1.0', 'Network': '1.1', 'Port': '1.7', 'PortForwarding': '1.3', 'QosPolicy': '1.10', 'SecurityGroup': '1.5', 'SecurityGroupRule': '1.2', 'SubPort': '1.0', 'Subnet': '1.1', 'Trunk': '1.1'}} {{(pid=106846) bind_port /opt/stack/neutron/neutron/plugins/ml2/drivers/mech_agent.py:110}}
Sep 01 09:10:08.565036 dv-cinder-820027-23-iscsi neutron-server[106846]: DEBUG neutron.plugins.ml2.drivers.mech_agent [None req-e931cb82-24b8-4ab5-bdaa-6cfdfdec076a None None] Checking segment: {'id': '8ae19592-4bce-41d4-9e07-953e9b85ecd3', 'network_type': 'vlan', 'physical_network': 'physnet1', 'segmentation_id': 683, 'network_id': 'b7c0d6be-e38f-4a47-842c-71eb2f18d88c'} for mappings: {'physnet1': 'br-data'} with network types: ['local', 'flat', 'vlan'] {{(pid=106846) check_segment_for_agent /opt/stack/neutron/neutron/plugins/ml2/drivers/mech_agent.py:373}}
Sep 01 09:10:08.565517 dv-cinder-820027-23-iscsi neutron-server[106846]: DEBUG neutron_lib.callbacks.manager [None req-e931cb82-24b8-4ab5-bdaa-6cfdfdec076a None None] Publish callbacks [] for ovs_bridge_name (None), before_read {{(pid=106846) _notify_loop /usr/local/lib/python3.8/dist-packages/neutron_lib/callbacks/manager.py:176}}
Sep 01 09:10:08.565891 dv-cinder-820027-23-iscsi neutron-server[106846]: DEBUG neutron.plugins.ml2.drivers.mech_agent [None req-e931cb82-24b8-4ab5-bdaa-6cfdfdec076a None None] Bound using segment: {'id': '8ae19592-4bce-41d4-9e07-953e9b85ecd3', 'network_type': 'vlan', 'physical_network': 'physnet1', 'segmentation_id': 683, 'network_id': 'b7c0d6be-e38f-4a47-842c-71eb2f18d88c'} {{(pid=106846) bind_port /opt/stack/neutron/neutron/plugins/ml2/drivers/mech_agent.py:120}}
Sep 01 09:10:08.566668 dv-cinder-820027-23-iscsi neutron-server[106846]: DEBUG neutron.plugins.ml2.managers [None req-e931cb82-24b8-4ab5-bdaa-6cfdfdec076a None None] Bound port: 164d06d1-ee85-42fc-af49-58cb426d0ea2, host: dv-cinder-820027-23-iscsi, vif_type: ovs, vif_details: {"connectivity": "l2", "port_filter": true, "ovs_hybrid_plug": false, "datapath_type": "system", "bridge_name": "br-int"}, binding_levels: [{'bound_driver': 'openvswitch', 'bound_segment': {'id': '8ae19592-4bce-41d4-9e07-953e9b85ecd3', 'network_type': 'vlan', 'physical_network': 'physnet1', 'segmentation_id': 683, 'network_id': 'b7c0d6be-e38f-4a47-842c-71eb2f18d88c'}}] {{(pid=106846) _bind_port_level /opt/stack/neutron/neutron/plugins/ml2/managers.py:947}}
Sep 01 09:10:08.566946 dv-cinder-820027-23-iscsi neutron-server[106845]: DEBUG neutron_lib.callbacks.manager [None req-099d9282-1a90-4a60-9945-d86ab2bccba5 admin admin] Publish callbacks [] for security_group (None), before_create {{(pid=106845) _notify_loop /usr/local/lib/python3.8/dist-packages/neutron_lib/callbacks/manager.py:176}}
Sep 01 09:10:08.567055 dv-cinder-820027-23-iscsi neutron-server[106846]: DEBUG neutron_lib.callbacks.manager [None req-e931cb82-24b8-4ab5-bdaa-6cfdfdec076a None None] Publish callbacks ['neutron.plugins.ml2.plugin.SecurityGroupDbMixin._ensure_default_security_group_handler-1729784'] for port (164d06d1-ee85-42fc-af49-58cb426d0ea2), before_update {{(pid=106846) _notify_loop /usr/local/lib/python3.8/dist-packages/neutron_lib/callbacks/manager.py:176}}
Sep 01 09:10:08.569206 dv-cinder-820027-23-iscsi neutron-server[106845]: DEBUG neutron_lib.callbacks.manager [None req-b9b7ccd7-26c0-48a1-b9cd-8e8ac70181bb admin admin] Publish callbacks [] for security_group (None), before_create {{(pid=106845) _notify_loop /usr/local/lib/python3.8/dist-packages/neutron_lib/callbacks/manager.py:176}}
Sep 01 09:10:08.579822 dv-cinder-820027-23-iscsi neutron-server[106844]: DEBUG neutron_lib.callbacks.manager [None req-7fd22244-d85d-4225-b655-1f3d3fd22720 admin admin] Publish callbacks ['neutron.plugins.ml2.ovo_rpc._ObjectChangeHandler.handle_event-764484', 'neutron.api.rpc.agentnotifiers.dhcp_rpc_agent_api.DhcpAgentNotifyAPI._native_event_send_dhcp_notification-537944'] for network (d95d47db-eb5b-4df8-8295-e8765bcebf85), after_create {{(pid=106844) _notify_loop /usr/local/lib/python3.8/dist-packages/neutron_lib/callbacks/manager.py:176}}
Sep 01 09:10:08.582225 dv-cinder-820027-23-iscsi neutron-server[106844]: DEBUG neutron.pecan_wsgi.hooks.policy_enforcement [None req-7fd22244-d85d-4225-b655-1f3d3fd22720 admin admin] Attributes excluded by policy engine: ['standard_attr_id', 'vlan_transparent'] {{(pid=106844) _exclude_attributes_by_policy /opt/stack/neutron/neutron/pecan_wsgi/hooks/policy_enforcement.py:259}}
Sep 01 09:10:08.582225 dv-cinder-820027-23-iscsi neutron-server[106844]: DEBUG neutron_lib.callbacks.manager [None req-7fd22244-d85d-4225-b655-1f3d3fd22720 admin admin] Publish callbacks ['neutron.api.rpc.agentnotifiers.dhcp_rpc_agent_api.DhcpAgentNotifyAPI._send_dhcp_notification-537930'] for network (None), before_response {{(pid=106844) _notify_loop /usr/local/lib/python3.8/dist-packages/neutron_lib/callbacks/manager.py:176}}
Sep 01 09:10:08.586409 dv-cinder-820027-23-iscsi neutron-server[106844]: DEBUG dbcounter [-] [106844] Writing DB stats neutron:SELECT=72,neutron:INSERT=24,neutron:UPDATE=4 {{(pid=106844) stat_writer /usr/local/lib/python3.8/dist-packages/dbcounter.py:114}}
Sep 01 09:10:08.647298 dv-cinder-820027-23-iscsi neutron-server[106846]: DEBUG neutron.plugins.ml2.db [None req-e931cb82-24b8-4ab5-bdaa-6cfdfdec076a None None] For port 164d06d1-ee85-42fc-af49-58cb426d0ea2, host dv-cinder-820027-23-iscsi, cleared binding levels {{(pid=106846) clear_binding_levels /opt/stack/neutron/neutron/plugins/ml2/db.py:87}}
Sep 01 09:10:08.650489 dv-cinder-820027-23-iscsi neutron-server[106846]: DEBUG neutron.plugins.ml2.db [None req-e931cb82-24b8-4ab5-bdaa-6cfdfdec076a None None] For port 164d06d1-ee85-42fc-af49-58cb426d0ea2, host dv-cinder-820027-23-iscsi, set binding levels [PortBindingLevel(driver='openvswitch',host='dv-cinder-820027-23-iscsi',level=0,port_id=164d06d1-ee85-42fc-af49-58cb426d0ea2,segment=NetworkSegment(8ae19592-4bce-41d4-9e07-953e9b85ecd3),segment_id=8ae19592-4bce-41d4-9e07-953e9b85ecd3)] {{(pid=106846) set_binding_levels /opt/stack/neutron/neutron/plugins/ml2/db.py:59}}
Sep 01 09:10:08.665334 dv-cinder-820027-23-iscsi neutron-server[106844]: DEBUG neutron.api.rpc.handlers.resources_rpc [None req-7fd22244-d85d-4225-b655-1f3d3fd22720 admin admin] Pushing event updated for resources: {'Network': ['ID=d95d47db-eb5b-4df8-8295-e8765bcebf85,revision_number=1']} {{(pid=106844) push /opt/stack/neutron/neutron/api/rpc/handlers/resources_rpc.py:237}}
Sep 01 09:10:08.678640 dv-cinder-820027-23-iscsi neutron-server[106846]: DEBUG neutron.plugins.ml2.rpc [None req-be6ee5fa-5040-4fea-8776-4dbe42c9dc94 None None] Network d95d47db-eb5b-4df8-8295-e8765bcebf85 details requested by agent ovs-agent-dv-cinder-820027-23-iscsi with host dv-cinder-820027-23-iscsi {{(pid=106846) get_network_details /opt/stack/neutron/neutron/plugins/ml2/rpc.py:248}}
Sep 01 09:10:08.727921 dv-cinder-820027-23-iscsi neutron-server[106846]: DEBUG neutron_lib.callbacks.manager [None req-e931cb82-24b8-4ab5-bdaa-6cfdfdec076a None None] Publish callbacks ['neutron.plugins.ml2.plugin.SecurityGroupServerNotifierRpcMixin._notify_sg_on_port_change-1729723', 'neutron.plugins.ml2.ovo_rpc._ObjectChangeHandler.handle_event-1001398', 'neutron.api.rpc.agentnotifiers.dhcp_rpc_agent_api.DhcpAgentNotifyAPI._native_event_send_dhcp_notification-537944', 'neutron.db.l3_db.L3RpcNotifierMixin._notify_gateway_port_ip_changed-8780771783554', 'neutron.db.l3_dvrscheduler_db._notify_l3_agent_port_update-8780771341689', 'neutron.db.l3_hascheduler_db._notify_l3_agent_ha_port_update-8780771341707'] for port (164d06d1-ee85-42fc-af49-58cb426d0ea2), after_update {{(pid=106846) _notify_loop /usr/local/lib/python3.8/dist-packages/neutron_lib/callbacks/manager.py:176}}
Sep 01 09:10:08.791154 dv-cinder-820027-23-iscsi neutron-server[106844]: INFO neutron.wsgi [None req-7fd22244-d85d-4225-b655-1f3d3fd22720 admin admin] 10.222.0.46 "POST /networking/v2.0/networks HTTP/1.1" status: 201 len: 887 time: 1.1915281
Sep 01 09:10:08.792690 dv-cinder-820027-23-iscsi neutron-server[106844]: DEBUG neutron.wsgi [-] (106844) accepted ('10.222.0.46', 39330) {{(pid=106844) server /usr/local/lib/python3.8/dist-packages/eventlet/wsgi.py:1004}}
Sep 01 09:10:08.804696 dv-cinder-820027-23-iscsi neutron-server[106844]: DEBUG neutron.api.v2.base [None req-ea9d9492-5bd9-4c76-8394-3a169f0e1216 admin admin] Request body: {'subnet': {'network_id': 'd95d47db-eb5b-4df8-8295-e8765bcebf85', 'cidr': '172.20.0.0/28', 'name': 'tempest-AttachVolumeNegativeTest-515397394-subnet', 'tenant_id': 'c1035740bd454149963828f12066b70d', 'enable_dhcp': True, 'ip_version': 4}} {{(pid=106844) prepare_request_body /opt/stack/neutron/neutron/api/v2/base.py:730}}
Sep 01 09:10:08.823279 dv-cinder-820027-23-iscsi neutron-server[106846]: DEBUG neutron.api.rpc.handlers.resources_rpc [None req-e931cb82-24b8-4ab5-bdaa-6cfdfdec076a None None] Pushing event updated for resources: {'Port': ['ID=164d06d1-ee85-42fc-af49-58cb426d0ea2,revision_number=2']} {{(pid=106846) push /opt/stack/neutron/neutron/api/rpc/handlers/resources_rpc.py:237}}
Sep 01 09:10:08.847630 dv-cinder-820027-23-iscsi neutron-server[106846]: DEBUG dbcounter [-] [106846] Writing DB stats neutron:SELECT=91,neutron:UPDATE=5,neutron:INSERT=4 {{(pid=106846) stat_writer /usr/local/lib/python3.8/dist-packages/dbcounter.py:114}}
Sep 01 09:10:08.875373 dv-cinder-820027-23-iscsi neutron-server[106845]: DEBUG neutron_lib.callbacks.manager [None req-4d4e9193-f2f0-401b-bc22-8bbad8c0e31a admin admin] Publish callbacks [] for security_group (None), before_create {{(pid=106845) _notify_loop /usr/local/lib/python3.8/dist-packages/neutron_lib/callbacks/manager.py:176}}
Sep 01 09:10:08.886174 dv-cinder-820027-23-iscsi neutron-server[106845]: DEBUG dbcounter [-] [106845] Writing DB stats neutron:SELECT=75,neutron:INSERT=22,neutron:UPDATE=3 {{(pid=106845) stat_writer /usr/local/lib/python3.8/dist-packages/dbcounter.py:114}}
Sep 01 09:10:08.886416 dv-cinder-820027-23-iscsi neutron-server[106845]: DEBUG dbcounter [-] [106845] Writing DB stats neutron:SELECT=82,neutron:INSERT=14,neutron:UPDATE=2,neutron:DELETE=2 {{(pid=106845) stat_writer /usr/local/lib/python3.8/dist-packages/dbcounter.py:114}}
Sep 01 09:10:08.933588 dv-cinder-820027-23-iscsi neutron-server[106844]: DEBUG neutron.pecan_wsgi.hooks.quota_enforcement [None req-ea9d9492-5bd9-4c76-8394-3a169f0e1216 admin admin] Made reservation on behalf of c1035740bd454149963828f12066b70d for: {'subnet': 1} {{(pid=106844) before /opt/stack/neutron/neutron/pecan_wsgi/hooks/quota_enforcement.py:53}}
Sep 01 09:10:08.936092 dv-cinder-820027-23-iscsi neutron-server[106844]: DEBUG neutron_lib.callbacks.manager [None req-ea9d9492-5bd9-4c76-8394-3a169f0e1216 admin admin] Publish callbacks [] for subnet (None), before_create {{(pid=106844) _notify_loop /usr/local/lib/python3.8/dist-packages/neutron_lib/callbacks/manager.py:176}}
Sep 01 09:10:08.938807 dv-cinder-820027-23-iscsi neutron-server[106844]: DEBUG dbcounter [-] [106844] Writing DB stats neutron:SELECT=78,neutron:INSERT=14,neutron:UPDATE=4,neutron:DELETE=4 {{(pid=106844) stat_writer /usr/local/lib/python3.8/dist-packages/dbcounter.py:114}}
Sep 01 09:10:08.952973 dv-cinder-820027-23-iscsi neutron-server[106845]: DEBUG neutron_lib.callbacks.manager [None req-9efcc4c8-4b82-487f-9088-f5dd73badf5a admin admin] Publish callbacks [] for router_gateway (87e0e6d8-48a9-4ba1-91b9-10250b3a2bea), precommit_update {{(pid=106845) _notify_loop /usr/local/lib/python3.8/dist-packages/neutron_lib/callbacks/manager.py:176}}
Sep 01 09:10:08.968417 dv-cinder-820027-23-iscsi neutron-server[106845]: DEBUG neutron_lib.callbacks.manager [None req-099d9282-1a90-4a60-9945-d86ab2bccba5 admin admin] Publish callbacks [] for security_group (0e40a9ce-70b4-4afb-8947-5dea097a6b9d), precommit_create {{(pid=106845) _notify_loop /usr/local/lib/python3.8/dist-packages/neutron_lib/callbacks/manager.py:176}}
Sep 01 09:10:08.995763 dv-cinder-820027-23-iscsi neutron-server[106846]: DEBUG neutron_lib.callbacks.manager [None req-7ab97f85-8da1-414a-b754-d9d85ce7b837 None None] Publish callbacks ['neutron.services.segments.db._update_segment_host_mapping_for_agent-8780771856523', 'neutron.plugins.ml2.plugin.Ml2Plugin._retry_binding_revived_agents-1738041'] for agent (42f4a3b1-abfe-4fbd-8eb8-548347e94c8f), after_update {{(pid=106846) _notify_loop /usr/local/lib/python3.8/dist-packages/neutron_lib/callbacks/manager.py:176}}
Sep 01 09:10:09.030728 dv-cinder-820027-23-iscsi neutron-server[106845]: DEBUG neutron_lib.callbacks.manager [None req-b9b7ccd7-26c0-48a1-b9cd-8e8ac70181bb admin admin] Publish callbacks [] for security_group (ca84a7c6-725d-4828-9c58-93c918261462), precommit_create {{(pid=106845) _notify_loop /usr/local/lib/python3.8/dist-packages/neutron_lib/callbacks/manager.py:176}}
Sep 01 09:10:09.112373 dv-cinder-820027-23-iscsi neutron-server[106845]: DEBUG neutron_lib.callbacks.manager [None req-4d4e9193-f2f0-401b-bc22-8bbad8c0e31a admin admin] Publish callbacks [] for security_group (d374f0e1-b8b8-491c-9908-87d816c14a36), precommit_create {{(pid=106845) _notify_loop /usr/local/lib/python3.8/dist-packages/neutron_lib/callbacks/manager.py:176}}
Sep 01 09:10:09.140380 dv-cinder-820027-23-iscsi neutron-server[106845]: DEBUG neutron_lib.callbacks.manager [None req-099d9282-1a90-4a60-9945-d86ab2bccba5 admin admin] Publish callbacks ['neutron.plugins.ml2.ovo_rpc._ObjectChangeHandler.handle_event-766703'] for security_group (0e40a9ce-70b4-4afb-8947-5dea097a6b9d), after_create {{(pid=106845) _notify_loop /usr/local/lib/python3.8/dist-packages/neutron_lib/callbacks/manager.py:176}}
Sep 01 09:10:09.256278 dv-cinder-820027-23-iscsi neutron-server[106845]: DEBUG neutron_lib.callbacks.manager [None req-b9b7ccd7-26c0-48a1-b9cd-8e8ac70181bb admin admin] Publish callbacks ['neutron.plugins.ml2.ovo_rpc._ObjectChangeHandler.handle_event-766703'] for security_group (ca84a7c6-725d-4828-9c58-93c918261462), after_create {{(pid=106845) _notify_loop /usr/local/lib/python3.8/dist-packages/neutron_lib/callbacks/manager.py:176}}
Sep 01 09:10:09.256278 dv-cinder-820027-23-iscsi neutron-server[106845]: DEBUG neutron_lib.callbacks.manager [None req-4d4e9193-f2f0-401b-bc22-8bbad8c0e31a admin admin] Publish callbacks ['neutron.plugins.ml2.ovo_rpc._ObjectChangeHandler.handle_event-766703'] for security_group (d374f0e1-b8b8-491c-9908-87d816c14a36), after_create {{(pid=106845) _notify_loop /usr/local/lib/python3.8/dist-packages/neutron_lib/callbacks/manager.py:176}}
Sep 01 09:10:09.259876 dv-cinder-820027-23-iscsi neutron-server[106844]: DEBUG neutron_lib.callbacks.manager [None req-ea9d9492-5bd9-4c76-8394-3a169f0e1216 admin admin] Publish callbacks ['neutron.plugins.ml2.ovo_rpc._ObjectChangeHandler.handle_event-764475', 'neutron.api.rpc.agentnotifiers.dhcp_rpc_agent_api.DhcpAgentNotifyAPI._native_event_send_dhcp_notification-537944'] for subnet (e808a0ac-590b-46ee-a9e7-1e13eb105cfc), after_create {{(pid=106844) _notify_loop /usr/local/lib/python3.8/dist-packages/neutron_lib/callbacks/manager.py:176}}
Sep 01 09:10:09.294041 dv-cinder-820027-23-iscsi neutron-server[106845]: DEBUG neutron.plugins.ml2.drivers.helpers [None req-099d9282-1a90-4a60-9945-d86ab2bccba5 admin admin] vlan segment allocate from pool success with {'vlan_id': 655, 'physical_network': 'physnet1'} {{(pid=106845) allocate_partially_specified_segment /opt/stack/neutron/neutron/plugins/ml2/drivers/helpers.py:153}}
Sep 01 09:10:09.344825 dv-cinder-820027-23-iscsi neutron-server[106844]: DEBUG neutron.api.rpc.handlers.resources_rpc [None req-ea9d9492-5bd9-4c76-8394-3a169f0e1216 admin admin] Pushing event updated for resources: {'Subnet': ['ID=e808a0ac-590b-46ee-a9e7-1e13eb105cfc,revision_number=0']} {{(pid=106844) push /opt/stack/neutron/neutron/api/rpc/handlers/resources_rpc.py:237}}
Sep 01 09:10:09.347875 dv-cinder-820027-23-iscsi neutron-server[106845]: DEBUG neutron.plugins.ml2.drivers.helpers [None req-b9b7ccd7-26c0-48a1-b9cd-8e8ac70181bb admin admin] vlan segment allocate from pool success with {'vlan_id': 662, 'physical_network': 'physnet1'} {{(pid=106845) allocate_partially_specified_segment /opt/stack/neutron/neutron/plugins/ml2/drivers/helpers.py:153}}
Sep 01 09:10:09.382933 dv-cinder-820027-23-iscsi neutron-server[106845]: DEBUG neutron.plugins.ml2.drivers.helpers [None req-4d4e9193-f2f0-401b-bc22-8bbad8c0e31a admin admin] vlan segment allocate from pool success with {'vlan_id': 652, 'physical_network': 'physnet1'} {{(pid=106845) allocate_partially_specified_segment /opt/stack/neutron/neutron/plugins/ml2/drivers/helpers.py:153}}
Sep 01 09:10:09.386142 dv-cinder-820027-23-iscsi neutron-server[106844]: DEBUG neutron.plugins.ml2.drivers.mech_agent [None req-ea9d9492-5bd9-4c76-8394-3a169f0e1216 admin admin] Checking segment: {'id': '4e24f706-311d-4def-9ccf-3462d6b7a9d5', 'network_type': 'vlan', 'physical_network': 'physnet1', 'segmentation_id': 671, 'network_id': 'd95d47db-eb5b-4df8-8295-e8765bcebf85'} for mappings: {'physnet1': 'br-data'} with network types: ['local', 'flat', 'vlan'] {{(pid=106844) check_segment_for_agent /opt/stack/neutron/neutron/plugins/ml2/drivers/mech_agent.py:373}}
Sep 01 09:10:09.386142 dv-cinder-820027-23-iscsi neutron-server[106844]: DEBUG neutron.scheduler.dhcp_agent_scheduler [None req-ea9d9492-5bd9-4c76-8394-3a169f0e1216 admin admin] Network hostable DHCP agents. Network: d95d47db-eb5b-4df8-8295-e8765bcebf85, hostable agents: ['30047bf5-3087-4f98-9a72-6cafda4348b5'], hosted agents: [] {{(pid=106844) _get_network_hostable_dhcp_agents /opt/stack/neutron/neutron/scheduler/dhcp_agent_scheduler.py:329}}
Sep 01 09:10:09.398294 dv-cinder-820027-23-iscsi neutron-server[106845]: DEBUG neutron_lib.callbacks.manager [None req-099d9282-1a90-4a60-9945-d86ab2bccba5 admin admin] Publish callbacks ['neutron.services.segments.db._add_segment_host_mapping_for_segment-8780771856532', 'neutron.plugins.ml2.plugin.Ml2Plugin._handle_segment_change-1742065'] for segment (4a7ef9ab-0acd-4673-a0ce-e40697286341), precommit_create {{(pid=106845) _notify_loop /usr/local/lib/python3.8/dist-packages/neutron_lib/callbacks/manager.py:176}}
Sep 01 09:10:09.398814 dv-cinder-820027-23-iscsi neutron-server[106845]: DEBUG neutron_lib.callbacks.manager [None req-099d9282-1a90-4a60-9945-d86ab2bccba5 admin admin] Unsubscribe: segment precommit_create {{(pid=106845) unsubscribe /usr/local/lib/python3.8/dist-packages/neutron_lib/callbacks/manager.py:83}}
Sep 01 09:10:09.399341 dv-cinder-820027-23-iscsi neutron-server[106845]: INFO neutron.db.segments_db [None req-099d9282-1a90-4a60-9945-d86ab2bccba5 admin admin] Added segment 4a7ef9ab-0acd-4673-a0ce-e40697286341 of type vlan for network 1c04be92-b1d0-4cd9-b4e5-6bb7a8617d5d
Sep 01 09:10:09.419204 dv-cinder-820027-23-iscsi neutron-server[106845]: DEBUG neutron_lib.callbacks.manager [None req-b9b7ccd7-26c0-48a1-b9cd-8e8ac70181bb admin admin] Publish callbacks ['neutron.plugins.ml2.plugin.Ml2Plugin._handle_segment_change-1742065'] for segment (99e90cf4-35e4-40e9-a095-5b6f2508dae2), precommit_create {{(pid=106845) _notify_loop /usr/local/lib/python3.8/dist-packages/neutron_lib/callbacks/manager.py:176}}
Sep 01 09:10:09.420778 dv-cinder-820027-23-iscsi neutron-server[106845]: INFO neutron.db.segments_db [None req-b9b7ccd7-26c0-48a1-b9cd-8e8ac70181bb admin admin] Added segment 99e90cf4-35e4-40e9-a095-5b6f2508dae2 of type vlan for network 39395f6c-959b-4db4-96d8-3a8b29f2e36f
Sep 01 09:10:09.442783 dv-cinder-820027-23-iscsi neutron-server[106845]: DEBUG neutron_lib.callbacks.manager [None req-4d4e9193-f2f0-401b-bc22-8bbad8c0e31a admin admin] Publish callbacks ['neutron.plugins.ml2.plugin.Ml2Plugin._handle_segment_change-1742065'] for segment (11c614ab-3872-4332-a51c-10221e2e6c9a), precommit_create {{(pid=106845) _notify_loop /usr/local/lib/python3.8/dist-packages/neutron_lib/callbacks/manager.py:176}}
Sep 01 09:10:09.443145 dv-cinder-820027-23-iscsi neutron-server[106845]: INFO neutron.db.segments_db [None req-4d4e9193-f2f0-401b-bc22-8bbad8c0e31a admin admin] Added segment 11c614ab-3872-4332-a51c-10221e2e6c9a of type vlan for network c9bfe5de-813e-4a58-8ca9-0d815bfc6f58
Sep 01 09:10:09.446075 dv-cinder-820027-23-iscsi neutron-server[106845]: DEBUG neutron.api.rpc.handlers.resources_rpc [None req-099d9282-1a90-4a60-9945-d86ab2bccba5 admin admin] Pushing event updated for resources: {'SecurityGroup': ['ID=0e40a9ce-70b4-4afb-8947-5dea097a6b9d,revision_number=1']} {{(pid=106845) push /opt/stack/neutron/neutron/api/rpc/handlers/resources_rpc.py:237}}
Sep 01 09:10:09.543981 dv-cinder-820027-23-iscsi neutron-server[106844]: DEBUG neutron.scheduler.dhcp_agent_scheduler [None req-ea9d9492-5bd9-4c76-8394-3a169f0e1216 admin admin] Network d95d47db-eb5b-4df8-8295-e8765bcebf85 is scheduled to be hosted by DHCP agent 30047bf5-3087-4f98-9a72-6cafda4348b5 with binding_index 1 {{(pid=106844) bind /opt/stack/neutron/neutron/scheduler/dhcp_agent_scheduler.py:227}}
Sep 01 09:10:09.597477 dv-cinder-820027-23-iscsi neutron-server[106846]: DEBUG neutron.plugins.ml2.rpc [None req-be6ee5fa-5040-4fea-8776-4dbe42c9dc94 None None] Device 164d06d1-ee85-42fc-af49-58cb426d0ea2 up at agent ovs-agent-dv-cinder-820027-23-iscsi {{(pid=106846) update_device_up /opt/stack/neutron/neutron/plugins/ml2/rpc.py:296}}
Sep 01 09:10:09.619378 dv-cinder-820027-23-iscsi neutron-server[106844]: DEBUG neutron.scheduler.base_scheduler [None req-ea9d9492-5bd9-4c76-8394-3a169f0e1216 admin admin] Resources bound (agent type, host, resource id): (DHCP agent, dv-cinder-820027-23-iscsi, d95d47db-eb5b-4df8-8295-e8765bcebf85) {{(pid=106844) schedule /opt/stack/neutron/neutron/scheduler/base_scheduler.py:57}}
Sep 01 09:10:09.624267 dv-cinder-820027-23-iscsi neutron-server[106844]: DEBUG neutron.pecan_wsgi.hooks.policy_enforcement [None req-ea9d9492-5bd9-4c76-8394-3a169f0e1216 admin admin] Attributes excluded by policy engine: ['standard_attr_id', 'shared', 'network'] {{(pid=106844) _exclude_attributes_by_policy /opt/stack/neutron/neutron/pecan_wsgi/hooks/policy_enforcement.py:259}}
Sep 01 09:10:09.625348 dv-cinder-820027-23-iscsi neutron-server[106844]: DEBUG neutron_lib.callbacks.manager [None req-ea9d9492-5bd9-4c76-8394-3a169f0e1216 admin admin] Publish callbacks ['neutron.api.rpc.agentnotifiers.dhcp_rpc_agent_api.DhcpAgentNotifyAPI._send_dhcp_notification-537930'] for subnet (None), before_response {{(pid=106844) _notify_loop /usr/local/lib/python3.8/dist-packages/neutron_lib/callbacks/manager.py:176}}
Sep 01 09:10:09.631997 dv-cinder-820027-23-iscsi neutron-server[106846]: DEBUG neutron.api.rpc.handlers.dhcp_rpc [None req-2a388cc5-9355-4187-85ba-92274abd17e7 None None] Network d95d47db-eb5b-4df8-8295-e8765bcebf85 requested from dv-cinder-820027-23-iscsi {{(pid=106846) get_network_info /opt/stack/neutron/neutron/api/rpc/handlers/dhcp_rpc.py:191}}
Sep 01 09:10:09.649353 dv-cinder-820027-23-iscsi neutron-server[106846]: DEBUG dbcounter [-] [106846] Writing DB stats neutron:SELECT=92,neutron:UPDATE=5,neutron:INSERT=3 {{(pid=106846) stat_writer /usr/local/lib/python3.8/dist-packages/dbcounter.py:114}}
Sep 01 09:10:09.653375 dv-cinder-820027-23-iscsi neutron-server[106845]: DEBUG neutron_lib.callbacks.manager [None req-099d9282-1a90-4a60-9945-d86ab2bccba5 admin admin] Publish callbacks ['neutron.services.auto_allocate.db._ensure_external_network_default_value_callback-8780771293862'] for network (1c04be92-b1d0-4cd9-b4e5-6bb7a8617d5d), precommit_create {{(pid=106845) _notify_loop /usr/local/lib/python3.8/dist-packages/neutron_lib/callbacks/manager.py:176}}
Sep 01 09:10:09.661073 dv-cinder-820027-23-iscsi neutron-server[106845]: DEBUG neutron_lib.callbacks.manager [None req-b9b7ccd7-26c0-48a1-b9cd-8e8ac70181bb admin admin] Publish callbacks ['neutron.services.auto_allocate.db._ensure_external_network_default_value_callback-8780771293862'] for network (39395f6c-959b-4db4-96d8-3a8b29f2e36f), precommit_create {{(pid=106845) _notify_loop /usr/local/lib/python3.8/dist-packages/neutron_lib/callbacks/manager.py:176}}
Sep 01 09:10:09.693348 dv-cinder-820027-23-iscsi neutron-server[106846]: DEBUG neutron.db.provisioning_blocks [None req-be6ee5fa-5040-4fea-8776-4dbe42c9dc94 None None] Provisioning complete for port 164d06d1-ee85-42fc-af49-58cb426d0ea2 triggered by entity L2. {{(pid=106846) provisioning_complete /opt/stack/neutron/neutron/db/provisioning_blocks.py:144}}
Sep 01 09:10:09.693735 dv-cinder-820027-23-iscsi neutron-server[106846]: DEBUG neutron_lib.callbacks.manager [None req-be6ee5fa-5040-4fea-8776-4dbe42c9dc94 None None] Publish callbacks ['neutron.plugins.ml2.plugin.Ml2Plugin._port_provisioned-1738067'] for port (164d06d1-ee85-42fc-af49-58cb426d0ea2), provisioning_complete {{(pid=106846) _notify_loop /usr/local/lib/python3.8/dist-packages/neutron_lib/callbacks/manager.py:176}}
Sep 01 09:10:09.695384 dv-cinder-820027-23-iscsi neutron-server[106845]: DEBUG neutron_lib.callbacks.manager [None req-4d4e9193-f2f0-401b-bc22-8bbad8c0e31a admin admin] Publish callbacks ['neutron.services.auto_allocate.db._ensure_external_network_default_value_callback-8780771293862'] for network (c9bfe5de-813e-4a58-8ca9-0d815bfc6f58), precommit_create {{(pid=106845) _notify_loop /usr/local/lib/python3.8/dist-packages/neutron_lib/callbacks/manager.py:176}}
Sep 01 09:10:09.704118 dv-cinder-820027-23-iscsi neutron-server[106845]: DEBUG neutron.api.rpc.handlers.resources_rpc [None req-b9b7ccd7-26c0-48a1-b9cd-8e8ac70181bb admin admin] Pushing event updated for resources: {'SecurityGroup': ['ID=ca84a7c6-725d-4828-9c58-93c918261462,revision_number=1']} {{(pid=106845) push /opt/stack/neutron/neutron/api/rpc/handlers/resources_rpc.py:237}}
Sep 01 09:10:09.749733 dv-cinder-820027-23-iscsi neutron-server[106844]: INFO neutron.wsgi [None req-ea9d9492-5bd9-4c76-8394-3a169f0e1216 admin admin] 10.222.0.46 "POST /networking/v2.0/subnets HTTP/1.1" status: 201 len: 850 time: 0.9552126
Sep 01 09:10:09.752681 dv-cinder-820027-23-iscsi neutron-server[106844]: DEBUG neutron.wsgi [-] (106844) accepted ('10.222.0.46', 39354) {{(pid=106844) server /usr/local/lib/python3.8/dist-packages/eventlet/wsgi.py:1004}}
Sep 01 09:10:09.761016 dv-cinder-820027-23-iscsi neutron-server[106844]: DEBUG neutron.api.v2.base [None req-91920a63-d688-45c7-9110-e17da80387ac admin admin] Request body: {'router': {'name': 'tempest-AttachVolumeNegativeTest-515397394-router', 'tenant_id': 'c1035740bd454149963828f12066b70d', 'external_gateway_info': {'network_id': '49fc6bc9-40e9-4e5f-8a37-4801575d73e1'}}} {{(pid=106844) prepare_request_body /opt/stack/neutron/neutron/api/v2/base.py:730}}
Sep 01 09:10:09.801468 dv-cinder-820027-23-iscsi neutron-server[106846]: DEBUG neutron.api.rpc.handlers.dhcp_rpc [None req-c83b67f3-ae37-4c0e-ba47-62530bfe9208 None None] Create dhcp port {'port': {'name': '', 'admin_state_up': True, 'device_id': 'dhcpb5d1835e-691b-5157-94b3-6ab114bca909-d95d47db-eb5b-4df8-8295-e8765bcebf85', 'network_id': 'd95d47db-eb5b-4df8-8295-e8765bcebf85', 'project_id': 'c1035740bd454149963828f12066b70d', 'fixed_ips': [{'subnet_id': 'e808a0ac-590b-46ee-a9e7-1e13eb105cfc'}]}} from dv-cinder-820027-23-iscsi. {{(pid=106846) create_dhcp_port /opt/stack/neutron/neutron/api/rpc/handlers/dhcp_rpc.py:268}}
Sep 01 09:10:09.802422 dv-cinder-820027-23-iscsi neutron-server[106846]: DEBUG neutron_lib.callbacks.manager [None req-c83b67f3-ae37-4c0e-ba47-62530bfe9208 None None] Publish callbacks ['neutron.plugins.ml2.plugin.SecurityGroupDbMixin._ensure_default_security_group_handler-1729784'] for port (None), before_create {{(pid=106846) _notify_loop /usr/local/lib/python3.8/dist-packages/neutron_lib/callbacks/manager.py:176}}
Sep 01 09:10:09.860433 dv-cinder-820027-23-iscsi neutron-server[106845]: DEBUG neutron.api.rpc.handlers.resources_rpc [None req-4d4e9193-f2f0-401b-bc22-8bbad8c0e31a admin admin] Pushing event updated for resources: {'SecurityGroup': ['ID=d374f0e1-b8b8-491c-9908-87d816c14a36,revision_number=1']} {{(pid=106845) push /opt/stack/neutron/neutron/api/rpc/handlers/resources_rpc.py:237}}
Sep 01 09:10:09.873721 dv-cinder-820027-23-iscsi neutron-server[106846]: DEBUG neutron.plugins.ml2.plugin [None req-be6ee5fa-5040-4fea-8776-4dbe42c9dc94 None None] Current status of the port 164d06d1-ee85-42fc-af49-58cb426d0ea2 is: DOWN; New status is: ACTIVE {{(pid=106846) _update_individual_port_db_status /opt/stack/neutron/neutron/plugins/ml2/plugin.py:2302}}
Sep 01 09:10:09.873721 dv-cinder-820027-23-iscsi neutron-server[106846]: DEBUG neutron_lib.callbacks.manager [None req-be6ee5fa-5040-4fea-8776-4dbe42c9dc94 None None] Publish callbacks ['neutron.plugins.ml2.plugin.SecurityGroupDbMixin._ensure_default_security_group_handler-1729784'] for port (164d06d1-ee85-42fc-af49-58cb426d0ea2), before_update {{(pid=106846) _notify_loop /usr/local/lib/python3.8/dist-packages/neutron_lib/callbacks/manager.py:176}}
Sep 01 09:10:09.874136 dv-cinder-820027-23-iscsi neutron-server[106845]: DEBUG neutron_lib.callbacks.manager [None req-9efcc4c8-4b82-487f-9088-f5dd73badf5a admin admin] Publish callbacks [] for router_gateway (87e0e6d8-48a9-4ba1-91b9-10250b3a2bea), before_create {{(pid=106845) _notify_loop /usr/local/lib/python3.8/dist-packages/neutron_lib/callbacks/manager.py:176}}
Sep 01 09:10:09.892589 dv-cinder-820027-23-iscsi neutron-server[106844]: DEBUG neutron_lib.callbacks.manager [None req-91920a63-d688-45c7-9110-e17da80387ac admin admin] Publish callbacks ['neutron.services.l3_router.l3_router_plugin.L3_HA_NAT_db_mixin._before_router_create_handler-715760', 'neutron.services.l3_router.service_providers.driver_controller.DriverController._check_router_request-6405'] for router (3a8da3cc-5363-4e8b-98af-94eacb644370), before_create {{(pid=106844) _notify_loop /usr/local/lib/python3.8/dist-packages/neutron_lib/callbacks/manager.py:176}}
Sep 01 09:10:09.893869 dv-cinder-820027-23-iscsi neutron-server[106844]: DEBUG neutron_lib.callbacks.manager [None req-91920a63-d688-45c7-9110-e17da80387ac admin admin] Publish callbacks ['neutron.services.l3_router.l3_router_plugin.L3_HA_NAT_db_mixin._precommit_router_create-714158', 'neutron.services.l3_router.l3_router_plugin.DVRResourceOperationHandler._set_distributed_flag-674910', 'neutron.services.l3_router.l3_router_plugin.RouterAvailabilityZoneMixin._process_az_request-344926', 'neutron.services.l3_router.service_providers.driver_controller.DriverController._set_router_provider-6412'] for router (3a8da3cc-5363-4e8b-98af-94eacb644370), precommit_create {{(pid=106844) _notify_loop /usr/local/lib/python3.8/dist-packages/neutron_lib/callbacks/manager.py:176}}
Sep 01 09:10:09.908228 dv-cinder-820027-23-iscsi neutron-server[106845]: DEBUG neutron.wsgi [-] (106845) accepted ('10.222.0.46', 39356) {{(pid=106845) server /usr/local/lib/python3.8/dist-packages/eventlet/wsgi.py:1004}}
Sep 01 09:10:09.914687 dv-cinder-820027-23-iscsi neutron-server[106845]: DEBUG neutron_lib.callbacks.manager [None req-9efcc4c8-4b82-487f-9088-f5dd73badf5a admin admin] Publish callbacks ['neutron.plugins.ml2.plugin.SecurityGroupDbMixin._ensure_default_security_group_handler-1729784'] for port (None), before_create {{(pid=106845) _notify_loop /usr/local/lib/python3.8/dist-packages/neutron_lib/callbacks/manager.py:176}}
Sep 01 09:10:09.984562 dv-cinder-820027-23-iscsi neutron-server[106846]: DEBUG neutron.plugins.ml2.db [None req-be6ee5fa-5040-4fea-8776-4dbe42c9dc94 None None] For port 164d06d1-ee85-42fc-af49-58cb426d0ea2, host dv-cinder-820027-23-iscsi, got binding levels [PortBindingLevel(driver='openvswitch',host='dv-cinder-820027-23-iscsi',level=0,port_id=164d06d1-ee85-42fc-af49-58cb426d0ea2,segment=NetworkSegment(8ae19592-4bce-41d4-9e07-953e9b85ecd3),segment_id=8ae19592-4bce-41d4-9e07-953e9b85ecd3)] {{(pid=106846) get_binding_level_objs /opt/stack/neutron/neutron/plugins/ml2/db.py:74}}
Sep 01 09:10:09.984854 dv-cinder-820027-23-iscsi neutron-server[106845]: DEBUG neutron_lib.callbacks.manager [None req-b9b7ccd7-26c0-48a1-b9cd-8e8ac70181bb admin admin] Publish callbacks ['neutron.plugins.ml2.ovo_rpc._ObjectChangeHandler.handle_event-764484', 'neutron.api.rpc.agentnotifiers.dhcp_rpc_agent_api.DhcpAgentNotifyAPI._native_event_send_dhcp_notification-537944'] for network (39395f6c-959b-4db4-96d8-3a8b29f2e36f), after_create {{(pid=106845) _notify_loop /usr/local/lib/python3.8/dist-packages/neutron_lib/callbacks/manager.py:176}}
Sep 01 09:10:09.986590 dv-cinder-820027-23-iscsi neutron-server[106845]: DEBUG neutron.pecan_wsgi.hooks.policy_enforcement [None req-b9b7ccd7-26c0-48a1-b9cd-8e8ac70181bb admin admin] Attributes excluded by policy engine: ['standard_attr_id', 'vlan_transparent'] {{(pid=106845) _exclude_attributes_by_policy /opt/stack/neutron/neutron/pecan_wsgi/hooks/policy_enforcement.py:259}}
Sep 01 09:10:09.987367 dv-cinder-820027-23-iscsi neutron-server[106845]: DEBUG neutron_lib.callbacks.manager [None req-b9b7ccd7-26c0-48a1-b9cd-8e8ac70181bb admin admin] Publish callbacks ['neutron.api.rpc.agentnotifiers.dhcp_rpc_agent_api.DhcpAgentNotifyAPI._send_dhcp_notification-537930'] for network (None), before_response {{(pid=106845) _notify_loop /usr/local/lib/python3.8/dist-packages/neutron_lib/callbacks/manager.py:176}}
Sep 01 09:10:09.990445 dv-cinder-820027-23-iscsi neutron-server[106845]: DEBUG neutron_lib.callbacks.manager [None req-4d4e9193-f2f0-401b-bc22-8bbad8c0e31a admin admin] Publish callbacks ['neutron.plugins.ml2.ovo_rpc._ObjectChangeHandler.handle_event-764484', 'neutron.api.rpc.agentnotifiers.dhcp_rpc_agent_api.DhcpAgentNotifyAPI._native_event_send_dhcp_notification-537944'] for network (c9bfe5de-813e-4a58-8ca9-0d815bfc6f58), after_create {{(pid=106845) _notify_loop /usr/local/lib/python3.8/dist-packages/neutron_lib/callbacks/manager.py:176}}
Sep 01 09:10:09.991707 dv-cinder-820027-23-iscsi neutron-server[106845]: DEBUG neutron.pecan_wsgi.hooks.policy_enforcement [None req-4d4e9193-f2f0-401b-bc22-8bbad8c0e31a admin admin] Attributes excluded by policy engine: ['standard_attr_id', 'vlan_transparent'] {{(pid=106845) _exclude_attributes_by_policy /opt/stack/neutron/neutron/pecan_wsgi/hooks/policy_enforcement.py:259}}
Sep 01 09:10:09.992247 dv-cinder-820027-23-iscsi neutron-server[106845]: DEBUG neutron_lib.callbacks.manager [None req-4d4e9193-f2f0-401b-bc22-8bbad8c0e31a admin admin] Publish callbacks ['neutron.api.rpc.agentnotifiers.dhcp_rpc_agent_api.DhcpAgentNotifyAPI._send_dhcp_notification-537930'] for network (None), before_response {{(pid=106845) _notify_loop /usr/local/lib/python3.8/dist-packages/neutron_lib/callbacks/manager.py:176}}
Sep 01 09:10:09.994502 dv-cinder-820027-23-iscsi neutron-server[106845]: DEBUG neutron_lib.callbacks.manager [None req-099d9282-1a90-4a60-9945-d86ab2bccba5 admin admin] Publish callbacks ['neutron.plugins.ml2.ovo_rpc._ObjectChangeHandler.handle_event-764484', 'neutron.api.rpc.agentnotifiers.dhcp_rpc_agent_api.DhcpAgentNotifyAPI._native_event_send_dhcp_notification-537944'] for network (1c04be92-b1d0-4cd9-b4e5-6bb7a8617d5d), after_create {{(pid=106845) _notify_loop /usr/local/lib/python3.8/dist-packages/neutron_lib/callbacks/manager.py:176}}
Sep 01 09:10:09.995919 dv-cinder-820027-23-iscsi neutron-server[106845]: DEBUG neutron.pecan_wsgi.hooks.policy_enforcement [None req-099d9282-1a90-4a60-9945-d86ab2bccba5 admin admin] Attributes excluded by policy engine: ['standard_attr_id', 'vlan_transparent'] {{(pid=106845) _exclude_attributes_by_policy /opt/stack/neutron/neutron/pecan_wsgi/hooks/policy_enforcement.py:259}}
Sep 01 09:10:09.997431 dv-cinder-820027-23-iscsi neutron-server[106845]: DEBUG neutron_lib.callbacks.manager [None req-099d9282-1a90-4a60-9945-d86ab2bccba5 admin admin] Publish callbacks ['neutron.api.rpc.agentnotifiers.dhcp_rpc_agent_api.DhcpAgentNotifyAPI._send_dhcp_notification-537930'] for network (None), before_response {{(pid=106845) _notify_loop /usr/local/lib/python3.8/dist-packages/neutron_lib/callbacks/manager.py:176}}
Sep 01 09:10:09.999681 dv-cinder-820027-23-iscsi neutron-server[106844]: DEBUG neutron_lib.callbacks.manager [None req-91920a63-d688-45c7-9110-e17da80387ac admin admin] Publish callbacks [] for router_controller (3a8da3cc-5363-4e8b-98af-94eacb644370), precommit_add_association {{(pid=106844) _notify_loop /usr/local/lib/python3.8/dist-packages/neutron_lib/callbacks/manager.py:176}}
Sep 01 09:10:10.000706 dv-cinder-820027-23-iscsi neutron-server[106844]: DEBUG dbcounter [-] [106844] Writing DB stats neutron:SELECT=82,neutron:INSERT=13,neutron:UPDATE=3,neutron:DELETE=2 {{(pid=106844) stat_writer /usr/local/lib/python3.8/dist-packages/dbcounter.py:114}}
Sep 01 09:10:10.052394 dv-cinder-820027-23-iscsi neutron-server[106846]: DEBUG neutron.db.db_base_plugin_common [None req-c83b67f3-ae37-4c0e-ba47-62530bfe9208 None None] Allocated IP 172.20.0.2 (d95d47db-eb5b-4df8-8295-e8765bcebf85/e808a0ac-590b-46ee-a9e7-1e13eb105cfc/e2c0e4c4-f644-4e23-9020-053e31fc4d3a) {{(pid=106846) _store_ip_allocation /opt/stack/neutron/neutron/db/db_base_plugin_common.py:131}}
Sep 01 09:10:10.154059 dv-cinder-820027-23-iscsi neutron-server[106845]: INFO neutron.wsgi [None req-099d9282-1a90-4a60-9945-d86ab2bccba5 admin admin] 10.222.0.46 "POST /networking/v2.0/networks HTTP/1.1" status: 201 len: 889 time: 2.2653451
Sep 01 09:10:10.160231 dv-cinder-820027-23-iscsi neutron-server[106844]: DEBUG neutron.wsgi [-] (106844) accepted ('10.222.0.46', 39364) {{(pid=106844) server /usr/local/lib/python3.8/dist-packages/eventlet/wsgi.py:1004}}
Sep 01 09:10:10.174781 dv-cinder-820027-23-iscsi neutron-server[106844]: DEBUG neutron.api.v2.base [None req-92850e89-bd67-43e2-8d58-522686813472 admin admin] Request body: {'subnet': {'network_id': '1c04be92-b1d0-4cd9-b4e5-6bb7a8617d5d', 'cidr': '172.20.0.0/28', 'name': 'tempest-AttachVolumeShelveTestJSON-362082947-subnet', 'tenant_id': 'b8799a08d0684b5c8d9cd3f89c3016d7', 'enable_dhcp': True, 'ip_version': 4}} {{(pid=106844) prepare_request_body /opt/stack/neutron/neutron/api/v2/base.py:730}}
Sep 01 09:10:10.175555 dv-cinder-820027-23-iscsi neutron-server[106846]: DEBUG neutron_lib.callbacks.manager [None req-be6ee5fa-5040-4fea-8776-4dbe42c9dc94 None None] Publish callbacks ['neutron.plugins.ml2.plugin.SecurityGroupServerNotifierRpcMixin._notify_sg_on_port_change-1729723', 'neutron.plugins.ml2.ovo_rpc._ObjectChangeHandler.handle_event-1001398', 'neutron.api.rpc.agentnotifiers.dhcp_rpc_agent_api.DhcpAgentNotifyAPI._native_event_send_dhcp_notification-537944', 'neutron.db.l3_db.L3RpcNotifierMixin._notify_gateway_port_ip_changed-8780771783554', 'neutron.db.l3_dvrscheduler_db._notify_l3_agent_port_update-8780771341689', 'neutron.db.l3_hascheduler_db._notify_l3_agent_ha_port_update-8780771341707'] for port (164d06d1-ee85-42fc-af49-58cb426d0ea2), after_update {{(pid=106846) _notify_loop /usr/local/lib/python3.8/dist-packages/neutron_lib/callbacks/manager.py:176}}
Sep 01 09:10:10.223978 dv-cinder-820027-23-iscsi neutron-server[106846]: DEBUG neutron_lib.callbacks.manager [None req-17fa2221-a2f2-4288-9d71-d8cd4063712c None None] Publish callbacks ['neutron.services.segments.db._update_segment_host_mapping_for_agent-8780771856523', 'neutron.plugins.ml2.plugin.Ml2Plugin._retry_binding_revived_agents-1738041'] for agent (5b036997-eae4-4ee7-a655-4849a11884d8), after_update {{(pid=106846) _notify_loop /usr/local/lib/python3.8/dist-packages/neutron_lib/callbacks/manager.py:176}}
Sep 01 09:10:10.277768 dv-cinder-820027-23-iscsi neutron-server[106845]: DEBUG neutron.api.rpc.handlers.resources_rpc [None req-b9b7ccd7-26c0-48a1-b9cd-8e8ac70181bb admin admin] Pushing event updated for resources: {'Network': ['ID=39395f6c-959b-4db4-96d8-3a8b29f2e36f,revision_number=1']} {{(pid=106845) push /opt/stack/neutron/neutron/api/rpc/handlers/resources_rpc.py:237}}
Sep 01 09:10:10.287846 dv-cinder-820027-23-iscsi neutron-server[106846]: DEBUG neutron.api.rpc.handlers.dhcp_rpc [None req-f47a369d-ba9e-4a91-99de-d0b75d984b82 None None] Network b7c0d6be-e38f-4a47-842c-71eb2f18d88c requested from dv-cinder-820027-23-iscsi {{(pid=106846) get_network_info /opt/stack/neutron/neutron/api/rpc/handlers/dhcp_rpc.py:191}}
Sep 01 09:10:10.287846 dv-cinder-820027-23-iscsi neutron-server[106846]: DEBUG neutron.api.rpc.handlers.resources_rpc [None req-be6ee5fa-5040-4fea-8776-4dbe42c9dc94 None None] Pushing event updated for resources: {'Port': ['ID=164d06d1-ee85-42fc-af49-58cb426d0ea2,revision_number=3']} {{(pid=106846) push /opt/stack/neutron/neutron/api/rpc/handlers/resources_rpc.py:237}}
Sep 01 09:10:10.302376 dv-cinder-820027-23-iscsi neutron-server[106845]: INFO neutron.wsgi [None req-4d4e9193-f2f0-401b-bc22-8bbad8c0e31a admin admin] 10.222.0.46 "POST /networking/v2.0/networks HTTP/1.1" status: 201 len: 891 time: 2.3756149
Sep 01 09:10:10.320463 dv-cinder-820027-23-iscsi neutron-server[106845]: DEBUG neutron_lib.callbacks.manager [None req-3016c457-2976-490a-b1df-f84049db00de admin admin] Publish callbacks [] for security_group (None), before_create {{(pid=106845) _notify_loop /usr/local/lib/python3.8/dist-packages/neutron_lib/callbacks/manager.py:176}}
Sep 01 09:10:10.324977 dv-cinder-820027-23-iscsi neutron-server[106845]: INFO neutron.wsgi [None req-b9b7ccd7-26c0-48a1-b9cd-8e8ac70181bb admin admin] 10.222.0.46 "POST /networking/v2.0/networks HTTP/1.1" status: 201 len: 883 time: 2.6345861
Sep 01 09:10:10.343465 dv-cinder-820027-23-iscsi neutron-server[106845]: DEBUG neutron.wsgi [-] (106845) accepted ('10.222.0.46', 39382) {{(pid=106845) server /usr/local/lib/python3.8/dist-packages/eventlet/wsgi.py:1004}}
Sep 01 09:10:10.343858 dv-cinder-820027-23-iscsi neutron-server[106845]: DEBUG neutron.wsgi [-] (106845) accepted ('10.222.0.46', 39384) {{(pid=106845) server /usr/local/lib/python3.8/dist-packages/eventlet/wsgi.py:1004}}
