Sep 01 00:30:15.327341 dv-cinder-820027-21-iscsi neutron-server[117903]: DEBUG neutron.plugins.ml2.plugin [None req-2b16c293-924b-4114-b4af-aedf60dccea6 None None] Port e3a2ca38-adcd-48ab-b08c-8dd6c075e6ed cannot update to ACTIVE because it is not bound. {{(pid=117903) _port_provisioned /opt/stack/neutron/neutron/plugins/ml2/plugin.py:348}}
Sep 01 00:30:15.331527 dv-cinder-820027-21-iscsi neutron-server[117903]: DEBUG neutron.api.rpc.handlers.l3_rpc [None req-2f7e6787-dedb-49f0-90d9-bd83ed2a7ad3 None None] The sync data for ids ['03a29cd2-d58c-40f5-9887-8c2199b93874'] in dv-cinder-820027-21-iscsi is: [{'id': '03a29cd2-d58c-40f5-9887-8c2199b93874', 'name': 'tempest-AttachVolumeShelveTestJSON-1280904921-router', 'tenant_id': '06942912e37346eaa2310a56b84f3886', 'admin_state_up': True, 'status': 'ACTIVE', 'external_gateway_info': {'network_id': 'cbb9845e-ae72-497c-877a-122113b90dca', 'external_fixed_ips': [{'subnet_id': '5f60fa0e-105e-4695-8d04-279628431268', 'ip_address': '172.27.4.4'}], 'enable_snat': True}, 'gw_port_id': '859e7e94-1a40-447a-8dba-e2a46c5f1399', 'description': '', 'availability_zones': ['nova'], 'distributed': False, 'ha': False, 'ha_vr_id': 0, 'availability_zone_hints': [], 'routes': [], 'flavor_id': None, 'tags': [], 'created_at': '2022-09-01T00:29:47Z', 'updated_at': '2022-09-01T00:29:59Z', 'revision_number': 4, 'project_id': '06942912e37346eaa2310a56b84f3886', 'gw_port': {'id': '859e7e94-1a40-447a-8dba-e2a46c5f1399', 'name': '', 'network_id': 'cbb9845e-ae72-497c-877a-122113b90dca', 'tenant_id': '', 'mac_address': 'fa:16:3e:d4:6c:d6', 'admin_state_up': True, 'status': 'ACTIVE', 'device_id': '03a29cd2-d58c-40f5-9887-8c2199b93874', 'device_owner': 'network:router_gateway', 'standard_attr_id': 105, 'fixed_ips': [{'subnet_id': '5f60fa0e-105e-4695-8d04-279628431268', 'ip_address': '172.27.4.4', 'prefixlen': 24}], 'allowed_address_pairs': [], 'extra_dhcp_opts': [], 'security_groups': [], 'description': '', 'binding:vnic_type': 'normal', 'binding:profile': {}, 'binding:host_id': 'dv-cinder-820027-21-iscsi', 'binding:vif_type': 'ovs', 'binding:vif_details': {'connectivity': 'l2', 'port_filter': True, 'ovs_hybrid_plug': False, 'datapath_type': 'system', 'bridge_name': 'br-int', 'bound_drivers': {'0': 'openvswitch'}}, 'port_security_enabled': False, 'tags': [], 'created_at': '2022-09-01T00:29:49Z', 'updated_at': '2022-09-01T00:30:07Z', 'revision_number': 4, 'project_id': '', 'subnets': [{'id': '5f60fa0e-105e-4695-8d04-279628431268', 'cidr': '172.27.4.0/24', 'gateway_ip': '172.27.4.1', 'dns_nameservers': [], 'ipv6_ra_mode': None, 'subnetpool_id': None}], 'extra_subnets': [], 'address_scopes': {4: None, 6: None}, 'mtu': 1500}, 'enable_snat': True, 'gw_port_host': 'dv-cinder-820027-21-iscsi', '_interfaces': [{'id': '50224166-8184-47d2-8235-226d947f0a4f', 'name': '', 'network_id': '6ec1bdb8-fcb4-45f0-8321-9a6d9446092b', 'tenant_id': '06942912e37346eaa2310a56b84f3886', 'mac_address': 'fa:16:3e:84:f8:2f', 'admin_state_up': True, 'status': 'DOWN', 'device_id': '03a29cd2-d58c-40f5-9887-8c2199b93874', 'device_owner': 'network:router_interface', 'standard_attr_id': 119, 'fixed_ips': [{'subnet_id': '2656a193-946c-440a-9e10-5eb2de1c9abe', 'ip_address': '172.20.0.1', 'prefixlen': 28}], 'allowed_address_pairs': [], 'extra_dhcp_opts': [], 'security_groups': [], 'description': '', 'binding:vnic_type': 'normal', 'binding:profile': {}, 'binding:host_id': 'dv-cinder-820027-21-iscsi', 'binding:vif_type': 'ovs', 'binding:vif_details': {'connectivity': 'l2', 'port_filter': True, 'ovs_hybrid_plug': False, 'datapath_type': 'system', 'bridge_name': 'br-int', 'bound_drivers': {'0': 'openvswitch'}}, 'port_security_enabled': False, 'tags': [], 'created_at': '2022-09-01T00:29:56Z', 'updated_at': '2022-09-01T00:30:12Z', 'revision_number': 4, 'project_id': '06942912e37346eaa2310a56b84f3886', 'subnets': [{'id': '2656a193-946c-440a-9e10-5eb2de1c9abe', 'cidr': '172.20.0.0/28', 'gateway_ip': '172.20.0.1', 'dns_nameservers': [], 'ipv6_ra_mode': None, 'subnetpool_id': None}], 'extra_subnets': [], 'address_scopes': {4: None, 6: None}, 'mtu': 1500}]}] {{(pid=117903) sync_routers /opt/stack/neutron/neutron/api/rpc/handlers/l3_rpc.py:137}}
Sep 01 00:30:15.377774 dv-cinder-820027-21-iscsi neutron-server[117903]: DEBUG neutron.db.provisioning_blocks [None req-4a715506-36b1-452e-abde-cc402d6f3c9c None None] Provisioning complete for port 50224166-8184-47d2-8235-226d947f0a4f triggered by entity L2. {{(pid=117903) provisioning_complete /opt/stack/neutron/neutron/db/provisioning_blocks.py:144}}
Sep 01 00:30:15.381603 dv-cinder-820027-21-iscsi neutron-server[117903]: DEBUG neutron_lib.callbacks.manager [None req-4a715506-36b1-452e-abde-cc402d6f3c9c None None] Publish callbacks ['neutron.plugins.ml2.plugin.Ml2Plugin._port_provisioned-1034118'] for port (50224166-8184-47d2-8235-226d947f0a4f), provisioning_complete {{(pid=117903) _notify_loop /usr/local/lib/python3.8/dist-packages/neutron_lib/callbacks/manager.py:176}}
Sep 01 00:30:15.416661 dv-cinder-820027-21-iscsi neutron-server[117902]: DEBUG neutron.api.v2.base [req-7ee8e582-3270-4b65-b789-a315333b6bf3 req-252d7feb-7a31-4834-85e1-f8edda18d671 service neutron] Request body: {'port': {'device_id': '7927467f-419a-4f70-a627-f848aac91723', 'device_owner': 'compute:nova', 'binding:host_id': 'hv-cinder-82002'}} {{(pid=117902) prepare_request_body /opt/stack/neutron/neutron/api/v2/base.py:730}}
Sep 01 00:30:15.472475 dv-cinder-820027-21-iscsi neutron-server[117902]: DEBUG neutron_lib.callbacks.manager [None req-2ae1bf9b-787c-4f04-bbe6-6f924caf152a admin admin] Publish callbacks [] for security_group (e7cbae6a-8989-4c2b-9915-2906bb502275), before_delete {{(pid=117902) _notify_loop /usr/local/lib/python3.8/dist-packages/neutron_lib/callbacks/manager.py:176}}
Sep 01 00:30:15.595151 dv-cinder-820027-21-iscsi neutron-server[117901]: DEBUG dbcounter [-] [117901] Writing DB stats neutron:SELECT=80,neutron:INSERT=17,neutron:DELETE=1,neutron:UPDATE=2 {{(pid=117901) stat_writer /usr/local/lib/python3.8/dist-packages/dbcounter.py:114}}
Sep 01 00:30:15.611103 dv-cinder-820027-21-iscsi neutron-server[117902]: DEBUG neutron_lib.callbacks.manager [req-3ef69a58-7c0e-4749-a3bd-52e022f36030 req-e57f30d9-3641-46bf-b036-fbda09eef627 tempest-DeleteServersTestJSON-1189540849 tempest-DeleteServersTestJSON-1189540849-project] Publish callbacks [] for port (c0bef5bd-eddf-43b5-89d4-58b7f5afc60a), precommit_create {{(pid=117902) _notify_loop /usr/local/lib/python3.8/dist-packages/neutron_lib/callbacks/manager.py:176}}
Sep 01 00:30:15.612460 dv-cinder-820027-21-iscsi neutron-server[117902]: DEBUG neutron.wsgi [-] (117902) accepted ('10.222.0.25', 50384) {{(pid=117902) server /usr/local/lib/python3.8/dist-packages/eventlet/wsgi.py:1004}}
Sep 01 00:30:15.619743 dv-cinder-820027-21-iscsi neutron-server[117901]: INFO neutron.wsgi [req-ed104e7b-ae66-4964-a27b-91c1420010db req-e04b57f7-3c67-41b7-9677-cdf7b82dc093 tempest-AttachVolumeShelveTestJSON-842026825 tempest-AttachVolumeShelveTestJSON-842026825-project] 10.222.0.25 "GET /networking/v2.0/security-groups?name=tempest-securitygroup--1034602824&fields=id&tenant_id=06942912e37346eaa2310a56b84f3886 HTTP/1.1" status: 200 len: 267 time: 0.2775557
Sep 01 00:30:15.640267 dv-cinder-820027-21-iscsi neutron-server[117901]: DEBUG neutron.api.v2.base [req-3954479e-b9cb-43d9-88c0-b2e95f5303cf req-d9f4a8c9-d269-4c20-9d99-52205a1145d4 service neutron] Request body: {'port': {'device_id': 'f5dc5608-df5a-4c41-9d46-fd161e18e075', 'device_owner': 'compute:nova', 'binding:host_id': 'hv-cinder-82002'}} {{(pid=117901) prepare_request_body /opt/stack/neutron/neutron/api/v2/base.py:730}}
Sep 01 00:30:15.661083 dv-cinder-820027-21-iscsi neutron-server[117901]: INFO neutron.wsgi [None req-fa907d4b-7189-46aa-8d84-a8e88d696404 admin admin] 10.222.0.25 "GET /networking/v2.0/security-groups?tenant_id=64544810ae6542b798a4253a3e963067&name=default HTTP/1.1" status: 200 len: 2996 time: 3.1729288
Sep 01 00:30:15.667663 dv-cinder-820027-21-iscsi neutron-server[117901]: DEBUG neutron.wsgi [-] (117901) accepted ('10.222.0.25', 50386) {{(pid=117901) server /usr/local/lib/python3.8/dist-packages/eventlet/wsgi.py:1004}}
Sep 01 00:30:15.668286 dv-cinder-820027-21-iscsi neutron-server[117903]: DEBUG neutron.plugins.ml2.plugin [None req-4a715506-36b1-452e-abde-cc402d6f3c9c None None] Current status of the port 50224166-8184-47d2-8235-226d947f0a4f is: DOWN; New status is: ACTIVE {{(pid=117903) _update_individual_port_db_status /opt/stack/neutron/neutron/plugins/ml2/plugin.py:2302}}
Sep 01 00:30:15.668823 dv-cinder-820027-21-iscsi neutron-server[117903]: DEBUG neutron_lib.callbacks.manager [None req-4a715506-36b1-452e-abde-cc402d6f3c9c None None] Publish callbacks ['neutron.plugins.ml2.plugin.SecurityGroupDbMixin._ensure_default_security_group_handler-893485'] for port (50224166-8184-47d2-8235-226d947f0a4f), before_update {{(pid=117903) _notify_loop /usr/local/lib/python3.8/dist-packages/neutron_lib/callbacks/manager.py:176}}
Sep 01 00:30:15.701593 dv-cinder-820027-21-iscsi neutron-server[117902]: DEBUG neutron_lib.callbacks.manager [None req-2ae1bf9b-787c-4f04-bbe6-6f924caf152a admin admin] Publish callbacks [] for security_group (e7cbae6a-8989-4c2b-9915-2906bb502275), precommit_delete {{(pid=117902) _notify_loop /usr/local/lib/python3.8/dist-packages/neutron_lib/callbacks/manager.py:176}}
Sep 01 00:30:15.710762 dv-cinder-820027-21-iscsi neutron-server[117901]: DEBUG neutron.api.rpc.handlers.resources_rpc [None req-fa907d4b-7189-46aa-8d84-a8e88d696404 admin admin] Pushing event updated for resources: {'SecurityGroup': ['ID=2c1c98e8-baba-46be-aa80-0ef039375410,revision_number=1']} {{(pid=117901) push /opt/stack/neutron/neutron/api/rpc/handlers/resources_rpc.py:237}}
Sep 01 00:30:15.721426 dv-cinder-820027-21-iscsi neutron-server[117902]: DEBUG dbcounter [-] [117902] Writing DB stats neutron:SELECT=91,neutron:INSERT=3,neutron:UPDATE=4,neutron:DELETE=2 {{(pid=117902) stat_writer /usr/local/lib/python3.8/dist-packages/dbcounter.py:114}}
Sep 01 00:30:15.722767 dv-cinder-820027-21-iscsi neutron-server[117902]: DEBUG neutron_lib.callbacks.manager [req-7ee8e582-3270-4b65-b789-a315333b6bf3 req-252d7feb-7a31-4834-85e1-f8edda18d671 service neutron] Publish callbacks ['neutron.plugins.ml2.plugin.SecurityGroupDbMixin._ensure_default_security_group_handler-893485'] for port (e3a2ca38-adcd-48ab-b08c-8dd6c075e6ed), before_update {{(pid=117902) _notify_loop /usr/local/lib/python3.8/dist-packages/neutron_lib/callbacks/manager.py:176}}
Sep 01 00:30:15.754282 dv-cinder-820027-21-iscsi neutron-server[117902]: INFO neutron.wsgi [req-cb2db694-de86-4641-ad3d-48118f53fe9e req-6faf4c49-d32b-4df1-b247-adc5ab138f88 tempest-AttachVolumeTestJSON-607076936 tempest-AttachVolumeTestJSON-607076936-project] 10.222.0.25 "GET /networking/v2.0/ports?device_id=5f8ee3b6-8801-4650-8819-1587d9da7d98 HTTP/1.1" status: 200 len: 210 time: 0.2026112
Sep 01 00:30:15.783357 dv-cinder-820027-21-iscsi neutron-server[117903]: DEBUG neutron.plugins.ml2.db [None req-4a715506-36b1-452e-abde-cc402d6f3c9c None None] For port 50224166-8184-47d2-8235-226d947f0a4f, host dv-cinder-820027-21-iscsi, got binding levels [PortBindingLevel(driver='openvswitch',host='dv-cinder-820027-21-iscsi',level=0,port_id=50224166-8184-47d2-8235-226d947f0a4f,segment=NetworkSegment(5a393133-e71e-4e10-8dc8-72149b2983f7),segment_id=5a393133-e71e-4e10-8dc8-72149b2983f7)] {{(pid=117903) get_binding_level_objs /opt/stack/neutron/neutron/plugins/ml2/db.py:74}}
Sep 01 00:30:15.790427 dv-cinder-820027-21-iscsi neutron-server[117903]: DEBUG neutron_lib.callbacks.manager [None req-4a715506-36b1-452e-abde-cc402d6f3c9c None None] Publish callbacks ['neutron.plugins.ml2.plugin.SecurityGroupServerNotifierRpcMixin._notify_sg_on_port_change-893550', 'neutron.plugins.ml2.ovo_rpc._ObjectChangeHandler.handle_event-338400', 'neutron.api.rpc.agentnotifiers.dhcp_rpc_agent_api.DhcpAgentNotifyAPI._native_event_send_dhcp_notification-3682882', 'neutron.db.l3_db.L3RpcNotifierMixin._notify_gateway_port_ip_changed-8730538275458', 'neutron.db.l3_dvrscheduler_db._notify_l3_agent_port_update-8730537898123', 'neutron.db.l3_hascheduler_db._notify_l3_agent_ha_port_update-8730537898141'] for port (50224166-8184-47d2-8235-226d947f0a4f), after_update {{(pid=117903) _notify_loop /usr/local/lib/python3.8/dist-packages/neutron_lib/callbacks/manager.py:176}}
Sep 01 00:30:15.793806 dv-cinder-820027-21-iscsi neutron-server[117903]: DEBUG neutron.plugins.ml2.rpc [None req-4a715506-36b1-452e-abde-cc402d6f3c9c None None] Device 900d3153-8469-409e-a577-3b9b47223462 up at agent ovs-agent-dv-cinder-820027-21-iscsi {{(pid=117903) update_device_up /opt/stack/neutron/neutron/plugins/ml2/rpc.py:296}}
Sep 01 00:30:15.805466 dv-cinder-820027-21-iscsi neutron-server[117902]: DEBUG neutron_lib.callbacks.manager [None req-f9a0d114-4e0f-4cf1-b4ef-e1b2d51d545d admin admin] Publish callbacks [] for security_group (None), before_create {{(pid=117902) _notify_loop /usr/local/lib/python3.8/dist-packages/neutron_lib/callbacks/manager.py:176}}
Sep 01 00:30:15.894536 dv-cinder-820027-21-iscsi neutron-server[117901]: DEBUG neutron_lib.callbacks.manager [req-3954479e-b9cb-43d9-88c0-b2e95f5303cf req-d9f4a8c9-d269-4c20-9d99-52205a1145d4 service neutron] Publish callbacks ['neutron.plugins.ml2.plugin.SecurityGroupDbMixin._ensure_default_security_group_handler-893485'] for port (1686bbb5-7c47-498b-bb89-88826527d80e), before_update {{(pid=117901) _notify_loop /usr/local/lib/python3.8/dist-packages/neutron_lib/callbacks/manager.py:176}}
Sep 01 00:30:15.989982 dv-cinder-820027-21-iscsi neutron-server[117903]: DEBUG dbcounter [-] [117903] Writing DB stats neutron:SELECT=99,neutron:UPDATE=1 {{(pid=117903) stat_writer /usr/local/lib/python3.8/dist-packages/dbcounter.py:114}}
Sep 01 00:30:15.991270 dv-cinder-820027-21-iscsi neutron-server[117903]: DEBUG neutron.db.provisioning_blocks [None req-4a715506-36b1-452e-abde-cc402d6f3c9c None None] Provisioning complete for port 900d3153-8469-409e-a577-3b9b47223462 triggered by entity L2. {{(pid=117903) provisioning_complete /opt/stack/neutron/neutron/db/provisioning_blocks.py:144}}
Sep 01 00:30:15.992141 dv-cinder-820027-21-iscsi neutron-server[117903]: DEBUG neutron_lib.callbacks.manager [None req-4a715506-36b1-452e-abde-cc402d6f3c9c None None] Publish callbacks ['neutron.plugins.ml2.plugin.Ml2Plugin._port_provisioned-1034118'] for port (900d3153-8469-409e-a577-3b9b47223462), provisioning_complete {{(pid=117903) _notify_loop /usr/local/lib/python3.8/dist-packages/neutron_lib/callbacks/manager.py:176}}
Sep 01 00:30:16.117779 dv-cinder-820027-21-iscsi neutron-server[117902]: DEBUG neutron_lib.callbacks.manager [None req-1ea16d20-aa5c-45d0-b090-f802dfa89692 admin admin] Publish callbacks [] for security_group (None), before_create {{(pid=117902) _notify_loop /usr/local/lib/python3.8/dist-packages/neutron_lib/callbacks/manager.py:176}}
Sep 01 00:30:16.138755 dv-cinder-820027-21-iscsi neutron-server[117903]: DEBUG neutron.plugins.ml2.plugin [None req-4a715506-36b1-452e-abde-cc402d6f3c9c None None] Current status of the port 900d3153-8469-409e-a577-3b9b47223462 is: ACTIVE; New status is: ACTIVE {{(pid=117903) _update_individual_port_db_status /opt/stack/neutron/neutron/plugins/ml2/plugin.py:2302}}
Sep 01 00:30:16.144303 dv-cinder-820027-21-iscsi neutron-server[117903]: DEBUG neutron.api.rpc.handlers.resources_rpc [None req-4a715506-36b1-452e-abde-cc402d6f3c9c None None] Pushing event updated for resources: {'Port': ['ID=50224166-8184-47d2-8235-226d947f0a4f,revision_number=5']} {{(pid=117903) push /opt/stack/neutron/neutron/api/rpc/handlers/resources_rpc.py:237}}
Sep 01 00:30:16.469371 dv-cinder-820027-21-iscsi neutron-server[117903]: DEBUG neutron.plugins.ml2.rpc [None req-4a715506-36b1-452e-abde-cc402d6f3c9c None None] Device 50224166-8184-47d2-8235-226d947f0a4f up at agent ovs-agent-dv-cinder-820027-21-iscsi {{(pid=117903) update_device_up /opt/stack/neutron/neutron/plugins/ml2/rpc.py:296}}
Sep 01 00:30:16.493860 dv-cinder-820027-21-iscsi neutron-server[117902]: DEBUG neutron_lib.callbacks.manager [req-3ef69a58-7c0e-4749-a3bd-52e022f36030 req-e57f30d9-3641-46bf-b036-fbda09eef627 tempest-DeleteServersTestJSON-1189540849 tempest-DeleteServersTestJSON-1189540849-project] Publish callbacks ['neutron.plugins.ml2.plugin.SecurityGroupServerNotifierRpcMixin._notify_sg_on_port_change-893550', 'neutron.plugins.ml2.ovo_rpc._ObjectChangeHandler.handle_event-338400', 'neutron.api.rpc.agentnotifiers.dhcp_rpc_agent_api.DhcpAgentNotifyAPI._native_event_send_dhcp_notification-3682882', 'neutron.db.l3_dvrscheduler_db._notify_l3_agent_new_port-8730537898105', 'neutron.services.segments.plugin.NovaSegmentNotifier._notify_port_created_or_deleted-9725004'] for port (c0bef5bd-eddf-43b5-89d4-58b7f5afc60a), after_create {{(pid=117902) _notify_loop /usr/local/lib/python3.8/dist-packages/neutron_lib/callbacks/manager.py:176}}
Sep 01 00:30:16.525054 dv-cinder-820027-21-iscsi neutron-server[117901]: DEBUG neutron_lib.callbacks.manager [None req-7f862daf-1bcf-47e4-8045-0f9278c33e6d admin admin] Publish callbacks [] for security_group (2c1c98e8-baba-46be-aa80-0ef039375410), before_delete {{(pid=117901) _notify_loop /usr/local/lib/python3.8/dist-packages/neutron_lib/callbacks/manager.py:176}}
Sep 01 00:30:16.539428 dv-cinder-820027-21-iscsi neutron-server[117902]: DEBUG neutron.pecan_wsgi.hooks.policy_enforcement [req-5ddac7bc-3a4d-45e4-b65d-064e9bf1b2f7 req-86f5926f-2160-48ba-8cb6-829200fc5cd7 tempest-DeleteServersTestJSON-1189540849 tempest-DeleteServersTestJSON-1189540849-project] Attributes excluded by policy engine: ['standard_attr_id', 'binding:profile', 'binding:host_id', 'binding:vif_type', 'binding:vif_details'] {{(pid=117902) _exclude_attributes_by_policy /opt/stack/neutron/neutron/pecan_wsgi/hooks/policy_enforcement.py:259}}
Sep 01 00:30:16.543262 dv-cinder-820027-21-iscsi neutron-server[117902]: INFO neutron.wsgi [req-5ddac7bc-3a4d-45e4-b65d-064e9bf1b2f7 req-86f5926f-2160-48ba-8cb6-829200fc5cd7 tempest-DeleteServersTestJSON-1189540849 tempest-DeleteServersTestJSON-1189540849-project] 10.222.0.25 "GET /networking/v2.0/ports?device_id=3ed053e9-b2ff-4c41-9a71-344e192fc7ca HTTP/1.1" status: 200 len: 931 time: 0.1286414
Sep 01 00:30:16.562997 dv-cinder-820027-21-iscsi neutron-server[117901]: DEBUG neutron.notifiers.nova [req-3954479e-b9cb-43d9-88c0-b2e95f5303cf req-d9f4a8c9-d269-4c20-9d99-52205a1145d4 service neutron] Ignoring state change previous_port_status: DOWN current_port_status: DOWN port_id 1686bbb5-7c47-498b-bb89-88826527d80e {{(pid=117901) record_port_status_changed /opt/stack/neutron/neutron/notifiers/nova.py:233}}
Sep 01 00:30:16.569350 dv-cinder-820027-21-iscsi neutron-server[117901]: DEBUG neutron.wsgi [-] (117901) accepted ('10.222.0.30', 60598) {{(pid=117901) server /usr/local/lib/python3.8/dist-packages/eventlet/wsgi.py:1004}}
Sep 01 00:30:16.594651 dv-cinder-820027-21-iscsi neutron-server[117903]: DEBUG neutron.db.provisioning_blocks [None req-4a715506-36b1-452e-abde-cc402d6f3c9c None None] Provisioning complete for port 50224166-8184-47d2-8235-226d947f0a4f triggered by entity L2. {{(pid=117903) provisioning_complete /opt/stack/neutron/neutron/db/provisioning_blocks.py:144}}
Sep 01 00:30:16.595025 dv-cinder-820027-21-iscsi neutron-server[117903]: DEBUG neutron_lib.callbacks.manager [None req-4a715506-36b1-452e-abde-cc402d6f3c9c None None] Publish callbacks ['neutron.plugins.ml2.plugin.Ml2Plugin._port_provisioned-1034118'] for port (50224166-8184-47d2-8235-226d947f0a4f), provisioning_complete {{(pid=117903) _notify_loop /usr/local/lib/python3.8/dist-packages/neutron_lib/callbacks/manager.py:176}}
Sep 01 00:30:16.597460 dv-cinder-820027-21-iscsi neutron-server[117901]: DEBUG neutron_lib.callbacks.manager [req-3954479e-b9cb-43d9-88c0-b2e95f5303cf req-d9f4a8c9-d269-4c20-9d99-52205a1145d4 service neutron] Publish callbacks [] for port (1686bbb5-7c47-498b-bb89-88826527d80e), precommit_update {{(pid=117901) _notify_loop /usr/local/lib/python3.8/dist-packages/neutron_lib/callbacks/manager.py:176}}
Sep 01 00:30:16.601805 dv-cinder-820027-21-iscsi neutron-server[117901]: DEBUG neutron_lib.callbacks.manager [None req-7f862daf-1bcf-47e4-8045-0f9278c33e6d admin admin] Publish callbacks [] for security_group (2c1c98e8-baba-46be-aa80-0ef039375410), precommit_delete {{(pid=117901) _notify_loop /usr/local/lib/python3.8/dist-packages/neutron_lib/callbacks/manager.py:176}}
Sep 01 00:30:16.602354 dv-cinder-820027-21-iscsi neutron-server[117902]: DEBUG neutron_lib.callbacks.manager [None req-2ae1bf9b-787c-4f04-bbe6-6f924caf152a admin admin] Publish callbacks ['neutron.plugins.ml2.ovo_rpc._ObjectChangeHandler.handle_event-3718549'] for security_group (e7cbae6a-8989-4c2b-9915-2906bb502275), after_delete {{(pid=117902) _notify_loop /usr/local/lib/python3.8/dist-packages/neutron_lib/callbacks/manager.py:176}}
Sep 01 00:30:16.604825 dv-cinder-820027-21-iscsi neutron-server[117902]: DEBUG neutron_lib.callbacks.manager [None req-2ae1bf9b-787c-4f04-bbe6-6f924caf152a admin admin] Publish callbacks [] for security_group (None), before_response {{(pid=117902) _notify_loop /usr/local/lib/python3.8/dist-packages/neutron_lib/callbacks/manager.py:176}}
Sep 01 00:30:16.608293 dv-cinder-820027-21-iscsi neutron-server[117902]: INFO neutron.wsgi [None req-2ae1bf9b-787c-4f04-bbe6-6f924caf152a admin admin] 10.222.0.25 "DELETE /networking/v2.0/security-groups/e7cbae6a-8989-4c2b-9915-2906bb502275 HTTP/1.1" status: 204 len: 168 time: 1.4221106
Sep 01 00:30:16.679258 dv-cinder-820027-21-iscsi neutron-server[117901]: DEBUG dbcounter [-] [117901] Writing DB stats neutron:SELECT=92,neutron:UPDATE=4,neutron:DELETE=4 {{(pid=117901) stat_writer /usr/local/lib/python3.8/dist-packages/dbcounter.py:114}}
Sep 01 00:30:16.766047 dv-cinder-820027-21-iscsi neutron-server[117902]: DEBUG neutron_lib.callbacks.manager [None req-1ea16d20-aa5c-45d0-b090-f802dfa89692 admin admin] Publish callbacks [] for security_group (4b4f1f59-6850-4564-88ca-0240724104e2), precommit_create {{(pid=117902) _notify_loop /usr/local/lib/python3.8/dist-packages/neutron_lib/callbacks/manager.py:176}}
Sep 01 00:30:16.780218 dv-cinder-820027-21-iscsi neutron-server[117902]: DEBUG neutron.scheduler.dhcp_agent_scheduler [req-3ef69a58-7c0e-4749-a3bd-52e022f36030 req-e57f30d9-3641-46bf-b036-fbda09eef627 tempest-DeleteServersTestJSON-1189540849 tempest-DeleteServersTestJSON-1189540849-project] Network b1171be4-cbc8-4a98-b1ce-71873b834502 is already hosted by enough agents. {{(pid=117902) _get_dhcp_agents_hosting_network /opt/stack/neutron/neutron/scheduler/dhcp_agent_scheduler.py:275}}
Sep 01 00:30:16.781575 dv-cinder-820027-21-iscsi neutron-server[117902]: DEBUG dbcounter [-] [117902] Writing DB stats neutron:SELECT=89,neutron:INSERT=5,neutron:DELETE=3,neutron:UPDATE=3 {{(pid=117902) stat_writer /usr/local/lib/python3.8/dist-packages/dbcounter.py:114}}
Sep 01 00:30:16.798375 dv-cinder-820027-21-iscsi neutron-server[117903]: DEBUG dbcounter [-] [117903] Writing DB stats neutron:SELECT=99,neutron:UPDATE=1 {{(pid=117903) stat_writer /usr/local/lib/python3.8/dist-packages/dbcounter.py:114}}
Sep 01 00:30:16.805225 dv-cinder-820027-21-iscsi neutron-server[117902]: DEBUG neutron.scheduler.base_scheduler [req-3ef69a58-7c0e-4749-a3bd-52e022f36030 req-e57f30d9-3641-46bf-b036-fbda09eef627 tempest-DeleteServersTestJSON-1189540849 tempest-DeleteServersTestJSON-1189540849-project] Resources bound (agent type, host, resource id): {{(pid=117902) schedule /opt/stack/neutron/neutron/scheduler/base_scheduler.py:57}}
Sep 01 00:30:16.810683 dv-cinder-820027-21-iscsi neutron-server[117902]: DEBUG neutron.db.l3_dvrscheduler_db [req-3ef69a58-7c0e-4749-a3bd-52e022f36030 req-e57f30d9-3641-46bf-b036-fbda09eef627 tempest-DeleteServersTestJSON-1189540849 tempest-DeleteServersTestJSON-1189540849-project] Received port after_create {{(pid=117902) _notify_l3_agent_new_port /opt/stack/neutron/neutron/db/l3_dvrscheduler_db.py:538}}
Sep 01 00:30:16.816015 dv-cinder-820027-21-iscsi neutron-server[117902]: DEBUG neutron_lib.callbacks.manager [None req-1ea16d20-aa5c-45d0-b090-f802dfa89692 admin admin] Publish callbacks ['neutron.plugins.ml2.ovo_rpc._ObjectChangeHandler.handle_event-3718549'] for security_group (4b4f1f59-6850-4564-88ca-0240724104e2), after_create {{(pid=117902) _notify_loop /usr/local/lib/python3.8/dist-packages/neutron_lib/callbacks/manager.py:176}}
Sep 01 00:30:16.832253 dv-cinder-820027-21-iscsi neutron-server[117903]: DEBUG neutron.plugins.ml2.plugin [None req-4a715506-36b1-452e-abde-cc402d6f3c9c None None] Current status of the port 50224166-8184-47d2-8235-226d947f0a4f is: ACTIVE; New status is: ACTIVE {{(pid=117903) _update_individual_port_db_status /opt/stack/neutron/neutron/plugins/ml2/plugin.py:2302}}
Sep 01 00:30:16.834071 dv-cinder-820027-21-iscsi neutron-server[117903]: DEBUG neutron.plugins.ml2.rpc [None req-4a715506-36b1-452e-abde-cc402d6f3c9c None None] Device b3664201-6ebf-45da-9653-e9c3110f0f47 up at agent ovs-agent-dv-cinder-820027-21-iscsi {{(pid=117903) update_device_up /opt/stack/neutron/neutron/plugins/ml2/rpc.py:296}}
Sep 01 00:30:16.878970 dv-cinder-820027-21-iscsi neutron-server[117902]: INFO neutron.wsgi [None req-1ea16d20-aa5c-45d0-b090-f802dfa89692 admin admin] 10.222.0.25 "GET /networking/v2.0/security-groups?tenant_id=74a98abf867042db8fe688d9bfa70dd1&name=default HTTP/1.1" status: 200 len: 2996 time: 1.2607229
Sep 01 00:30:16.885236 dv-cinder-820027-21-iscsi neutron-server[117902]: DEBUG neutron.wsgi [-] (117902) accepted ('10.222.0.25', 50404) {{(pid=117902) server /usr/local/lib/python3.8/dist-packages/eventlet/wsgi.py:1004}}
Sep 01 00:30:16.917646 dv-cinder-820027-21-iscsi neutron-server[117901]: DEBUG neutron_lib.callbacks.manager [None req-7f862daf-1bcf-47e4-8045-0f9278c33e6d admin admin] Publish callbacks ['neutron.plugins.ml2.ovo_rpc._ObjectChangeHandler.handle_event-3718549'] for security_group (2c1c98e8-baba-46be-aa80-0ef039375410), after_delete {{(pid=117901) _notify_loop /usr/local/lib/python3.8/dist-packages/neutron_lib/callbacks/manager.py:176}}
Sep 01 00:30:16.930739 dv-cinder-820027-21-iscsi neutron-server[117901]: DEBUG neutron_lib.callbacks.manager [None req-7f862daf-1bcf-47e4-8045-0f9278c33e6d admin admin] Publish callbacks [] for security_group (None), before_response {{(pid=117901) _notify_loop /usr/local/lib/python3.8/dist-packages/neutron_lib/callbacks/manager.py:176}}
Sep 01 00:30:16.934404 dv-cinder-820027-21-iscsi neutron-server[117901]: INFO neutron.wsgi [None req-7f862daf-1bcf-47e4-8045-0f9278c33e6d admin admin] 10.222.0.25 "DELETE /networking/v2.0/security-groups/2c1c98e8-baba-46be-aa80-0ef039375410 HTTP/1.1" status: 204 len: 168 time: 1.2602785
Sep 01 00:30:16.937006 dv-cinder-820027-21-iscsi neutron-server[117902]: DEBUG neutron.api.rpc.handlers.resources_rpc [None req-2ae1bf9b-787c-4f04-bbe6-6f924caf152a admin admin] Pushing event deleted for resources: {'SecurityGroup': ['ID=e7cbae6a-8989-4c2b-9915-2906bb502275,revision_number=None']} {{(pid=117902) push /opt/stack/neutron/neutron/api/rpc/handlers/resources_rpc.py:237}}
Sep 01 00:30:16.983651 dv-cinder-820027-21-iscsi neutron-server[117902]: DEBUG neutron.api.rpc.handlers.resources_rpc [None req-1ea16d20-aa5c-45d0-b090-f802dfa89692 admin admin] Pushing event updated for resources: {'SecurityGroup': ['ID=4b4f1f59-6850-4564-88ca-0240724104e2,revision_number=1']} {{(pid=117902) push /opt/stack/neutron/neutron/api/rpc/handlers/resources_rpc.py:237}}
Sep 01 00:30:16.988660 dv-cinder-820027-21-iscsi neutron-server[117902]: DEBUG dbcounter [-] [117902] Writing DB stats neutron:SELECT=84,neutron:DELETE=1,neutron:INSERT=13,neutron:UPDATE=2 {{(pid=117902) stat_writer /usr/local/lib/python3.8/dist-packages/dbcounter.py:114}}
Sep 01 00:30:17.028285 dv-cinder-820027-21-iscsi neutron-server[117902]: DEBUG neutron.api.rpc.handlers.resources_rpc [None req-e57f30d9-3641-46bf-b036-fbda09eef627 tempest-DeleteServersTestJSON-1189540849 tempest-DeleteServersTestJSON-1189540849-project] Pushing event updated for resources: {'Port': ['ID=c0bef5bd-eddf-43b5-89d4-58b7f5afc60a,revision_number=1']} {{(pid=117902) push /opt/stack/neutron/neutron/api/rpc/handlers/resources_rpc.py:237}}
Sep 01 00:30:17.031189 dv-cinder-820027-21-iscsi neutron-server[117901]: DEBUG neutron.db.provisioning_blocks [req-3954479e-b9cb-43d9-88c0-b2e95f5303cf req-d9f4a8c9-d269-4c20-9d99-52205a1145d4 service neutron] Transition to ACTIVE for port object 1686bbb5-7c47-498b-bb89-88826527d80e will not be triggered until provisioned by entity L2. {{(pid=117901) add_provisioning_component /opt/stack/neutron/neutron/db/provisioning_blocks.py:74}}
Sep 01 00:30:17.036061 dv-cinder-820027-21-iscsi neutron-server[117903]: DEBUG neutron.db.provisioning_blocks [None req-4a715506-36b1-452e-abde-cc402d6f3c9c None None] Provisioning complete for port b3664201-6ebf-45da-9653-e9c3110f0f47 triggered by entity L2. {{(pid=117903) provisioning_complete /opt/stack/neutron/neutron/db/provisioning_blocks.py:144}}
Sep 01 00:30:17.040124 dv-cinder-820027-21-iscsi neutron-server[117903]: DEBUG neutron_lib.callbacks.manager [None req-4a715506-36b1-452e-abde-cc402d6f3c9c None None] Publish callbacks ['neutron.plugins.ml2.plugin.Ml2Plugin._port_provisioned-1034118'] for port (b3664201-6ebf-45da-9653-e9c3110f0f47), provisioning_complete {{(pid=117903) _notify_loop /usr/local/lib/python3.8/dist-packages/neutron_lib/callbacks/manager.py:176}}
Sep 01 00:30:17.064542 dv-cinder-820027-21-iscsi neutron-server[117901]: DEBUG neutron.pecan_wsgi.hooks.policy_enforcement [req-ed104e7b-ae66-4964-a27b-91c1420010db req-a4f75b1e-5346-40f7-95b1-273234ff165e tempest-AttachVolumeShelveTestJSON-842026825 tempest-AttachVolumeShelveTestJSON-842026825-project] Attributes excluded by policy engine: ['standard_attr_id', 'vlan_transparent', 'provider:network_type', 'provider:physical_network', 'provider:segmentation_id'] {{(pid=117901) _exclude_attributes_by_policy /opt/stack/neutron/neutron/pecan_wsgi/hooks/policy_enforcement.py:259}}
Sep 01 00:30:17.085959 dv-cinder-820027-21-iscsi neutron-server[117901]: INFO neutron.wsgi [req-ed104e7b-ae66-4964-a27b-91c1420010db req-a4f75b1e-5346-40f7-95b1-273234ff165e tempest-AttachVolumeShelveTestJSON-842026825 tempest-AttachVolumeShelveTestJSON-842026825-project] 10.222.0.25 "GET /networking/v2.0/networks?id=6ec1bdb8-fcb4-45f0-8321-9a6d9446092b HTTP/1.1" status: 200 len: 817 time: 1.4202855
Sep 01 00:30:17.150218 dv-cinder-820027-21-iscsi neutron-server[117901]: DEBUG neutron_lib.callbacks.manager [req-3954479e-b9cb-43d9-88c0-b2e95f5303cf req-d9f4a8c9-d269-4c20-9d99-52205a1145d4 service neutron] Publish callbacks ['neutron.plugins.ml2.plugin.SecurityGroupServerNotifierRpcMixin._notify_sg_on_port_change-893550', 'neutron.plugins.ml2.ovo_rpc._ObjectChangeHandler.handle_event-338400', 'neutron.api.rpc.agentnotifiers.dhcp_rpc_agent_api.DhcpAgentNotifyAPI._native_event_send_dhcp_notification-3682882', 'neutron.db.l3_db.L3RpcNotifierMixin._notify_gateway_port_ip_changed-8730538275458', 'neutron.db.l3_dvrscheduler_db._notify_l3_agent_port_update-8730537898123', 'neutron.db.l3_hascheduler_db._notify_l3_agent_ha_port_update-8730537898141', 'neutron.services.segments.plugin.NovaSegmentNotifier._notify_port_updated-10428933'] for port (1686bbb5-7c47-498b-bb89-88826527d80e), after_update {{(pid=117901) _notify_loop /usr/local/lib/python3.8/dist-packages/neutron_lib/callbacks/manager.py:176}}
Sep 01 00:30:17.303646 dv-cinder-820027-21-iscsi neutron-server[117901]: DEBUG neutron.api.rpc.handlers.resources_rpc [None req-7f862daf-1bcf-47e4-8045-0f9278c33e6d admin admin] Pushing event deleted for resources: {'SecurityGroup': ['ID=2c1c98e8-baba-46be-aa80-0ef039375410,revision_number=None']} {{(pid=117901) push /opt/stack/neutron/neutron/api/rpc/handlers/resources_rpc.py:237}}
Sep 01 00:30:17.313701 dv-cinder-820027-21-iscsi neutron-server[117903]: DEBUG neutron.plugins.ml2.plugin [None req-4a715506-36b1-452e-abde-cc402d6f3c9c None None] Current status of the port b3664201-6ebf-45da-9653-e9c3110f0f47 is: ACTIVE; New status is: ACTIVE {{(pid=117903) _update_individual_port_db_status /opt/stack/neutron/neutron/plugins/ml2/plugin.py:2302}}
Sep 01 00:30:17.371430 dv-cinder-820027-21-iscsi neutron-server[117901]: DEBUG neutron.api.rpc.handlers.resources_rpc [None req-d9f4a8c9-d269-4c20-9d99-52205a1145d4 service neutron] Pushing event updated for resources: {'Port': ['ID=1686bbb5-7c47-498b-bb89-88826527d80e,revision_number=2']} {{(pid=117901) push /opt/stack/neutron/neutron/api/rpc/handlers/resources_rpc.py:237}}
Sep 01 00:30:17.385731 dv-cinder-820027-21-iscsi neutron-server[117903]: DEBUG neutron.db.provisioning_blocks [None req-94fc1987-8db6-4644-b283-4da4a8fc75ec None None] Provisioning complete for port c0bef5bd-eddf-43b5-89d4-58b7f5afc60a triggered by entity DHCP. {{(pid=117903) provisioning_complete /opt/stack/neutron/neutron/db/provisioning_blocks.py:144}}
Sep 01 00:30:17.386649 dv-cinder-820027-21-iscsi neutron-server[117903]: DEBUG neutron_lib.callbacks.manager [None req-94fc1987-8db6-4644-b283-4da4a8fc75ec None None] Publish callbacks ['neutron.plugins.ml2.plugin.Ml2Plugin._port_provisioned-1034118'] for port (c0bef5bd-eddf-43b5-89d4-58b7f5afc60a), provisioning_complete {{(pid=117903) _notify_loop /usr/local/lib/python3.8/dist-packages/neutron_lib/callbacks/manager.py:176}}
Sep 01 00:30:17.402657 dv-cinder-820027-21-iscsi neutron-server[117902]: DEBUG neutron.pecan_wsgi.hooks.policy_enforcement [req-3ef69a58-7c0e-4749-a3bd-52e022f36030 req-e57f30d9-3641-46bf-b036-fbda09eef627 tempest-DeleteServersTestJSON-1189540849 tempest-DeleteServersTestJSON-1189540849-project] Attributes excluded by policy engine: ['standard_attr_id', 'binding:profile', 'binding:host_id', 'binding:vif_type', 'binding:vif_details', 'network'] {{(pid=117902) _exclude_attributes_by_policy /opt/stack/neutron/neutron/pecan_wsgi/hooks/policy_enforcement.py:259}}
Sep 01 00:30:17.403324 dv-cinder-820027-21-iscsi neutron-server[117902]: DEBUG neutron_lib.callbacks.manager [req-3ef69a58-7c0e-4749-a3bd-52e022f36030 req-e57f30d9-3641-46bf-b036-fbda09eef627 tempest-DeleteServersTestJSON-1189540849 tempest-DeleteServersTestJSON-1189540849-project] Publish callbacks ['neutron.notifiers.nova.Notifier._send_nova_notification-214831', 'neutron.api.rpc.agentnotifiers.dhcp_rpc_agent_api.DhcpAgentNotifyAPI._send_dhcp_notification-3682896'] for port (None), before_response {{(pid=117902) _notify_loop /usr/local/lib/python3.8/dist-packages/neutron_lib/callbacks/manager.py:176}}
Sep 01 00:30:17.421272 dv-cinder-820027-21-iscsi neutron-server[117902]: DEBUG neutron_lib.callbacks.manager [None req-6f799a1b-2471-4fef-81a7-9229097af154 admin admin] Publish callbacks [] for security_group (4b4f1f59-6850-4564-88ca-0240724104e2), before_delete {{(pid=117902) _notify_loop /usr/local/lib/python3.8/dist-packages/neutron_lib/callbacks/manager.py:176}}
Sep 01 00:30:17.422225 dv-cinder-820027-21-iscsi neutron-server[117901]: INFO neutron.wsgi [req-ed104e7b-ae66-4964-a27b-91c1420010db req-6bc1ef2d-d186-49fb-b755-e8ef7e30bc56 tempest-AttachVolumeShelveTestJSON-842026825 tempest-AttachVolumeShelveTestJSON-842026825-project] 10.222.0.25 "GET /networking/v2.0/quotas/06942912e37346eaa2310a56b84f3886 HTTP/1.1" status: 200 len: 375 time: 0.3348360
Sep 01 00:30:17.427003 dv-cinder-820027-21-iscsi neutron-server[117901]: DEBUG neutron.wsgi [-] (117901) accepted ('10.222.0.25', 50412) {{(pid=117901) server /usr/local/lib/python3.8/dist-packages/eventlet/wsgi.py:1004}}
Sep 01 00:30:17.469654 dv-cinder-820027-21-iscsi neutron-server[117903]: DEBUG neutron.plugins.ml2.plugin [None req-94fc1987-8db6-4644-b283-4da4a8fc75ec None None] Port c0bef5bd-eddf-43b5-89d4-58b7f5afc60a cannot update to ACTIVE because it is not bound. {{(pid=117903) _port_provisioned /opt/stack/neutron/neutron/plugins/ml2/plugin.py:348}}
Sep 01 00:30:17.577075 dv-cinder-820027-21-iscsi neutron-server[117902]: INFO neutron.wsgi [req-5ddac7bc-3a4d-45e4-b65d-064e9bf1b2f7 req-54459e21-8476-4669-8823-432ae2e60d0f tempest-DeleteServersTestJSON-1189540849 tempest-DeleteServersTestJSON-1189540849-project] 10.222.0.25 "GET /networking/v2.0/security-groups?id=97c15603-2f1c-4631-a0f0-2bcf17d7c13b&fields=id&fields=name HTTP/1.1" status: 200 len: 286 time: 0.9480565
Sep 01 00:30:17.619868 dv-cinder-820027-21-iscsi neutron-server[117902]: INFO neutron.wsgi [req-3ef69a58-7c0e-4749-a3bd-52e022f36030 req-e57f30d9-3641-46bf-b036-fbda09eef627 tempest-DeleteServersTestJSON-1189540849 tempest-DeleteServersTestJSON-1189540849-project] 10.222.0.30 "POST /networking/v2.0/ports HTTP/1.1" status: 201 len: 933 time: 4.2635605
Sep 01 00:30:17.638296 dv-cinder-820027-21-iscsi neutron-server[117902]: DEBUG neutron_lib.callbacks.manager [None req-6f799a1b-2471-4fef-81a7-9229097af154 admin admin] Publish callbacks [] for security_group (4b4f1f59-6850-4564-88ca-0240724104e2), precommit_delete {{(pid=117902) _notify_loop /usr/local/lib/python3.8/dist-packages/neutron_lib/callbacks/manager.py:176}}
Sep 01 00:30:17.642554 dv-cinder-820027-21-iscsi neutron-server[117902]: DEBUG neutron_lib.callbacks.manager [None req-f9a0d114-4e0f-4cf1-b4ef-e1b2d51d545d admin admin] Publish callbacks [] for security_group (839b74b3-4562-4f14-8321-1b1d130768c3), precommit_create {{(pid=117902) _notify_loop /usr/local/lib/python3.8/dist-packages/neutron_lib/callbacks/manager.py:176}}
Sep 01 00:30:17.668452 dv-cinder-820027-21-iscsi neutron-server[117902]: DEBUG neutron.api.v2.base [req-3ef69a58-7c0e-4749-a3bd-52e022f36030 req-fd1cde2b-3931-40c0-aea9-128211f261ce service neutron] Request body: {'port': {'device_id': '3ed053e9-b2ff-4c41-9a71-344e192fc7ca', 'device_owner': 'compute:nova', 'binding:host_id': 'hv-cinder-82002'}} {{(pid=117902) prepare_request_body /opt/stack/neutron/neutron/api/v2/base.py:730}}
Sep 01 00:30:17.679821 dv-cinder-820027-21-iscsi neutron-server[117902]: DEBUG neutron_lib.callbacks.manager [None req-f9a0d114-4e0f-4cf1-b4ef-e1b2d51d545d admin admin] Publish callbacks ['neutron.plugins.ml2.ovo_rpc._ObjectChangeHandler.handle_event-3718549'] for security_group (839b74b3-4562-4f14-8321-1b1d130768c3), after_create {{(pid=117902) _notify_loop /usr/local/lib/python3.8/dist-packages/neutron_lib/callbacks/manager.py:176}}
Sep 01 00:30:17.717697 dv-cinder-820027-21-iscsi neutron-server[117902]: INFO neutron.wsgi [None req-f9a0d114-4e0f-4cf1-b4ef-e1b2d51d545d admin admin] 10.222.0.25 "GET /networking/v2.0/security-groups?tenant_id=65376d442da84facae3d0473b04a4b3e&name=default HTTP/1.1" status: 200 len: 2996 time: 2.6178689
Sep 01 00:30:17.753418 dv-cinder-820027-21-iscsi neutron-server[117902]: DEBUG neutron.wsgi [-] (117902) accepted ('10.222.0.25', 50420) {{(pid=117902) server /usr/local/lib/python3.8/dist-packages/eventlet/wsgi.py:1004}}
Sep 01 00:30:17.785202 dv-cinder-820027-21-iscsi neutron-server[117901]: DEBUG neutron_lib.callbacks.manager [None req-3a891b52-5171-4998-98b8-b7511a0cbd42 admin admin] Publish callbacks [] for security_group (None), before_create {{(pid=117901) _notify_loop /usr/local/lib/python3.8/dist-packages/neutron_lib/callbacks/manager.py:176}}
Sep 01 00:30:17.834818 dv-cinder-820027-21-iscsi neutron-server[117901]: DEBUG neutron.pecan_wsgi.hooks.policy_enforcement [req-2fd8d1ca-b933-49fe-ab7b-f345c4190934 req-65d7036d-12fa-48bb-99ca-8e900bf25393 tempest-AttachVolumeTestJSON-607076936 tempest-AttachVolumeTestJSON-607076936-project] Attributes excluded by policy engine: ['standard_attr_id', 'vlan_transparent', 'provider:network_type', 'provider:physical_network', 'provider:segmentation_id'] {{(pid=117901) _exclude_attributes_by_policy /opt/stack/neutron/neutron/pecan_wsgi/hooks/policy_enforcement.py:259}}
Sep 01 00:30:17.836835 dv-cinder-820027-21-iscsi neutron-server[117901]: INFO neutron.wsgi [req-2fd8d1ca-b933-49fe-ab7b-f345c4190934 req-65d7036d-12fa-48bb-99ca-8e900bf25393 tempest-AttachVolumeTestJSON-607076936 tempest-AttachVolumeTestJSON-607076936-project] 10.222.0.30 "GET /networking/v2.0/networks?id=a7ae7c87-2d4d-4921-9c18-8673416a29fc HTTP/1.1" status: 200 len: 811 time: 1.2446518
Sep 01 00:30:17.869065 dv-cinder-820027-21-iscsi neutron-server[117901]: INFO neutron.wsgi [req-ed104e7b-ae66-4964-a27b-91c1420010db req-5708ddbf-6560-473f-a7fc-f186cc5cb619 tempest-AttachVolumeShelveTestJSON-842026825 tempest-AttachVolumeShelveTestJSON-842026825-project] 10.222.0.25 "GET /networking/v2.0/ports?tenant_id=06942912e37346eaa2310a56b84f3886&fields=id HTTP/1.1" status: 200 len: 302 time: 0.4457371
Sep 01 00:30:17.903006 dv-cinder-820027-21-iscsi neutron-server[117901]: DEBUG dbcounter [-] [117901] Writing DB stats neutron:INSERT=2,neutron:SELECT=97,neutron:UPDATE=1 {{(pid=117901) stat_writer /usr/local/lib/python3.8/dist-packages/dbcounter.py:114}}
Sep 01 00:30:17.905587 dv-cinder-820027-21-iscsi neutron-server[117902]: DEBUG neutron.api.rpc.handlers.resources_rpc [None req-f9a0d114-4e0f-4cf1-b4ef-e1b2d51d545d admin admin] Pushing event updated for resources: {'SecurityGroup': ['ID=839b74b3-4562-4f14-8321-1b1d130768c3,revision_number=1']} {{(pid=117902) push /opt/stack/neutron/neutron/api/rpc/handlers/resources_rpc.py:237}}
Sep 01 00:30:18.091051 dv-cinder-820027-21-iscsi neutron-server[117902]: DEBUG neutron.pecan_wsgi.hooks.policy_enforcement [req-26f5f4ca-ae70-4ceb-9db8-e4255eef05f2 req-385ba504-991f-46f8-8465-d9eb493e0c0e tempest-ServerRescueNegativeTestJSON-293434156 tempest-ServerRescueNegativeTestJSON-293434156-project] Attributes excluded by policy engine: ['standard_attr_id', 'binding:profile', 'binding:host_id', 'binding:vif_type', 'binding:vif_details'] {{(pid=117902) _exclude_attributes_by_policy /opt/stack/neutron/neutron/pecan_wsgi/hooks/policy_enforcement.py:259}}
Sep 01 00:30:18.103277 dv-cinder-820027-21-iscsi neutron-server[117902]: INFO neutron.wsgi [req-26f5f4ca-ae70-4ceb-9db8-e4255eef05f2 req-385ba504-991f-46f8-8465-d9eb493e0c0e tempest-ServerRescueNegativeTestJSON-293434156 tempest-ServerRescueNegativeTestJSON-293434156-project] 10.222.0.25 "GET /networking/v2.0/ports?device_id=7927467f-419a-4f70-a627-f848aac91723 HTTP/1.1" status: 200 len: 931 time: 0.3494101
Sep 01 00:30:18.161709 dv-cinder-820027-21-iscsi neutron-server[117901]: DEBUG neutron.plugins.ml2.managers [req-3954479e-b9cb-43d9-88c0-b2e95f5303cf req-d9f4a8c9-d269-4c20-9d99-52205a1145d4 service neutron] Attempting to bind port 1686bbb5-7c47-498b-bb89-88826527d80e on host hv-cinder-82002 for vnic_type normal with profile {{(pid=117901) bind_port /opt/stack/neutron/neutron/plugins/ml2/managers.py:810}}
Sep 01 00:30:18.162209 dv-cinder-820027-21-iscsi neutron-server[117901]: DEBUG neutron.plugins.ml2.managers [req-3954479e-b9cb-43d9-88c0-b2e95f5303cf req-d9f4a8c9-d269-4c20-9d99-52205a1145d4 service neutron] Attempting to bind port 1686bbb5-7c47-498b-bb89-88826527d80e by drivers openvswitch,hyperv on host hv-cinder-82002 at level 0 using segments [{'id': '56a425c2-ffa2-49d7-abdb-a7ea706f5c90', 'network_type': 'vlan', 'physical_network': 'physnet1', 'segmentation_id': 138, 'network_id': '7dac0ef3-49f5-4c90-b2ad-1bb41b9f1f0b'}] {{(pid=117901) _bind_port_level /opt/stack/neutron/neutron/plugins/ml2/managers.py:835}}
Sep 01 00:30:18.162675 dv-cinder-820027-21-iscsi neutron-server[117901]: DEBUG neutron.plugins.ml2.drivers.mech_agent [req-3954479e-b9cb-43d9-88c0-b2e95f5303cf req-d9f4a8c9-d269-4c20-9d99-52205a1145d4 service neutron] Attempting to bind port 1686bbb5-7c47-498b-bb89-88826527d80e on network 7dac0ef3-49f5-4c90-b2ad-1bb41b9f1f0b {{(pid=117901) bind_port /opt/stack/neutron/neutron/plugins/ml2/drivers/mech_agent.py:91}}
Sep 01 00:30:18.207849 dv-cinder-820027-21-iscsi neutron-server[117901]: DEBUG neutron.plugins.ml2.drivers.mech_agent [req-3954479e-b9cb-43d9-88c0-b2e95f5303cf req-d9f4a8c9-d269-4c20-9d99-52205a1145d4 service neutron] Port 1686bbb5-7c47-498b-bb89-88826527d80e on network 7dac0ef3-49f5-4c90-b2ad-1bb41b9f1f0b not bound, no agent of type Open vSwitch agent registered on host hv-cinder-82002 {{(pid=117901) bind_port /opt/stack/neutron/neutron/plugins/ml2/drivers/mech_agent.py:103}}
Sep 01 00:30:18.208795 dv-cinder-820027-21-iscsi neutron-server[117901]: DEBUG neutron.plugins.ml2.drivers.mech_agent [req-3954479e-b9cb-43d9-88c0-b2e95f5303cf req-d9f4a8c9-d269-4c20-9d99-52205a1145d4 service neutron] Attempting to bind port 1686bbb5-7c47-498b-bb89-88826527d80e on network 7dac0ef3-49f5-4c90-b2ad-1bb41b9f1f0b {{(pid=117901) bind_port /opt/stack/neutron/neutron/plugins/ml2/drivers/mech_agent.py:91}}
Sep 01 00:30:18.215460 dv-cinder-820027-21-iscsi neutron-server[117902]: DEBUG neutron_lib.callbacks.manager [None req-6f799a1b-2471-4fef-81a7-9229097af154 admin admin] Publish callbacks ['neutron.plugins.ml2.ovo_rpc._ObjectChangeHandler.handle_event-3718549'] for security_group (4b4f1f59-6850-4564-88ca-0240724104e2), after_delete {{(pid=117902) _notify_loop /usr/local/lib/python3.8/dist-packages/neutron_lib/callbacks/manager.py:176}}
Sep 01 00:30:18.235654 dv-cinder-820027-21-iscsi neutron-server[117902]: DEBUG neutron_lib.callbacks.manager [None req-6f799a1b-2471-4fef-81a7-9229097af154 admin admin] Publish callbacks [] for security_group (None), before_response {{(pid=117902) _notify_loop /usr/local/lib/python3.8/dist-packages/neutron_lib/callbacks/manager.py:176}}
Sep 01 00:30:18.241394 dv-cinder-820027-21-iscsi neutron-server[117902]: INFO neutron.wsgi [None req-6f799a1b-2471-4fef-81a7-9229097af154 admin admin] 10.222.0.25 "DELETE /networking/v2.0/security-groups/4b4f1f59-6850-4564-88ca-0240724104e2 HTTP/1.1" status: 204 len: 168 time: 1.3073487
Sep 01 00:30:18.257002 dv-cinder-820027-21-iscsi neutron-server[117901]: INFO neutron.wsgi [req-2fd8d1ca-b933-49fe-ab7b-f345c4190934 req-a725980f-16af-4f2a-a0a7-718db88b97be tempest-AttachVolumeTestJSON-607076936 tempest-AttachVolumeTestJSON-607076936-project] 10.222.0.30 "GET /networking/v2.0/security-groups?fields=id&fields=name&tenant_id=f1064fc209674020b54fa7526cf22bf5 HTTP/1.1" status: 200 len: 380 time: 0.3576992
Sep 01 00:30:18.259351 dv-cinder-820027-21-iscsi neutron-server[117901]: INFO neutron.wsgi [req-ed104e7b-ae66-4964-a27b-91c1420010db req-ba6d9ff6-3bce-4855-9d29-21c2658af1d2 service neutron] 10.222.0.25 "GET /networking/v2.0/networks/6ec1bdb8-fcb4-45f0-8321-9a6d9446092b?fields=segments HTTP/1.1" status: 200 len: 212 time: 0.3892932
Sep 01 00:30:18.260268 dv-cinder-820027-21-iscsi neutron-server[117901]: DEBUG neutron.plugins.ml2.drivers.mech_agent [req-3954479e-b9cb-43d9-88c0-b2e95f5303cf req-d9f4a8c9-d269-4c20-9d99-52205a1145d4 service neutron] Checking agent: {'id': '2898fb65-fd6c-45fd-802c-81f49a6f1bdb', 'agent_type': 'HyperV agent', 'binary': 'neutron-hyperv-agent', 'topic': 'N/A', 'host': 'hv-cinder-82002', 'admin_state_up': True, 'created_at': datetime.datetime(2022, 9, 1, 0, 27, 54), 'started_at': datetime.datetime(2022, 9, 1, 0, 27, 54), 'heartbeat_timestamp': datetime.datetime(2022, 9, 1, 0, 29, 54), 'description': None, 'resources_synced': None, 'availability_zone': None, 'alive': True, 'configurations': {'vswitch_mappings': {'physnet1$': 'br-data'}}, 'resource_versions': {}} {{(pid=117901) bind_port /opt/stack/neutron/neutron/plugins/ml2/drivers/mech_agent.py:110}}
Sep 01 00:30:18.260750 dv-cinder-820027-21-iscsi neutron-server[117901]: DEBUG neutron.plugins.ml2.drivers.mech_agent [req-3954479e-b9cb-43d9-88c0-b2e95f5303cf req-d9f4a8c9-d269-4c20-9d99-52205a1145d4 service neutron] Checking segment: {'id': '56a425c2-ffa2-49d7-abdb-a7ea706f5c90', 'network_type': 'vlan', 'physical_network': 'physnet1', 'segmentation_id': 138, 'network_id': '7dac0ef3-49f5-4c90-b2ad-1bb41b9f1f0b'} for mappings: {'physnet1$': 'br-data'} with network types: ['local', 'flat', 'vlan'] {{(pid=117901) check_segment_for_agent /opt/stack/neutron/neutron/plugins/ml2/drivers/mech_agent.py:373}}
Sep 01 00:30:18.261451 dv-cinder-820027-21-iscsi neutron-server[117901]: DEBUG neutron.plugins.ml2.drivers.mech_agent [req-3954479e-b9cb-43d9-88c0-b2e95f5303cf req-d9f4a8c9-d269-4c20-9d99-52205a1145d4 service neutron] Bound using segment: {'id': '56a425c2-ffa2-49d7-abdb-a7ea706f5c90', 'network_type': 'vlan', 'physical_network': 'physnet1', 'segmentation_id': 138, 'network_id': '7dac0ef3-49f5-4c90-b2ad-1bb41b9f1f0b'} {{(pid=117901) bind_port /opt/stack/neutron/neutron/plugins/ml2/drivers/mech_agent.py:120}}
Sep 01 00:30:18.262016 dv-cinder-820027-21-iscsi neutron-server[117901]: DEBUG neutron.plugins.ml2.managers [req-3954479e-b9cb-43d9-88c0-b2e95f5303cf req-d9f4a8c9-d269-4c20-9d99-52205a1145d4 service neutron] Bound port: 1686bbb5-7c47-498b-bb89-88826527d80e, host: hv-cinder-82002, vif_type: hyperv, vif_details: {"connectivity": "legacy", "port_filter": false}, binding_levels: [{'bound_driver': 'hyperv', 'bound_segment': {'id': '56a425c2-ffa2-49d7-abdb-a7ea706f5c90', 'network_type': 'vlan', 'physical_network': 'physnet1', 'segmentation_id': 138, 'network_id': '7dac0ef3-49f5-4c90-b2ad-1bb41b9f1f0b'}}] {{(pid=117901) _bind_port_level /opt/stack/neutron/neutron/plugins/ml2/managers.py:947}}
Sep 01 00:30:18.262440 dv-cinder-820027-21-iscsi neutron-server[117901]: DEBUG neutron_lib.callbacks.manager [req-3954479e-b9cb-43d9-88c0-b2e95f5303cf req-d9f4a8c9-d269-4c20-9d99-52205a1145d4 service neutron] Publish callbacks ['neutron.plugins.ml2.plugin.SecurityGroupDbMixin._ensure_default_security_group_handler-893485'] for port (1686bbb5-7c47-498b-bb89-88826527d80e), before_update {{(pid=117901) _notify_loop /usr/local/lib/python3.8/dist-packages/neutron_lib/callbacks/manager.py:176}}
Sep 01 00:30:18.267902 dv-cinder-820027-21-iscsi neutron-server[117902]: DEBUG neutron_lib.callbacks.manager [req-3ef69a58-7c0e-4749-a3bd-52e022f36030 req-fd1cde2b-3931-40c0-aea9-128211f261ce service neutron] Publish callbacks ['neutron.plugins.ml2.plugin.SecurityGroupDbMixin._ensure_default_security_group_handler-893485'] for port (c0bef5bd-eddf-43b5-89d4-58b7f5afc60a), before_update {{(pid=117902) _notify_loop /usr/local/lib/python3.8/dist-packages/neutron_lib/callbacks/manager.py:176}}
