Sep 01 00:29:44.953406 dv-cinder-820027-21-iscsi neutron-server[117901]: DEBUG neutron.scheduler.dhcp_agent_scheduler [None req-24ccf22b-8357-42b1-a978-a544dc7a9377 admin admin] Network hostable DHCP agents. Network: a7ae7c87-2d4d-4921-9c18-8673416a29fc, hostable agents: ['a5d8332d-1417-484f-8477-11759907ba14'], hosted agents: [] {{(pid=117901) _get_network_hostable_dhcp_agents /opt/stack/neutron/neutron/scheduler/dhcp_agent_scheduler.py:329}}
Sep 01 00:29:44.957951 dv-cinder-820027-21-iscsi neutron-server[117902]: DEBUG neutron.scheduler.dhcp_agent_scheduler [None req-b11221ce-25b4-49f0-b731-fe7dcfdb7e94 admin admin] Network cbb9845e-ae72-497c-877a-122113b90dca is already hosted by enough agents. {{(pid=117902) _get_dhcp_agents_hosting_network /opt/stack/neutron/neutron/scheduler/dhcp_agent_scheduler.py:275}}
Sep 01 00:29:44.959500 dv-cinder-820027-21-iscsi neutron-server[117902]: DEBUG neutron.pecan_wsgi.hooks.quota_enforcement [None req-c89de779-22e3-44f6-9f66-bdc0dea4b50a admin admin] Made reservation on behalf of eb6a951afecc44219772f82bb09f91e3 for: {'subnet': 1} {{(pid=117902) before /opt/stack/neutron/neutron/pecan_wsgi/hooks/quota_enforcement.py:53}}
Sep 01 00:29:44.961743 dv-cinder-820027-21-iscsi neutron-server[117902]: DEBUG neutron_lib.callbacks.manager [None req-c89de779-22e3-44f6-9f66-bdc0dea4b50a admin admin] Publish callbacks [] for subnet (None), before_create {{(pid=117902) _notify_loop /usr/local/lib/python3.8/dist-packages/neutron_lib/callbacks/manager.py:176}}
Sep 01 00:29:44.963526 dv-cinder-820027-21-iscsi neutron-server[117901]: DEBUG neutron.scheduler.base_scheduler [None req-f32a6c11-a415-4f7a-a00d-2cddf3ec9548 admin admin] Resources bound (agent type, host, resource id): (DHCP agent, dv-cinder-820027-21-iscsi, be0f7187-c812-4167-b884-697f14b7aef7) {{(pid=117901) schedule /opt/stack/neutron/neutron/scheduler/base_scheduler.py:57}}
Sep 01 00:29:44.984555 dv-cinder-820027-21-iscsi neutron-server[117903]: DEBUG neutron.api.rpc.handlers.dhcp_rpc [None req-b21b0261-d8f8-4d92-851c-7b25356a877c None None] Network be0f7187-c812-4167-b884-697f14b7aef7 requested from dv-cinder-820027-21-iscsi {{(pid=117903) get_network_info /opt/stack/neutron/neutron/api/rpc/handlers/dhcp_rpc.py:191}}
Sep 01 00:29:44.993269 dv-cinder-820027-21-iscsi neutron-server[117901]: DEBUG neutron.pecan_wsgi.hooks.policy_enforcement [None req-f32a6c11-a415-4f7a-a00d-2cddf3ec9548 admin admin] Attributes excluded by policy engine: ['standard_attr_id', 'shared', 'network'] {{(pid=117901) _exclude_attributes_by_policy /opt/stack/neutron/neutron/pecan_wsgi/hooks/policy_enforcement.py:259}}
Sep 01 00:29:44.993856 dv-cinder-820027-21-iscsi neutron-server[117901]: DEBUG neutron_lib.callbacks.manager [None req-f32a6c11-a415-4f7a-a00d-2cddf3ec9548 admin admin] Publish callbacks ['neutron.api.rpc.agentnotifiers.dhcp_rpc_agent_api.DhcpAgentNotifyAPI._send_dhcp_notification-3682896'] for subnet (None), before_response {{(pid=117901) _notify_loop /usr/local/lib/python3.8/dist-packages/neutron_lib/callbacks/manager.py:176}}
Sep 01 00:29:45.035511 dv-cinder-820027-21-iscsi neutron-server[117901]: DEBUG neutron.scheduler.dhcp_agent_scheduler [None req-24ccf22b-8357-42b1-a978-a544dc7a9377 admin admin] Network a7ae7c87-2d4d-4921-9c18-8673416a29fc is scheduled to be hosted by DHCP agent a5d8332d-1417-484f-8477-11759907ba14 with binding_index 1 {{(pid=117901) bind /opt/stack/neutron/neutron/scheduler/dhcp_agent_scheduler.py:227}}
Sep 01 00:29:45.047227 dv-cinder-820027-21-iscsi neutron-server[117901]: DEBUG neutron.api.rpc.handlers.resources_rpc [None req-24ccf22b-8357-42b1-a978-a544dc7a9377 admin admin] Pushing event updated for resources: {'Subnet': ['ID=88431f08-94ca-406b-8ae5-c131015c23d1,revision_number=0']} {{(pid=117901) push /opt/stack/neutron/neutron/api/rpc/handlers/resources_rpc.py:237}}
Sep 01 00:29:45.060666 dv-cinder-820027-21-iscsi neutron-server[117901]: DEBUG neutron.scheduler.base_scheduler [None req-24ccf22b-8357-42b1-a978-a544dc7a9377 admin admin] Resources bound (agent type, host, resource id): (DHCP agent, dv-cinder-820027-21-iscsi, a7ae7c87-2d4d-4921-9c18-8673416a29fc) {{(pid=117901) schedule /opt/stack/neutron/neutron/scheduler/base_scheduler.py:57}}
Sep 01 00:29:45.066262 dv-cinder-820027-21-iscsi neutron-server[117901]: DEBUG neutron.pecan_wsgi.hooks.policy_enforcement [None req-24ccf22b-8357-42b1-a978-a544dc7a9377 admin admin] Attributes excluded by policy engine: ['standard_attr_id', 'shared', 'network'] {{(pid=117901) _exclude_attributes_by_policy /opt/stack/neutron/neutron/pecan_wsgi/hooks/policy_enforcement.py:259}}
Sep 01 00:29:45.066907 dv-cinder-820027-21-iscsi neutron-server[117901]: DEBUG neutron_lib.callbacks.manager [None req-24ccf22b-8357-42b1-a978-a544dc7a9377 admin admin] Publish callbacks ['neutron.api.rpc.agentnotifiers.dhcp_rpc_agent_api.DhcpAgentNotifyAPI._send_dhcp_notification-3682896'] for subnet (None), before_response {{(pid=117901) _notify_loop /usr/local/lib/python3.8/dist-packages/neutron_lib/callbacks/manager.py:176}}
Sep 01 00:29:45.092357 dv-cinder-820027-21-iscsi neutron-server[117901]: INFO neutron.wsgi [None req-f32a6c11-a415-4f7a-a00d-2cddf3ec9548 admin admin] 10.222.0.25 "POST /networking/v2.0/subnets HTTP/1.1" status: 201 len: 860 time: 1.1596496
Sep 01 00:29:45.119922 dv-cinder-820027-21-iscsi neutron-server[117901]: DEBUG dbcounter [-] [117901] Writing DB stats neutron:SELECT=88,neutron:INSERT=8,neutron:UPDATE=1,neutron:DELETE=3 {{(pid=117901) stat_writer /usr/local/lib/python3.8/dist-packages/dbcounter.py:114}}
Sep 01 00:29:45.151145 dv-cinder-820027-21-iscsi neutron-server[117901]: INFO neutron.wsgi [None req-24ccf22b-8357-42b1-a978-a544dc7a9377 admin admin] 10.222.0.25 "POST /networking/v2.0/subnets HTTP/1.1" status: 201 len: 847 time: 1.1429667
Sep 01 00:29:45.164072 dv-cinder-820027-21-iscsi neutron-server[117901]: DEBUG neutron.wsgi [-] (117901) accepted ('10.222.0.25', 49420) {{(pid=117901) server /usr/local/lib/python3.8/dist-packages/eventlet/wsgi.py:1004}}
Sep 01 00:29:45.189551 dv-cinder-820027-21-iscsi neutron-server[117901]: DEBUG neutron.api.v2.base [None req-14222941-566d-44bd-a312-92a0551c434d admin admin] Request body: {'router': {'name': 'tempest-AttachVolumeTestJSON-2107312090-router', 'tenant_id': 'f1064fc209674020b54fa7526cf22bf5', 'external_gateway_info': {'network_id': 'cbb9845e-ae72-497c-877a-122113b90dca'}}} {{(pid=117901) prepare_request_body /opt/stack/neutron/neutron/api/v2/base.py:730}}
Sep 01 00:29:45.192294 dv-cinder-820027-21-iscsi neutron-server[117903]: DEBUG neutron.api.rpc.handlers.dhcp_rpc [None req-b888e1ae-9068-455c-a0b2-db5f2a3d8b8a None None] Network a7ae7c87-2d4d-4921-9c18-8673416a29fc requested from dv-cinder-820027-21-iscsi {{(pid=117903) get_network_info /opt/stack/neutron/neutron/api/rpc/handlers/dhcp_rpc.py:191}}
Sep 01 00:29:45.246897 dv-cinder-820027-21-iscsi neutron-server[117901]: DEBUG neutron.wsgi [-] (117901) accepted ('10.222.0.25', 49426) {{(pid=117901) server /usr/local/lib/python3.8/dist-packages/eventlet/wsgi.py:1004}}
Sep 01 00:29:45.289019 dv-cinder-820027-21-iscsi neutron-server[117901]: DEBUG neutron_lib.callbacks.manager [None req-14222941-566d-44bd-a312-92a0551c434d admin admin] Publish callbacks ['neutron.services.l3_router.l3_router_plugin.L3_HA_NAT_db_mixin._before_router_create_handler-4187338', 'neutron.services.l3_router.service_providers.driver_controller.DriverController._check_router_request-2359'] for router (bda51d54-b1bb-465f-adaa-e74aea8048b6), before_create {{(pid=117901) _notify_loop /usr/local/lib/python3.8/dist-packages/neutron_lib/callbacks/manager.py:176}}
Sep 01 00:29:45.291399 dv-cinder-820027-21-iscsi neutron-server[117901]: DEBUG neutron_lib.callbacks.manager [None req-14222941-566d-44bd-a312-92a0551c434d admin admin] Publish callbacks ['neutron.services.l3_router.l3_router_plugin.L3_HA_NAT_db_mixin._precommit_router_create-4186772', 'neutron.services.l3_router.l3_router_plugin.DVRResourceOperationHandler._set_distributed_flag-4016996', 'neutron.services.l3_router.l3_router_plugin.RouterAvailabilityZoneMixin._process_az_request-4095076', 'neutron.services.l3_router.service_providers.driver_controller.DriverController._set_router_provider-2366'] for router (bda51d54-b1bb-465f-adaa-e74aea8048b6), precommit_create {{(pid=117901) _notify_loop /usr/local/lib/python3.8/dist-packages/neutron_lib/callbacks/manager.py:176}}
Sep 01 00:29:45.375110 dv-cinder-820027-21-iscsi neutron-server[117902]: DEBUG dbcounter [-] [117902] Writing DB stats neutron:SELECT=86,neutron:INSERT=8,neutron:UPDATE=5,neutron:DELETE=1 {{(pid=117902) stat_writer /usr/local/lib/python3.8/dist-packages/dbcounter.py:114}}
Sep 01 00:29:45.378512 dv-cinder-820027-21-iscsi neutron-server[117902]: DEBUG neutron.scheduler.base_scheduler [None req-b11221ce-25b4-49f0-b731-fe7dcfdb7e94 admin admin] Resources bound (agent type, host, resource id): {{(pid=117902) schedule /opt/stack/neutron/neutron/scheduler/base_scheduler.py:57}}
Sep 01 00:29:45.386395 dv-cinder-820027-21-iscsi neutron-server[117902]: DEBUG neutron.db.l3_dvrscheduler_db [None req-b11221ce-25b4-49f0-b731-fe7dcfdb7e94 admin admin] Received port after_create {{(pid=117902) _notify_l3_agent_new_port /opt/stack/neutron/neutron/db/l3_dvrscheduler_db.py:538}}
Sep 01 00:29:45.402488 dv-cinder-820027-21-iscsi neutron-server[117902]: INFO neutron.wsgi [None req-96372267-f401-4b98-a6ae-e3d761a389d4 admin admin] 10.222.0.25 "POST /networking/v2.0/networks HTTP/1.1" status: 201 len: 890 time: 2.4988179
Sep 01 00:29:45.406925 dv-cinder-820027-21-iscsi neutron-server[117902]: DEBUG neutron.wsgi [-] (117902) accepted ('10.222.0.25', 49434) {{(pid=117902) server /usr/local/lib/python3.8/dist-packages/eventlet/wsgi.py:1004}}
Sep 01 00:29:45.429421 dv-cinder-820027-21-iscsi neutron-server[117902]: DEBUG dbcounter [-] [117902] Writing DB stats neutron:SELECT=87,neutron:INSERT=9,neutron:DELETE=3,neutron:UPDATE=1 {{(pid=117902) stat_writer /usr/local/lib/python3.8/dist-packages/dbcounter.py:114}}
Sep 01 00:29:45.437177 dv-cinder-820027-21-iscsi neutron-server[117902]: DEBUG neutron_lib.callbacks.manager [None req-c89de779-22e3-44f6-9f66-bdc0dea4b50a admin admin] Publish callbacks ['neutron.plugins.ml2.ovo_rpc._ObjectChangeHandler.handle_event-3716388', 'neutron.api.rpc.agentnotifiers.dhcp_rpc_agent_api.DhcpAgentNotifyAPI._native_event_send_dhcp_notification-3682882'] for subnet (6376df79-69f6-4f5a-bd90-c1368892485a), after_create {{(pid=117902) _notify_loop /usr/local/lib/python3.8/dist-packages/neutron_lib/callbacks/manager.py:176}}
Sep 01 00:29:45.452288 dv-cinder-820027-21-iscsi neutron-server[117902]: DEBUG neutron.api.v2.base [None req-6a5d7a03-a664-4655-bcd7-6e19a3164ebb admin admin] Request body: {'subnet': {'network_id': '6ec1bdb8-fcb4-45f0-8321-9a6d9446092b', 'cidr': '172.20.0.0/28', 'name': 'tempest-AttachVolumeShelveTestJSON-1280904921-subnet', 'tenant_id': '06942912e37346eaa2310a56b84f3886', 'enable_dhcp': True, 'ip_version': 4}} {{(pid=117902) prepare_request_body /opt/stack/neutron/neutron/api/v2/base.py:730}}
Sep 01 00:29:45.656072 dv-cinder-820027-21-iscsi neutron-server[117901]: DEBUG neutron_lib.callbacks.manager [None req-14222941-566d-44bd-a312-92a0551c434d admin admin] Publish callbacks [] for router_controller (bda51d54-b1bb-465f-adaa-e74aea8048b6), precommit_add_association {{(pid=117901) _notify_loop /usr/local/lib/python3.8/dist-packages/neutron_lib/callbacks/manager.py:176}}
Sep 01 00:29:45.681683 dv-cinder-820027-21-iscsi neutron-server[117902]: DEBUG neutron.pecan_wsgi.hooks.quota_enforcement [None req-6a5d7a03-a664-4655-bcd7-6e19a3164ebb admin admin] Made reservation on behalf of 06942912e37346eaa2310a56b84f3886 for: {'subnet': 1} {{(pid=117902) before /opt/stack/neutron/neutron/pecan_wsgi/hooks/quota_enforcement.py:53}}
Sep 01 00:29:45.688197 dv-cinder-820027-21-iscsi neutron-server[117902]: DEBUG neutron_lib.callbacks.manager [None req-6a5d7a03-a664-4655-bcd7-6e19a3164ebb admin admin] Publish callbacks [] for subnet (None), before_create {{(pid=117902) _notify_loop /usr/local/lib/python3.8/dist-packages/neutron_lib/callbacks/manager.py:176}}
Sep 01 00:29:45.691107 dv-cinder-820027-21-iscsi neutron-server[117903]: DEBUG neutron.api.rpc.handlers.dhcp_rpc [None req-5c6ecf84-5434-4780-8ad9-8bff8941f949 None None] Network 7dac0ef3-49f5-4c90-b2ad-1bb41b9f1f0b requested from dv-cinder-820027-21-iscsi {{(pid=117903) get_network_info /opt/stack/neutron/neutron/api/rpc/handlers/dhcp_rpc.py:191}}
Sep 01 00:29:45.698678 dv-cinder-820027-21-iscsi neutron-server[117901]: DEBUG neutron_lib.callbacks.manager [None req-37a5a291-44c5-436d-b988-cdcd1030d2a0 admin admin] Publish callbacks [] for security_group (None), before_create {{(pid=117901) _notify_loop /usr/local/lib/python3.8/dist-packages/neutron_lib/callbacks/manager.py:176}}
Sep 01 00:29:45.702576 dv-cinder-820027-21-iscsi neutron-server[117903]: DEBUG dbcounter [-] [117903] Writing DB stats neutron:SELECT=94,neutron:INSERT=2,neutron:UPDATE=4 {{(pid=117903) stat_writer /usr/local/lib/python3.8/dist-packages/dbcounter.py:114}}
Sep 01 00:29:45.757296 dv-cinder-820027-21-iscsi neutron-server[117903]: DEBUG neutron.plugins.ml2.rpc [None req-4a715506-36b1-452e-abde-cc402d6f3c9c None None] Device 70991683-8dea-4a20-9667-cdb4f014d12a up at agent ovs-agent-dv-cinder-820027-21-iscsi {{(pid=117903) update_device_up /opt/stack/neutron/neutron/plugins/ml2/rpc.py:296}}
Sep 01 00:29:45.903115 dv-cinder-820027-21-iscsi neutron-server[117902]: DEBUG neutron.api.rpc.handlers.resources_rpc [None req-96372267-f401-4b98-a6ae-e3d761a389d4 admin admin] Pushing event updated for resources: {'Network': ['ID=6ec1bdb8-fcb4-45f0-8321-9a6d9446092b,revision_number=1']} {{(pid=117902) push /opt/stack/neutron/neutron/api/rpc/handlers/resources_rpc.py:237}}
Sep 01 00:29:45.960137 dv-cinder-820027-21-iscsi neutron-server[117903]: DEBUG neutron.plugins.ml2.rpc [None req-4a715506-36b1-452e-abde-cc402d6f3c9c None None] Network 6ec1bdb8-fcb4-45f0-8321-9a6d9446092b details requested by agent ovs-agent-dv-cinder-820027-21-iscsi with host dv-cinder-820027-21-iscsi {{(pid=117903) get_network_details /opt/stack/neutron/neutron/plugins/ml2/rpc.py:248}}
Sep 01 00:29:46.038255 dv-cinder-820027-21-iscsi neutron-server[117901]: DEBUG neutron_lib.callbacks.manager [None req-14222941-566d-44bd-a312-92a0551c434d admin admin] Publish callbacks [] for router_gateway (bda51d54-b1bb-465f-adaa-e74aea8048b6), precommit_update {{(pid=117901) _notify_loop /usr/local/lib/python3.8/dist-packages/neutron_lib/callbacks/manager.py:176}}
Sep 01 00:29:46.044775 dv-cinder-820027-21-iscsi neutron-server[117903]: DEBUG neutron.api.rpc.handlers.dhcp_rpc [None req-9adab7e1-d521-44dc-87a8-cee78905690c None None] Create dhcp port {'port': {'name': '', 'admin_state_up': True, 'device_id': 'dhcpc7e43629-9d78-5285-86b2-dfa0e3eea3d8-a7ae7c87-2d4d-4921-9c18-8673416a29fc', 'network_id': 'a7ae7c87-2d4d-4921-9c18-8673416a29fc', 'project_id': 'f1064fc209674020b54fa7526cf22bf5', 'fixed_ips': [{'subnet_id': '88431f08-94ca-406b-8ae5-c131015c23d1'}]}} from dv-cinder-820027-21-iscsi. {{(pid=117903) create_dhcp_port /opt/stack/neutron/neutron/api/rpc/handlers/dhcp_rpc.py:268}}
Sep 01 00:29:46.046201 dv-cinder-820027-21-iscsi neutron-server[117903]: DEBUG neutron_lib.callbacks.manager [None req-9adab7e1-d521-44dc-87a8-cee78905690c None None] Publish callbacks ['neutron.plugins.ml2.plugin.SecurityGroupDbMixin._ensure_default_security_group_handler-893485'] for port (None), before_create {{(pid=117903) _notify_loop /usr/local/lib/python3.8/dist-packages/neutron_lib/callbacks/manager.py:176}}
Sep 01 00:29:46.091652 dv-cinder-820027-21-iscsi neutron-server[117901]: DEBUG dbcounter [-] [117901] Writing DB stats neutron:INSERT=13,neutron:SELECT=82,neutron:UPDATE=4,neutron:DELETE=1 {{(pid=117901) stat_writer /usr/local/lib/python3.8/dist-packages/dbcounter.py:114}}
Sep 01 00:29:46.145018 dv-cinder-820027-21-iscsi neutron-server[117902]: DEBUG neutron.plugins.ml2.drivers.mech_agent [None req-c89de779-22e3-44f6-9f66-bdc0dea4b50a admin admin] Checking segment: {'id': '77029fff-1b32-48aa-a88d-7dfff4d5fa69', 'network_type': 'vlan', 'physical_network': 'physnet1', 'segmentation_id': 130, 'network_id': 'b1171be4-cbc8-4a98-b1ce-71873b834502'} for mappings: {'physnet1': 'br-data'} with network types: ['local', 'flat', 'vlan'] {{(pid=117902) check_segment_for_agent /opt/stack/neutron/neutron/plugins/ml2/drivers/mech_agent.py:373}}
Sep 01 00:29:46.145377 dv-cinder-820027-21-iscsi neutron-server[117902]: DEBUG neutron.scheduler.dhcp_agent_scheduler [None req-c89de779-22e3-44f6-9f66-bdc0dea4b50a admin admin] Network hostable DHCP agents. Network: b1171be4-cbc8-4a98-b1ce-71873b834502, hostable agents: ['a5d8332d-1417-484f-8477-11759907ba14'], hosted agents: [] {{(pid=117902) _get_network_hostable_dhcp_agents /opt/stack/neutron/neutron/scheduler/dhcp_agent_scheduler.py:329}}
Sep 01 00:29:46.164884 dv-cinder-820027-21-iscsi neutron-server[117902]: DEBUG neutron.api.rpc.handlers.resources_rpc [None req-c89de779-22e3-44f6-9f66-bdc0dea4b50a admin admin] Pushing event updated for resources: {'Subnet': ['ID=6376df79-69f6-4f5a-bd90-c1368892485a,revision_number=0']} {{(pid=117902) push /opt/stack/neutron/neutron/api/rpc/handlers/resources_rpc.py:237}}
Sep 01 00:29:46.178837 dv-cinder-820027-21-iscsi neutron-server[117903]: DEBUG neutron.db.provisioning_blocks [None req-4a715506-36b1-452e-abde-cc402d6f3c9c None None] Provisioning complete for port 70991683-8dea-4a20-9667-cdb4f014d12a triggered by entity L2. {{(pid=117903) provisioning_complete /opt/stack/neutron/neutron/db/provisioning_blocks.py:144}}
Sep 01 00:29:46.181287 dv-cinder-820027-21-iscsi neutron-server[117903]: DEBUG neutron_lib.callbacks.manager [None req-4a715506-36b1-452e-abde-cc402d6f3c9c None None] Publish callbacks ['neutron.plugins.ml2.plugin.Ml2Plugin._port_provisioned-1034118'] for port (70991683-8dea-4a20-9667-cdb4f014d12a), provisioning_complete {{(pid=117903) _notify_loop /usr/local/lib/python3.8/dist-packages/neutron_lib/callbacks/manager.py:176}}
Sep 01 00:29:46.245428 dv-cinder-820027-21-iscsi neutron-server[117901]: DEBUG neutron.wsgi [-] (117901) accepted ('10.222.0.25', 49484) {{(pid=117901) server /usr/local/lib/python3.8/dist-packages/eventlet/wsgi.py:1004}}
Sep 01 00:29:46.245980 dv-cinder-820027-21-iscsi neutron-server[117901]: DEBUG neutron.wsgi [-] (117901) accepted ('10.222.0.25', 49486) {{(pid=117901) server /usr/local/lib/python3.8/dist-packages/eventlet/wsgi.py:1004}}
Sep 01 00:29:46.275153 dv-cinder-820027-21-iscsi neutron-server[117901]: DEBUG neutron.api.v2.base [None req-7cfb1488-6fe9-4102-a22c-0bc719bfccea admin admin] Request body: {'network': {'name': 'tempest-EncryptedVolumesExtendAttachedTest-1948811880-network', 'tenant_id': '25cc8a74338e49e7b7332b34c30c1c43'}} {{(pid=117901) prepare_request_body /opt/stack/neutron/neutron/api/v2/base.py:730}}
Sep 01 00:29:46.318911 dv-cinder-820027-21-iscsi neutron-server[117902]: DEBUG neutron_lib.callbacks.manager [None req-b11221ce-25b4-49f0-b731-fe7dcfdb7e94 admin admin] Publish callbacks [] for router_gateway (76654eb6-7beb-4a44-b98d-1db87303d600), after_create {{(pid=117902) _notify_loop /usr/local/lib/python3.8/dist-packages/neutron_lib/callbacks/manager.py:176}}
Sep 01 00:29:46.332780 dv-cinder-820027-21-iscsi neutron-server[117902]: DEBUG neutron.scheduler.dhcp_agent_scheduler [None req-c89de779-22e3-44f6-9f66-bdc0dea4b50a admin admin] Network b1171be4-cbc8-4a98-b1ce-71873b834502 is scheduled to be hosted by DHCP agent a5d8332d-1417-484f-8477-11759907ba14 with binding_index 1 {{(pid=117902) bind /opt/stack/neutron/neutron/scheduler/dhcp_agent_scheduler.py:227}}
Sep 01 00:29:46.339854 dv-cinder-820027-21-iscsi neutron-server[117901]: DEBUG neutron.pecan_wsgi.hooks.quota_enforcement [None req-7cfb1488-6fe9-4102-a22c-0bc719bfccea admin admin] Made reservation on behalf of 25cc8a74338e49e7b7332b34c30c1c43 for: {'network': 1} {{(pid=117901) before /opt/stack/neutron/neutron/pecan_wsgi/hooks/quota_enforcement.py:53}}
Sep 01 00:29:46.342665 dv-cinder-820027-21-iscsi neutron-server[117901]: DEBUG neutron_lib.callbacks.manager [None req-7cfb1488-6fe9-4102-a22c-0bc719bfccea admin admin] Publish callbacks ['neutron.plugins.ml2.plugin.SecurityGroupDbMixin._ensure_default_security_group_handler-893485'] for network (None), before_create {{(pid=117901) _notify_loop /usr/local/lib/python3.8/dist-packages/neutron_lib/callbacks/manager.py:176}}
Sep 01 00:29:46.382603 dv-cinder-820027-21-iscsi neutron-server[117901]: DEBUG neutron_lib.callbacks.manager [None req-7cfb1488-6fe9-4102-a22c-0bc719bfccea admin admin] Publish callbacks [] for security_group (None), before_create {{(pid=117901) _notify_loop /usr/local/lib/python3.8/dist-packages/neutron_lib/callbacks/manager.py:176}}
Sep 01 00:29:46.406215 dv-cinder-820027-21-iscsi neutron-server[117902]: DEBUG neutron.scheduler.base_scheduler [None req-c89de779-22e3-44f6-9f66-bdc0dea4b50a admin admin] Resources bound (agent type, host, resource id): (DHCP agent, dv-cinder-820027-21-iscsi, b1171be4-cbc8-4a98-b1ce-71873b834502) {{(pid=117902) schedule /opt/stack/neutron/neutron/scheduler/base_scheduler.py:57}}
Sep 01 00:29:46.411340 dv-cinder-820027-21-iscsi neutron-server[117902]: DEBUG neutron.pecan_wsgi.hooks.policy_enforcement [None req-c89de779-22e3-44f6-9f66-bdc0dea4b50a admin admin] Attributes excluded by policy engine: ['standard_attr_id', 'shared', 'network'] {{(pid=117902) _exclude_attributes_by_policy /opt/stack/neutron/neutron/pecan_wsgi/hooks/policy_enforcement.py:259}}
Sep 01 00:29:46.411942 dv-cinder-820027-21-iscsi neutron-server[117902]: DEBUG neutron_lib.callbacks.manager [None req-c89de779-22e3-44f6-9f66-bdc0dea4b50a admin admin] Publish callbacks ['neutron.api.rpc.agentnotifiers.dhcp_rpc_agent_api.DhcpAgentNotifyAPI._send_dhcp_notification-3682896'] for subnet (None), before_response {{(pid=117902) _notify_loop /usr/local/lib/python3.8/dist-packages/neutron_lib/callbacks/manager.py:176}}
Sep 01 00:29:46.418321 dv-cinder-820027-21-iscsi neutron-server[117903]: DEBUG neutron.db.db_base_plugin_common [None req-9adab7e1-d521-44dc-87a8-cee78905690c None None] Allocated IP 172.20.0.2 (a7ae7c87-2d4d-4921-9c18-8673416a29fc/88431f08-94ca-406b-8ae5-c131015c23d1/77d6e15d-db75-4e7d-a4a9-73aafedc876d) {{(pid=117903) _store_ip_allocation /opt/stack/neutron/neutron/db/db_base_plugin_common.py:131}}
Sep 01 00:29:46.440725 dv-cinder-820027-21-iscsi neutron-server[117902]: INFO neutron.wsgi [None req-c89de779-22e3-44f6-9f66-bdc0dea4b50a admin admin] 10.222.0.25 "POST /networking/v2.0/subnets HTTP/1.1" status: 201 len: 847 time: 1.7001894
Sep 01 00:29:46.444833 dv-cinder-820027-21-iscsi neutron-server[117902]: DEBUG neutron.wsgi [-] (117902) accepted ('10.222.0.25', 49494) {{(pid=117902) server /usr/local/lib/python3.8/dist-packages/eventlet/wsgi.py:1004}}
Sep 01 00:29:46.449155 dv-cinder-820027-21-iscsi neutron-server[117902]: DEBUG neutron.api.v2.base [None req-2de50e55-f27e-43e7-9648-12571684a97a admin admin] Request body: {'router': {'name': 'tempest-DeleteServersTestJSON-755306165-router', 'tenant_id': 'eb6a951afecc44219772f82bb09f91e3', 'external_gateway_info': {'network_id': 'cbb9845e-ae72-497c-877a-122113b90dca'}}} {{(pid=117902) prepare_request_body /opt/stack/neutron/neutron/api/v2/base.py:730}}
Sep 01 00:29:46.477281 dv-cinder-820027-21-iscsi neutron-server[117901]: DEBUG neutron_lib.callbacks.manager [None req-37a5a291-44c5-436d-b988-cdcd1030d2a0 admin admin] Publish callbacks [] for security_group (3941306b-e163-4a37-8c7f-86b9487416e6), precommit_create {{(pid=117901) _notify_loop /usr/local/lib/python3.8/dist-packages/neutron_lib/callbacks/manager.py:176}}
Sep 01 00:29:46.493948 dv-cinder-820027-21-iscsi neutron-server[117901]: DEBUG neutron_lib.callbacks.manager [None req-37a5a291-44c5-436d-b988-cdcd1030d2a0 admin admin] Publish callbacks ['neutron.plugins.ml2.ovo_rpc._ObjectChangeHandler.handle_event-3718549'] for security_group (3941306b-e163-4a37-8c7f-86b9487416e6), after_create {{(pid=117901) _notify_loop /usr/local/lib/python3.8/dist-packages/neutron_lib/callbacks/manager.py:176}}
Sep 01 00:29:46.516435 dv-cinder-820027-21-iscsi neutron-server[117902]: DEBUG dbcounter [-] [117902] Writing DB stats neutron:SELECT=90,neutron:INSERT=9,neutron:UPDATE=1 {{(pid=117902) stat_writer /usr/local/lib/python3.8/dist-packages/dbcounter.py:114}}
Sep 01 00:29:46.564288 dv-cinder-820027-21-iscsi neutron-server[117902]: DEBUG neutron_lib.callbacks.manager [None req-2de50e55-f27e-43e7-9648-12571684a97a admin admin] Publish callbacks ['neutron.services.l3_router.l3_router_plugin.L3_HA_NAT_db_mixin._before_router_create_handler-4187338', 'neutron.services.l3_router.service_providers.driver_controller.DriverController._check_router_request-2359'] for router (5b291923-b960-4f23-8816-471fd90f67c6), before_create {{(pid=117902) _notify_loop /usr/local/lib/python3.8/dist-packages/neutron_lib/callbacks/manager.py:176}}
Sep 01 00:29:46.565436 dv-cinder-820027-21-iscsi neutron-server[117902]: DEBUG neutron_lib.callbacks.manager [None req-2de50e55-f27e-43e7-9648-12571684a97a admin admin] Publish callbacks ['neutron.services.l3_router.l3_router_plugin.L3_HA_NAT_db_mixin._precommit_router_create-4186772', 'neutron.services.l3_router.l3_router_plugin.DVRResourceOperationHandler._set_distributed_flag-4016996', 'neutron.services.l3_router.l3_router_plugin.RouterAvailabilityZoneMixin._process_az_request-4095076', 'neutron.services.l3_router.service_providers.driver_controller.DriverController._set_router_provider-2366'] for router (5b291923-b960-4f23-8816-471fd90f67c6), precommit_create {{(pid=117902) _notify_loop /usr/local/lib/python3.8/dist-packages/neutron_lib/callbacks/manager.py:176}}
Sep 01 00:29:46.573623 dv-cinder-820027-21-iscsi neutron-server[117903]: DEBUG neutron_lib.callbacks.manager [None req-9adab7e1-d521-44dc-87a8-cee78905690c None None] Publish callbacks [] for port (77d6e15d-db75-4e7d-a4a9-73aafedc876d), precommit_create {{(pid=117903) _notify_loop /usr/local/lib/python3.8/dist-packages/neutron_lib/callbacks/manager.py:176}}
Sep 01 00:29:46.576193 dv-cinder-820027-21-iscsi neutron-server[117903]: DEBUG neutron.db.provisioning_blocks [None req-13559ad3-1ef2-4c56-bc4b-54bc26046ce9 None None] Provisioning complete for port 70991683-8dea-4a20-9667-cdb4f014d12a triggered by entity DHCP. {{(pid=117903) provisioning_complete /opt/stack/neutron/neutron/db/provisioning_blocks.py:144}}
Sep 01 00:29:46.576585 dv-cinder-820027-21-iscsi neutron-server[117903]: DEBUG neutron_lib.callbacks.manager [None req-13559ad3-1ef2-4c56-bc4b-54bc26046ce9 None None] Publish callbacks ['neutron.plugins.ml2.plugin.Ml2Plugin._port_provisioned-1034118'] for port (70991683-8dea-4a20-9667-cdb4f014d12a), provisioning_complete {{(pid=117903) _notify_loop /usr/local/lib/python3.8/dist-packages/neutron_lib/callbacks/manager.py:176}}
Sep 01 00:29:46.615188 dv-cinder-820027-21-iscsi neutron-server[117903]: DEBUG dbcounter [-] [117903] Writing DB stats neutron:SELECT=97,neutron:INSERT=2,neutron:UPDATE=1 {{(pid=117903) stat_writer /usr/local/lib/python3.8/dist-packages/dbcounter.py:114}}
Sep 01 00:29:46.623553 dv-cinder-820027-21-iscsi neutron-server[117903]: DEBUG neutron_lib.callbacks.manager [None req-9adab7e1-d521-44dc-87a8-cee78905690c None None] Publish callbacks ['neutron.plugins.ml2.plugin.SecurityGroupServerNotifierRpcMixin._notify_sg_on_port_change-893550', 'neutron.plugins.ml2.ovo_rpc._ObjectChangeHandler.handle_event-338400', 'neutron.api.rpc.agentnotifiers.dhcp_rpc_agent_api.DhcpAgentNotifyAPI._native_event_send_dhcp_notification-3682882', 'neutron.db.l3_dvrscheduler_db._notify_l3_agent_new_port-8730537898105'] for port (77d6e15d-db75-4e7d-a4a9-73aafedc876d), after_create {{(pid=117903) _notify_loop /usr/local/lib/python3.8/dist-packages/neutron_lib/callbacks/manager.py:176}}
Sep 01 00:29:46.625612 dv-cinder-820027-21-iscsi neutron-server[117903]: DEBUG neutron.api.rpc.handlers.dhcp_rpc [None req-986dc01f-1d3c-48e9-9eaf-59fda70ac766 None None] Network be0f7187-c812-4167-b884-697f14b7aef7 requested from dv-cinder-820027-21-iscsi {{(pid=117903) get_network_info /opt/stack/neutron/neutron/api/rpc/handlers/dhcp_rpc.py:191}}
Sep 01 00:29:46.629690 dv-cinder-820027-21-iscsi neutron-server[117902]: DEBUG neutron_lib.callbacks.manager [None req-2de50e55-f27e-43e7-9648-12571684a97a admin admin] Publish callbacks [] for router_controller (5b291923-b960-4f23-8816-471fd90f67c6), precommit_add_association {{(pid=117902) _notify_loop /usr/local/lib/python3.8/dist-packages/neutron_lib/callbacks/manager.py:176}}
Sep 01 00:29:46.704272 dv-cinder-820027-21-iscsi neutron-server[117903]: DEBUG neutron.api.rpc.handlers.dhcp_rpc [None req-78d104f8-8168-4a32-aac9-7710a1b9392a None None] Network b1171be4-cbc8-4a98-b1ce-71873b834502 requested from dv-cinder-820027-21-iscsi {{(pid=117903) get_network_info /opt/stack/neutron/neutron/api/rpc/handlers/dhcp_rpc.py:191}}
Sep 01 00:29:46.724541 dv-cinder-820027-21-iscsi neutron-server[117903]: DEBUG dbcounter [-] [117903] Writing DB stats neutron:SELECT=91,neutron:INSERT=4,neutron:UPDATE=5 {{(pid=117903) stat_writer /usr/local/lib/python3.8/dist-packages/dbcounter.py:114}}
Sep 01 00:29:46.764727 dv-cinder-820027-21-iscsi neutron-server[117901]: INFO neutron.wsgi [None req-37a5a291-44c5-436d-b988-cdcd1030d2a0 admin admin] 10.222.0.25 "GET /networking/v2.0/security-groups?tenant_id=cb964432f4ad4e0c8d38d9449ebfaf41&name=default HTTP/1.1" status: 200 len: 2992 time: 1.5167706
Sep 01 00:29:46.774120 dv-cinder-820027-21-iscsi neutron-server[117901]: DEBUG neutron.wsgi [-] (117901) accepted ('10.222.0.25', 49514) {{(pid=117901) server /usr/local/lib/python3.8/dist-packages/eventlet/wsgi.py:1004}}
Sep 01 00:29:46.804560 dv-cinder-820027-21-iscsi neutron-server[117902]: DEBUG neutron_lib.callbacks.manager [None req-b11221ce-25b4-49f0-b731-fe7dcfdb7e94 admin admin] Publish callbacks ['neutron.services.l3_router.l3_router_plugin.L3_HA_NAT_db_mixin._after_router_create-4186663', 'neutron.services.l3_router.l3_router_plugin.DVRResourceOperationHandler._create_snat_interfaces_after_change-4017109'] for router (76654eb6-7beb-4a44-b98d-1db87303d600), after_create {{(pid=117902) _notify_loop /usr/local/lib/python3.8/dist-packages/neutron_lib/callbacks/manager.py:176}}
Sep 01 00:29:46.810173 dv-cinder-820027-21-iscsi neutron-server[117902]: DEBUG neutron_lib.callbacks.manager [None req-6a5d7a03-a664-4655-bcd7-6e19a3164ebb admin admin] Publish callbacks ['neutron.plugins.ml2.ovo_rpc._ObjectChangeHandler.handle_event-3716388', 'neutron.api.rpc.agentnotifiers.dhcp_rpc_agent_api.DhcpAgentNotifyAPI._native_event_send_dhcp_notification-3682882'] for subnet (2656a193-946c-440a-9e10-5eb2de1c9abe), after_create {{(pid=117902) _notify_loop /usr/local/lib/python3.8/dist-packages/neutron_lib/callbacks/manager.py:176}}
Sep 01 00:29:46.847461 dv-cinder-820027-21-iscsi neutron-server[117903]: DEBUG neutron.plugins.ml2.plugin [None req-13559ad3-1ef2-4c56-bc4b-54bc26046ce9 None None] Current status of the port 70991683-8dea-4a20-9667-cdb4f014d12a is: DOWN; New status is: ACTIVE {{(pid=117903) _update_individual_port_db_status /opt/stack/neutron/neutron/plugins/ml2/plugin.py:2302}}
Sep 01 00:29:46.847853 dv-cinder-820027-21-iscsi neutron-server[117903]: DEBUG neutron_lib.callbacks.manager [None req-13559ad3-1ef2-4c56-bc4b-54bc26046ce9 None None] Publish callbacks ['neutron.plugins.ml2.plugin.SecurityGroupDbMixin._ensure_default_security_group_handler-893485'] for port (70991683-8dea-4a20-9667-cdb4f014d12a), before_update {{(pid=117903) _notify_loop /usr/local/lib/python3.8/dist-packages/neutron_lib/callbacks/manager.py:176}}
Sep 01 00:29:46.855859 dv-cinder-820027-21-iscsi neutron-server[117901]: DEBUG neutron.api.rpc.handlers.resources_rpc [None req-37a5a291-44c5-436d-b988-cdcd1030d2a0 admin admin] Pushing event updated for resources: {'SecurityGroup': ['ID=3941306b-e163-4a37-8c7f-86b9487416e6,revision_number=1']} {{(pid=117901) push /opt/stack/neutron/neutron/api/rpc/handlers/resources_rpc.py:237}}
Sep 01 00:29:46.857517 dv-cinder-820027-21-iscsi neutron-server[117903]: DEBUG neutron.scheduler.dhcp_agent_scheduler [None req-9adab7e1-d521-44dc-87a8-cee78905690c None None] Network a7ae7c87-2d4d-4921-9c18-8673416a29fc is already hosted by enough agents. {{(pid=117903) _get_dhcp_agents_hosting_network /opt/stack/neutron/neutron/scheduler/dhcp_agent_scheduler.py:275}}
Sep 01 00:29:46.864689 dv-cinder-820027-21-iscsi neutron-server[117903]: DEBUG neutron.scheduler.base_scheduler [None req-9adab7e1-d521-44dc-87a8-cee78905690c None None] Resources bound (agent type, host, resource id): {{(pid=117903) schedule /opt/stack/neutron/neutron/scheduler/base_scheduler.py:57}}
Sep 01 00:29:46.867341 dv-cinder-820027-21-iscsi neutron-server[117901]: DEBUG neutron_lib.callbacks.manager [None req-01b8ef54-3ee8-44a1-a575-bc84c4bce3ee admin admin] Publish callbacks [] for security_group (None), before_create {{(pid=117901) _notify_loop /usr/local/lib/python3.8/dist-packages/neutron_lib/callbacks/manager.py:176}}
Sep 01 00:29:46.869675 dv-cinder-820027-21-iscsi neutron-server[117903]: DEBUG neutron.db.l3_dvrscheduler_db [None req-9adab7e1-d521-44dc-87a8-cee78905690c None None] Received port after_create {{(pid=117903) _notify_l3_agent_new_port /opt/stack/neutron/neutron/db/l3_dvrscheduler_db.py:538}}
Sep 01 00:29:46.947724 dv-cinder-820027-21-iscsi neutron-server[117901]: DEBUG dbcounter [-] [117901] Writing DB stats neutron:SELECT=80,neutron:INSERT=18,neutron:UPDATE=2 {{(pid=117901) stat_writer /usr/local/lib/python3.8/dist-packages/dbcounter.py:114}}
Sep 01 00:29:46.977379 dv-cinder-820027-21-iscsi neutron-server[117901]: DEBUG neutron_lib.callbacks.manager [None req-14222941-566d-44bd-a312-92a0551c434d admin admin] Publish callbacks [] for router_gateway (bda51d54-b1bb-465f-adaa-e74aea8048b6), before_create {{(pid=117901) _notify_loop /usr/local/lib/python3.8/dist-packages/neutron_lib/callbacks/manager.py:176}}
Sep 01 00:29:47.001665 dv-cinder-820027-21-iscsi neutron-server[117903]: DEBUG neutron.plugins.ml2.plugin [None req-4a715506-36b1-452e-abde-cc402d6f3c9c None None] Current status of the port 70991683-8dea-4a20-9667-cdb4f014d12a is: DOWN; New status is: ACTIVE {{(pid=117903) _update_individual_port_db_status /opt/stack/neutron/neutron/plugins/ml2/plugin.py:2302}}
Sep 01 00:29:47.002287 dv-cinder-820027-21-iscsi neutron-server[117903]: DEBUG neutron_lib.callbacks.manager [None req-4a715506-36b1-452e-abde-cc402d6f3c9c None None] Publish callbacks ['neutron.plugins.ml2.plugin.SecurityGroupDbMixin._ensure_default_security_group_handler-893485'] for port (70991683-8dea-4a20-9667-cdb4f014d12a), before_update {{(pid=117903) _notify_loop /usr/local/lib/python3.8/dist-packages/neutron_lib/callbacks/manager.py:176}}
Sep 01 00:29:47.010884 dv-cinder-820027-21-iscsi neutron-server[117902]: DEBUG dbcounter [-] [117902] Writing DB stats neutron:SELECT=87,neutron:UPDATE=4,neutron:INSERT=7,neutron:DELETE=2 {{(pid=117902) stat_writer /usr/local/lib/python3.8/dist-packages/dbcounter.py:114}}
Sep 01 00:29:47.028771 dv-cinder-820027-21-iscsi neutron-server[117901]: DEBUG neutron_lib.callbacks.manager [None req-1827973e-8c91-4fad-be18-d70231949d8b admin admin] Publish callbacks [] for security_group (3941306b-e163-4a37-8c7f-86b9487416e6), before_delete {{(pid=117901) _notify_loop /usr/local/lib/python3.8/dist-packages/neutron_lib/callbacks/manager.py:176}}
Sep 01 00:29:47.046557 dv-cinder-820027-21-iscsi neutron-server[117901]: DEBUG neutron_lib.callbacks.manager [None req-14222941-566d-44bd-a312-92a0551c434d admin admin] Publish callbacks ['neutron.plugins.ml2.plugin.SecurityGroupDbMixin._ensure_default_security_group_handler-893485'] for port (None), before_create {{(pid=117901) _notify_loop /usr/local/lib/python3.8/dist-packages/neutron_lib/callbacks/manager.py:176}}
Sep 01 00:29:47.061576 dv-cinder-820027-21-iscsi neutron-server[117901]: DEBUG neutron_lib.callbacks.manager [None req-7cfb1488-6fe9-4102-a22c-0bc719bfccea admin admin] Publish callbacks [] for security_group (73432f81-091d-4c71-80c0-cff0773cfe44), precommit_create {{(pid=117901) _notify_loop /usr/local/lib/python3.8/dist-packages/neutron_lib/callbacks/manager.py:176}}
Sep 01 00:29:47.081888 dv-cinder-820027-21-iscsi neutron-server[117901]: DEBUG neutron_lib.callbacks.manager [None req-7cfb1488-6fe9-4102-a22c-0bc719bfccea admin admin] Publish callbacks ['neutron.plugins.ml2.ovo_rpc._ObjectChangeHandler.handle_event-3718549'] for security_group (73432f81-091d-4c71-80c0-cff0773cfe44), after_create {{(pid=117901) _notify_loop /usr/local/lib/python3.8/dist-packages/neutron_lib/callbacks/manager.py:176}}
Sep 01 00:29:47.117346 dv-cinder-820027-21-iscsi neutron-server[117902]: DEBUG neutron.api.rpc.handlers.resources_rpc [None req-6a5d7a03-a664-4655-bcd7-6e19a3164ebb admin admin] Pushing event updated for resources: {'Subnet': ['ID=2656a193-946c-440a-9e10-5eb2de1c9abe,revision_number=0']} {{(pid=117902) push /opt/stack/neutron/neutron/api/rpc/handlers/resources_rpc.py:237}}
Sep 01 00:29:47.120644 dv-cinder-820027-21-iscsi neutron-server[117902]: DEBUG neutron_lib.callbacks.manager [None req-2de50e55-f27e-43e7-9648-12571684a97a admin admin] Publish callbacks [] for router_gateway (5b291923-b960-4f23-8816-471fd90f67c6), precommit_update {{(pid=117902) _notify_loop /usr/local/lib/python3.8/dist-packages/neutron_lib/callbacks/manager.py:176}}
Sep 01 00:29:47.162411 dv-cinder-820027-21-iscsi neutron-server[117902]: DEBUG neutron.plugins.ml2.drivers.mech_agent [None req-6a5d7a03-a664-4655-bcd7-6e19a3164ebb admin admin] Checking segment: {'id': '5a393133-e71e-4e10-8dc8-72149b2983f7', 'network_type': 'vlan', 'physical_network': 'physnet1', 'segmentation_id': 104, 'network_id': '6ec1bdb8-fcb4-45f0-8321-9a6d9446092b'} for mappings: {'physnet1': 'br-data'} with network types: ['local', 'flat', 'vlan'] {{(pid=117902) check_segment_for_agent /opt/stack/neutron/neutron/plugins/ml2/drivers/mech_agent.py:373}}
Sep 01 00:29:47.162411 dv-cinder-820027-21-iscsi neutron-server[117902]: DEBUG neutron.scheduler.dhcp_agent_scheduler [None req-6a5d7a03-a664-4655-bcd7-6e19a3164ebb admin admin] Network hostable DHCP agents. Network: 6ec1bdb8-fcb4-45f0-8321-9a6d9446092b, hostable agents: ['a5d8332d-1417-484f-8477-11759907ba14'], hosted agents: [] {{(pid=117902) _get_network_hostable_dhcp_agents /opt/stack/neutron/neutron/scheduler/dhcp_agent_scheduler.py:329}}
Sep 01 00:29:47.178920 dv-cinder-820027-21-iscsi neutron-server[117901]: DEBUG neutron_lib.callbacks.manager [None req-1827973e-8c91-4fad-be18-d70231949d8b admin admin] Publish callbacks [] for security_group (3941306b-e163-4a37-8c7f-86b9487416e6), precommit_delete {{(pid=117901) _notify_loop /usr/local/lib/python3.8/dist-packages/neutron_lib/callbacks/manager.py:176}}
Sep 01 00:29:47.193097 dv-cinder-820027-21-iscsi neutron-server[117903]: DEBUG neutron.api.rpc.handlers.resources_rpc [None req-9adab7e1-d521-44dc-87a8-cee78905690c None None] Pushing event updated for resources: {'Port': ['ID=77d6e15d-db75-4e7d-a4a9-73aafedc876d,revision_number=1']} {{(pid=117903) push /opt/stack/neutron/neutron/api/rpc/handlers/resources_rpc.py:237}}
Sep 01 00:29:47.207184 dv-cinder-820027-21-iscsi neutron-server[117901]: DEBUG neutron.plugins.ml2.drivers.helpers [None req-7cfb1488-6fe9-4102-a22c-0bc719bfccea admin admin] vlan segment allocate from pool success with {'vlan_id': 118, 'physical_network': 'physnet1'} {{(pid=117901) allocate_partially_specified_segment /opt/stack/neutron/neutron/plugins/ml2/drivers/helpers.py:153}}
Sep 01 00:29:47.221530 dv-cinder-820027-21-iscsi neutron-server[117901]: DEBUG dbcounter [-] [117901] Writing DB stats neutron:SELECT=82,neutron:INSERT=17,neutron:UPDATE=1 {{(pid=117901) stat_writer /usr/local/lib/python3.8/dist-packages/dbcounter.py:114}}
Sep 01 00:29:47.229137 dv-cinder-820027-21-iscsi neutron-server[117903]: DEBUG neutron.plugins.ml2.db [None req-13559ad3-1ef2-4c56-bc4b-54bc26046ce9 None None] For port 70991683-8dea-4a20-9667-cdb4f014d12a, host dv-cinder-820027-21-iscsi, got binding levels [PortBindingLevel(driver='openvswitch',host='dv-cinder-820027-21-iscsi',level=0,port_id=70991683-8dea-4a20-9667-cdb4f014d12a,segment=NetworkSegment(56a425c2-ffa2-49d7-abdb-a7ea706f5c90),segment_id=56a425c2-ffa2-49d7-abdb-a7ea706f5c90)] {{(pid=117903) get_binding_level_objs /opt/stack/neutron/neutron/plugins/ml2/db.py:74}}
Sep 01 00:29:47.231189 dv-cinder-820027-21-iscsi neutron-server[117903]: DEBUG neutron.plugins.ml2.managers [None req-9adab7e1-d521-44dc-87a8-cee78905690c None None] Attempting to bind port 77d6e15d-db75-4e7d-a4a9-73aafedc876d on host dv-cinder-820027-21-iscsi for vnic_type normal with profile {{(pid=117903) bind_port /opt/stack/neutron/neutron/plugins/ml2/managers.py:810}}
Sep 01 00:29:47.231798 dv-cinder-820027-21-iscsi neutron-server[117903]: DEBUG neutron.plugins.ml2.managers [None req-9adab7e1-d521-44dc-87a8-cee78905690c None None] Attempting to bind port 77d6e15d-db75-4e7d-a4a9-73aafedc876d by drivers openvswitch,hyperv on host dv-cinder-820027-21-iscsi at level 0 using segments [{'id': '39797c61-b01c-45c1-8d74-a2d8b59f980a', 'network_type': 'vlan', 'physical_network': 'physnet1', 'segmentation_id': 139, 'network_id': 'a7ae7c87-2d4d-4921-9c18-8673416a29fc'}] {{(pid=117903) _bind_port_level /opt/stack/neutron/neutron/plugins/ml2/managers.py:835}}
Sep 01 00:29:47.232478 dv-cinder-820027-21-iscsi neutron-server[117903]: DEBUG neutron.plugins.ml2.drivers.mech_agent [None req-9adab7e1-d521-44dc-87a8-cee78905690c None None] Attempting to bind port 77d6e15d-db75-4e7d-a4a9-73aafedc876d on network a7ae7c87-2d4d-4921-9c18-8673416a29fc {{(pid=117903) bind_port /opt/stack/neutron/neutron/plugins/ml2/drivers/mech_agent.py:91}}
Sep 01 00:29:47.244778 dv-cinder-820027-21-iscsi neutron-server[117903]: DEBUG neutron_lib.callbacks.manager [None req-13559ad3-1ef2-4c56-bc4b-54bc26046ce9 None None] Publish callbacks ['neutron.plugins.ml2.plugin.SecurityGroupServerNotifierRpcMixin._notify_sg_on_port_change-893550', 'neutron.plugins.ml2.ovo_rpc._ObjectChangeHandler.handle_event-338400', 'neutron.api.rpc.agentnotifiers.dhcp_rpc_agent_api.DhcpAgentNotifyAPI._native_event_send_dhcp_notification-3682882', 'neutron.db.l3_db.L3RpcNotifierMixin._notify_gateway_port_ip_changed-8730538275458', 'neutron.db.l3_dvrscheduler_db._notify_l3_agent_port_update-8730537898123', 'neutron.db.l3_hascheduler_db._notify_l3_agent_ha_port_update-8730537898141'] for port (70991683-8dea-4a20-9667-cdb4f014d12a), after_update {{(pid=117903) _notify_loop /usr/local/lib/python3.8/dist-packages/neutron_lib/callbacks/manager.py:176}}
Sep 01 00:29:47.270092 dv-cinder-820027-21-iscsi neutron-server[117903]: DEBUG neutron.plugins.ml2.drivers.mech_agent [None req-9adab7e1-d521-44dc-87a8-cee78905690c None None] Checking agent: {'id': '207e2e8b-31f6-4d90-b12e-026740e6bf8d', 'agent_type': 'Open vSwitch agent', 'binary': 'neutron-openvswitch-agent', 'topic': 'N/A', 'host': 'dv-cinder-820027-21-iscsi', 'admin_state_up': True, 'created_at': datetime.datetime(2022, 9, 1, 0, 21, 55), 'started_at': datetime.datetime(2022, 9, 1, 0, 22, 25), 'heartbeat_timestamp': datetime.datetime(2022, 9, 1, 0, 29, 25), 'description': None, 'resources_synced': None, 'availability_zone': None, 'alive': True, 'configurations': {'arp_responder_enabled': False, 'baremetal_smartnic': False, 'bridge_mappings': {'physnet1': 'br-data'}, 'datapath_type': 'system', 'devices': 0, 'enable_distributed_routing': False, 'extensions': [], 'in_distributed_mode': False, 'integration_bridge': 'br-int', 'l2_population': False, 'log_agent_heartbeats': False, 'ovs_capabilities': {'datapath_types': ['netdev', 'system'], 'iface_types': ['erspan', 'geneve', 'gre', 'internal', 'ip6erspan', 'ip6gre', 'lisp', 'patch', 'stt', 'system', 'tap', 'vxlan']}, 'ovs_hybrid_plug': False, 'resource_provider_bandwidths': {}, 'resource_provider_hypervisors': {'br-data': 'dv-cinder-820027-21-iscsi'}, 'resource_provider_inventory_defaults': {'allocation_ratio': 1.0, 'min_unit': 1, 'step_size': 1, 'reserved': 0}, 'resource_provider_packet_processing_inventory_defaults': {'allocation_ratio': 1.0, 'min_unit': 1, 'step_size': 1, 'reserved': 0}, 'resource_provider_packet_processing_with_direction': {}, 'resource_provider_packet_processing_without_direction': {}, 'tunnel_types': [], 'tunneling_ip': None, 'vhostuser_socket_dir': '/var/run/openvswitch'}, 'resource_versions': {'AddressGroup': '1.2', 'Agent': '1.1', 'ConntrackHelper': '1.0', 'LocalIPAssociation': '1.0', 'Log': '1.0', 'NDPProxy': '1.0', 'Network': '1.1', 'Port': '1.7', 'PortForwarding': '1.3', 'QosPolicy': '1.10', 'SecurityGroup': '1.5', 'SecurityGroupRule': '1.2', 'SubPort': '1.0', 'Subnet': '1.1', 'Trunk': '1.1'}} {{(pid=117903) bind_port /opt/stack/neutron/neutron/plugins/ml2/drivers/mech_agent.py:110}}
Sep 01 00:29:47.272305 dv-cinder-820027-21-iscsi neutron-server[117903]: DEBUG neutron.plugins.ml2.drivers.mech_agent [None req-9adab7e1-d521-44dc-87a8-cee78905690c None None] Checking segment: {'id': '39797c61-b01c-45c1-8d74-a2d8b59f980a', 'network_type': 'vlan', 'physical_network': 'physnet1', 'segmentation_id': 139, 'network_id': 'a7ae7c87-2d4d-4921-9c18-8673416a29fc'} for mappings: {'physnet1': 'br-data'} with network types: ['local', 'flat', 'vlan'] {{(pid=117903) check_segment_for_agent /opt/stack/neutron/neutron/plugins/ml2/drivers/mech_agent.py:373}}
Sep 01 00:29:47.273126 dv-cinder-820027-21-iscsi neutron-server[117903]: DEBUG neutron_lib.callbacks.manager [None req-9adab7e1-d521-44dc-87a8-cee78905690c None None] Publish callbacks [] for ovs_bridge_name (None), before_read {{(pid=117903) _notify_loop /usr/local/lib/python3.8/dist-packages/neutron_lib/callbacks/manager.py:176}}
Sep 01 00:29:47.274607 dv-cinder-820027-21-iscsi neutron-server[117903]: DEBUG neutron.plugins.ml2.drivers.mech_agent [None req-9adab7e1-d521-44dc-87a8-cee78905690c None None] Bound using segment: {'id': '39797c61-b01c-45c1-8d74-a2d8b59f980a', 'network_type': 'vlan', 'physical_network': 'physnet1', 'segmentation_id': 139, 'network_id': 'a7ae7c87-2d4d-4921-9c18-8673416a29fc'} {{(pid=117903) bind_port /opt/stack/neutron/neutron/plugins/ml2/drivers/mech_agent.py:120}}
Sep 01 00:29:47.275447 dv-cinder-820027-21-iscsi neutron-server[117903]: DEBUG neutron.plugins.ml2.managers [None req-9adab7e1-d521-44dc-87a8-cee78905690c None None] Bound port: 77d6e15d-db75-4e7d-a4a9-73aafedc876d, host: dv-cinder-820027-21-iscsi, vif_type: ovs, vif_details: {"connectivity": "l2", "port_filter": true, "ovs_hybrid_plug": false, "datapath_type": "system", "bridge_name": "br-int"}, binding_levels: [{'bound_driver': 'openvswitch', 'bound_segment': {'id': '39797c61-b01c-45c1-8d74-a2d8b59f980a', 'network_type': 'vlan', 'physical_network': 'physnet1', 'segmentation_id': 139, 'network_id': 'a7ae7c87-2d4d-4921-9c18-8673416a29fc'}}] {{(pid=117903) _bind_port_level /opt/stack/neutron/neutron/plugins/ml2/managers.py:947}}
Sep 01 00:29:47.276649 dv-cinder-820027-21-iscsi neutron-server[117903]: DEBUG neutron_lib.callbacks.manager [None req-9adab7e1-d521-44dc-87a8-cee78905690c None None] Publish callbacks ['neutron.plugins.ml2.plugin.SecurityGroupDbMixin._ensure_default_security_group_handler-893485'] for port (77d6e15d-db75-4e7d-a4a9-73aafedc876d), before_update {{(pid=117903) _notify_loop /usr/local/lib/python3.8/dist-packages/neutron_lib/callbacks/manager.py:176}}
Sep 01 00:29:47.285175 dv-cinder-820027-21-iscsi neutron-server[117902]: DEBUG neutron.scheduler.l3_agent_scheduler [None req-b11221ce-25b4-49f0-b731-fe7dcfdb7e94 admin admin] Router 76654eb6-7beb-4a44-b98d-1db87303d600 is scheduled to L3 agent a9769b9f-c0e6-47de-8cf8-e442f08bdf40 with binding_index 1 {{(pid=117902) bind_router /opt/stack/neutron/neutron/scheduler/l3_agent_scheduler.py:209}}
Sep 01 00:29:47.286265 dv-cinder-820027-21-iscsi neutron-server[117903]: DEBUG neutron.api.rpc.handlers.dhcp_rpc [None req-10546ee4-3c2e-4ad5-8edc-ace9215b4b6e None None] Create dhcp port {'port': {'name': '', 'admin_state_up': True, 'device_id': 'dhcpc7e43629-9d78-5285-86b2-dfa0e3eea3d8-b1171be4-cbc8-4a98-b1ce-71873b834502', 'network_id': 'b1171be4-cbc8-4a98-b1ce-71873b834502', 'project_id': 'eb6a951afecc44219772f82bb09f91e3', 'fixed_ips': [{'subnet_id': '6376df79-69f6-4f5a-bd90-c1368892485a'}]}} from dv-cinder-820027-21-iscsi. {{(pid=117903) create_dhcp_port /opt/stack/neutron/neutron/api/rpc/handlers/dhcp_rpc.py:268}}
Sep 01 00:29:47.287972 dv-cinder-820027-21-iscsi neutron-server[117903]: DEBUG neutron_lib.callbacks.manager [None req-10546ee4-3c2e-4ad5-8edc-ace9215b4b6e None None] Publish callbacks ['neutron.plugins.ml2.plugin.SecurityGroupDbMixin._ensure_default_security_group_handler-893485'] for port (None), before_create {{(pid=117903) _notify_loop /usr/local/lib/python3.8/dist-packages/neutron_lib/callbacks/manager.py:176}}
Sep 01 00:29:47.293270 dv-cinder-820027-21-iscsi neutron-server[117902]: DEBUG neutron.scheduler.dhcp_agent_scheduler [None req-6a5d7a03-a664-4655-bcd7-6e19a3164ebb admin admin] Network 6ec1bdb8-fcb4-45f0-8321-9a6d9446092b is scheduled to be hosted by DHCP agent a5d8332d-1417-484f-8477-11759907ba14 with binding_index 1 {{(pid=117902) bind /opt/stack/neutron/neutron/scheduler/dhcp_agent_scheduler.py:227}}
Sep 01 00:29:47.296145 dv-cinder-820027-21-iscsi neutron-server[117901]: DEBUG neutron.api.rpc.handlers.resources_rpc [None req-7cfb1488-6fe9-4102-a22c-0bc719bfccea admin admin] Pushing event updated for resources: {'SecurityGroup': ['ID=73432f81-091d-4c71-80c0-cff0773cfe44,revision_number=1']} {{(pid=117901) push /opt/stack/neutron/neutron/api/rpc/handlers/resources_rpc.py:237}}
