Aug 17 14:21:06.794163 dv-cinder-820027-18-smb devstack@c-api.service[113537]: [pid: 113537|app: 0|req: 120/242] 10.222.0.23 () {58 vars in 1373 bytes} [Wed Aug 17 14:21:06 2022] GET /volume/v3/1ef15d5b2e0744b2a62e911b570a69c4/types/f4c292a2-9924-4786-8b21-83783e3e77dd/extra_specs/spec3 => generated 129 bytes in 30 msecs (HTTP/1.1 404) 7 headers in 292 bytes (2 switches on core 0)
Aug 17 14:21:06.842274 dv-cinder-820027-18-smb devstack@c-api.service[113536]: DEBUG dbcounter [-] [113536] Writing DB stats cinder:SELECT=84,cinder:UPDATE=15,cinder:INSERT=1 {{(pid=113536) stat_writer /usr/local/lib/python3.8/dist-packages/dbcounter.py:114}}
Aug 17 14:21:06.886160 dv-cinder-820027-18-smb devstack@c-api.service[113536]: INFO cinder.api.openstack.wsgi [None req-a6249fba-3cd8-4e4d-ba1d-83e558b1b2a7 tempest-VolumeTypesExtraSpecsTest-1548199404 tempest-VolumeTypesExtraSpecsTest-1548199404-project-admin] http://10.222.0.23/volume/v3/1ef15d5b2e0744b2a62e911b570a69c4/types/f4c292a2-9924-4786-8b21-83783e3e77dd/extra_specs returned with HTTP 200
Aug 17 14:21:06.887470 dv-cinder-820027-18-smb devstack@c-api.service[113536]: [pid: 113536|app: 0|req: 123/243] 10.222.0.23 () {60 vars in 1376 bytes} [Wed Aug 17 14:21:06 2022] POST /volume/v3/1ef15d5b2e0744b2a62e911b570a69c4/types/f4c292a2-9924-4786-8b21-83783e3e77dd/extra_specs => generated 34 bytes in 104 msecs (HTTP/1.1 200) 7 headers in 284 bytes (1 switches on core 0)
Aug 17 14:21:06.893641 dv-cinder-820027-18-smb devstack@c-api.service[113537]: DEBUG cinder.api.middleware.request_id [None req-a9c9d258-7d2d-46be-82a8-863438af7720 None None] RequestId filter calling following filter/app {{(pid=113537) _context_setter /opt/stack/cinder/cinder/api/middleware/request_id.py:62}}
Aug 17 14:21:06.901845 dv-cinder-820027-18-smb devstack@c-api.service[113537]: INFO cinder.api.openstack.wsgi [None req-a9c9d258-7d2d-46be-82a8-863438af7720 tempest-VolumeTypesExtraSpecsTest-1548199404 tempest-VolumeTypesExtraSpecsTest-1548199404-project-admin] GET http://10.222.0.23/volume/v3/1ef15d5b2e0744b2a62e911b570a69c4/types/f4c292a2-9924-4786-8b21-83783e3e77dd/extra_specs
Aug 17 14:21:06.902967 dv-cinder-820027-18-smb devstack@c-api.service[113537]: DEBUG cinder.api.openstack.wsgi [None req-a9c9d258-7d2d-46be-82a8-863438af7720 tempest-VolumeTypesExtraSpecsTest-1548199404 tempest-VolumeTypesExtraSpecsTest-1548199404-project-admin] Empty body provided in request {{(pid=113537) get_body /opt/stack/cinder/cinder/api/openstack/wsgi.py:715}}
Aug 17 14:21:06.903747 dv-cinder-820027-18-smb devstack@c-api.service[113537]: DEBUG cinder.api.openstack.wsgi [None req-a9c9d258-7d2d-46be-82a8-863438af7720 tempest-VolumeTypesExtraSpecsTest-1548199404 tempest-VolumeTypesExtraSpecsTest-1548199404-project-admin] Calling method 'index' {{(pid=113537) _process_stack /opt/stack/cinder/cinder/api/openstack/wsgi.py:868}}
Aug 17 14:21:06.948655 dv-cinder-820027-18-smb devstack@c-api.service[113537]: INFO cinder.api.openstack.wsgi [None req-a9c9d258-7d2d-46be-82a8-863438af7720 tempest-VolumeTypesExtraSpecsTest-1548199404 tempest-VolumeTypesExtraSpecsTest-1548199404-project-admin] http://10.222.0.23/volume/v3/1ef15d5b2e0744b2a62e911b570a69c4/types/f4c292a2-9924-4786-8b21-83783e3e77dd/extra_specs returned with HTTP 200
Aug 17 14:21:06.951673 dv-cinder-820027-18-smb devstack@c-api.service[113537]: [pid: 113537|app: 0|req: 121/244] 10.222.0.23 () {58 vars in 1355 bytes} [Wed Aug 17 14:21:06 2022] GET /volume/v3/1ef15d5b2e0744b2a62e911b570a69c4/types/f4c292a2-9924-4786-8b21-83783e3e77dd/extra_specs => generated 34 bytes in 59 msecs (HTTP/1.1 200) 7 headers in 284 bytes (1 switches on core 0)
Aug 17 14:21:06.958227 dv-cinder-820027-18-smb devstack@c-api.service[113536]: DEBUG cinder.api.middleware.request_id [None req-e6d33aac-f2f5-4388-82c4-5fcd71b10c4a None None] RequestId filter calling following filter/app {{(pid=113536) _context_setter /opt/stack/cinder/cinder/api/middleware/request_id.py:62}}
Aug 17 14:21:06.964474 dv-cinder-820027-18-smb devstack@c-api.service[113536]: INFO cinder.api.openstack.wsgi [None req-e6d33aac-f2f5-4388-82c4-5fcd71b10c4a tempest-VolumeTypesExtraSpecsTest-1548199404 tempest-VolumeTypesExtraSpecsTest-1548199404-project-admin] POST http://10.222.0.23/volume/v3/1ef15d5b2e0744b2a62e911b570a69c4/types/f4c292a2-9924-4786-8b21-83783e3e77dd/extra_specs
Aug 17 14:21:06.965298 dv-cinder-820027-18-smb devstack@c-api.service[113536]: DEBUG cinder.api.openstack.wsgi [None req-e6d33aac-f2f5-4388-82c4-5fcd71b10c4a tempest-VolumeTypesExtraSpecsTest-1548199404 tempest-VolumeTypesExtraSpecsTest-1548199404-project-admin] Action: 'create', calling method: create, body: {"extra_specs": {"spec2": "val1"}} {{(pid=113536) _process_stack /opt/stack/cinder/cinder/api/openstack/wsgi.py:866}}
Aug 17 14:21:07.040286 dv-cinder-820027-18-smb devstack@c-api.service[113536]: INFO cinder.api.openstack.wsgi [None req-e6d33aac-f2f5-4388-82c4-5fcd71b10c4a tempest-VolumeTypesExtraSpecsTest-1548199404 tempest-VolumeTypesExtraSpecsTest-1548199404-project-admin] http://10.222.0.23/volume/v3/1ef15d5b2e0744b2a62e911b570a69c4/types/f4c292a2-9924-4786-8b21-83783e3e77dd/extra_specs returned with HTTP 200
Aug 17 14:21:07.041245 dv-cinder-820027-18-smb devstack@c-api.service[113536]: [pid: 113536|app: 0|req: 124/245] 10.222.0.23 () {60 vars in 1376 bytes} [Wed Aug 17 14:21:06 2022] POST /volume/v3/1ef15d5b2e0744b2a62e911b570a69c4/types/f4c292a2-9924-4786-8b21-83783e3e77dd/extra_specs => generated 34 bytes in 84 msecs (HTTP/1.1 200) 7 headers in 284 bytes (1 switches on core 0)
Aug 17 14:21:07.047648 dv-cinder-820027-18-smb devstack@c-api.service[113537]: DEBUG cinder.api.middleware.request_id [None req-9047c2f6-d0a2-4fb1-acdc-a098e67fe1cc None None] RequestId filter calling following filter/app {{(pid=113537) _context_setter /opt/stack/cinder/cinder/api/middleware/request_id.py:62}}
Aug 17 14:21:07.052878 dv-cinder-820027-18-smb devstack@c-api.service[113537]: INFO cinder.api.openstack.wsgi [None req-9047c2f6-d0a2-4fb1-acdc-a098e67fe1cc tempest-VolumeTypesExtraSpecsTest-1548199404 tempest-VolumeTypesExtraSpecsTest-1548199404-project-admin] PUT http://10.222.0.23/volume/v3/1ef15d5b2e0744b2a62e911b570a69c4/types/f4c292a2-9924-4786-8b21-83783e3e77dd/extra_specs/spec2
Aug 17 14:21:07.053765 dv-cinder-820027-18-smb devstack@c-api.service[113537]: DEBUG cinder.api.openstack.wsgi [None req-9047c2f6-d0a2-4fb1-acdc-a098e67fe1cc tempest-VolumeTypesExtraSpecsTest-1548199404 tempest-VolumeTypesExtraSpecsTest-1548199404-project-admin] Action: 'update', calling method: update, body: {"spec2": "val2"} {{(pid=113537) _process_stack /opt/stack/cinder/cinder/api/openstack/wsgi.py:866}}
Aug 17 14:21:07.161259 dv-cinder-820027-18-smb devstack@c-api.service[113537]: INFO cinder.api.openstack.wsgi [None req-9047c2f6-d0a2-4fb1-acdc-a098e67fe1cc tempest-VolumeTypesExtraSpecsTest-1548199404 tempest-VolumeTypesExtraSpecsTest-1548199404-project-admin] http://10.222.0.23/volume/v3/1ef15d5b2e0744b2a62e911b570a69c4/types/f4c292a2-9924-4786-8b21-83783e3e77dd/extra_specs/spec2 returned with HTTP 200
Aug 17 14:21:07.164388 dv-cinder-820027-18-smb devstack@c-api.service[113537]: [pid: 113537|app: 0|req: 122/246] 10.222.0.23 () {60 vars in 1393 bytes} [Wed Aug 17 14:21:07 2022] PUT /volume/v3/1ef15d5b2e0744b2a62e911b570a69c4/types/f4c292a2-9924-4786-8b21-83783e3e77dd/extra_specs/spec2 => generated 17 bytes in 118 msecs (HTTP/1.1 200) 7 headers in 284 bytes (2 switches on core 0)
Aug 17 14:21:07.168708 dv-cinder-820027-18-smb devstack@c-api.service[113536]: DEBUG cinder.api.middleware.request_id [None req-5d3cb3de-91f7-4211-bfe1-968d1a2e20c9 None None] RequestId filter calling following filter/app {{(pid=113536) _context_setter /opt/stack/cinder/cinder/api/middleware/request_id.py:62}}
Aug 17 14:21:07.174807 dv-cinder-820027-18-smb devstack@c-api.service[113536]: INFO cinder.api.openstack.wsgi [None req-5d3cb3de-91f7-4211-bfe1-968d1a2e20c9 tempest-VolumeTypesExtraSpecsTest-1548199404 tempest-VolumeTypesExtraSpecsTest-1548199404-project-admin] GET http://10.222.0.23/volume/v3/1ef15d5b2e0744b2a62e911b570a69c4/types/f4c292a2-9924-4786-8b21-83783e3e77dd/extra_specs/spec2
Aug 17 14:21:07.175289 dv-cinder-820027-18-smb devstack@c-api.service[113536]: DEBUG cinder.api.openstack.wsgi [None req-5d3cb3de-91f7-4211-bfe1-968d1a2e20c9 tempest-VolumeTypesExtraSpecsTest-1548199404 tempest-VolumeTypesExtraSpecsTest-1548199404-project-admin] Empty body provided in request {{(pid=113536) get_body /opt/stack/cinder/cinder/api/openstack/wsgi.py:715}}
Aug 17 14:21:07.175868 dv-cinder-820027-18-smb devstack@c-api.service[113536]: DEBUG cinder.api.openstack.wsgi [None req-5d3cb3de-91f7-4211-bfe1-968d1a2e20c9 tempest-VolumeTypesExtraSpecsTest-1548199404 tempest-VolumeTypesExtraSpecsTest-1548199404-project-admin] Calling method 'show' {{(pid=113536) _process_stack /opt/stack/cinder/cinder/api/openstack/wsgi.py:868}}
Aug 17 14:21:07.197586 dv-cinder-820027-18-smb devstack@c-api.service[113536]: INFO cinder.api.openstack.wsgi [None req-5d3cb3de-91f7-4211-bfe1-968d1a2e20c9 tempest-VolumeTypesExtraSpecsTest-1548199404 tempest-VolumeTypesExtraSpecsTest-1548199404-project-admin] http://10.222.0.23/volume/v3/1ef15d5b2e0744b2a62e911b570a69c4/types/f4c292a2-9924-4786-8b21-83783e3e77dd/extra_specs/spec2 returned with HTTP 200
Aug 17 14:21:07.199972 dv-cinder-820027-18-smb devstack@c-api.service[113536]: [pid: 113536|app: 0|req: 125/247] 10.222.0.23 () {58 vars in 1373 bytes} [Wed Aug 17 14:21:07 2022] GET /volume/v3/1ef15d5b2e0744b2a62e911b570a69c4/types/f4c292a2-9924-4786-8b21-83783e3e77dd/extra_specs/spec2 => generated 17 bytes in 31 msecs (HTTP/1.1 200) 7 headers in 284 bytes (1 switches on core 0)
Aug 17 14:21:07.205006 dv-cinder-820027-18-smb devstack@c-api.service[113537]: DEBUG cinder.api.middleware.request_id [None req-fcda12d8-7ff8-4d94-b1f9-d5d844bc1ec3 None None] RequestId filter calling following filter/app {{(pid=113537) _context_setter /opt/stack/cinder/cinder/api/middleware/request_id.py:62}}
Aug 17 14:21:07.210904 dv-cinder-820027-18-smb devstack@c-api.service[113537]: INFO cinder.api.openstack.wsgi [None req-fcda12d8-7ff8-4d94-b1f9-d5d844bc1ec3 tempest-VolumeTypesExtraSpecsTest-1548199404 tempest-VolumeTypesExtraSpecsTest-1548199404-project-admin] POST http://10.222.0.23/volume/v3/1ef15d5b2e0744b2a62e911b570a69c4/types/f4c292a2-9924-4786-8b21-83783e3e77dd/extra_specs
Aug 17 14:21:07.211614 dv-cinder-820027-18-smb devstack@c-api.service[113537]: DEBUG cinder.api.openstack.wsgi [None req-fcda12d8-7ff8-4d94-b1f9-d5d844bc1ec3 tempest-VolumeTypesExtraSpecsTest-1548199404 tempest-VolumeTypesExtraSpecsTest-1548199404-project-admin] Action: 'create', calling method: create, body: {"extra_specs": {"spec2": "val3", "spec4": "val4"}} {{(pid=113537) _process_stack /opt/stack/cinder/cinder/api/openstack/wsgi.py:866}}
Aug 17 14:21:07.242458 dv-cinder-820027-18-smb devstack@c-api.service[113537]: DEBUG dbcounter [-] [113537] Writing DB stats cinder:INSERT=2,cinder:SELECT=87,cinder:UPDATE=11 {{(pid=113537) stat_writer /usr/local/lib/python3.8/dist-packages/dbcounter.py:114}}
Aug 17 14:21:07.276361 dv-cinder-820027-18-smb devstack@c-api.service[113537]: INFO cinder.api.openstack.wsgi [None req-fcda12d8-7ff8-4d94-b1f9-d5d844bc1ec3 tempest-VolumeTypesExtraSpecsTest-1548199404 tempest-VolumeTypesExtraSpecsTest-1548199404-project-admin] http://10.222.0.23/volume/v3/1ef15d5b2e0744b2a62e911b570a69c4/types/f4c292a2-9924-4786-8b21-83783e3e77dd/extra_specs returned with HTTP 200
Aug 17 14:21:07.277163 dv-cinder-820027-18-smb devstack@c-api.service[113537]: [pid: 113537|app: 0|req: 123/248] 10.222.0.23 () {60 vars in 1376 bytes} [Wed Aug 17 14:21:07 2022] POST /volume/v3/1ef15d5b2e0744b2a62e911b570a69c4/types/f4c292a2-9924-4786-8b21-83783e3e77dd/extra_specs => generated 51 bytes in 74 msecs (HTTP/1.1 200) 7 headers in 284 bytes (1 switches on core 0)
Aug 17 14:21:07.283425 dv-cinder-820027-18-smb devstack@c-api.service[113536]: DEBUG cinder.api.middleware.request_id [None req-ec595da5-3bfc-45d8-a45d-2ddfb0948b8b None None] RequestId filter calling following filter/app {{(pid=113536) _context_setter /opt/stack/cinder/cinder/api/middleware/request_id.py:62}}
Aug 17 14:21:07.288270 dv-cinder-820027-18-smb devstack@c-api.service[113536]: INFO cinder.api.openstack.wsgi [None req-ec595da5-3bfc-45d8-a45d-2ddfb0948b8b tempest-VolumeTypesExtraSpecsTest-1548199404 tempest-VolumeTypesExtraSpecsTest-1548199404-project-admin] GET http://10.222.0.23/volume/v3/1ef15d5b2e0744b2a62e911b570a69c4/types/f4c292a2-9924-4786-8b21-83783e3e77dd/extra_specs
Aug 17 14:21:07.288715 dv-cinder-820027-18-smb devstack@c-api.service[113536]: DEBUG cinder.api.openstack.wsgi [None req-ec595da5-3bfc-45d8-a45d-2ddfb0948b8b tempest-VolumeTypesExtraSpecsTest-1548199404 tempest-VolumeTypesExtraSpecsTest-1548199404-project-admin] Empty body provided in request {{(pid=113536) get_body /opt/stack/cinder/cinder/api/openstack/wsgi.py:715}}
Aug 17 14:21:07.289195 dv-cinder-820027-18-smb devstack@c-api.service[113536]: DEBUG cinder.api.openstack.wsgi [None req-ec595da5-3bfc-45d8-a45d-2ddfb0948b8b tempest-VolumeTypesExtraSpecsTest-1548199404 tempest-VolumeTypesExtraSpecsTest-1548199404-project-admin] Calling method 'index' {{(pid=113536) _process_stack /opt/stack/cinder/cinder/api/openstack/wsgi.py:868}}
Aug 17 14:21:07.305098 dv-cinder-820027-18-smb devstack@c-api.service[113536]: INFO cinder.api.openstack.wsgi [None req-ec595da5-3bfc-45d8-a45d-2ddfb0948b8b tempest-VolumeTypesExtraSpecsTest-1548199404 tempest-VolumeTypesExtraSpecsTest-1548199404-project-admin] http://10.222.0.23/volume/v3/1ef15d5b2e0744b2a62e911b570a69c4/types/f4c292a2-9924-4786-8b21-83783e3e77dd/extra_specs returned with HTTP 200
Aug 17 14:21:07.306048 dv-cinder-820027-18-smb devstack@c-api.service[113536]: [pid: 113536|app: 0|req: 126/249] 10.222.0.23 () {58 vars in 1355 bytes} [Wed Aug 17 14:21:07 2022] GET /volume/v3/1ef15d5b2e0744b2a62e911b570a69c4/types/f4c292a2-9924-4786-8b21-83783e3e77dd/extra_specs => generated 68 bytes in 24 msecs (HTTP/1.1 200) 7 headers in 284 bytes (1 switches on core 0)
Aug 17 14:21:07.312733 dv-cinder-820027-18-smb devstack@c-api.service[113537]: DEBUG cinder.api.middleware.request_id [None req-1593360b-121d-4c86-bd25-9c526054dd83 None None] RequestId filter calling following filter/app {{(pid=113537) _context_setter /opt/stack/cinder/cinder/api/middleware/request_id.py:62}}
Aug 17 14:21:07.316889 dv-cinder-820027-18-smb devstack@c-api.service[113537]: INFO cinder.api.openstack.wsgi [None req-1593360b-121d-4c86-bd25-9c526054dd83 tempest-VolumeTypesExtraSpecsTest-1548199404 tempest-VolumeTypesExtraSpecsTest-1548199404-project-admin] DELETE http://10.222.0.23/volume/v3/1ef15d5b2e0744b2a62e911b570a69c4/types/f4c292a2-9924-4786-8b21-83783e3e77dd
Aug 17 14:21:07.317554 dv-cinder-820027-18-smb devstack@c-api.service[113537]: DEBUG cinder.api.openstack.wsgi [None req-1593360b-121d-4c86-bd25-9c526054dd83 tempest-VolumeTypesExtraSpecsTest-1548199404 tempest-VolumeTypesExtraSpecsTest-1548199404-project-admin] Empty body provided in request {{(pid=113537) get_body /opt/stack/cinder/cinder/api/openstack/wsgi.py:715}}
Aug 17 14:21:07.318239 dv-cinder-820027-18-smb devstack@c-api.service[113537]: DEBUG cinder.api.openstack.wsgi [None req-1593360b-121d-4c86-bd25-9c526054dd83 tempest-VolumeTypesExtraSpecsTest-1548199404 tempest-VolumeTypesExtraSpecsTest-1548199404-project-admin] Calling method '_delete' {{(pid=113537) _process_stack /opt/stack/cinder/cinder/api/openstack/wsgi.py:868}}
Aug 17 14:21:07.368787 dv-cinder-820027-18-smb devstack@c-api.service[113537]: INFO cinder.api.openstack.wsgi [None req-1593360b-121d-4c86-bd25-9c526054dd83 tempest-VolumeTypesExtraSpecsTest-1548199404 tempest-VolumeTypesExtraSpecsTest-1548199404-project-admin] http://10.222.0.23/volume/v3/1ef15d5b2e0744b2a62e911b570a69c4/types/f4c292a2-9924-4786-8b21-83783e3e77dd returned with HTTP 202
Aug 17 14:21:07.369884 dv-cinder-820027-18-smb devstack@c-api.service[113537]: [pid: 113537|app: 0|req: 124/250] 10.222.0.23 () {58 vars in 1322 bytes} [Wed Aug 17 14:21:07 2022] DELETE /volume/v3/1ef15d5b2e0744b2a62e911b570a69c4/types/f4c292a2-9924-4786-8b21-83783e3e77dd => generated 0 bytes in 58 msecs (HTTP/1.1 202) 6 headers in 233 bytes (1 switches on core 0)
Aug 17 14:21:07.374485 dv-cinder-820027-18-smb devstack@c-api.service[113536]: DEBUG cinder.api.middleware.request_id [None req-cc21ebf3-b655-41d5-bccd-9eb258f574ec None None] RequestId filter calling following filter/app {{(pid=113536) _context_setter /opt/stack/cinder/cinder/api/middleware/request_id.py:62}}
Aug 17 14:21:07.378167 dv-cinder-820027-18-smb devstack@c-api.service[113536]: INFO cinder.api.openstack.wsgi [None req-cc21ebf3-b655-41d5-bccd-9eb258f574ec tempest-VolumeTypesExtraSpecsTest-1548199404 tempest-VolumeTypesExtraSpecsTest-1548199404-project-admin] GET http://10.222.0.23/volume/v3/1ef15d5b2e0744b2a62e911b570a69c4/types/f4c292a2-9924-4786-8b21-83783e3e77dd
Aug 17 14:21:07.378675 dv-cinder-820027-18-smb devstack@c-api.service[113536]: DEBUG cinder.api.openstack.wsgi [None req-cc21ebf3-b655-41d5-bccd-9eb258f574ec tempest-VolumeTypesExtraSpecsTest-1548199404 tempest-VolumeTypesExtraSpecsTest-1548199404-project-admin] Empty body provided in request {{(pid=113536) get_body /opt/stack/cinder/cinder/api/openstack/wsgi.py:715}}
Aug 17 14:21:07.379082 dv-cinder-820027-18-smb devstack@c-api.service[113536]: DEBUG cinder.api.openstack.wsgi [None req-cc21ebf3-b655-41d5-bccd-9eb258f574ec tempest-VolumeTypesExtraSpecsTest-1548199404 tempest-VolumeTypesExtraSpecsTest-1548199404-project-admin] Calling method 'show' {{(pid=113536) _process_stack /opt/stack/cinder/cinder/api/openstack/wsgi.py:868}}
Aug 17 14:21:07.385283 dv-cinder-820027-18-smb devstack@c-api.service[113536]: INFO cinder.api.openstack.wsgi [None req-cc21ebf3-b655-41d5-bccd-9eb258f574ec tempest-VolumeTypesExtraSpecsTest-1548199404 tempest-VolumeTypesExtraSpecsTest-1548199404-project-admin] http://10.222.0.23/volume/v3/1ef15d5b2e0744b2a62e911b570a69c4/types/f4c292a2-9924-4786-8b21-83783e3e77dd returned with HTTP 404
Aug 17 14:21:07.389267 dv-cinder-820027-18-smb devstack@c-api.service[113536]: [pid: 113536|app: 0|req: 127/251] 10.222.0.23 () {58 vars in 1319 bytes} [Wed Aug 17 14:21:07 2022] GET /volume/v3/1ef15d5b2e0744b2a62e911b570a69c4/types/f4c292a2-9924-4786-8b21-83783e3e77dd => generated 114 bytes in 16 msecs (HTTP/1.1 404) 7 headers in 292 bytes (1 switches on core 0)
Aug 17 14:21:10.503742 dv-cinder-820027-18-smb devstack@c-api.service[113537]: DEBUG cinder.api.middleware.request_id [None req-d60e3baa-230b-4575-b166-f14abedd00d3 None None] RequestId filter calling following filter/app {{(pid=113537) _context_setter /opt/stack/cinder/cinder/api/middleware/request_id.py:62}}
Aug 17 14:21:10.743065 dv-cinder-820027-18-smb devstack@c-api.service[113536]: DEBUG cinder.api.middleware.request_id [None req-3c73b680-fda4-4f7d-b803-423bccdc9607 None None] RequestId filter calling following filter/app {{(pid=113536) _context_setter /opt/stack/cinder/cinder/api/middleware/request_id.py:62}}
Aug 17 14:21:10.965496 dv-cinder-820027-18-smb devstack@c-api.service[113537]: INFO cinder.api.openstack.wsgi [None req-d60e3baa-230b-4575-b166-f14abedd00d3 tempest-ExtraSpecsNegativeTest-1051104523 tempest-ExtraSpecsNegativeTest-1051104523-project-admin] POST http://10.222.0.23/volume/v3/c315544eac654c4bb46744ec4a0d0d49/types
Aug 17 14:21:10.966453 dv-cinder-820027-18-smb devstack@c-api.service[113537]: DEBUG cinder.api.openstack.wsgi [None req-d60e3baa-230b-4575-b166-f14abedd00d3 tempest-ExtraSpecsNegativeTest-1051104523 tempest-ExtraSpecsNegativeTest-1051104523-project-admin] Action: 'create', calling method: _create, body: {"volume_type": {"name": "tempest-ExtraSpecsNegativeTest-volume-type-1761477525", "extra_specs": {"spec1": "val1"}}} {{(pid=113537) _process_stack /opt/stack/cinder/cinder/api/openstack/wsgi.py:866}}
Aug 17 14:21:10.997540 dv-cinder-820027-18-smb devstack@c-api.service[113537]: INFO cinder.api.openstack.wsgi [None req-d60e3baa-230b-4575-b166-f14abedd00d3 tempest-ExtraSpecsNegativeTest-1051104523 tempest-ExtraSpecsNegativeTest-1051104523-project-admin] http://10.222.0.23/volume/v3/c315544eac654c4bb46744ec4a0d0d49/types returned with HTTP 200
Aug 17 14:21:10.998892 dv-cinder-820027-18-smb devstack@c-api.service[113537]: [pid: 113537|app: 0|req: 125/252] 10.222.0.23 () {60 vars in 1230 bytes} [Wed Aug 17 14:21:10 2022] POST /volume/v3/c315544eac654c4bb46744ec4a0d0d49/types => generated 243 bytes in 497 msecs (HTTP/1.1 200) 7 headers in 285 bytes (1 switches on core 0)
Aug 17 14:21:11.000255 dv-cinder-820027-18-smb devstack@c-api.service[113537]: DEBUG cinder.api.middleware.request_id [None req-ff1316da-299f-4114-888a-3ebc2b6c7459 None None] RequestId filter calling following filter/app {{(pid=113537) _context_setter /opt/stack/cinder/cinder/api/middleware/request_id.py:62}}
Aug 17 14:21:11.102964 dv-cinder-820027-18-smb devstack@c-api.service[113536]: INFO cinder.api.openstack.wsgi [None req-3c73b680-fda4-4f7d-b803-423bccdc9607 tempest-GroupsV320Test-192653916 tempest-GroupsV320Test-192653916-project-admin] POST http://10.222.0.23/volume/v3/2d00b2e6061c41c096ac126186cfce47/types
Aug 17 14:21:11.103701 dv-cinder-820027-18-smb devstack@c-api.service[113536]: DEBUG cinder.api.openstack.wsgi [None req-3c73b680-fda4-4f7d-b803-423bccdc9607 tempest-GroupsV320Test-192653916 tempest-GroupsV320Test-192653916-project-admin] Action: 'create', calling method: _create, body: {"volume_type": {"name": "tempest-GroupsV320Test-volume-type-1241597560"}} {{(pid=113536) _process_stack /opt/stack/cinder/cinder/api/openstack/wsgi.py:866}}
Aug 17 14:21:11.138139 dv-cinder-820027-18-smb devstack@c-api.service[113536]: INFO cinder.api.openstack.wsgi [None req-3c73b680-fda4-4f7d-b803-423bccdc9607 tempest-GroupsV320Test-192653916 tempest-GroupsV320Test-192653916-project-admin] http://10.222.0.23/volume/v3/2d00b2e6061c41c096ac126186cfce47/types returned with HTTP 200
Aug 17 14:21:11.139083 dv-cinder-820027-18-smb devstack@c-api.service[113536]: [pid: 113536|app: 0|req: 128/253] 10.222.0.23 () {60 vars in 1229 bytes} [Wed Aug 17 14:21:10 2022] POST /volume/v3/2d00b2e6061c41c096ac126186cfce47/types => generated 220 bytes in 397 msecs (HTTP/1.1 200) 7 headers in 285 bytes (2 switches on core 0)
Aug 17 14:21:11.140540 dv-cinder-820027-18-smb devstack@c-api.service[113536]: DEBUG cinder.api.middleware.request_id [None req-59a879aa-0083-4e73-9663-2149ecf27327 None None] RequestId filter calling following filter/app {{(pid=113536) _context_setter /opt/stack/cinder/cinder/api/middleware/request_id.py:62}}
Aug 17 14:21:11.149608 dv-cinder-820027-18-smb devstack@c-api.service[113536]: INFO cinder.api.openstack.wsgi [None req-59a879aa-0083-4e73-9663-2149ecf27327 tempest-ExtraSpecsNegativeTest-1051104523 tempest-ExtraSpecsNegativeTest-1051104523-project-admin] POST http://10.222.0.23/volume/v3/c315544eac654c4bb46744ec4a0d0d49/types/7502b68f-a265-4c70-afa2-9c9b22fb332d/extra_specs
Aug 17 14:21:11.151471 dv-cinder-820027-18-smb devstack@c-api.service[113536]: DEBUG cinder.api.openstack.wsgi [None req-59a879aa-0083-4e73-9663-2149ecf27327 tempest-ExtraSpecsNegativeTest-1051104523 tempest-ExtraSpecsNegativeTest-1051104523-project-admin] Action: 'create', calling method: create, body: {"extra_specs": ["invalid"]} {{(pid=113536) _process_stack /opt/stack/cinder/cinder/api/openstack/wsgi.py:866}}
Aug 17 14:21:11.154714 dv-cinder-820027-18-smb devstack@c-api.service[113536]: INFO cinder.api.openstack.wsgi [None req-59a879aa-0083-4e73-9663-2149ecf27327 tempest-ExtraSpecsNegativeTest-1051104523 tempest-ExtraSpecsNegativeTest-1051104523-project-admin] http://10.222.0.23/volume/v3/c315544eac654c4bb46744ec4a0d0d49/types/7502b68f-a265-4c70-afa2-9c9b22fb332d/extra_specs returned with HTTP 400
Aug 17 14:21:11.155897 dv-cinder-820027-18-smb devstack@c-api.service[113536]: [pid: 113536|app: 0|req: 129/254] 10.222.0.23 () {60 vars in 1376 bytes} [Wed Aug 17 14:21:11 2022] POST /volume/v3/c315544eac654c4bb46744ec4a0d0d49/types/7502b68f-a265-4c70-afa2-9c9b22fb332d/extra_specs => generated 146 bytes in 16 msecs (HTTP/1.1 400) 7 headers in 294 bytes (1 switches on core 0)
Aug 17 14:21:11.157401 dv-cinder-820027-18-smb devstack@c-api.service[113536]: DEBUG cinder.api.middleware.request_id [None req-c0b2077a-8a99-407a-b2ae-1044a68bce55 None None] RequestId filter calling following filter/app {{(pid=113536) _context_setter /opt/stack/cinder/cinder/api/middleware/request_id.py:62}}
Aug 17 14:21:11.163044 dv-cinder-820027-18-smb devstack@c-api.service[113536]: INFO cinder.api.openstack.wsgi [None req-c0b2077a-8a99-407a-b2ae-1044a68bce55 tempest-GroupsV320Test-192653916 tempest-GroupsV320Test-192653916-project-admin] POST http://10.222.0.23/volume/v3/2d00b2e6061c41c096ac126186cfce47/group_types
Aug 17 14:21:11.163989 dv-cinder-820027-18-smb devstack@c-api.service[113536]: DEBUG cinder.api.openstack.wsgi [None req-c0b2077a-8a99-407a-b2ae-1044a68bce55 tempest-GroupsV320Test-192653916 tempest-GroupsV320Test-192653916-project-admin] Action: 'create', calling method: version_select, body: {"group_type": {"name": "tempest-GroupsV320Test-group-type-814802081"}} {{(pid=113536) _process_stack /opt/stack/cinder/cinder/api/openstack/wsgi.py:866}}
Aug 17 14:21:11.165422 dv-cinder-820027-18-smb devstack@c-api.service[113537]: INFO cinder.api.openstack.wsgi [None req-ff1316da-299f-4114-888a-3ebc2b6c7459 tempest-GroupTypesTest-1932664593 tempest-GroupTypesTest-1932664593-project-admin] POST http://10.222.0.23/volume/v3/7993d017185140a8a3adb03d6466c144/group_types
Aug 17 14:21:11.166192 dv-cinder-820027-18-smb devstack@c-api.service[113537]: DEBUG cinder.api.openstack.wsgi [None req-ff1316da-299f-4114-888a-3ebc2b6c7459 tempest-GroupTypesTest-1932664593 tempest-GroupTypesTest-1932664593-project-admin] Action: 'create', calling method: version_select, body: {"group_type": {"name": "tempest-GroupTypesTest-group-type-728612657", "description": "tempest-group-type-description-1144420963", "group_specs": {"consistent_group_snapshot_enabled": " False"}, "is_public": true}} {{(pid=113537) _process_stack /opt/stack/cinder/cinder/api/openstack/wsgi.py:866}}
Aug 17 14:21:11.196239 dv-cinder-820027-18-smb devstack@c-api.service[113536]: INFO cinder.api.openstack.wsgi [None req-c0b2077a-8a99-407a-b2ae-1044a68bce55 tempest-GroupsV320Test-192653916 tempest-GroupsV320Test-192653916-project-admin] http://10.222.0.23/volume/v3/2d00b2e6061c41c096ac126186cfce47/group_types returned with HTTP 202
Aug 17 14:21:11.197910 dv-cinder-820027-18-smb devstack@c-api.service[113536]: [pid: 113536|app: 0|req: 130/255] 10.222.0.23 () {62 vars in 1288 bytes} [Wed Aug 17 14:21:11 2022] POST /volume/v3/2d00b2e6061c41c096ac126186cfce47/group_types => generated 176 bytes in 41 msecs (HTTP/1.1 202) 7 headers in 292 bytes (1 switches on core 0)
Aug 17 14:21:11.199508 dv-cinder-820027-18-smb devstack@c-api.service[113536]: DEBUG cinder.api.middleware.request_id [None req-14a0fe0b-c69f-4867-b275-c542cf9634e2 None None] RequestId filter calling following filter/app {{(pid=113536) _context_setter /opt/stack/cinder/cinder/api/middleware/request_id.py:62}}
Aug 17 14:21:11.205309 dv-cinder-820027-18-smb devstack@c-api.service[113536]: INFO cinder.api.openstack.wsgi [None req-14a0fe0b-c69f-4867-b275-c542cf9634e2 tempest-ExtraSpecsNegativeTest-1051104523 tempest-ExtraSpecsNegativeTest-1051104523-project-admin] POST http://10.222.0.23/volume/v3/c315544eac654c4bb46744ec4a0d0d49/types/7502b68f-a265-4c70-afa2-9c9b22fb332d/extra_specs
Aug 17 14:21:11.206211 dv-cinder-820027-18-smb devstack@c-api.service[113536]: DEBUG cinder.api.openstack.wsgi [None req-14a0fe0b-c69f-4867-b275-c542cf9634e2 tempest-ExtraSpecsNegativeTest-1051104523 tempest-ExtraSpecsNegativeTest-1051104523-project-admin] Action: 'create', calling method: create, body: {"extra_specs": null} {{(pid=113536) _process_stack /opt/stack/cinder/cinder/api/openstack/wsgi.py:866}}
Aug 17 14:21:11.208536 dv-cinder-820027-18-smb devstack@c-api.service[113536]: INFO cinder.api.openstack.wsgi [None req-14a0fe0b-c69f-4867-b275-c542cf9634e2 tempest-ExtraSpecsNegativeTest-1051104523 tempest-ExtraSpecsNegativeTest-1051104523-project-admin] http://10.222.0.23/volume/v3/c315544eac654c4bb46744ec4a0d0d49/types/7502b68f-a265-4c70-afa2-9c9b22fb332d/extra_specs returned with HTTP 400
Aug 17 14:21:11.210074 dv-cinder-820027-18-smb devstack@c-api.service[113536]: [pid: 113536|app: 0|req: 131/256] 10.222.0.23 () {60 vars in 1376 bytes} [Wed Aug 17 14:21:11 2022] POST /volume/v3/c315544eac654c4bb46744ec4a0d0d49/types/7502b68f-a265-4c70-afa2-9c9b22fb332d/extra_specs => generated 132 bytes in 11 msecs (HTTP/1.1 400) 7 headers in 294 bytes (1 switches on core 0)
Aug 17 14:21:11.212136 dv-cinder-820027-18-smb devstack@c-api.service[113536]: DEBUG cinder.api.middleware.request_id [None req-48870444-88c8-4a84-b21c-cb48fba460c7 None None] RequestId filter calling following filter/app {{(pid=113536) _context_setter /opt/stack/cinder/cinder/api/middleware/request_id.py:62}}
Aug 17 14:21:11.226445 dv-cinder-820027-18-smb devstack@c-api.service[113537]: INFO cinder.api.openstack.wsgi [None req-ff1316da-299f-4114-888a-3ebc2b6c7459 tempest-GroupTypesTest-1932664593 tempest-GroupTypesTest-1932664593-project-admin] http://10.222.0.23/volume/v3/7993d017185140a8a3adb03d6466c144/group_types returned with HTTP 202
Aug 17 14:21:11.227458 dv-cinder-820027-18-smb devstack@c-api.service[113537]: [pid: 113537|app: 0|req: 126/257] 10.222.0.23 () {62 vars in 1289 bytes} [Wed Aug 17 14:21:10 2022] POST /volume/v3/7993d017185140a8a3adb03d6466c144/group_types => generated 264 bytes in 228 msecs (HTTP/1.1 202) 7 headers in 292 bytes (1 switches on core 0)
Aug 17 14:21:11.228896 dv-cinder-820027-18-smb devstack@c-api.service[113537]: DEBUG cinder.api.middleware.request_id [None req-9509fc05-7de0-4206-9df1-6ecf4f1ba309 None None] RequestId filter calling following filter/app {{(pid=113537) _context_setter /opt/stack/cinder/cinder/api/middleware/request_id.py:62}}
Aug 17 14:21:11.239068 dv-cinder-820027-18-smb devstack@c-api.service[113537]: INFO cinder.api.openstack.wsgi [None req-9509fc05-7de0-4206-9df1-6ecf4f1ba309 tempest-ExtraSpecsNegativeTest-1051104523 tempest-ExtraSpecsNegativeTest-1051104523-project-admin] POST http://10.222.0.23/volume/v3/c315544eac654c4bb46744ec4a0d0d49/types/2d1b3d9b-843c-4ede-8609-2574b99a1e8e/extra_specs
Aug 17 14:21:11.241835 dv-cinder-820027-18-smb devstack@c-api.service[113537]: DEBUG cinder.api.openstack.wsgi [None req-9509fc05-7de0-4206-9df1-6ecf4f1ba309 tempest-ExtraSpecsNegativeTest-1051104523 tempest-ExtraSpecsNegativeTest-1051104523-project-admin] Action: 'create', calling method: create, body: {"extra_specs": {"spec2": "val1"}} {{(pid=113537) _process_stack /opt/stack/cinder/cinder/api/openstack/wsgi.py:866}}
Aug 17 14:21:11.289543 dv-cinder-820027-18-smb devstack@c-api.service[113537]: INFO cinder.api.openstack.wsgi [None req-9509fc05-7de0-4206-9df1-6ecf4f1ba309 tempest-ExtraSpecsNegativeTest-1051104523 tempest-ExtraSpecsNegativeTest-1051104523-project-admin] http://10.222.0.23/volume/v3/c315544eac654c4bb46744ec4a0d0d49/types/2d1b3d9b-843c-4ede-8609-2574b99a1e8e/extra_specs returned with HTTP 404
Aug 17 14:21:11.297446 dv-cinder-820027-18-smb devstack@c-api.service[113537]: [pid: 113537|app: 0|req: 127/258] 10.222.0.23 () {60 vars in 1376 bytes} [Wed Aug 17 14:21:11 2022] POST /volume/v3/c315544eac654c4bb46744ec4a0d0d49/types/2d1b3d9b-843c-4ede-8609-2574b99a1e8e/extra_specs => generated 114 bytes in 69 msecs (HTTP/1.1 404) 7 headers in 292 bytes (1 switches on core 0)
Aug 17 14:21:11.298817 dv-cinder-820027-18-smb devstack@c-api.service[113537]: DEBUG cinder.api.middleware.request_id [None req-6d2bd26d-7e96-4298-9f7b-6ec24d7a6134 None None] RequestId filter calling following filter/app {{(pid=113537) _context_setter /opt/stack/cinder/cinder/api/middleware/request_id.py:62}}
Aug 17 14:21:11.310163 dv-cinder-820027-18-smb devstack@c-api.service[113537]: INFO cinder.api.openstack.wsgi [None req-6d2bd26d-7e96-4298-9f7b-6ec24d7a6134 tempest-GroupTypesTest-1932664593 tempest-GroupTypesTest-1932664593-project-admin] GET http://10.222.0.23/volume/v3/7993d017185140a8a3adb03d6466c144/group_types
Aug 17 14:21:11.310837 dv-cinder-820027-18-smb devstack@c-api.service[113537]: DEBUG cinder.api.openstack.wsgi [None req-6d2bd26d-7e96-4298-9f7b-6ec24d7a6134 tempest-GroupTypesTest-1932664593 tempest-GroupTypesTest-1932664593-project-admin] Empty body provided in request {{(pid=113537) get_body /opt/stack/cinder/cinder/api/openstack/wsgi.py:715}}
Aug 17 14:21:11.311336 dv-cinder-820027-18-smb devstack@c-api.service[113537]: DEBUG cinder.api.openstack.wsgi [None req-6d2bd26d-7e96-4298-9f7b-6ec24d7a6134 tempest-GroupTypesTest-1932664593 tempest-GroupTypesTest-1932664593-project-admin] Calling method 'version_select' {{(pid=113537) _process_stack /opt/stack/cinder/cinder/api/openstack/wsgi.py:868}}
Aug 17 14:21:11.344301 dv-cinder-820027-18-smb devstack@c-api.service[113537]: INFO cinder.api.openstack.wsgi [None req-6d2bd26d-7e96-4298-9f7b-6ec24d7a6134 tempest-GroupTypesTest-1932664593 tempest-GroupTypesTest-1932664593-project-admin] http://10.222.0.23/volume/v3/7993d017185140a8a3adb03d6466c144/group_types returned with HTTP 200
Aug 17 14:21:11.351527 dv-cinder-820027-18-smb devstack@c-api.service[113537]: [pid: 113537|app: 0|req: 128/259] 10.222.0.23 () {60 vars in 1267 bytes} [Wed Aug 17 14:21:11 2022] GET /volume/v3/7993d017185140a8a3adb03d6466c144/group_types => generated 660 bytes in 47 msecs (HTTP/1.1 200) 7 headers in 286 bytes (1 switches on core 0)
Aug 17 14:21:11.351527 dv-cinder-820027-18-smb devstack@c-api.service[113537]: DEBUG cinder.api.middleware.request_id [None req-943e99ed-7d70-4b35-8367-59163f60d320 None None] RequestId filter calling following filter/app {{(pid=113537) _context_setter /opt/stack/cinder/cinder/api/middleware/request_id.py:62}}
Aug 17 14:21:11.351781 dv-cinder-820027-18-smb devstack@c-api.service[113536]: INFO cinder.api.openstack.wsgi [None req-48870444-88c8-4a84-b21c-cb48fba460c7 tempest-GroupsV320Test-160350444 tempest-GroupsV320Test-160350444-project] POST http://10.222.0.23/volume/v3/0a763182e3764541a8a1e56f0e7354fc/groups
Aug 17 14:21:11.351781 dv-cinder-820027-18-smb devstack@c-api.service[113536]: DEBUG cinder.api.openstack.wsgi [None req-48870444-88c8-4a84-b21c-cb48fba460c7 tempest-GroupsV320Test-160350444 tempest-GroupsV320Test-160350444-project] Action: 'create', calling method: version_select, body: {"group": {"group_type": "d66d4dc3-8bbe-4234-86c2-622b47849f4b", "volume_types": ["3e81554c-aeb8-4d12-a965-33b17aa5b6d7"], "name": "tempest-GroupsV320Test-Group-1498240625"}} {{(pid=113536) _process_stack /opt/stack/cinder/cinder/api/openstack/wsgi.py:866}}
Aug 17 14:21:11.351781 dv-cinder-820027-18-smb devstack@c-api.service[113536]: DEBUG cinder.api.v3.groups [None req-48870444-88c8-4a84-b21c-cb48fba460c7 tempest-GroupsV320Test-160350444 tempest-GroupsV320Test-160350444-project] Creating new group {'group': {'group_type': 'd66d4dc3-8bbe-4234-86c2-622b47849f4b', 'volume_types': ['3e81554c-aeb8-4d12-a965-33b17aa5b6d7'], 'name': 'tempest-GroupsV320Test-Group-1498240625'}} {{(pid=113536) create /opt/stack/cinder/cinder/api/v3/groups.py:190}}
Aug 17 14:21:11.352079 dv-cinder-820027-18-smb devstack@c-api.service[113537]: INFO cinder.api.openstack.wsgi [None req-943e99ed-7d70-4b35-8367-59163f60d320 tempest-ExtraSpecsNegativeTest-1051104523 tempest-ExtraSpecsNegativeTest-1051104523-project-admin] DELETE http://10.222.0.23/volume/v3/c315544eac654c4bb46744ec4a0d0d49/types/79e19c72-0ee5-4bf7-8bff-8cdf34cb640e/extra_specs/spec1
Aug 17 14:21:11.352532 dv-cinder-820027-18-smb devstack@c-api.service[113537]: DEBUG cinder.api.openstack.wsgi [None req-943e99ed-7d70-4b35-8367-59163f60d320 tempest-ExtraSpecsNegativeTest-1051104523 tempest-ExtraSpecsNegativeTest-1051104523-project-admin] Empty body provided in request {{(pid=113537) get_body /opt/stack/cinder/cinder/api/openstack/wsgi.py:715}}
Aug 17 14:21:11.352990 dv-cinder-820027-18-smb devstack@c-api.service[113537]: DEBUG cinder.api.openstack.wsgi [None req-943e99ed-7d70-4b35-8367-59163f60d320 tempest-ExtraSpecsNegativeTest-1051104523 tempest-ExtraSpecsNegativeTest-1051104523-project-admin] Calling method 'delete' {{(pid=113537) _process_stack /opt/stack/cinder/cinder/api/openstack/wsgi.py:868}}
Aug 17 14:21:11.360706 dv-cinder-820027-18-smb devstack@c-api.service[113536]: INFO cinder.api.v3.groups [None req-48870444-88c8-4a84-b21c-cb48fba460c7 tempest-GroupsV320Test-160350444 tempest-GroupsV320Test-160350444-project] Creating group tempest-GroupsV320Test-Group-1498240625.
Aug 17 14:21:11.361981 dv-cinder-820027-18-smb devstack@c-api.service[113537]: INFO cinder.api.openstack.wsgi [None req-943e99ed-7d70-4b35-8367-59163f60d320 tempest-ExtraSpecsNegativeTest-1051104523 tempest-ExtraSpecsNegativeTest-1051104523-project-admin] http://10.222.0.23/volume/v3/c315544eac654c4bb46744ec4a0d0d49/types/79e19c72-0ee5-4bf7-8bff-8cdf34cb640e/extra_specs/spec1 returned with HTTP 404
Aug 17 14:21:11.363017 dv-cinder-820027-18-smb devstack@c-api.service[113537]: [pid: 113537|app: 0|req: 129/260] 10.222.0.23 () {58 vars in 1376 bytes} [Wed Aug 17 14:21:11 2022] DELETE /volume/v3/c315544eac654c4bb46744ec4a0d0d49/types/79e19c72-0ee5-4bf7-8bff-8cdf34cb640e/extra_specs/spec1 => generated 114 bytes in 17 msecs (HTTP/1.1 404) 7 headers in 292 bytes (1 switches on core 0)
Aug 17 14:21:11.367587 dv-cinder-820027-18-smb devstack@c-api.service[113537]: DEBUG cinder.api.middleware.request_id [None req-1af0f5e5-8943-4e8a-8f68-32b9cf2a6638 None None] RequestId filter calling following filter/app {{(pid=113537) _context_setter /opt/stack/cinder/cinder/api/middleware/request_id.py:62}}
Aug 17 14:21:11.375193 dv-cinder-820027-18-smb devstack@c-api.service[113537]: INFO cinder.api.openstack.wsgi [None req-1af0f5e5-8943-4e8a-8f68-32b9cf2a6638 tempest-GroupTypesTest-1932664593 tempest-GroupTypesTest-1932664593-project-admin] PUT http://10.222.0.23/volume/v3/7993d017185140a8a3adb03d6466c144/group_types/6e38c667-89f3-4bf3-a1c2-1fa68c5b41cb
Aug 17 14:21:11.375943 dv-cinder-820027-18-smb devstack@c-api.service[113537]: DEBUG cinder.api.openstack.wsgi [None req-1af0f5e5-8943-4e8a-8f68-32b9cf2a6638 tempest-GroupTypesTest-1932664593 tempest-GroupTypesTest-1932664593-project-admin] Action: 'update', calling method: version_select, body: {"group_type": {"name": "tempest-GroupTypesTest-updated-group-type-1096104624", "description": "updated-group-type-desc"}} {{(pid=113537) _process_stack /opt/stack/cinder/cinder/api/openstack/wsgi.py:866}}
Aug 17 14:21:11.376846 dv-cinder-820027-18-smb devstack@c-api.service[113536]: INFO cinder.volume.api [None req-48870444-88c8-4a84-b21c-cb48fba460c7 tempest-GroupsV320Test-160350444 tempest-GroupsV320Test-160350444-project] Availability Zones retrieved successfully.
Aug 17 14:21:11.416649 dv-cinder-820027-18-smb devstack@c-api.service[113537]: INFO cinder.api.openstack.wsgi [None req-1af0f5e5-8943-4e8a-8f68-32b9cf2a6638 tempest-GroupTypesTest-1932664593 tempest-GroupTypesTest-1932664593-project-admin] http://10.222.0.23/volume/v3/7993d017185140a8a3adb03d6466c144/group_types/6e38c667-89f3-4bf3-a1c2-1fa68c5b41cb returned with HTTP 200
Aug 17 14:21:11.417731 dv-cinder-820027-18-smb devstack@c-api.service[113537]: [pid: 113537|app: 0|req: 130/261] 10.222.0.23 () {62 vars in 1399 bytes} [Wed Aug 17 14:21:11 2022] PUT /volume/v3/7993d017185140a8a3adb03d6466c144/group_types/6e38c667-89f3-4bf3-a1c2-1fa68c5b41cb => generated 255 bytes in 54 msecs (HTTP/1.1 200) 7 headers in 286 bytes (1 switches on core 0)
Aug 17 14:21:11.418951 dv-cinder-820027-18-smb devstack@c-api.service[113537]: DEBUG cinder.api.middleware.request_id [None req-6d51410a-2146-4315-b66b-c5ab0b02bcf0 None None] RequestId filter calling following filter/app {{(pid=113537) _context_setter /opt/stack/cinder/cinder/api/middleware/request_id.py:62}}
Aug 17 14:21:11.424518 dv-cinder-820027-18-smb devstack@c-api.service[113537]: INFO cinder.api.openstack.wsgi [None req-6d51410a-2146-4315-b66b-c5ab0b02bcf0 tempest-ExtraSpecsNegativeTest-1051104523 tempest-ExtraSpecsNegativeTest-1051104523-project-admin] GET http://10.222.0.23/volume/v3/c315544eac654c4bb46744ec4a0d0d49/types/7502b68f-a265-4c70-afa2-9c9b22fb332d/extra_specs/nonexistent_extra_spec_name
Aug 17 14:21:11.425667 dv-cinder-820027-18-smb devstack@c-api.service[113537]: DEBUG cinder.api.openstack.wsgi [None req-6d51410a-2146-4315-b66b-c5ab0b02bcf0 tempest-ExtraSpecsNegativeTest-1051104523 tempest-ExtraSpecsNegativeTest-1051104523-project-admin] Empty body provided in request {{(pid=113537) get_body /opt/stack/cinder/cinder/api/openstack/wsgi.py:715}}
Aug 17 14:21:11.426129 dv-cinder-820027-18-smb devstack@c-api.service[113537]: DEBUG cinder.api.openstack.wsgi [None req-6d51410a-2146-4315-b66b-c5ab0b02bcf0 tempest-ExtraSpecsNegativeTest-1051104523 tempest-ExtraSpecsNegativeTest-1051104523-project-admin] Calling method 'show' {{(pid=113537) _process_stack /opt/stack/cinder/cinder/api/openstack/wsgi.py:868}}
Aug 17 14:21:11.439697 dv-cinder-820027-18-smb devstack@c-api.service[113537]: INFO cinder.api.openstack.wsgi [None req-6d51410a-2146-4315-b66b-c5ab0b02bcf0 tempest-ExtraSpecsNegativeTest-1051104523 tempest-ExtraSpecsNegativeTest-1051104523-project-admin] http://10.222.0.23/volume/v3/c315544eac654c4bb46744ec4a0d0d49/types/7502b68f-a265-4c70-afa2-9c9b22fb332d/extra_specs/nonexistent_extra_spec_name returned with HTTP 404
Aug 17 14:21:11.447263 dv-cinder-820027-18-smb devstack@c-api.service[113537]: [pid: 113537|app: 0|req: 131/262] 10.222.0.23 () {58 vars in 1439 bytes} [Wed Aug 17 14:21:11 2022] GET /volume/v3/c315544eac654c4bb46744ec4a0d0d49/types/7502b68f-a265-4c70-afa2-9c9b22fb332d/extra_specs/nonexistent_extra_spec_name => generated 151 bytes in 29 msecs (HTTP/1.1 404) 7 headers in 292 bytes (1 switches on core 0)
Aug 17 14:21:11.448751 dv-cinder-820027-18-smb devstack@c-api.service[113537]: DEBUG cinder.api.middleware.request_id [None req-d88f9987-2592-4939-a05d-2fe7a5adc458 None None] RequestId filter calling following filter/app {{(pid=113537) _context_setter /opt/stack/cinder/cinder/api/middleware/request_id.py:62}}
Aug 17 14:21:11.449900 dv-cinder-820027-18-smb devstack@c-api.service[113536]: DEBUG cinder.quota [None req-48870444-88c8-4a84-b21c-cb48fba460c7 tempest-GroupsV320Test-160350444 tempest-GroupsV320Test-160350444-project] Created reservations ['85578252-60e0-4fb9-8980-443f8a49ad15'] {{(pid=113536) reserve /opt/stack/cinder/cinder/quota.py:755}}
Aug 17 14:21:11.452544 dv-cinder-820027-18-smb devstack@c-api.service[113537]: INFO cinder.api.openstack.wsgi [None req-d88f9987-2592-4939-a05d-2fe7a5adc458 tempest-GroupTypesTest-1932664593 tempest-GroupTypesTest-1932664593-project-admin] GET http://10.222.0.23/volume/v3/7993d017185140a8a3adb03d6466c144/group_types/6e38c667-89f3-4bf3-a1c2-1fa68c5b41cb
Aug 17 14:21:11.453231 dv-cinder-820027-18-smb devstack@c-api.service[113537]: DEBUG cinder.api.openstack.wsgi [None req-d88f9987-2592-4939-a05d-2fe7a5adc458 tempest-GroupTypesTest-1932664593 tempest-GroupTypesTest-1932664593-project-admin] Empty body provided in request {{(pid=113537) get_body /opt/stack/cinder/cinder/api/openstack/wsgi.py:715}}
Aug 17 14:21:11.453822 dv-cinder-820027-18-smb devstack@c-api.service[113537]: DEBUG cinder.api.openstack.wsgi [None req-d88f9987-2592-4939-a05d-2fe7a5adc458 tempest-GroupTypesTest-1932664593 tempest-GroupTypesTest-1932664593-project-admin] Calling method 'version_select' {{(pid=113537) _process_stack /opt/stack/cinder/cinder/api/openstack/wsgi.py:868}}
Aug 17 14:21:11.462358 dv-cinder-820027-18-smb devstack@c-api.service[113537]: INFO cinder.api.openstack.wsgi [None req-d88f9987-2592-4939-a05d-2fe7a5adc458 tempest-GroupTypesTest-1932664593 tempest-GroupTypesTest-1932664593-project-admin] http://10.222.0.23/volume/v3/7993d017185140a8a3adb03d6466c144/group_types/6e38c667-89f3-4bf3-a1c2-1fa68c5b41cb returned with HTTP 200
Aug 17 14:21:11.463245 dv-cinder-820027-18-smb devstack@c-api.service[113537]: [pid: 113537|app: 0|req: 132/263] 10.222.0.23 () {60 vars in 1378 bytes} [Wed Aug 17 14:21:11 2022] GET /volume/v3/7993d017185140a8a3adb03d6466c144/group_types/6e38c667-89f3-4bf3-a1c2-1fa68c5b41cb => generated 255 bytes in 15 msecs (HTTP/1.1 200) 7 headers in 286 bytes (1 switches on core 0)
Aug 17 14:21:11.464709 dv-cinder-820027-18-smb devstack@c-api.service[113537]: DEBUG cinder.api.middleware.request_id [None req-36fa16cf-f6d5-4241-8de6-dd2d49767cb5 None None] RequestId filter calling following filter/app {{(pid=113537) _context_setter /opt/stack/cinder/cinder/api/middleware/request_id.py:62}}
Aug 17 14:21:11.470892 dv-cinder-820027-18-smb devstack@c-api.service[113537]: INFO cinder.api.openstack.wsgi [None req-36fa16cf-f6d5-4241-8de6-dd2d49767cb5 tempest-ExtraSpecsNegativeTest-1051104523 tempest-ExtraSpecsNegativeTest-1051104523-project-admin] GET http://10.222.0.23/volume/v3/c315544eac654c4bb46744ec4a0d0d49/types/1db33ca1-2d18-477f-ad58-d863b62d74dd/extra_specs/spec1
Aug 17 14:21:11.471534 dv-cinder-820027-18-smb devstack@c-api.service[113537]: DEBUG cinder.api.openstack.wsgi [None req-36fa16cf-f6d5-4241-8de6-dd2d49767cb5 tempest-ExtraSpecsNegativeTest-1051104523 tempest-ExtraSpecsNegativeTest-1051104523-project-admin] Empty body provided in request {{(pid=113537) get_body /opt/stack/cinder/cinder/api/openstack/wsgi.py:715}}
Aug 17 14:21:11.472361 dv-cinder-820027-18-smb devstack@c-api.service[113537]: DEBUG cinder.api.openstack.wsgi [None req-36fa16cf-f6d5-4241-8de6-dd2d49767cb5 tempest-ExtraSpecsNegativeTest-1051104523 tempest-ExtraSpecsNegativeTest-1051104523-project-admin] Calling method 'show' {{(pid=113537) _process_stack /opt/stack/cinder/cinder/api/openstack/wsgi.py:868}}
Aug 17 14:21:11.500283 dv-cinder-820027-18-smb devstack@c-api.service[113537]: INFO cinder.api.openstack.wsgi [None req-36fa16cf-f6d5-4241-8de6-dd2d49767cb5 tempest-ExtraSpecsNegativeTest-1051104523 tempest-ExtraSpecsNegativeTest-1051104523-project-admin] http://10.222.0.23/volume/v3/c315544eac654c4bb46744ec4a0d0d49/types/1db33ca1-2d18-477f-ad58-d863b62d74dd/extra_specs/spec1 returned with HTTP 404
Aug 17 14:21:11.503555 dv-cinder-820027-18-smb devstack@c-api.service[113537]: [pid: 113537|app: 0|req: 133/264] 10.222.0.23 () {58 vars in 1373 bytes} [Wed Aug 17 14:21:11 2022] GET /volume/v3/c315544eac654c4bb46744ec4a0d0d49/types/1db33ca1-2d18-477f-ad58-d863b62d74dd/extra_specs/spec1 => generated 114 bytes in 39 msecs (HTTP/1.1 404) 7 headers in 292 bytes (1 switches on core 0)
Aug 17 14:21:11.505208 dv-cinder-820027-18-smb devstack@c-api.service[113537]: DEBUG cinder.api.middleware.request_id [None req-8195f70d-d33b-4a4f-bba0-088dee71e790 None None] RequestId filter calling following filter/app {{(pid=113537) _context_setter /opt/stack/cinder/cinder/api/middleware/request_id.py:62}}
Aug 17 14:21:11.514754 dv-cinder-820027-18-smb devstack@c-api.service[113536]: INFO cinder.api.openstack.wsgi [None req-48870444-88c8-4a84-b21c-cb48fba460c7 tempest-GroupsV320Test-160350444 tempest-GroupsV320Test-160350444-project] http://10.222.0.23/volume/v3/0a763182e3764541a8a1e56f0e7354fc/groups returned with HTTP 202
Aug 17 14:21:11.520482 dv-cinder-820027-18-smb devstack@c-api.service[113536]: [pid: 113536|app: 0|req: 132/265] 10.222.0.23 () {62 vars in 1274 bytes} [Wed Aug 17 14:21:11 2022] POST /volume/v3/0a763182e3764541a8a1e56f0e7354fc/groups => generated 108 bytes in 310 msecs (HTTP/1.1 202) 7 headers in 292 bytes (1 switches on core 0)
Aug 17 14:21:11.521822 dv-cinder-820027-18-smb devstack@c-api.service[113536]: DEBUG cinder.api.middleware.request_id [None req-b948609a-bebc-4a3b-8749-b485927c6876 None None] RequestId filter calling following filter/app {{(pid=113536) _context_setter /opt/stack/cinder/cinder/api/middleware/request_id.py:62}}
Aug 17 14:21:11.524486 dv-cinder-820027-18-smb devstack@c-api.service[113537]: INFO cinder.api.openstack.wsgi [None req-8195f70d-d33b-4a4f-bba0-088dee71e790 tempest-GroupTypesTest-1932664593 tempest-GroupTypesTest-1932664593-project-admin] DELETE http://10.222.0.23/volume/v3/7993d017185140a8a3adb03d6466c144/group_types/6e38c667-89f3-4bf3-a1c2-1fa68c5b41cb
Aug 17 14:21:11.526524 dv-cinder-820027-18-smb devstack@c-api.service[113536]: INFO cinder.api.openstack.wsgi [None req-b948609a-bebc-4a3b-8749-b485927c6876 tempest-ExtraSpecsNegativeTest-1051104523 tempest-ExtraSpecsNegativeTest-1051104523-project-admin] GET http://10.222.0.23/volume/v3/c315544eac654c4bb46744ec4a0d0d49/types/e1dea46d-4eb3-4a6b-bc90-0c48d572cc0c/extra_specs
Aug 17 14:21:11.526974 dv-cinder-820027-18-smb devstack@c-api.service[113536]: DEBUG cinder.api.openstack.wsgi [None req-b948609a-bebc-4a3b-8749-b485927c6876 tempest-ExtraSpecsNegativeTest-1051104523 tempest-ExtraSpecsNegativeTest-1051104523-project-admin] Empty body provided in request {{(pid=113536) get_body /opt/stack/cinder/cinder/api/openstack/wsgi.py:715}}
Aug 17 14:21:11.527432 dv-cinder-820027-18-smb devstack@c-api.service[113536]: DEBUG cinder.api.openstack.wsgi [None req-b948609a-bebc-4a3b-8749-b485927c6876 tempest-ExtraSpecsNegativeTest-1051104523 tempest-ExtraSpecsNegativeTest-1051104523-project-admin] Calling method 'index' {{(pid=113536) _process_stack /opt/stack/cinder/cinder/api/openstack/wsgi.py:868}}
Aug 17 14:21:11.528102 dv-cinder-820027-18-smb devstack@c-api.service[113536]: /usr/local/lib/python3.8/dist-packages/oslo_context/context.py:100: DeprecationWarning: Policy enforcement is depending on the value of is_admin. This key is deprecated. Please update your policy file to use the standard policy values.
Aug 17 14:21:11.528102 dv-cinder-820027-18-smb devstack@c-api.service[113536]: warnings.warn('Policy enforcement is depending on the value of '
