Aug 17 14:20:51.545573 dv-cinder-820027-18-smb devstack@c-api.service[113536]: INFO cinder.api.openstack.wsgi [None req-3417e985-6791-448d-b5fd-36ea9f5c5c84 tempest-GroupSnapshotsTest-910662114 tempest-GroupSnapshotsTest-910662114-project] POST http://10.222.0.23/volume/v3/8f8124b13faa418583b1bf26bcf3956b/groups/430bb851-9f38-4b7d-8293-8aecc6f5d0e9/action
Aug 17 14:20:51.547378 dv-cinder-820027-18-smb devstack@c-api.service[113536]: DEBUG cinder.api.openstack.wsgi [None req-3417e985-6791-448d-b5fd-36ea9f5c5c84 tempest-GroupSnapshotsTest-910662114 tempest-GroupSnapshotsTest-910662114-project] Action body: b'{"delete": {"delete-volumes": true}}' {{(pid=113536) get_method /opt/stack/cinder/cinder/api/openstack/wsgi.py:983}}
Aug 17 14:20:51.548114 dv-cinder-820027-18-smb devstack@c-api.service[113536]: DEBUG cinder.api.openstack.wsgi [None req-3417e985-6791-448d-b5fd-36ea9f5c5c84 tempest-GroupSnapshotsTest-910662114 tempest-GroupSnapshotsTest-910662114-project] Action: 'action', calling method: delete_group, body: {"delete": {"delete-volumes": true}} {{(pid=113536) _process_stack /opt/stack/cinder/cinder/api/openstack/wsgi.py:866}}
Aug 17 14:20:51.555297 dv-cinder-820027-18-smb devstack@c-api.service[113536]: DEBUG cinder.api.v3.groups [None req-3417e985-6791-448d-b5fd-36ea9f5c5c84 tempest-GroupSnapshotsTest-910662114 tempest-GroupSnapshotsTest-910662114-project] delete called for group 430bb851-9f38-4b7d-8293-8aecc6f5d0e9 {{(pid=113536) _delete /opt/stack/cinder/cinder/api/v3/groups.py:117}}
Aug 17 14:20:51.556363 dv-cinder-820027-18-smb devstack@c-api.service[113536]: INFO cinder.api.v3.groups [None req-3417e985-6791-448d-b5fd-36ea9f5c5c84 tempest-GroupSnapshotsTest-910662114 tempest-GroupSnapshotsTest-910662114-project] Delete group with id: 430bb851-9f38-4b7d-8293-8aecc6f5d0e9
Aug 17 14:20:51.564322 dv-cinder-820027-18-smb devstack@c-api.service[113536]: /usr/local/lib/python3.8/dist-packages/oslo_context/context.py:100: DeprecationWarning: Policy enforcement is depending on the value of is_admin. This key is deprecated. Please update your policy file to use the standard policy values.
Aug 17 14:20:51.564322 dv-cinder-820027-18-smb devstack@c-api.service[113536]: warnings.warn('Policy enforcement is depending on the value of '
Aug 17 14:20:51.795675 dv-cinder-820027-18-smb devstack@c-api.service[113536]: INFO cinder.api.openstack.wsgi [None req-3417e985-6791-448d-b5fd-36ea9f5c5c84 tempest-GroupSnapshotsTest-910662114 tempest-GroupSnapshotsTest-910662114-project] http://10.222.0.23/volume/v3/8f8124b13faa418583b1bf26bcf3956b/groups/430bb851-9f38-4b7d-8293-8aecc6f5d0e9/action returned with HTTP 202
Aug 17 14:20:51.805937 dv-cinder-820027-18-smb devstack@c-api.service[113536]: [pid: 113536|app: 0|req: 79/159] 10.222.0.23 () {62 vars in 1405 bytes} [Wed Aug 17 14:20:51 2022] POST /volume/v3/8f8124b13faa418583b1bf26bcf3956b/groups/430bb851-9f38-4b7d-8293-8aecc6f5d0e9/action => generated 0 bytes in 279 msecs (HTTP/1.1 202) 6 headers in 234 bytes (2 switches on core 0)
Aug 17 14:20:51.817783 dv-cinder-820027-18-smb devstack@c-api.service[113536]: DEBUG cinder.api.middleware.request_id [None req-cc5e789c-b74b-4ad2-a19f-14f748762c56 None None] RequestId filter calling following filter/app {{(pid=113536) _context_setter /opt/stack/cinder/cinder/api/middleware/request_id.py:62}}
Aug 17 14:20:51.849855 dv-cinder-820027-18-smb devstack@c-api.service[113536]: INFO cinder.api.openstack.wsgi [None req-cc5e789c-b74b-4ad2-a19f-14f748762c56 tempest-GroupSnapshotsTest-910662114 tempest-GroupSnapshotsTest-910662114-project] GET http://10.222.0.23/volume/v3/8f8124b13faa418583b1bf26bcf3956b/volumes/085a4935-c082-4529-a0fb-aa4c675ec17f
Aug 17 14:20:51.852258 dv-cinder-820027-18-smb devstack@c-api.service[113536]: DEBUG cinder.api.openstack.wsgi [None req-cc5e789c-b74b-4ad2-a19f-14f748762c56 tempest-GroupSnapshotsTest-910662114 tempest-GroupSnapshotsTest-910662114-project] Empty body provided in request {{(pid=113536) get_body /opt/stack/cinder/cinder/api/openstack/wsgi.py:715}}
Aug 17 14:20:51.853258 dv-cinder-820027-18-smb devstack@c-api.service[113536]: DEBUG cinder.api.openstack.wsgi [None req-cc5e789c-b74b-4ad2-a19f-14f748762c56 tempest-GroupSnapshotsTest-910662114 tempest-GroupSnapshotsTest-910662114-project] Calling method 'show' {{(pid=113536) _process_stack /opt/stack/cinder/cinder/api/openstack/wsgi.py:868}}
Aug 17 14:20:51.983239 dv-cinder-820027-18-smb devstack@c-api.service[113537]: INFO cinder.api.openstack.wsgi [None req-a2701624-3268-4b56-8742-0e5c4489bb86 tempest-VolumesServicesTestJSON-1525140682 tempest-VolumesServicesTestJSON-1525140682-project-admin] GET http://10.222.0.23/volume/v3/30aecbd9eed04ad49d020572902d494f/os-services
Aug 17 14:20:51.983706 dv-cinder-820027-18-smb devstack@c-api.service[113537]: DEBUG cinder.api.openstack.wsgi [None req-a2701624-3268-4b56-8742-0e5c4489bb86 tempest-VolumesServicesTestJSON-1525140682 tempest-VolumesServicesTestJSON-1525140682-project-admin] Empty body provided in request {{(pid=113537) get_body /opt/stack/cinder/cinder/api/openstack/wsgi.py:715}}
Aug 17 14:20:51.984176 dv-cinder-820027-18-smb devstack@c-api.service[113536]: /usr/local/lib/python3.8/dist-packages/oslo_context/context.py:100: DeprecationWarning: Policy enforcement is depending on the value of is_admin. This key is deprecated. Please update your policy file to use the standard policy values.
Aug 17 14:20:51.984176 dv-cinder-820027-18-smb devstack@c-api.service[113536]: warnings.warn('Policy enforcement is depending on the value of '
Aug 17 14:20:51.984640 dv-cinder-820027-18-smb devstack@c-api.service[113537]: DEBUG cinder.api.openstack.wsgi [None req-a2701624-3268-4b56-8742-0e5c4489bb86 tempest-VolumesServicesTestJSON-1525140682 tempest-VolumesServicesTestJSON-1525140682-project-admin] Calling method 'index' {{(pid=113537) _process_stack /opt/stack/cinder/cinder/api/openstack/wsgi.py:868}}
Aug 17 14:20:51.985264 dv-cinder-820027-18-smb devstack@c-api.service[113537]: /usr/local/lib/python3.8/dist-packages/oslo_context/context.py:100: DeprecationWarning: Policy enforcement is depending on the value of is_admin. This key is deprecated. Please update your policy file to use the standard policy values.
Aug 17 14:20:51.985264 dv-cinder-820027-18-smb devstack@c-api.service[113537]: warnings.warn('Policy enforcement is depending on the value of '
Aug 17 14:20:52.017514 dv-cinder-820027-18-smb devstack@c-api.service[113536]: INFO cinder.volume.api [None req-cc5e789c-b74b-4ad2-a19f-14f748762c56 tempest-GroupSnapshotsTest-910662114 tempest-GroupSnapshotsTest-910662114-project] Volume info retrieved successfully.
Aug 17 14:20:52.022268 dv-cinder-820027-18-smb devstack@c-api.service[113536]: WARNING stevedore.named [None req-cc5e789c-b74b-4ad2-a19f-14f748762c56 tempest-GroupSnapshotsTest-910662114 tempest-GroupSnapshotsTest-910662114-project] Could not load cinder.keymgr.conf_key_mgr.ConfKeyManager
Aug 17 14:20:52.023182 dv-cinder-820027-18-smb devstack@c-api.service[113536]: WARNING castellan.key_manager [None req-cc5e789c-b74b-4ad2-a19f-14f748762c56 tempest-GroupSnapshotsTest-910662114 tempest-GroupSnapshotsTest-910662114-project] Deprecation Warning : cinder.keymgr.conf_key_mgr.ConfKeyManager is not a stevedore based driver, trying to load it as a class: stevedore.exception.NoMatches: No 'castellan.drivers' driver found, looking for 'cinder.keymgr.conf_key_mgr.ConfKeyManager'
Aug 17 14:20:52.025294 dv-cinder-820027-18-smb devstack@c-api.service[113537]: INFO cinder.api.openstack.wsgi [None req-a2701624-3268-4b56-8742-0e5c4489bb86 tempest-VolumesServicesTestJSON-1525140682 tempest-VolumesServicesTestJSON-1525140682-project-admin] http://10.222.0.23/volume/v3/30aecbd9eed04ad49d020572902d494f/os-services returned with HTTP 200
Aug 17 14:20:52.027399 dv-cinder-820027-18-smb devstack@c-api.service[113537]: [pid: 113537|app: 0|req: 81/160] 10.222.0.23 () {58 vars in 1226 bytes} [Wed Aug 17 14:20:50 2022] GET /volume/v3/30aecbd9eed04ad49d020572902d494f/os-services => generated 641 bytes in 1179 msecs (HTTP/1.1 200) 7 headers in 285 bytes (1 switches on core 0)
Aug 17 14:20:52.037303 dv-cinder-820027-18-smb devstack@c-api.service[113537]: DEBUG cinder.api.middleware.request_id [None req-cf13bfe2-4a67-4f48-bcd8-ad711d6d13a3 None None] RequestId filter calling following filter/app {{(pid=113537) _context_setter /opt/stack/cinder/cinder/api/middleware/request_id.py:62}}
Aug 17 14:20:52.043765 dv-cinder-820027-18-smb devstack@c-api.service[113536]: DEBUG oslo_db.sqlalchemy.engines [None req-cc5e789c-b74b-4ad2-a19f-14f748762c56 tempest-GroupSnapshotsTest-910662114 tempest-GroupSnapshotsTest-910662114-project] MySQL server mode set to STRICT_TRANS_TABLES,STRICT_ALL_TABLES,NO_ZERO_IN_DATE,NO_ZERO_DATE,ERROR_FOR_DIVISION_BY_ZERO,TRADITIONAL,NO_ENGINE_SUBSTITUTION {{(pid=113536) _check_effective_sql_mode /usr/local/lib/python3.8/dist-packages/oslo_db/sqlalchemy/engines.py:314}}
Aug 17 14:20:52.046577 dv-cinder-820027-18-smb devstack@c-api.service[113537]: INFO cinder.api.openstack.wsgi [None req-cf13bfe2-4a67-4f48-bcd8-ad711d6d13a3 tempest-VolumesServicesTestJSON-1525140682 tempest-VolumesServicesTestJSON-1525140682-project-admin] GET http://10.222.0.23/volume/v3/30aecbd9eed04ad49d020572902d494f/os-services?host=dv-cinder-820027-18-smb
Aug 17 14:20:52.047715 dv-cinder-820027-18-smb devstack@c-api.service[113537]: DEBUG cinder.api.openstack.wsgi [None req-cf13bfe2-4a67-4f48-bcd8-ad711d6d13a3 tempest-VolumesServicesTestJSON-1525140682 tempest-VolumesServicesTestJSON-1525140682-project-admin] Empty body provided in request {{(pid=113537) get_body /opt/stack/cinder/cinder/api/openstack/wsgi.py:715}}
Aug 17 14:20:52.049722 dv-cinder-820027-18-smb devstack@c-api.service[113537]: DEBUG cinder.api.openstack.wsgi [None req-cf13bfe2-4a67-4f48-bcd8-ad711d6d13a3 tempest-VolumesServicesTestJSON-1525140682 tempest-VolumesServicesTestJSON-1525140682-project-admin] Calling method 'index' {{(pid=113537) _process_stack /opt/stack/cinder/cinder/api/openstack/wsgi.py:868}}
Aug 17 14:20:52.061900 dv-cinder-820027-18-smb devstack@c-api.service[113536]: /usr/local/lib/python3.8/dist-packages/oslo_context/context.py:100: DeprecationWarning: Policy enforcement is depending on the value of is_admin. This key is deprecated. Please update your policy file to use the standard policy values.
Aug 17 14:20:52.061900 dv-cinder-820027-18-smb devstack@c-api.service[113536]: warnings.warn('Policy enforcement is depending on the value of '
Aug 17 14:20:52.077377 dv-cinder-820027-18-smb devstack@c-api.service[113537]: INFO cinder.api.openstack.wsgi [None req-cf13bfe2-4a67-4f48-bcd8-ad711d6d13a3 tempest-VolumesServicesTestJSON-1525140682 tempest-VolumesServicesTestJSON-1525140682-project-admin] http://10.222.0.23/volume/v3/30aecbd9eed04ad49d020572902d494f/os-services?host=dv-cinder-820027-18-smb returned with HTTP 200
Aug 17 14:20:52.099482 dv-cinder-820027-18-smb devstack@c-api.service[113537]: [pid: 113537|app: 0|req: 82/161] 10.222.0.23 () {58 vars in 1283 bytes} [Wed Aug 17 14:20:52 2022] GET /volume/v3/30aecbd9eed04ad49d020572902d494f/os-services?host=dv-cinder-820027-18-smb => generated 202 bytes in 64 msecs (HTTP/1.1 200) 7 headers in 285 bytes (2 switches on core 0)
Aug 17 14:20:52.102551 dv-cinder-820027-18-smb devstack@c-api.service[113536]: INFO cinder.api.openstack.wsgi [None req-cc5e789c-b74b-4ad2-a19f-14f748762c56 tempest-GroupSnapshotsTest-910662114 tempest-GroupSnapshotsTest-910662114-project] http://10.222.0.23/volume/v3/8f8124b13faa418583b1bf26bcf3956b/volumes/085a4935-c082-4529-a0fb-aa4c675ec17f returned with HTTP 200
Aug 17 14:20:52.103628 dv-cinder-820027-18-smb devstack@c-api.service[113536]: [pid: 113536|app: 0|req: 80/162] 10.222.0.23 () {60 vars in 1366 bytes} [Wed Aug 17 14:20:51 2022] GET /volume/v3/8f8124b13faa418583b1bf26bcf3956b/volumes/085a4935-c082-4529-a0fb-aa4c675ec17f => generated 998 bytes in 290 msecs (HTTP/1.1 200) 7 headers in 286 bytes (1 switches on core 0)
Aug 17 14:20:52.103898 dv-cinder-820027-18-smb devstack@c-api.service[113537]: DEBUG cinder.api.middleware.request_id [None req-1b40ba54-f6bc-45b3-9cf4-c343a21a80f1 None None] RequestId filter calling following filter/app {{(pid=113537) _context_setter /opt/stack/cinder/cinder/api/middleware/request_id.py:62}}
Aug 17 14:20:52.121309 dv-cinder-820027-18-smb devstack@c-api.service[113537]: INFO cinder.api.openstack.wsgi [None req-1b40ba54-f6bc-45b3-9cf4-c343a21a80f1 tempest-VolumesServicesTestJSON-1525140682 tempest-VolumesServicesTestJSON-1525140682-project-admin] GET http://10.222.0.23/volume/v3/30aecbd9eed04ad49d020572902d494f/os-services?host=dv-cinder-820027-18-smb&binary=cinder-scheduler
Aug 17 14:20:52.123132 dv-cinder-820027-18-smb devstack@c-api.service[113537]: DEBUG cinder.api.openstack.wsgi [None req-1b40ba54-f6bc-45b3-9cf4-c343a21a80f1 tempest-VolumesServicesTestJSON-1525140682 tempest-VolumesServicesTestJSON-1525140682-project-admin] Empty body provided in request {{(pid=113537) get_body /opt/stack/cinder/cinder/api/openstack/wsgi.py:715}}
Aug 17 14:20:52.126275 dv-cinder-820027-18-smb devstack@c-api.service[113537]: DEBUG cinder.api.openstack.wsgi [None req-1b40ba54-f6bc-45b3-9cf4-c343a21a80f1 tempest-VolumesServicesTestJSON-1525140682 tempest-VolumesServicesTestJSON-1525140682-project-admin] Calling method 'index' {{(pid=113537) _process_stack /opt/stack/cinder/cinder/api/openstack/wsgi.py:868}}
Aug 17 14:20:52.164854 dv-cinder-820027-18-smb devstack@c-api.service[113537]: INFO cinder.api.openstack.wsgi [None req-1b40ba54-f6bc-45b3-9cf4-c343a21a80f1 tempest-VolumesServicesTestJSON-1525140682 tempest-VolumesServicesTestJSON-1525140682-project-admin] http://10.222.0.23/volume/v3/30aecbd9eed04ad49d020572902d494f/os-services?host=dv-cinder-820027-18-smb&binary=cinder-scheduler returned with HTTP 200
Aug 17 14:20:52.166415 dv-cinder-820027-18-smb devstack@c-api.service[113537]: [pid: 113537|app: 0|req: 83/163] 10.222.0.23 () {58 vars in 1331 bytes} [Wed Aug 17 14:20:52 2022] GET /volume/v3/30aecbd9eed04ad49d020572902d494f/os-services?host=dv-cinder-820027-18-smb&binary=cinder-scheduler => generated 202 bytes in 66 msecs (HTTP/1.1 200) 7 headers in 285 bytes (1 switches on core 0)
Aug 17 14:20:52.179334 dv-cinder-820027-18-smb devstack@c-api.service[113536]: DEBUG cinder.api.middleware.request_id [None req-8cd4b268-9591-470a-bd72-4b1d798cae11 None None] RequestId filter calling following filter/app {{(pid=113536) _context_setter /opt/stack/cinder/cinder/api/middleware/request_id.py:62}}
Aug 17 14:20:52.187433 dv-cinder-820027-18-smb devstack@c-api.service[113536]: INFO cinder.api.openstack.wsgi [None req-8cd4b268-9591-470a-bd72-4b1d798cae11 tempest-VolumesServicesTestJSON-1525140682 tempest-VolumesServicesTestJSON-1525140682-project-admin] GET http://10.222.0.23/volume/v3/30aecbd9eed04ad49d020572902d494f/os-services?binary=cinder-scheduler
Aug 17 14:20:52.187889 dv-cinder-820027-18-smb devstack@c-api.service[113536]: DEBUG cinder.api.openstack.wsgi [None req-8cd4b268-9591-470a-bd72-4b1d798cae11 tempest-VolumesServicesTestJSON-1525140682 tempest-VolumesServicesTestJSON-1525140682-project-admin] Empty body provided in request {{(pid=113536) get_body /opt/stack/cinder/cinder/api/openstack/wsgi.py:715}}
Aug 17 14:20:52.202362 dv-cinder-820027-18-smb devstack@c-api.service[113536]: DEBUG cinder.api.openstack.wsgi [None req-8cd4b268-9591-470a-bd72-4b1d798cae11 tempest-VolumesServicesTestJSON-1525140682 tempest-VolumesServicesTestJSON-1525140682-project-admin] Calling method 'index' {{(pid=113536) _process_stack /opt/stack/cinder/cinder/api/openstack/wsgi.py:868}}
Aug 17 14:20:52.230240 dv-cinder-820027-18-smb devstack@c-api.service[113536]: INFO cinder.api.openstack.wsgi [None req-8cd4b268-9591-470a-bd72-4b1d798cae11 tempest-VolumesServicesTestJSON-1525140682 tempest-VolumesServicesTestJSON-1525140682-project-admin] http://10.222.0.23/volume/v3/30aecbd9eed04ad49d020572902d494f/os-services?binary=cinder-scheduler returned with HTTP 200
Aug 17 14:20:52.237793 dv-cinder-820027-18-smb devstack@c-api.service[113536]: [pid: 113536|app: 0|req: 81/164] 10.222.0.23 () {58 vars in 1273 bytes} [Wed Aug 17 14:20:52 2022] GET /volume/v3/30aecbd9eed04ad49d020572902d494f/os-services?binary=cinder-scheduler => generated 202 bytes in 62 msecs (HTTP/1.1 200) 7 headers in 285 bytes (1 switches on core 0)
Aug 17 14:20:52.248185 dv-cinder-820027-18-smb devstack@c-api.service[113537]: DEBUG cinder.api.middleware.request_id [None req-f73e679e-c1c8-4ef0-a153-c0d8286ead5c None None] RequestId filter calling following filter/app {{(pid=113537) _context_setter /opt/stack/cinder/cinder/api/middleware/request_id.py:62}}
Aug 17 14:20:52.840776 dv-cinder-820027-18-smb devstack@c-api.service[113537]: INFO cinder.api.openstack.wsgi [None req-f73e679e-c1c8-4ef0-a153-c0d8286ead5c tempest-VolumesServicesTestJSON-1645706479 tempest-VolumesServicesTestJSON-1645706479-project] POST http://10.222.0.23/volume/v3/cc999de951ff4b6581184b2a38fa133e/volumes
Aug 17 14:20:52.841667 dv-cinder-820027-18-smb devstack@c-api.service[113537]: DEBUG cinder.api.openstack.wsgi [None req-f73e679e-c1c8-4ef0-a153-c0d8286ead5c tempest-VolumesServicesTestJSON-1645706479 tempest-VolumesServicesTestJSON-1645706479-project] Action: 'create', calling method: create, body: {"volume": {"size": 1, "name": "tempest-VolumesServicesTestJSON-Volume-1650179931"}} {{(pid=113537) _process_stack /opt/stack/cinder/cinder/api/openstack/wsgi.py:866}}
Aug 17 14:20:52.850262 dv-cinder-820027-18-smb devstack@c-api.service[113537]: DEBUG cinder.api.v3.volumes [None req-f73e679e-c1c8-4ef0-a153-c0d8286ead5c tempest-VolumesServicesTestJSON-1645706479 tempest-VolumesServicesTestJSON-1645706479-project] Create volume request body: {'volume': {'size': 1, 'name': 'tempest-VolumesServicesTestJSON-Volume-1650179931'}} {{(pid=113537) create /opt/stack/cinder/cinder/api/v3/volumes.py:298}}
Aug 17 14:20:52.850262 dv-cinder-820027-18-smb devstack@c-api.service[113537]: INFO cinder.api.v3.volumes [None req-f73e679e-c1c8-4ef0-a153-c0d8286ead5c tempest-VolumesServicesTestJSON-1645706479 tempest-VolumesServicesTestJSON-1645706479-project] Create volume of 1 GB
Aug 17 14:20:52.878118 dv-cinder-820027-18-smb devstack@c-api.service[113537]: INFO cinder.volume.api [None req-f73e679e-c1c8-4ef0-a153-c0d8286ead5c tempest-VolumesServicesTestJSON-1645706479 tempest-VolumesServicesTestJSON-1645706479-project] Availability Zones retrieved successfully.
Aug 17 14:20:52.908943 dv-cinder-820027-18-smb devstack@c-api.service[113537]: DEBUG cinder.volume.api [None req-f73e679e-c1c8-4ef0-a153-c0d8286ead5c tempest-VolumesServicesTestJSON-1645706479 tempest-VolumesServicesTestJSON-1645706479-project] Flow 'volume_create_api' (d9f91308-8e1d-484d-b96e-99248e7b60f7) transitioned into state 'RUNNING' from state 'PENDING' {{(pid=113537) _flow_receiver /usr/local/lib/python3.8/dist-packages/taskflow/listeners/logging.py:141}}
Aug 17 14:20:52.918100 dv-cinder-820027-18-smb devstack@c-api.service[113537]: DEBUG cinder.volume.api [None req-f73e679e-c1c8-4ef0-a153-c0d8286ead5c tempest-VolumesServicesTestJSON-1645706479 tempest-VolumesServicesTestJSON-1645706479-project] Task 'cinder.volume.flows.api.create_volume.ExtractVolumeRequestTask;volume:create' (aa9a9865-6834-4ab9-8b0c-4bddafee56f6) transitioned into state 'RUNNING' from state 'PENDING' {{(pid=113537) _task_receiver /usr/local/lib/python3.8/dist-packages/taskflow/listeners/logging.py:190}}
Aug 17 14:20:52.922979 dv-cinder-820027-18-smb devstack@c-api.service[113537]: DEBUG cinder.volume.flows.api.create_volume [None req-f73e679e-c1c8-4ef0-a153-c0d8286ead5c tempest-VolumesServicesTestJSON-1645706479 tempest-VolumesServicesTestJSON-1645706479-project] Validating volume size '1' using validate_int {{(pid=113537) _extract_size /opt/stack/cinder/cinder/volume/flows/api/create_volume.py:228}}
Aug 17 14:20:53.085293 dv-cinder-820027-18-smb devstack@c-api.service[113537]: DEBUG cinder.volume.api [None req-f73e679e-c1c8-4ef0-a153-c0d8286ead5c tempest-VolumesServicesTestJSON-1645706479 tempest-VolumesServicesTestJSON-1645706479-project] Task 'cinder.volume.flows.api.create_volume.ExtractVolumeRequestTask;volume:create' (aa9a9865-6834-4ab9-8b0c-4bddafee56f6) transitioned into state 'SUCCESS' from state 'RUNNING' with result '{'size': 1, 'snapshot_id': None, 'source_volid': None, 'volume_type': VolumeType(created_at=2022-08-17T14:10:36Z,deleted=False,deleted_at=None,description='Default Volume Type',extra_specs={},id=11ed0c3d-cd33-4875-866f-92beb4b01008,is_public=True,name='__DEFAULT__',projects=[],qos_specs=,qos_specs_id=None,updated_at=2022-08-17T14:10:36Z), 'volume_type_id': '11ed0c3d-cd33-4875-866f-92beb4b01008', 'encryption_key_id': None, 'qos_specs': None, 'consistencygroup_id': None, 'cgsnapshot_id': None, 'group_id': None, 'replication_status': 'disabled', 'refresh_az': False, 'backup_id': None, 'multiattach': False, 'availability_zones': ['nova']}' {{(pid=113537) _task_receiver /usr/local/lib/python3.8/dist-packages/taskflow/listeners/logging.py:178}}
Aug 17 14:20:53.101878 dv-cinder-820027-18-smb devstack@c-api.service[113537]: DEBUG cinder.volume.api [None req-f73e679e-c1c8-4ef0-a153-c0d8286ead5c tempest-VolumesServicesTestJSON-1645706479 tempest-VolumesServicesTestJSON-1645706479-project] Task 'cinder.volume.flows.api.create_volume.QuotaReserveTask;volume:create' (ab206f9f-4b63-4888-b628-de1735f1a0ae) transitioned into state 'RUNNING' from state 'PENDING' {{(pid=113537) _task_receiver /usr/local/lib/python3.8/dist-packages/taskflow/listeners/logging.py:190}}
Aug 17 14:20:53.120289 dv-cinder-820027-18-smb devstack@c-api.service[113536]: DEBUG cinder.api.middleware.request_id [None req-7e7f0754-0b1f-4499-89d4-d663a32b64fe None None] RequestId filter calling following filter/app {{(pid=113536) _context_setter /opt/stack/cinder/cinder/api/middleware/request_id.py:62}}
Aug 17 14:20:53.125324 dv-cinder-820027-18-smb devstack@c-api.service[113536]: INFO cinder.api.openstack.wsgi [None req-7e7f0754-0b1f-4499-89d4-d663a32b64fe tempest-GroupSnapshotsTest-910662114 tempest-GroupSnapshotsTest-910662114-project] GET http://10.222.0.23/volume/v3/8f8124b13faa418583b1bf26bcf3956b/volumes/085a4935-c082-4529-a0fb-aa4c675ec17f
Aug 17 14:20:53.126637 dv-cinder-820027-18-smb devstack@c-api.service[113536]: DEBUG cinder.api.openstack.wsgi [None req-7e7f0754-0b1f-4499-89d4-d663a32b64fe tempest-GroupSnapshotsTest-910662114 tempest-GroupSnapshotsTest-910662114-project] Empty body provided in request {{(pid=113536) get_body /opt/stack/cinder/cinder/api/openstack/wsgi.py:715}}
Aug 17 14:20:53.127611 dv-cinder-820027-18-smb devstack@c-api.service[113536]: DEBUG cinder.api.openstack.wsgi [None req-7e7f0754-0b1f-4499-89d4-d663a32b64fe tempest-GroupSnapshotsTest-910662114 tempest-GroupSnapshotsTest-910662114-project] Calling method 'show' {{(pid=113536) _process_stack /opt/stack/cinder/cinder/api/openstack/wsgi.py:868}}
Aug 17 14:20:53.168553 dv-cinder-820027-18-smb devstack@c-api.service[113536]: INFO cinder.api.openstack.wsgi [None req-7e7f0754-0b1f-4499-89d4-d663a32b64fe tempest-GroupSnapshotsTest-910662114 tempest-GroupSnapshotsTest-910662114-project] http://10.222.0.23/volume/v3/8f8124b13faa418583b1bf26bcf3956b/volumes/085a4935-c082-4529-a0fb-aa4c675ec17f returned with HTTP 404
Aug 17 14:20:53.174867 dv-cinder-820027-18-smb devstack@c-api.service[113536]: [pid: 113536|app: 0|req: 82/165] 10.222.0.23 () {60 vars in 1366 bytes} [Wed Aug 17 14:20:53 2022] GET /volume/v3/8f8124b13faa418583b1bf26bcf3956b/volumes/085a4935-c082-4529-a0fb-aa4c675ec17f => generated 109 bytes in 55 msecs (HTTP/1.1 404) 7 headers in 293 bytes (1 switches on core 0)
Aug 17 14:20:53.176876 dv-cinder-820027-18-smb devstack@c-api.service[113536]: DEBUG cinder.api.middleware.request_id [None req-58d0048c-e5ff-469f-aa0c-d1260c3bddd3 None None] RequestId filter calling following filter/app {{(pid=113536) _context_setter /opt/stack/cinder/cinder/api/middleware/request_id.py:62}}
Aug 17 14:20:53.197392 dv-cinder-820027-18-smb devstack@c-api.service[113536]: INFO cinder.api.openstack.wsgi [None req-58d0048c-e5ff-469f-aa0c-d1260c3bddd3 tempest-GroupSnapshotsTest-910662114 tempest-GroupSnapshotsTest-910662114-project] GET http://10.222.0.23/volume/v3/8f8124b13faa418583b1bf26bcf3956b/volumes/837b9a4c-760f-4e3d-a059-04e95df24c85
Aug 17 14:20:53.197971 dv-cinder-820027-18-smb devstack@c-api.service[113536]: DEBUG cinder.api.openstack.wsgi [None req-58d0048c-e5ff-469f-aa0c-d1260c3bddd3 tempest-GroupSnapshotsTest-910662114 tempest-GroupSnapshotsTest-910662114-project] Empty body provided in request {{(pid=113536) get_body /opt/stack/cinder/cinder/api/openstack/wsgi.py:715}}
Aug 17 14:20:53.199002 dv-cinder-820027-18-smb devstack@c-api.service[113536]: DEBUG cinder.api.openstack.wsgi [None req-58d0048c-e5ff-469f-aa0c-d1260c3bddd3 tempest-GroupSnapshotsTest-910662114 tempest-GroupSnapshotsTest-910662114-project] Calling method 'show' {{(pid=113536) _process_stack /opt/stack/cinder/cinder/api/openstack/wsgi.py:868}}
Aug 17 14:20:53.220784 dv-cinder-820027-18-smb devstack@c-api.service[113537]: WARNING cinder.quota [None req-f73e679e-c1c8-4ef0-a153-c0d8286ead5c tempest-VolumesServicesTestJSON-1645706479 tempest-VolumesServicesTestJSON-1645706479-project] Deprecated: Default quota for resource: volumes___DEFAULT__ is set by the default quota flag: quota_volumes___DEFAULT__, it is now deprecated. Please use the default quota class for default quota.
Aug 17 14:20:53.224407 dv-cinder-820027-18-smb devstack@c-api.service[113537]: WARNING cinder.quota [None req-f73e679e-c1c8-4ef0-a153-c0d8286ead5c tempest-VolumesServicesTestJSON-1645706479 tempest-VolumesServicesTestJSON-1645706479-project] Deprecated: Default quota for resource: gigabytes___DEFAULT__ is set by the default quota flag: quota_gigabytes___DEFAULT__, it is now deprecated. Please use the default quota class for default quota.
Aug 17 14:20:53.246350 dv-cinder-820027-18-smb devstack@c-api.service[113536]: INFO cinder.api.openstack.wsgi [None req-58d0048c-e5ff-469f-aa0c-d1260c3bddd3 tempest-GroupSnapshotsTest-910662114 tempest-GroupSnapshotsTest-910662114-project] http://10.222.0.23/volume/v3/8f8124b13faa418583b1bf26bcf3956b/volumes/837b9a4c-760f-4e3d-a059-04e95df24c85 returned with HTTP 404
Aug 17 14:20:53.249096 dv-cinder-820027-18-smb devstack@c-api.service[113536]: [pid: 113536|app: 0|req: 83/166] 10.222.0.23 () {60 vars in 1366 bytes} [Wed Aug 17 14:20:53 2022] GET /volume/v3/8f8124b13faa418583b1bf26bcf3956b/volumes/837b9a4c-760f-4e3d-a059-04e95df24c85 => generated 109 bytes in 72 msecs (HTTP/1.1 404) 7 headers in 293 bytes (1 switches on core 0)
Aug 17 14:20:53.254272 dv-cinder-820027-18-smb devstack@c-api.service[113536]: DEBUG cinder.api.middleware.request_id [None req-6d1d1a13-0a21-4159-9f09-7175b9a7cd22 None None] RequestId filter calling following filter/app {{(pid=113536) _context_setter /opt/stack/cinder/cinder/api/middleware/request_id.py:62}}
Aug 17 14:20:53.275740 dv-cinder-820027-18-smb devstack@c-api.service[113536]: INFO cinder.api.openstack.wsgi [None req-6d1d1a13-0a21-4159-9f09-7175b9a7cd22 tempest-GroupSnapshotsTest-910662114 tempest-GroupSnapshotsTest-910662114-project] GET http://10.222.0.23/volume/v3/8f8124b13faa418583b1bf26bcf3956b/groups/430bb851-9f38-4b7d-8293-8aecc6f5d0e9
Aug 17 14:20:53.276560 dv-cinder-820027-18-smb devstack@c-api.service[113536]: DEBUG cinder.api.openstack.wsgi [None req-6d1d1a13-0a21-4159-9f09-7175b9a7cd22 tempest-GroupSnapshotsTest-910662114 tempest-GroupSnapshotsTest-910662114-project] Empty body provided in request {{(pid=113536) get_body /opt/stack/cinder/cinder/api/openstack/wsgi.py:715}}
Aug 17 14:20:53.277813 dv-cinder-820027-18-smb devstack@c-api.service[113536]: DEBUG cinder.api.openstack.wsgi [None req-6d1d1a13-0a21-4159-9f09-7175b9a7cd22 tempest-GroupSnapshotsTest-910662114 tempest-GroupSnapshotsTest-910662114-project] Calling method 'version_select' {{(pid=113536) _process_stack /opt/stack/cinder/cinder/api/openstack/wsgi.py:868}}
Aug 17 14:20:53.278170 dv-cinder-820027-18-smb devstack@c-api.service[113536]: DEBUG cinder.api.v3.groups [None req-6d1d1a13-0a21-4159-9f09-7175b9a7cd22 tempest-GroupSnapshotsTest-910662114 tempest-GroupSnapshotsTest-910662114-project] show called for member 430bb851-9f38-4b7d-8293-8aecc6f5d0e9 {{(pid=113536) show /opt/stack/cinder/cinder/api/v3/groups.py:58}}
Aug 17 14:20:53.290756 dv-cinder-820027-18-smb devstack@c-api.service[113536]: INFO cinder.api.openstack.wsgi [None req-6d1d1a13-0a21-4159-9f09-7175b9a7cd22 tempest-GroupSnapshotsTest-910662114 tempest-GroupSnapshotsTest-910662114-project] http://10.222.0.23/volume/v3/8f8124b13faa418583b1bf26bcf3956b/groups/430bb851-9f38-4b7d-8293-8aecc6f5d0e9 returned with HTTP 404
Aug 17 14:20:53.300011 dv-cinder-820027-18-smb devstack@c-api.service[113536]: [pid: 113536|app: 0|req: 84/167] 10.222.0.23 () {60 vars in 1363 bytes} [Wed Aug 17 14:20:53 2022] GET /volume/v3/8f8124b13faa418583b1bf26bcf3956b/groups/430bb851-9f38-4b7d-8293-8aecc6f5d0e9 => generated 108 bytes in 47 msecs (HTTP/1.1 404) 7 headers in 293 bytes (1 switches on core 0)
Aug 17 14:20:53.303621 dv-cinder-820027-18-smb devstack@c-api.service[113536]: DEBUG cinder.api.middleware.request_id [None req-a2ca4f6b-c6d3-4928-8b67-00be12a9bd37 None None] RequestId filter calling following filter/app {{(pid=113536) _context_setter /opt/stack/cinder/cinder/api/middleware/request_id.py:62}}
Aug 17 14:20:53.314500 dv-cinder-820027-18-smb devstack@c-api.service[113536]: INFO cinder.api.openstack.wsgi [None req-a2ca4f6b-c6d3-4928-8b67-00be12a9bd37 tempest-GroupSnapshotsTest-575542901 tempest-GroupSnapshotsTest-575542901-project-admin] DELETE http://10.222.0.23/volume/v3/71b19058d101411bad60be948c0ce09d/group_types/d7802a91-c7e1-45f5-92a7-cf053d61a020
Aug 17 14:20:53.317504 dv-cinder-820027-18-smb devstack@c-api.service[113537]: DEBUG dbcounter [-] [113537] Writing DB stats cinder:SELECT=75,cinder:INSERT=10,cinder:UPDATE=15 {{(pid=113537) stat_writer /usr/local/lib/python3.8/dist-packages/dbcounter.py:114}}
Aug 17 14:20:53.318490 dv-cinder-820027-18-smb devstack@c-api.service[113536]: DEBUG cinder.api.openstack.wsgi [None req-a2ca4f6b-c6d3-4928-8b67-00be12a9bd37 tempest-GroupSnapshotsTest-575542901 tempest-GroupSnapshotsTest-575542901-project-admin] Empty body provided in request {{(pid=113536) get_body /opt/stack/cinder/cinder/api/openstack/wsgi.py:715}}
Aug 17 14:20:53.320243 dv-cinder-820027-18-smb devstack@c-api.service[113536]: DEBUG cinder.api.openstack.wsgi [None req-a2ca4f6b-c6d3-4928-8b67-00be12a9bd37 tempest-GroupSnapshotsTest-575542901 tempest-GroupSnapshotsTest-575542901-project-admin] Calling method 'version_select' {{(pid=113536) _process_stack /opt/stack/cinder/cinder/api/openstack/wsgi.py:868}}
Aug 17 14:20:53.382626 dv-cinder-820027-18-smb devstack@c-api.service[113537]: DEBUG cinder.quota [None req-f73e679e-c1c8-4ef0-a153-c0d8286ead5c tempest-VolumesServicesTestJSON-1645706479 tempest-VolumesServicesTestJSON-1645706479-project] Created reservations ['7988b4e3-efe1-4631-b061-2fe29f6a39c3', '6dcc30b7-a013-4794-99b1-40ce6326ef59', '378f50a5-b4e4-4b10-8b0d-33ef6e4d84a5', '8bbed5a1-8263-452a-8513-8486d81df159'] {{(pid=113537) reserve /opt/stack/cinder/cinder/quota.py:755}}
Aug 17 14:20:53.387189 dv-cinder-820027-18-smb devstack@c-api.service[113537]: DEBUG cinder.volume.api [None req-f73e679e-c1c8-4ef0-a153-c0d8286ead5c tempest-VolumesServicesTestJSON-1645706479 tempest-VolumesServicesTestJSON-1645706479-project] Task 'cinder.volume.flows.api.create_volume.QuotaReserveTask;volume:create' (ab206f9f-4b63-4888-b628-de1735f1a0ae) transitioned into state 'SUCCESS' from state 'RUNNING' with result '{'reservations': ['7988b4e3-efe1-4631-b061-2fe29f6a39c3', '6dcc30b7-a013-4794-99b1-40ce6326ef59', '378f50a5-b4e4-4b10-8b0d-33ef6e4d84a5', '8bbed5a1-8263-452a-8513-8486d81df159']}' {{(pid=113537) _task_receiver /usr/local/lib/python3.8/dist-packages/taskflow/listeners/logging.py:178}}
Aug 17 14:20:53.394458 dv-cinder-820027-18-smb devstack@c-api.service[113537]: DEBUG cinder.volume.api [None req-f73e679e-c1c8-4ef0-a153-c0d8286ead5c tempest-VolumesServicesTestJSON-1645706479 tempest-VolumesServicesTestJSON-1645706479-project] Task 'cinder.volume.flows.api.create_volume.EntryCreateTask;volume:create' (fe9f5911-8b8e-436b-b095-c31dc44576dd) transitioned into state 'RUNNING' from state 'PENDING' {{(pid=113537) _task_receiver /usr/local/lib/python3.8/dist-packages/taskflow/listeners/logging.py:190}}
Aug 17 14:20:53.431492 dv-cinder-820027-18-smb devstack@c-api.service[113536]: INFO cinder.api.openstack.wsgi [None req-a2ca4f6b-c6d3-4928-8b67-00be12a9bd37 tempest-GroupSnapshotsTest-575542901 tempest-GroupSnapshotsTest-575542901-project-admin] http://10.222.0.23/volume/v3/71b19058d101411bad60be948c0ce09d/group_types/d7802a91-c7e1-45f5-92a7-cf053d61a020 returned with HTTP 202
Aug 17 14:20:53.433233 dv-cinder-820027-18-smb devstack@c-api.service[113536]: [pid: 113536|app: 0|req: 85/168] 10.222.0.23 () {60 vars in 1381 bytes} [Wed Aug 17 14:20:53 2022] DELETE /volume/v3/71b19058d101411bad60be948c0ce09d/group_types/d7802a91-c7e1-45f5-92a7-cf053d61a020 => generated 0 bytes in 132 msecs (HTTP/1.1 202) 6 headers in 234 bytes (1 switches on core 0)
Aug 17 14:20:53.443882 dv-cinder-820027-18-smb devstack@c-api.service[113536]: DEBUG cinder.api.middleware.request_id [None req-de2c6e46-7947-44d9-9313-646c7914de08 None None] RequestId filter calling following filter/app {{(pid=113536) _context_setter /opt/stack/cinder/cinder/api/middleware/request_id.py:62}}
Aug 17 14:20:53.453974 dv-cinder-820027-18-smb devstack@c-api.service[113536]: INFO cinder.api.openstack.wsgi [None req-de2c6e46-7947-44d9-9313-646c7914de08 tempest-GroupSnapshotsTest-575542901 tempest-GroupSnapshotsTest-575542901-project-admin] POST http://10.222.0.23/volume/v3/71b19058d101411bad60be948c0ce09d/types
Aug 17 14:20:53.454778 dv-cinder-820027-18-smb devstack@c-api.service[113536]: DEBUG cinder.api.openstack.wsgi [None req-de2c6e46-7947-44d9-9313-646c7914de08 tempest-GroupSnapshotsTest-575542901 tempest-GroupSnapshotsTest-575542901-project-admin] Action: 'create', calling method: _create, body: {"volume_type": {"name": "tempest-GroupSnapshotsTest-volume-type-1421110366"}} {{(pid=113536) _process_stack /opt/stack/cinder/cinder/api/openstack/wsgi.py:866}}
Aug 17 14:20:53.498937 dv-cinder-820027-18-smb devstack@c-api.service[113537]: DEBUG cinder.volume.api [None req-f73e679e-c1c8-4ef0-a153-c0d8286ead5c tempest-VolumesServicesTestJSON-1645706479 tempest-VolumesServicesTestJSON-1645706479-project] Task 'cinder.volume.flows.api.create_volume.EntryCreateTask;volume:create' (fe9f5911-8b8e-436b-b095-c31dc44576dd) transitioned into state 'SUCCESS' from state 'RUNNING' with result '{'volume_id': '785f7a61-9e95-481c-b4e5-4108c0f9165b', 'volume_properties': VolumeProperties(attach_status='detached',availability_zone='nova',cgsnapshot_id=None,consistencygroup_id=None,display_description=None,display_name='tempest-VolumesServicesTestJSON-Volume-1650179931',encryption_key_id=None,group_id=None,group_type_id=,metadata={},multiattach=False,project_id='cc999de951ff4b6581184b2a38fa133e',qos_specs=None,replication_status=,reservations=['7988b4e3-efe1-4631-b061-2fe29f6a39c3','6dcc30b7-a013-4794-99b1-40ce6326ef59','378f50a5-b4e4-4b10-8b0d-33ef6e4d84a5','8bbed5a1-8263-452a-8513-8486d81df159'],size=1,snapshot_id=None,source_replicaid=,source_volid=None,status='creating',user_id='998bd13e6d4846179c9a65bf53bdf9ad',volume_type_id=11ed0c3d-cd33-4875-866f-92beb4b01008), 'volume': Volume(_name_id=None,admin_metadata=,attach_status='detached',availability_zone='nova',bootable=False,cluster=,cluster_name=None,consistencygroup=,consistencygroup_id=None,created_at=2022-08-17T14:20:53Z,deleted=False,deleted_at=None,display_description=None,display_name='tempest-VolumesServicesTestJSON-Volume-1650179931',ec2_id=None,encryption_key_id=None,glance_metadata=,group=,group_id=None,host=None,id=785f7a61-9e95-481c-b4e5-4108c0f9165b,launched_at=None,metadata={},migration_status=None,multiattach=False,previous_status=None,project_id='cc999de951ff4b6581184b2a38fa133e',provider_auth=None,provider_geometry=None,provider_id=None,provider_location=None,replication_driver_data=None,replication_extended_status=None,replication_status=None,scheduled_at=None,service_uuid=None,shared_targets=True,size=1,snapshot_id=None,snapshots=,source_volid=None,status='creating',terminated_at=None,updated_at=None,use_quota=True,user_id='998bd13e6d4846179c9a65bf53bdf9ad',volume_attachment=VolumeAttachmentList,volume_type=VolumeType(11ed0c3d-cd33-4875-866f-92beb4b01008),volume_type_id=11ed0c3d-cd33-4875-866f-92beb4b01008)}' {{(pid=113537) _task_receiver /usr/local/lib/python3.8/dist-packages/taskflow/listeners/logging.py:178}}
Aug 17 14:20:53.507408 dv-cinder-820027-18-smb devstack@c-api.service[113537]: DEBUG cinder.volume.api [None req-f73e679e-c1c8-4ef0-a153-c0d8286ead5c tempest-VolumesServicesTestJSON-1645706479 tempest-VolumesServicesTestJSON-1645706479-project] Task 'cinder.volume.flows.api.create_volume.QuotaCommitTask;volume:create' (4a9ca513-ac9d-4fb5-b950-c7abd4e9ab80) transitioned into state 'RUNNING' from state 'PENDING' {{(pid=113537) _task_receiver /usr/local/lib/python3.8/dist-packages/taskflow/listeners/logging.py:190}}
Aug 17 14:20:53.523708 dv-cinder-820027-18-smb devstack@c-api.service[113536]: INFO cinder.api.openstack.wsgi [None req-de2c6e46-7947-44d9-9313-646c7914de08 tempest-GroupSnapshotsTest-575542901 tempest-GroupSnapshotsTest-575542901-project-admin] http://10.222.0.23/volume/v3/71b19058d101411bad60be948c0ce09d/types returned with HTTP 200
Aug 17 14:20:53.527737 dv-cinder-820027-18-smb devstack@c-api.service[113536]: [pid: 113536|app: 0|req: 86/169] 10.222.0.23 () {60 vars in 1229 bytes} [Wed Aug 17 14:20:53 2022] POST /volume/v3/71b19058d101411bad60be948c0ce09d/types => generated 224 bytes in 86 msecs (HTTP/1.1 200) 7 headers in 285 bytes (1 switches on core 0)
Aug 17 14:20:53.532156 dv-cinder-820027-18-smb devstack@c-api.service[113536]: DEBUG cinder.api.middleware.request_id [None req-5d19b325-a873-448d-a733-4ac571a0ed18 None None] RequestId filter calling following filter/app {{(pid=113536) _context_setter /opt/stack/cinder/cinder/api/middleware/request_id.py:62}}
Aug 17 14:20:53.538704 dv-cinder-820027-18-smb devstack@c-api.service[113536]: INFO cinder.api.openstack.wsgi [None req-5d19b325-a873-448d-a733-4ac571a0ed18 tempest-GroupSnapshotsTest-575542901 tempest-GroupSnapshotsTest-575542901-project-admin] POST http://10.222.0.23/volume/v3/71b19058d101411bad60be948c0ce09d/group_types
Aug 17 14:20:53.539725 dv-cinder-820027-18-smb devstack@c-api.service[113536]: DEBUG cinder.api.openstack.wsgi [None req-5d19b325-a873-448d-a733-4ac571a0ed18 tempest-GroupSnapshotsTest-575542901 tempest-GroupSnapshotsTest-575542901-project-admin] Action: 'create', calling method: version_select, body: {"group_type": {"name": "tempest-GroupSnapshotsTest-group-type-1474048258"}} {{(pid=113536) _process_stack /opt/stack/cinder/cinder/api/openstack/wsgi.py:866}}
Aug 17 14:20:53.590995 dv-cinder-820027-18-smb devstack@c-api.service[113536]: INFO cinder.api.openstack.wsgi [None req-5d19b325-a873-448d-a733-4ac571a0ed18 tempest-GroupSnapshotsTest-575542901 tempest-GroupSnapshotsTest-575542901-project-admin] http://10.222.0.23/volume/v3/71b19058d101411bad60be948c0ce09d/group_types returned with HTTP 202
Aug 17 14:20:53.593943 dv-cinder-820027-18-smb devstack@c-api.service[113536]: [pid: 113536|app: 0|req: 87/170] 10.222.0.23 () {62 vars in 1288 bytes} [Wed Aug 17 14:20:53 2022] POST /volume/v3/71b19058d101411bad60be948c0ce09d/group_types => generated 181 bytes in 63 msecs (HTTP/1.1 202) 7 headers in 292 bytes (1 switches on core 0)
Aug 17 14:20:53.600633 dv-cinder-820027-18-smb devstack@c-api.service[113536]: DEBUG cinder.api.middleware.request_id [None req-bd3ce362-608d-4fc6-b88c-2a2c40bdc3c0 None None] RequestId filter calling following filter/app {{(pid=113536) _context_setter /opt/stack/cinder/cinder/api/middleware/request_id.py:62}}
Aug 17 14:20:53.614182 dv-cinder-820027-18-smb devstack@c-api.service[113536]: INFO cinder.api.openstack.wsgi [None req-bd3ce362-608d-4fc6-b88c-2a2c40bdc3c0 tempest-GroupSnapshotsTest-910662114 tempest-GroupSnapshotsTest-910662114-project] POST http://10.222.0.23/volume/v3/8f8124b13faa418583b1bf26bcf3956b/groups
Aug 17 14:20:53.623676 dv-cinder-820027-18-smb devstack@c-api.service[113536]: DEBUG cinder.api.openstack.wsgi [None req-bd3ce362-608d-4fc6-b88c-2a2c40bdc3c0 tempest-GroupSnapshotsTest-910662114 tempest-GroupSnapshotsTest-910662114-project] Action: 'create', calling method: version_select, body: {"group": {"group_type": "05d86a00-aa1c-479a-a174-a2f203f600cc", "volume_types": ["7bf79e97-4318-4eb0-ac5b-6e00eeed9c36"], "name": "tempest-GroupSnapshotsTest-Group-1857970184"}} {{(pid=113536) _process_stack /opt/stack/cinder/cinder/api/openstack/wsgi.py:866}}
Aug 17 14:20:53.641979 dv-cinder-820027-18-smb devstack@c-api.service[113537]: DEBUG cinder.volume.api [None req-f73e679e-c1c8-4ef0-a153-c0d8286ead5c tempest-VolumesServicesTestJSON-1645706479 tempest-VolumesServicesTestJSON-1645706479-project] Task 'cinder.volume.flows.api.create_volume.QuotaCommitTask;volume:create' (4a9ca513-ac9d-4fb5-b950-c7abd4e9ab80) transitioned into state 'SUCCESS' from state 'RUNNING' with result '{'volume_properties': VolumeProperties(attach_status='detached',availability_zone='nova',cgsnapshot_id=None,consistencygroup_id=None,display_description=None,display_name='tempest-VolumesServicesTestJSON-Volume-1650179931',encryption_key_id=None,group_id=None,group_type_id=,metadata={},multiattach=False,project_id='cc999de951ff4b6581184b2a38fa133e',qos_specs=None,replication_status=,reservations=['7988b4e3-efe1-4631-b061-2fe29f6a39c3','6dcc30b7-a013-4794-99b1-40ce6326ef59','378f50a5-b4e4-4b10-8b0d-33ef6e4d84a5','8bbed5a1-8263-452a-8513-8486d81df159'],size=1,snapshot_id=None,source_replicaid=,source_volid=None,status='creating',user_id='998bd13e6d4846179c9a65bf53bdf9ad',volume_type_id=11ed0c3d-cd33-4875-866f-92beb4b01008)}' {{(pid=113537) _task_receiver /usr/local/lib/python3.8/dist-packages/taskflow/listeners/logging.py:178}}
Aug 17 14:20:53.643514 dv-cinder-820027-18-smb devstack@c-api.service[113536]: DEBUG cinder.api.v3.groups [None req-bd3ce362-608d-4fc6-b88c-2a2c40bdc3c0 tempest-GroupSnapshotsTest-910662114 tempest-GroupSnapshotsTest-910662114-project] Creating new group {'group': {'group_type': '05d86a00-aa1c-479a-a174-a2f203f600cc', 'volume_types': ['7bf79e97-4318-4eb0-ac5b-6e00eeed9c36'], 'name': 'tempest-GroupSnapshotsTest-Group-1857970184'}} {{(pid=113536) create /opt/stack/cinder/cinder/api/v3/groups.py:190}}
Aug 17 14:20:53.655038 dv-cinder-820027-18-smb devstack@c-api.service[113537]: DEBUG cinder.volume.api [None req-f73e679e-c1c8-4ef0-a153-c0d8286ead5c tempest-VolumesServicesTestJSON-1645706479 tempest-VolumesServicesTestJSON-1645706479-project] Task 'cinder.volume.flows.api.create_volume.VolumeCastTask;volume:create' (083c94b8-e3cb-43ba-aeba-acae892e693d) transitioned into state 'RUNNING' from state 'PENDING' {{(pid=113537) _task_receiver /usr/local/lib/python3.8/dist-packages/taskflow/listeners/logging.py:190}}
Aug 17 14:20:53.662499 dv-cinder-820027-18-smb devstack@c-api.service[113536]: INFO cinder.api.v3.groups [None req-bd3ce362-608d-4fc6-b88c-2a2c40bdc3c0 tempest-GroupSnapshotsTest-910662114 tempest-GroupSnapshotsTest-910662114-project] Creating group tempest-GroupSnapshotsTest-Group-1857970184.
Aug 17 14:20:53.673810 dv-cinder-820027-18-smb devstack@c-api.service[113536]: DEBUG dbcounter [-] [113536] Writing DB stats cinder:SELECT=93,cinder:UPDATE=5,cinder:INSERT=2 {{(pid=113536) stat_writer /usr/local/lib/python3.8/dist-packages/dbcounter.py:114}}
Aug 17 14:20:53.711822 dv-cinder-820027-18-smb devstack@c-api.service[113536]: INFO cinder.volume.api [None req-bd3ce362-608d-4fc6-b88c-2a2c40bdc3c0 tempest-GroupSnapshotsTest-910662114 tempest-GroupSnapshotsTest-910662114-project] Availability Zones retrieved successfully.
Aug 17 14:20:53.753317 dv-cinder-820027-18-smb devstack@c-api.service[113537]: DEBUG cinder.volume.api [None req-f73e679e-c1c8-4ef0-a153-c0d8286ead5c tempest-VolumesServicesTestJSON-1645706479 tempest-VolumesServicesTestJSON-1645706479-project] Task 'cinder.volume.flows.api.create_volume.VolumeCastTask;volume:create' (083c94b8-e3cb-43ba-aeba-acae892e693d) transitioned into state 'SUCCESS' from state 'RUNNING' with result 'None' {{(pid=113537) _task_receiver /usr/local/lib/python3.8/dist-packages/taskflow/listeners/logging.py:178}}
Aug 17 14:20:53.755483 dv-cinder-820027-18-smb devstack@c-api.service[113536]: DEBUG cinder.quota [None req-bd3ce362-608d-4fc6-b88c-2a2c40bdc3c0 tempest-GroupSnapshotsTest-910662114 tempest-GroupSnapshotsTest-910662114-project] Created reservations ['24778a9d-b6b6-4f46-a513-d0ed25d42d78'] {{(pid=113536) reserve /opt/stack/cinder/cinder/quota.py:755}}
Aug 17 14:20:53.773938 dv-cinder-820027-18-smb devstack@c-api.service[113537]: DEBUG cinder.volume.api [None req-f73e679e-c1c8-4ef0-a153-c0d8286ead5c tempest-VolumesServicesTestJSON-1645706479 tempest-VolumesServicesTestJSON-1645706479-project] Flow 'volume_create_api' (d9f91308-8e1d-484d-b96e-99248e7b60f7) transitioned into state 'SUCCESS' from state 'RUNNING' {{(pid=113537) _flow_receiver /usr/local/lib/python3.8/dist-packages/taskflow/listeners/logging.py:141}}
Aug 17 14:20:53.777791 dv-cinder-820027-18-smb devstack@c-api.service[113537]: INFO cinder.volume.api [None req-f73e679e-c1c8-4ef0-a153-c0d8286ead5c tempest-VolumesServicesTestJSON-1645706479 tempest-VolumesServicesTestJSON-1645706479-project] Create volume request issued successfully.
Aug 17 14:20:53.785676 dv-cinder-820027-18-smb devstack@c-api.service[113537]: INFO cinder.api.openstack.wsgi [None req-f73e679e-c1c8-4ef0-a153-c0d8286ead5c tempest-VolumesServicesTestJSON-1645706479 tempest-VolumesServicesTestJSON-1645706479-project] http://10.222.0.23/volume/v3/cc999de951ff4b6581184b2a38fa133e/volumes returned with HTTP 202
Aug 17 14:20:53.792843 dv-cinder-820027-18-smb devstack@c-api.service[113537]: [pid: 113537|app: 0|req: 84/171] 10.222.0.23 () {60 vars in 1235 bytes} [Wed Aug 17 14:20:52 2022] POST /volume/v3/cc999de951ff4b6581184b2a38fa133e/volumes => generated 823 bytes in 1546 msecs (HTTP/1.1 202) 7 headers in 291 bytes (1 switches on core 0)
Aug 17 14:20:53.807588 dv-cinder-820027-18-smb devstack@c-api.service[113537]: DEBUG cinder.api.middleware.request_id [None req-fed6f19b-4b82-4482-b0a9-e1c178974b9d None None] RequestId filter calling following filter/app {{(pid=113537) _context_setter /opt/stack/cinder/cinder/api/middleware/request_id.py:62}}
Aug 17 14:20:53.811842 dv-cinder-820027-18-smb devstack@c-api.service[113537]: INFO cinder.api.openstack.wsgi [None req-fed6f19b-4b82-4482-b0a9-e1c178974b9d tempest-VolumesServicesTestJSON-1645706479 tempest-VolumesServicesTestJSON-1645706479-project] GET http://10.222.0.23/volume/v3/cc999de951ff4b6581184b2a38fa133e/volumes/785f7a61-9e95-481c-b4e5-4108c0f9165b
Aug 17 14:20:53.812710 dv-cinder-820027-18-smb devstack@c-api.service[113537]: DEBUG cinder.api.openstack.wsgi [None req-fed6f19b-4b82-4482-b0a9-e1c178974b9d tempest-VolumesServicesTestJSON-1645706479 tempest-VolumesServicesTestJSON-1645706479-project] Empty body provided in request {{(pid=113537) get_body /opt/stack/cinder/cinder/api/openstack/wsgi.py:715}}
Aug 17 14:20:53.814996 dv-cinder-820027-18-smb devstack@c-api.service[113537]: DEBUG cinder.api.openstack.wsgi [None req-fed6f19b-4b82-4482-b0a9-e1c178974b9d tempest-VolumesServicesTestJSON-1645706479 tempest-VolumesServicesTestJSON-1645706479-project] Calling method 'show' {{(pid=113537) _process_stack /opt/stack/cinder/cinder/api/openstack/wsgi.py:868}}
Aug 17 14:20:53.847237 dv-cinder-820027-18-smb devstack@c-api.service[113536]: INFO cinder.api.openstack.wsgi [None req-bd3ce362-608d-4fc6-b88c-2a2c40bdc3c0 tempest-GroupSnapshotsTest-910662114 tempest-GroupSnapshotsTest-910662114-project] http://10.222.0.23/volume/v3/8f8124b13faa418583b1bf26bcf3956b/groups returned with HTTP 202
Aug 17 14:20:53.850379 dv-cinder-820027-18-smb devstack@c-api.service[113536]: [pid: 113536|app: 0|req: 88/172] 10.222.0.23 () {62 vars in 1274 bytes} [Wed Aug 17 14:20:53 2022] POST /volume/v3/8f8124b13faa418583b1bf26bcf3956b/groups => generated 112 bytes in 250 msecs (HTTP/1.1 202) 7 headers in 292 bytes (1 switches on core 0)
Aug 17 14:20:53.857904 dv-cinder-820027-18-smb devstack@c-api.service[113536]: DEBUG cinder.api.middleware.request_id [None req-b20d73f9-53da-42f4-b0b4-cacc64047a51 None None] RequestId filter calling following filter/app {{(pid=113536) _context_setter /opt/stack/cinder/cinder/api/middleware/request_id.py:62}}
Aug 17 14:20:53.863050 dv-cinder-820027-18-smb devstack@c-api.service[113537]: /usr/local/lib/python3.8/dist-packages/oslo_context/context.py:100: DeprecationWarning: Policy enforcement is depending on the value of is_admin. This key is deprecated. Please update your policy file to use the standard policy values.
Aug 17 14:20:53.863050 dv-cinder-820027-18-smb devstack@c-api.service[113537]: warnings.warn('Policy enforcement is depending on the value of '
Aug 17 14:20:53.877207 dv-cinder-820027-18-smb devstack@c-api.service[113536]: INFO cinder.api.openstack.wsgi [None req-b20d73f9-53da-42f4-b0b4-cacc64047a51 tempest-GroupSnapshotsTest-910662114 tempest-GroupSnapshotsTest-910662114-project] GET http://10.222.0.23/volume/v3/8f8124b13faa418583b1bf26bcf3956b/groups/57cf8125-f6db-43ad-afa5-1c977ed6fc21
Aug 17 14:20:53.877803 dv-cinder-820027-18-smb devstack@c-api.service[113536]: DEBUG cinder.api.openstack.wsgi [None req-b20d73f9-53da-42f4-b0b4-cacc64047a51 tempest-GroupSnapshotsTest-910662114 tempest-GroupSnapshotsTest-910662114-project] Empty body provided in request {{(pid=113536) get_body /opt/stack/cinder/cinder/api/openstack/wsgi.py:715}}
