Jul 25 19:18:31.603783 dv-cinder-820027-16-smb devstack@placement-api.service[105424]: DEBUG placement.requestlog [req-866e2150-8161-4e21-aa75-b75c7672e9a2 req-c3c1c1c5-9361-43e1-a541-ce46ac456055 None None] Starting request: 10.222.0.66 "GET /placement/allocations/f66b5389-9031-4812-a411-03e0c78a5bcd" {{(pid=105424) __call__ /opt/stack/placement/placement/requestlog.py:55}}
Jul 25 19:18:31.623854 dv-cinder-820027-16-smb devstack@placement-api.service[105424]: INFO placement.requestlog [req-866e2150-8161-4e21-aa75-b75c7672e9a2 req-c3c1c1c5-9361-43e1-a541-ce46ac456055 service placement] 10.222.0.66 "GET /placement/allocations/f66b5389-9031-4812-a411-03e0c78a5bcd" status: 200 len: 19 microversion: 1.28
Jul 25 19:18:31.630111 dv-cinder-820027-16-smb devstack@placement-api.service[105424]: [pid: 105424|app: 0|req: 12/23] 10.222.0.66 () {60 vars in 1380 bytes} [Mon Jul 25 19:18:31 2022] GET /placement/allocations/f66b5389-9031-4812-a411-03e0c78a5bcd => generated 19 bytes in 25 msecs (HTTP/1.1 200) 8 headers in 295 bytes (1 switches on core 0)
Jul 25 19:18:31.636057 dv-cinder-820027-16-smb devstack@placement-api.service[105423]: DEBUG placement.requestlog [req-866e2150-8161-4e21-aa75-b75c7672e9a2 req-f5f49cf9-7b9b-4ff6-b8f3-ee884fbcfd97 None None] Starting request: 10.222.0.66 "PUT /placement/allocations/f66b5389-9031-4812-a411-03e0c78a5bcd" {{(pid=105423) __call__ /opt/stack/placement/placement/requestlog.py:55}}
Jul 25 19:18:32.193643 dv-cinder-820027-16-smb devstack@placement-api.service[105423]: DEBUG placement.handlers.allocation [req-866e2150-8161-4e21-aa75-b75c7672e9a2 req-f5f49cf9-7b9b-4ff6-b8f3-ee884fbcfd97 service placement] Successfully wrote allocations [, , ] {{(pid=105423) _update_consumers_and_create_allocations /opt/stack/placement/placement/handlers/allocation.py:462}}
Jul 25 19:18:32.271881 dv-cinder-820027-16-smb devstack@placement-api.service[105423]: INFO placement.requestlog [req-866e2150-8161-4e21-aa75-b75c7672e9a2 req-f5f49cf9-7b9b-4ff6-b8f3-ee884fbcfd97 service placement] 10.222.0.66 "PUT /placement/allocations/f66b5389-9031-4812-a411-03e0c78a5bcd" status: 204 len: 0 microversion: 1.36
Jul 25 19:18:32.282897 dv-cinder-820027-16-smb devstack@placement-api.service[105423]: [pid: 105423|app: 0|req: 12/24] 10.222.0.66 () {64 vars in 1433 bytes} [Mon Jul 25 19:18:31 2022] PUT /placement/allocations/f66b5389-9031-4812-a411-03e0c78a5bcd => generated 0 bytes in 641 msecs (HTTP/1.1 204) 5 headers in 199 bytes (1 switches on core 0)
Jul 25 19:18:34.154815 dv-cinder-820027-16-smb devstack@placement-api.service[105424]: DEBUG placement.requestlog [req-bb020fed-6660-491b-b870-c15390aedb7d req-926ac149-85a0-4ef2-b0bb-6f14196c01c5 None None] Starting request: 10.222.0.66 "GET /placement/allocation_candidates?limit=1000&resources=DISK_GB%3A1%2CMEMORY_MB%3A1024%2CVCPU%3A1&root_required=%21COMPUTE_STATUS_DISABLED" {{(pid=105424) __call__ /opt/stack/placement/placement/requestlog.py:55}}
Jul 25 19:18:34.292179 dv-cinder-820027-16-smb devstack@placement-api.service[105424]: DEBUG placement.objects.research_context [req-bb020fed-6660-491b-b870-c15390aedb7d req-926ac149-85a0-4ef2-b0bb-6f14196c01c5 service placement] getting providers with 1 DISK_GB {{(pid=105424) __init__ /opt/stack/placement/placement/objects/research_context.py:136}}
Jul 25 19:18:34.339725 dv-cinder-820027-16-smb devstack@placement-api.service[105424]: DEBUG placement.objects.research_context [req-bb020fed-6660-491b-b870-c15390aedb7d req-926ac149-85a0-4ef2-b0bb-6f14196c01c5 service placement] getting providers with 1024 MEMORY_MB {{(pid=105424) __init__ /opt/stack/placement/placement/objects/research_context.py:136}}
Jul 25 19:18:34.365434 dv-cinder-820027-16-smb devstack@placement-api.service[105424]: DEBUG placement.objects.research_context [req-bb020fed-6660-491b-b870-c15390aedb7d req-926ac149-85a0-4ef2-b0bb-6f14196c01c5 service placement] getting providers with 1 VCPU {{(pid=105424) __init__ /opt/stack/placement/placement/objects/research_context.py:136}}
Jul 25 19:18:34.374263 dv-cinder-820027-16-smb devstack@placement-api.service[105424]: DEBUG placement.objects.research_context [req-bb020fed-6660-491b-b870-c15390aedb7d req-926ac149-85a0-4ef2-b0bb-6f14196c01c5 service placement] found 1 providers with available 1 DISK_GB {{(pid=105424) get_provider_ids_matching /opt/stack/placement/placement/objects/research_context.py:563}}
Jul 25 19:18:34.376690 dv-cinder-820027-16-smb devstack@placement-api.service[105424]: DEBUG placement.objects.research_context [req-bb020fed-6660-491b-b870-c15390aedb7d req-926ac149-85a0-4ef2-b0bb-6f14196c01c5 service placement] found 1 providers with available 1024 MEMORY_MB {{(pid=105424) get_provider_ids_matching /opt/stack/placement/placement/objects/research_context.py:563}}
Jul 25 19:18:34.377356 dv-cinder-820027-16-smb devstack@placement-api.service[105424]: DEBUG placement.objects.research_context [req-bb020fed-6660-491b-b870-c15390aedb7d req-926ac149-85a0-4ef2-b0bb-6f14196c01c5 service placement] found 1 providers after filtering by previous result {{(pid=105424) get_provider_ids_matching /opt/stack/placement/placement/objects/research_context.py:594}}
Jul 25 19:18:34.377769 dv-cinder-820027-16-smb devstack@placement-api.service[105424]: DEBUG placement.objects.research_context [req-bb020fed-6660-491b-b870-c15390aedb7d req-926ac149-85a0-4ef2-b0bb-6f14196c01c5 service placement] found 1 providers with available 1 VCPU {{(pid=105424) get_provider_ids_matching /opt/stack/placement/placement/objects/research_context.py:563}}
Jul 25 19:18:34.380189 dv-cinder-820027-16-smb devstack@placement-api.service[105424]: DEBUG placement.objects.research_context [req-bb020fed-6660-491b-b870-c15390aedb7d req-926ac149-85a0-4ef2-b0bb-6f14196c01c5 service placement] found 1 providers after filtering by previous result {{(pid=105424) get_provider_ids_matching /opt/stack/placement/placement/objects/research_context.py:594}}
Jul 25 19:18:34.381049 dv-cinder-820027-16-smb devstack@placement-api.service[105423]: DEBUG placement.requestlog [req-866e2150-8161-4e21-aa75-b75c7672e9a2 req-21b124ec-f5c8-42a1-8f75-9d0d47b3db62 None None] Starting request: 10.222.0.91 "GET /placement/allocations/f66b5389-9031-4812-a411-03e0c78a5bcd" {{(pid=105423) __call__ /opt/stack/placement/placement/requestlog.py:55}}
Jul 25 19:18:34.416496 dv-cinder-820027-16-smb devstack@placement-api.service[105424]: DEBUG placement.objects.allocation_candidate [req-bb020fed-6660-491b-b870-c15390aedb7d req-926ac149-85a0-4ef2-b0bb-6f14196c01c5 service placement] RequestGroup(use_same_provider=False, resources={DISK_GB:1, MEMORY_MB:1024, VCPU:1}, traits=(), aggregates=[]) (suffix '') returned 1 matches {{(pid=105424) _get_by_requests /opt/stack/placement/placement/objects/allocation_candidate.py:156}}
Jul 25 19:18:34.419646 dv-cinder-820027-16-smb devstack@placement-api.service[105424]: DEBUG placement.objects.allocation_candidate [req-bb020fed-6660-491b-b870-c15390aedb7d req-926ac149-85a0-4ef2-b0bb-6f14196c01c5 service placement] Merging candidates yields 1 allocation requests and 1 provider summaries {{(pid=105424) _merge_candidates /opt/stack/placement/placement/objects/allocation_candidate.py:809}}
Jul 25 19:18:34.423944 dv-cinder-820027-16-smb devstack@placement-api.service[105424]: INFO placement.requestlog [req-bb020fed-6660-491b-b870-c15390aedb7d req-926ac149-85a0-4ef2-b0bb-6f14196c01c5 service placement] 10.222.0.66 "GET /placement/allocation_candidates?limit=1000&resources=DISK_GB%3A1%2CMEMORY_MB%3A1024%2CVCPU%3A1&root_required=%21COMPUTE_STATUS_DISABLED" status: 200 len: 767 microversion: 1.36
Jul 25 19:18:34.424836 dv-cinder-820027-16-smb devstack@placement-api.service[105424]: [pid: 105424|app: 0|req: 13/25] 10.222.0.66 () {60 vars in 1506 bytes} [Mon Jul 25 19:18:34 2022] GET /placement/allocation_candidates?limit=1000&resources=DISK_GB%3A1%2CMEMORY_MB%3A1024%2CVCPU%3A1&root_required=%21COMPUTE_STATUS_DISABLED => generated 767 bytes in 270 msecs (HTTP/1.1 200) 8 headers in 296 bytes (1 switches on core 0)
Jul 25 19:18:34.444036 dv-cinder-820027-16-smb devstack@placement-api.service[105423]: INFO placement.requestlog [req-866e2150-8161-4e21-aa75-b75c7672e9a2 req-21b124ec-f5c8-42a1-8f75-9d0d47b3db62 service placement] 10.222.0.91 "GET /placement/allocations/f66b5389-9031-4812-a411-03e0c78a5bcd" status: 200 len: 258 microversion: 1.28
Jul 25 19:18:34.448687 dv-cinder-820027-16-smb devstack@placement-api.service[105423]: [pid: 105423|app: 0|req: 13/26] 10.222.0.91 () {60 vars in 1377 bytes} [Mon Jul 25 19:18:34 2022] GET /placement/allocations/f66b5389-9031-4812-a411-03e0c78a5bcd => generated 258 bytes in 65 msecs (HTTP/1.1 200) 8 headers in 296 bytes (1 switches on core 0)
Jul 25 19:18:34.496039 dv-cinder-820027-16-smb devstack@placement-api.service[105424]: DEBUG placement.requestlog [req-bb020fed-6660-491b-b870-c15390aedb7d req-3dc00468-5916-48aa-9b3d-c5312f8539f2 None None] Starting request: 10.222.0.66 "GET /placement/allocations/832de0df-03f5-44c2-87b3-c24158d8fa1d" {{(pid=105424) __call__ /opt/stack/placement/placement/requestlog.py:55}}
Jul 25 19:18:34.511786 dv-cinder-820027-16-smb devstack@placement-api.service[105424]: INFO placement.requestlog [req-bb020fed-6660-491b-b870-c15390aedb7d req-3dc00468-5916-48aa-9b3d-c5312f8539f2 service placement] 10.222.0.66 "GET /placement/allocations/832de0df-03f5-44c2-87b3-c24158d8fa1d" status: 200 len: 19 microversion: 1.28
Jul 25 19:18:34.512171 dv-cinder-820027-16-smb devstack@placement-api.service[105424]: [pid: 105424|app: 0|req: 14/27] 10.222.0.66 () {60 vars in 1380 bytes} [Mon Jul 25 19:18:34 2022] GET /placement/allocations/832de0df-03f5-44c2-87b3-c24158d8fa1d => generated 19 bytes in 16 msecs (HTTP/1.1 200) 8 headers in 295 bytes (1 switches on core 0)
Jul 25 19:18:34.531882 dv-cinder-820027-16-smb devstack@placement-api.service[105423]: DEBUG placement.requestlog [req-bb020fed-6660-491b-b870-c15390aedb7d req-ce87a49e-12ff-426e-b3e1-cdb228fdb6f9 None None] Starting request: 10.222.0.66 "PUT /placement/allocations/832de0df-03f5-44c2-87b3-c24158d8fa1d" {{(pid=105423) __call__ /opt/stack/placement/placement/requestlog.py:55}}
Jul 25 19:18:34.805947 dv-cinder-820027-16-smb devstack@placement-api.service[105423]: DEBUG dbcounter [-] [105423] Writing DB stats placement:SELECT=74,placement:INSERT=16,placement:DELETE=5,placement:UPDATE=5 {{(pid=105423) stat_writer /usr/local/lib/python3.8/dist-packages/dbcounter.py:114}}
Jul 25 19:18:34.816645 dv-cinder-820027-16-smb devstack@placement-api.service[105423]: DEBUG placement.handlers.allocation [req-bb020fed-6660-491b-b870-c15390aedb7d req-ce87a49e-12ff-426e-b3e1-cdb228fdb6f9 service placement] Successfully wrote allocations [, , ] {{(pid=105423) _update_consumers_and_create_allocations /opt/stack/placement/placement/handlers/allocation.py:462}}
Jul 25 19:18:34.867156 dv-cinder-820027-16-smb devstack@placement-api.service[105424]: DEBUG placement.requestlog [req-58f2b626-6976-4d43-be4c-996e2e5c1cc7 req-8a76295a-970f-4140-9c14-c3afd76d4d0b None None] Starting request: 10.222.0.66 "GET /placement/allocation_candidates?limit=1000&resources=DISK_GB%3A1%2CMEMORY_MB%3A1024%2CVCPU%3A1&root_required=%21COMPUTE_STATUS_DISABLED" {{(pid=105424) __call__ /opt/stack/placement/placement/requestlog.py:55}}
Jul 25 19:18:34.921357 dv-cinder-820027-16-smb devstack@placement-api.service[105423]: INFO placement.requestlog [req-bb020fed-6660-491b-b870-c15390aedb7d req-ce87a49e-12ff-426e-b3e1-cdb228fdb6f9 service placement] 10.222.0.66 "PUT /placement/allocations/832de0df-03f5-44c2-87b3-c24158d8fa1d" status: 204 len: 0 microversion: 1.36
Jul 25 19:18:34.921357 dv-cinder-820027-16-smb devstack@placement-api.service[105423]: [pid: 105423|app: 0|req: 14/28] 10.222.0.66 () {64 vars in 1433 bytes} [Mon Jul 25 19:18:34 2022] PUT /placement/allocations/832de0df-03f5-44c2-87b3-c24158d8fa1d => generated 0 bytes in 389 msecs (HTTP/1.1 204) 5 headers in 199 bytes (1 switches on core 0)
Jul 25 19:18:35.005047 dv-cinder-820027-16-smb devstack@placement-api.service[105424]: DEBUG placement.objects.research_context [req-58f2b626-6976-4d43-be4c-996e2e5c1cc7 req-8a76295a-970f-4140-9c14-c3afd76d4d0b service placement] getting providers with 1 DISK_GB {{(pid=105424) __init__ /opt/stack/placement/placement/objects/research_context.py:136}}
Jul 25 19:18:35.022329 dv-cinder-820027-16-smb devstack@placement-api.service[105424]: DEBUG placement.objects.research_context [req-58f2b626-6976-4d43-be4c-996e2e5c1cc7 req-8a76295a-970f-4140-9c14-c3afd76d4d0b service placement] getting providers with 1024 MEMORY_MB {{(pid=105424) __init__ /opt/stack/placement/placement/objects/research_context.py:136}}
Jul 25 19:18:35.046443 dv-cinder-820027-16-smb devstack@placement-api.service[105424]: DEBUG placement.objects.research_context [req-58f2b626-6976-4d43-be4c-996e2e5c1cc7 req-8a76295a-970f-4140-9c14-c3afd76d4d0b service placement] getting providers with 1 VCPU {{(pid=105424) __init__ /opt/stack/placement/placement/objects/research_context.py:136}}
Jul 25 19:18:35.059640 dv-cinder-820027-16-smb devstack@placement-api.service[105424]: DEBUG placement.objects.research_context [req-58f2b626-6976-4d43-be4c-996e2e5c1cc7 req-8a76295a-970f-4140-9c14-c3afd76d4d0b service placement] found 1 providers with available 1 DISK_GB {{(pid=105424) get_provider_ids_matching /opt/stack/placement/placement/objects/research_context.py:563}}
Jul 25 19:18:35.060303 dv-cinder-820027-16-smb devstack@placement-api.service[105424]: DEBUG placement.objects.research_context [req-58f2b626-6976-4d43-be4c-996e2e5c1cc7 req-8a76295a-970f-4140-9c14-c3afd76d4d0b service placement] found 1 providers with available 1024 MEMORY_MB {{(pid=105424) get_provider_ids_matching /opt/stack/placement/placement/objects/research_context.py:563}}
Jul 25 19:18:35.060761 dv-cinder-820027-16-smb devstack@placement-api.service[105424]: DEBUG placement.objects.research_context [req-58f2b626-6976-4d43-be4c-996e2e5c1cc7 req-8a76295a-970f-4140-9c14-c3afd76d4d0b service placement] found 1 providers after filtering by previous result {{(pid=105424) get_provider_ids_matching /opt/stack/placement/placement/objects/research_context.py:594}}
Jul 25 19:18:35.061229 dv-cinder-820027-16-smb devstack@placement-api.service[105424]: DEBUG placement.objects.research_context [req-58f2b626-6976-4d43-be4c-996e2e5c1cc7 req-8a76295a-970f-4140-9c14-c3afd76d4d0b service placement] found 1 providers with available 1 VCPU {{(pid=105424) get_provider_ids_matching /opt/stack/placement/placement/objects/research_context.py:563}}
Jul 25 19:18:35.061681 dv-cinder-820027-16-smb devstack@placement-api.service[105424]: DEBUG placement.objects.research_context [req-58f2b626-6976-4d43-be4c-996e2e5c1cc7 req-8a76295a-970f-4140-9c14-c3afd76d4d0b service placement] found 1 providers after filtering by previous result {{(pid=105424) get_provider_ids_matching /opt/stack/placement/placement/objects/research_context.py:594}}
Jul 25 19:18:35.095248 dv-cinder-820027-16-smb devstack@placement-api.service[105424]: DEBUG placement.objects.allocation_candidate [req-58f2b626-6976-4d43-be4c-996e2e5c1cc7 req-8a76295a-970f-4140-9c14-c3afd76d4d0b service placement] RequestGroup(use_same_provider=False, resources={DISK_GB:1, MEMORY_MB:1024, VCPU:1}, traits=(), aggregates=[]) (suffix '') returned 1 matches {{(pid=105424) _get_by_requests /opt/stack/placement/placement/objects/allocation_candidate.py:156}}
Jul 25 19:18:35.095894 dv-cinder-820027-16-smb devstack@placement-api.service[105424]: DEBUG placement.objects.allocation_candidate [req-58f2b626-6976-4d43-be4c-996e2e5c1cc7 req-8a76295a-970f-4140-9c14-c3afd76d4d0b service placement] Merging candidates yields 1 allocation requests and 1 provider summaries {{(pid=105424) _merge_candidates /opt/stack/placement/placement/objects/allocation_candidate.py:809}}
Jul 25 19:18:35.100305 dv-cinder-820027-16-smb devstack@placement-api.service[105424]: INFO placement.requestlog [req-58f2b626-6976-4d43-be4c-996e2e5c1cc7 req-8a76295a-970f-4140-9c14-c3afd76d4d0b service placement] 10.222.0.66 "GET /placement/allocation_candidates?limit=1000&resources=DISK_GB%3A1%2CMEMORY_MB%3A1024%2CVCPU%3A1&root_required=%21COMPUTE_STATUS_DISABLED" status: 200 len: 767 microversion: 1.36
Jul 25 19:18:35.107002 dv-cinder-820027-16-smb devstack@placement-api.service[105424]: [pid: 105424|app: 0|req: 15/29] 10.222.0.66 () {60 vars in 1506 bytes} [Mon Jul 25 19:18:34 2022] GET /placement/allocation_candidates?limit=1000&resources=DISK_GB%3A1%2CMEMORY_MB%3A1024%2CVCPU%3A1&root_required=%21COMPUTE_STATUS_DISABLED => generated 767 bytes in 234 msecs (HTTP/1.1 200) 8 headers in 296 bytes (1 switches on core 0)
Jul 25 19:18:35.199340 dv-cinder-820027-16-smb devstack@placement-api.service[105423]: DEBUG placement.requestlog [req-58f2b626-6976-4d43-be4c-996e2e5c1cc7 req-2d7d7955-1f90-42c3-acee-be65a751453f None None] Starting request: 10.222.0.66 "GET /placement/allocations/68016934-c59d-4f72-be34-a48f9ff6b965" {{(pid=105423) __call__ /opt/stack/placement/placement/requestlog.py:55}}
Jul 25 19:18:35.213157 dv-cinder-820027-16-smb devstack@placement-api.service[105423]: INFO placement.requestlog [req-58f2b626-6976-4d43-be4c-996e2e5c1cc7 req-2d7d7955-1f90-42c3-acee-be65a751453f service placement] 10.222.0.66 "GET /placement/allocations/68016934-c59d-4f72-be34-a48f9ff6b965" status: 200 len: 19 microversion: 1.28
Jul 25 19:18:35.219872 dv-cinder-820027-16-smb devstack@placement-api.service[105423]: [pid: 105423|app: 0|req: 15/30] 10.222.0.66 () {60 vars in 1380 bytes} [Mon Jul 25 19:18:35 2022] GET /placement/allocations/68016934-c59d-4f72-be34-a48f9ff6b965 => generated 19 bytes in 21 msecs (HTTP/1.1 200) 8 headers in 295 bytes (2 switches on core 0)
Jul 25 19:18:35.220984 dv-cinder-820027-16-smb devstack@placement-api.service[105424]: DEBUG placement.requestlog [req-58f2b626-6976-4d43-be4c-996e2e5c1cc7 req-941e8309-a961-454c-80b8-29688494001e None None] Starting request: 10.222.0.66 "PUT /placement/allocations/68016934-c59d-4f72-be34-a48f9ff6b965" {{(pid=105424) __call__ /opt/stack/placement/placement/requestlog.py:55}}
Jul 25 19:18:35.850018 dv-cinder-820027-16-smb devstack@placement-api.service[105424]: DEBUG placement.handlers.allocation [req-58f2b626-6976-4d43-be4c-996e2e5c1cc7 req-941e8309-a961-454c-80b8-29688494001e service placement] Successfully wrote allocations [, , ] {{(pid=105424) _update_consumers_and_create_allocations /opt/stack/placement/placement/handlers/allocation.py:462}}
Jul 25 19:18:36.006402 dv-cinder-820027-16-smb devstack@placement-api.service[105424]: INFO placement.requestlog [req-58f2b626-6976-4d43-be4c-996e2e5c1cc7 req-941e8309-a961-454c-80b8-29688494001e service placement] 10.222.0.66 "PUT /placement/allocations/68016934-c59d-4f72-be34-a48f9ff6b965" status: 204 len: 0 microversion: 1.36
Jul 25 19:18:36.010450 dv-cinder-820027-16-smb devstack@placement-api.service[105424]: [pid: 105424|app: 0|req: 16/31] 10.222.0.66 () {64 vars in 1433 bytes} [Mon Jul 25 19:18:35 2022] PUT /placement/allocations/68016934-c59d-4f72-be34-a48f9ff6b965 => generated 0 bytes in 787 msecs (HTTP/1.1 204) 5 headers in 199 bytes (2 switches on core 0)
Jul 25 19:18:37.085012 dv-cinder-820027-16-smb devstack@placement-api.service[105423]: DEBUG placement.requestlog [req-bb020fed-6660-491b-b870-c15390aedb7d req-acf99b3c-2354-4fde-8c09-713462f8c64c None None] Starting request: 10.222.0.91 "GET /placement/allocations/832de0df-03f5-44c2-87b3-c24158d8fa1d" {{(pid=105423) __call__ /opt/stack/placement/placement/requestlog.py:55}}
Jul 25 19:18:37.134347 dv-cinder-820027-16-smb devstack@placement-api.service[105423]: INFO placement.requestlog [req-bb020fed-6660-491b-b870-c15390aedb7d req-acf99b3c-2354-4fde-8c09-713462f8c64c service placement] 10.222.0.91 "GET /placement/allocations/832de0df-03f5-44c2-87b3-c24158d8fa1d" status: 200 len: 258 microversion: 1.28
Jul 25 19:18:37.137225 dv-cinder-820027-16-smb devstack@placement-api.service[105423]: [pid: 105423|app: 0|req: 16/32] 10.222.0.91 () {60 vars in 1377 bytes} [Mon Jul 25 19:18:37 2022] GET /placement/allocations/832de0df-03f5-44c2-87b3-c24158d8fa1d => generated 258 bytes in 56 msecs (HTTP/1.1 200) 8 headers in 296 bytes (1 switches on core 0)
Jul 25 19:18:37.300994 dv-cinder-820027-16-smb devstack@placement-api.service[105424]: DEBUG placement.requestlog [req-62dd7f02-17f4-4350-aad1-5b5bdaa5605f req-08b18e47-e11d-4bcc-bdcb-104f4595fa18 None None] Starting request: 10.222.0.66 "GET /placement/allocation_candidates?limit=1000&resources=DISK_GB%3A1%2CMEMORY_MB%3A1024%2CVCPU%3A1&root_required=%21COMPUTE_STATUS_DISABLED" {{(pid=105424) __call__ /opt/stack/placement/placement/requestlog.py:55}}
Jul 25 19:18:37.462613 dv-cinder-820027-16-smb devstack@placement-api.service[105424]: DEBUG placement.objects.research_context [req-62dd7f02-17f4-4350-aad1-5b5bdaa5605f req-08b18e47-e11d-4bcc-bdcb-104f4595fa18 service placement] getting providers with 1 DISK_GB {{(pid=105424) __init__ /opt/stack/placement/placement/objects/research_context.py:136}}
Jul 25 19:18:37.505132 dv-cinder-820027-16-smb devstack@placement-api.service[105424]: DEBUG placement.objects.research_context [req-62dd7f02-17f4-4350-aad1-5b5bdaa5605f req-08b18e47-e11d-4bcc-bdcb-104f4595fa18 service placement] getting providers with 1024 MEMORY_MB {{(pid=105424) __init__ /opt/stack/placement/placement/objects/research_context.py:136}}
Jul 25 19:18:37.525474 dv-cinder-820027-16-smb devstack@placement-api.service[105424]: DEBUG placement.objects.research_context [req-62dd7f02-17f4-4350-aad1-5b5bdaa5605f req-08b18e47-e11d-4bcc-bdcb-104f4595fa18 service placement] getting providers with 1 VCPU {{(pid=105424) __init__ /opt/stack/placement/placement/objects/research_context.py:136}}
Jul 25 19:18:37.532475 dv-cinder-820027-16-smb devstack@placement-api.service[105424]: DEBUG placement.objects.research_context [req-62dd7f02-17f4-4350-aad1-5b5bdaa5605f req-08b18e47-e11d-4bcc-bdcb-104f4595fa18 service placement] found 1 providers with available 1 DISK_GB {{(pid=105424) get_provider_ids_matching /opt/stack/placement/placement/objects/research_context.py:563}}
Jul 25 19:18:37.533111 dv-cinder-820027-16-smb devstack@placement-api.service[105424]: DEBUG placement.objects.research_context [req-62dd7f02-17f4-4350-aad1-5b5bdaa5605f req-08b18e47-e11d-4bcc-bdcb-104f4595fa18 service placement] found 1 providers with available 1024 MEMORY_MB {{(pid=105424) get_provider_ids_matching /opt/stack/placement/placement/objects/research_context.py:563}}
Jul 25 19:18:37.533532 dv-cinder-820027-16-smb devstack@placement-api.service[105424]: DEBUG placement.objects.research_context [req-62dd7f02-17f4-4350-aad1-5b5bdaa5605f req-08b18e47-e11d-4bcc-bdcb-104f4595fa18 service placement] found 1 providers after filtering by previous result {{(pid=105424) get_provider_ids_matching /opt/stack/placement/placement/objects/research_context.py:594}}
Jul 25 19:18:37.534846 dv-cinder-820027-16-smb devstack@placement-api.service[105424]: DEBUG placement.objects.research_context [req-62dd7f02-17f4-4350-aad1-5b5bdaa5605f req-08b18e47-e11d-4bcc-bdcb-104f4595fa18 service placement] found 1 providers with available 1 VCPU {{(pid=105424) get_provider_ids_matching /opt/stack/placement/placement/objects/research_context.py:563}}
Jul 25 19:18:37.535330 dv-cinder-820027-16-smb devstack@placement-api.service[105424]: DEBUG placement.objects.research_context [req-62dd7f02-17f4-4350-aad1-5b5bdaa5605f req-08b18e47-e11d-4bcc-bdcb-104f4595fa18 service placement] found 1 providers after filtering by previous result {{(pid=105424) get_provider_ids_matching /opt/stack/placement/placement/objects/research_context.py:594}}
Jul 25 19:18:37.559527 dv-cinder-820027-16-smb devstack@placement-api.service[105424]: DEBUG placement.objects.allocation_candidate [req-62dd7f02-17f4-4350-aad1-5b5bdaa5605f req-08b18e47-e11d-4bcc-bdcb-104f4595fa18 service placement] RequestGroup(use_same_provider=False, resources={DISK_GB:1, MEMORY_MB:1024, VCPU:1}, traits=(), aggregates=[]) (suffix '') returned 1 matches {{(pid=105424) _get_by_requests /opt/stack/placement/placement/objects/allocation_candidate.py:156}}
Jul 25 19:18:37.560189 dv-cinder-820027-16-smb devstack@placement-api.service[105424]: DEBUG placement.objects.allocation_candidate [req-62dd7f02-17f4-4350-aad1-5b5bdaa5605f req-08b18e47-e11d-4bcc-bdcb-104f4595fa18 service placement] Merging candidates yields 1 allocation requests and 1 provider summaries {{(pid=105424) _merge_candidates /opt/stack/placement/placement/objects/allocation_candidate.py:809}}
Jul 25 19:18:37.566786 dv-cinder-820027-16-smb devstack@placement-api.service[105424]: INFO placement.requestlog [req-62dd7f02-17f4-4350-aad1-5b5bdaa5605f req-08b18e47-e11d-4bcc-bdcb-104f4595fa18 service placement] 10.222.0.66 "GET /placement/allocation_candidates?limit=1000&resources=DISK_GB%3A1%2CMEMORY_MB%3A1024%2CVCPU%3A1&root_required=%21COMPUTE_STATUS_DISABLED" status: 200 len: 767 microversion: 1.36
Jul 25 19:18:37.567786 dv-cinder-820027-16-smb devstack@placement-api.service[105424]: [pid: 105424|app: 0|req: 17/33] 10.222.0.66 () {60 vars in 1506 bytes} [Mon Jul 25 19:18:37 2022] GET /placement/allocation_candidates?limit=1000&resources=DISK_GB%3A1%2CMEMORY_MB%3A1024%2CVCPU%3A1&root_required=%21COMPUTE_STATUS_DISABLED => generated 767 bytes in 269 msecs (HTTP/1.1 200) 8 headers in 296 bytes (1 switches on core 0)
Jul 25 19:18:37.620668 dv-cinder-820027-16-smb devstack@placement-api.service[105423]: DEBUG placement.requestlog [req-62dd7f02-17f4-4350-aad1-5b5bdaa5605f req-8864d601-374e-44e3-a9dc-be8461ca3f30 None None] Starting request: 10.222.0.66 "GET /placement/allocations/319d08c1-c0d1-4aee-86a4-cd03e7c35392" {{(pid=105423) __call__ /opt/stack/placement/placement/requestlog.py:55}}
Jul 25 19:18:37.637802 dv-cinder-820027-16-smb devstack@placement-api.service[105423]: INFO placement.requestlog [req-62dd7f02-17f4-4350-aad1-5b5bdaa5605f req-8864d601-374e-44e3-a9dc-be8461ca3f30 service placement] 10.222.0.66 "GET /placement/allocations/319d08c1-c0d1-4aee-86a4-cd03e7c35392" status: 200 len: 19 microversion: 1.28
Jul 25 19:18:37.647687 dv-cinder-820027-16-smb devstack@placement-api.service[105423]: [pid: 105423|app: 0|req: 17/34] 10.222.0.66 () {60 vars in 1380 bytes} [Mon Jul 25 19:18:37 2022] GET /placement/allocations/319d08c1-c0d1-4aee-86a4-cd03e7c35392 => generated 19 bytes in 27 msecs (HTTP/1.1 200) 8 headers in 295 bytes (1 switches on core 0)
Jul 25 19:18:37.649762 dv-cinder-820027-16-smb devstack@placement-api.service[105424]: DEBUG placement.requestlog [req-62dd7f02-17f4-4350-aad1-5b5bdaa5605f req-25f1cca7-c1c0-4e4b-96cb-c253d6e24900 None None] Starting request: 10.222.0.66 "PUT /placement/allocations/319d08c1-c0d1-4aee-86a4-cd03e7c35392" {{(pid=105424) __call__ /opt/stack/placement/placement/requestlog.py:55}}
Jul 25 19:18:38.256001 dv-cinder-820027-16-smb devstack@placement-api.service[105424]: DEBUG dbcounter [-] [105424] Writing DB stats placement:SELECT=80,placement:INSERT=12,placement:DELETE=4,placement:UPDATE=4 {{(pid=105424) stat_writer /usr/local/lib/python3.8/dist-packages/dbcounter.py:114}}
Jul 25 19:18:38.258980 dv-cinder-820027-16-smb devstack@placement-api.service[105424]: DEBUG placement.handlers.allocation [req-62dd7f02-17f4-4350-aad1-5b5bdaa5605f req-25f1cca7-c1c0-4e4b-96cb-c253d6e24900 service placement] Successfully wrote allocations [, , ] {{(pid=105424) _update_consumers_and_create_allocations /opt/stack/placement/placement/handlers/allocation.py:462}}
Jul 25 19:18:38.334760 dv-cinder-820027-16-smb devstack@placement-api.service[105424]: INFO placement.requestlog [req-62dd7f02-17f4-4350-aad1-5b5bdaa5605f req-25f1cca7-c1c0-4e4b-96cb-c253d6e24900 service placement] 10.222.0.66 "PUT /placement/allocations/319d08c1-c0d1-4aee-86a4-cd03e7c35392" status: 204 len: 0 microversion: 1.36
Jul 25 19:18:38.335616 dv-cinder-820027-16-smb devstack@placement-api.service[105424]: [pid: 105424|app: 0|req: 18/35] 10.222.0.66 () {64 vars in 1433 bytes} [Mon Jul 25 19:18:37 2022] PUT /placement/allocations/319d08c1-c0d1-4aee-86a4-cd03e7c35392 => generated 0 bytes in 686 msecs (HTTP/1.1 204) 5 headers in 199 bytes (1 switches on core 0)
Jul 25 19:18:38.956548 dv-cinder-820027-16-smb devstack@placement-api.service[105423]: DEBUG placement.requestlog [req-58f2b626-6976-4d43-be4c-996e2e5c1cc7 req-812ab074-6c23-4162-a0de-03365e06aa45 None None] Starting request: 10.222.0.91 "GET /placement/allocations/68016934-c59d-4f72-be34-a48f9ff6b965" {{(pid=105423) __call__ /opt/stack/placement/placement/requestlog.py:55}}
Jul 25 19:18:39.000155 dv-cinder-820027-16-smb devstack@placement-api.service[105423]: INFO placement.requestlog [req-58f2b626-6976-4d43-be4c-996e2e5c1cc7 req-812ab074-6c23-4162-a0de-03365e06aa45 service placement] 10.222.0.91 "GET /placement/allocations/68016934-c59d-4f72-be34-a48f9ff6b965" status: 200 len: 258 microversion: 1.28
Jul 25 19:18:39.001075 dv-cinder-820027-16-smb devstack@placement-api.service[105423]: [pid: 105423|app: 0|req: 18/36] 10.222.0.91 () {60 vars in 1377 bytes} [Mon Jul 25 19:18:38 2022] GET /placement/allocations/68016934-c59d-4f72-be34-a48f9ff6b965 => generated 258 bytes in 46 msecs (HTTP/1.1 200) 8 headers in 296 bytes (1 switches on core 0)
Jul 25 19:18:40.373248 dv-cinder-820027-16-smb devstack@placement-api.service[105424]: DEBUG placement.requestlog [req-62dd7f02-17f4-4350-aad1-5b5bdaa5605f req-3a107a8a-e852-4753-9194-85d76364baf3 None None] Starting request: 10.222.0.91 "GET /placement/allocations/319d08c1-c0d1-4aee-86a4-cd03e7c35392" {{(pid=105424) __call__ /opt/stack/placement/placement/requestlog.py:55}}
Jul 25 19:18:40.390744 dv-cinder-820027-16-smb devstack@placement-api.service[105424]: INFO placement.requestlog [req-62dd7f02-17f4-4350-aad1-5b5bdaa5605f req-3a107a8a-e852-4753-9194-85d76364baf3 service placement] 10.222.0.91 "GET /placement/allocations/319d08c1-c0d1-4aee-86a4-cd03e7c35392" status: 200 len: 258 microversion: 1.28
Jul 25 19:18:40.391526 dv-cinder-820027-16-smb devstack@placement-api.service[105424]: [pid: 105424|app: 0|req: 19/37] 10.222.0.91 () {60 vars in 1377 bytes} [Mon Jul 25 19:18:40 2022] GET /placement/allocations/319d08c1-c0d1-4aee-86a4-cd03e7c35392 => generated 258 bytes in 19 msecs (HTTP/1.1 200) 8 headers in 296 bytes (1 switches on core 0)
Jul 25 19:18:49.792982 dv-cinder-820027-16-smb devstack@placement-api.service[105423]: DEBUG dbcounter [-] [105423] Writing DB stats placement:UPDATE=1,placement:SELECT=13,placement:DELETE=1 {{(pid=105423) stat_writer /usr/local/lib/python3.8/dist-packages/dbcounter.py:114}}
Jul 25 19:18:51.437865 dv-cinder-820027-16-smb devstack@placement-api.service[105424]: DEBUG dbcounter [-] [105424] Writing DB stats placement:SELECT=4 {{(pid=105424) stat_writer /usr/local/lib/python3.8/dist-packages/dbcounter.py:114}}
Jul 25 19:18:57.957398 dv-cinder-820027-16-smb devstack@placement-api.service[105423]: DEBUG placement.requestlog [req-f4a5af80-84f3-4429-9511-d594c32ccfb2 req-2e2b7990-38e7-40d7-94d7-fbde48bca757 None None] Starting request: 10.222.0.91 "GET /placement/resource_providers/5a67a710-ddff-4574-8f1a-d769c855b7af/allocations" {{(pid=105423) __call__ /opt/stack/placement/placement/requestlog.py:55}}
Jul 25 19:18:57.989201 dv-cinder-820027-16-smb devstack@placement-api.service[105423]: INFO placement.requestlog [req-f4a5af80-84f3-4429-9511-d594c32ccfb2 req-2e2b7990-38e7-40d7-94d7-fbde48bca757 service placement] 10.222.0.91 "GET /placement/resource_providers/5a67a710-ddff-4574-8f1a-d769c855b7af/allocations" status: 200 len: 557 microversion: 1.0
Jul 25 19:18:57.990299 dv-cinder-820027-16-smb devstack@placement-api.service[105423]: [pid: 105423|app: 0|req: 19/38] 10.222.0.91 () {58 vars in 1390 bytes} [Mon Jul 25 19:18:57 2022] GET /placement/resource_providers/5a67a710-ddff-4574-8f1a-d769c855b7af/allocations => generated 557 bytes in 34 msecs (HTTP/1.1 200) 6 headers in 224 bytes (1 switches on core 0)
Jul 25 19:19:07.983482 dv-cinder-820027-16-smb devstack@placement-api.service[105423]: DEBUG dbcounter [-] [105423] Writing DB stats placement:SELECT=6 {{(pid=105423) stat_writer /usr/local/lib/python3.8/dist-packages/dbcounter.py:114}}
Jul 25 19:19:21.122255 dv-cinder-820027-16-smb devstack@placement-api.service[105424]: DEBUG placement.requestlog [req-ebdd5832-7ee1-463c-9ace-e6f54c1b2ec5 req-1313badc-47eb-4979-9fa0-9a1a1d2089b0 None None] Starting request: 10.222.0.91 "DELETE /placement/allocations/05e076bd-9a19-43ee-aafa-709d3218337f" {{(pid=105424) __call__ /opt/stack/placement/placement/requestlog.py:55}}
Jul 25 19:19:21.337997 dv-cinder-820027-16-smb devstack@placement-api.service[105424]: DEBUG placement.handlers.allocation [req-ebdd5832-7ee1-463c-9ace-e6f54c1b2ec5 req-1313badc-47eb-4979-9fa0-9a1a1d2089b0 service placement] Successfully deleted allocations [, , ] {{(pid=105424) delete_allocations /opt/stack/placement/placement/handlers/allocation.py:627}}
Jul 25 19:19:21.338409 dv-cinder-820027-16-smb devstack@placement-api.service[105424]: INFO placement.requestlog [req-ebdd5832-7ee1-463c-9ace-e6f54c1b2ec5 req-1313badc-47eb-4979-9fa0-9a1a1d2089b0 service placement] 10.222.0.91 "DELETE /placement/allocations/05e076bd-9a19-43ee-aafa-709d3218337f" status: 204 len: 0 microversion: 1.0
Jul 25 19:19:21.338840 dv-cinder-820027-16-smb devstack@placement-api.service[105424]: [pid: 105424|app: 0|req: 20/39] 10.222.0.91 () {60 vars in 1355 bytes} [Mon Jul 25 19:19:21 2022] DELETE /placement/allocations/05e076bd-9a19-43ee-aafa-709d3218337f => generated 0 bytes in 217 msecs (HTTP/1.1 204) 5 headers in 198 bytes (1 switches on core 0)
Jul 25 19:19:30.529280 dv-cinder-820027-16-smb devstack@placement-api.service[105423]: DEBUG placement.requestlog [None req-5b439e2b-45dc-4100-a875-db2e9207e597 None None] Starting request: 10.222.0.66 "GET /placement/resource_providers/d4dfe513-5ca8-471f-82d0-e8ed37fa924d/aggregates" {{(pid=105423) __call__ /opt/stack/placement/placement/requestlog.py:55}}
Jul 25 19:19:30.556136 dv-cinder-820027-16-smb devstack@placement-api.service[105423]: INFO placement.requestlog [None req-5b439e2b-45dc-4100-a875-db2e9207e597 service placement] 10.222.0.66 "GET /placement/resource_providers/d4dfe513-5ca8-471f-82d0-e8ed37fa924d/aggregates" status: 404 len: 235 microversion: 1.1
Jul 25 19:19:30.557441 dv-cinder-820027-16-smb devstack@placement-api.service[105423]: [pid: 105423|app: 0|req: 20/40] 10.222.0.66 () {58 vars in 1362 bytes} [Mon Jul 25 19:19:30 2022] GET /placement/resource_providers/d4dfe513-5ca8-471f-82d0-e8ed37fa924d/aggregates => generated 235 bytes in 28 msecs (HTTP/1.1 404) 5 headers in 202 bytes (2 switches on core 0)
Jul 25 19:19:30.588791 dv-cinder-820027-16-smb devstack@placement-api.service[105424]: DEBUG placement.requestlog [None req-43326c47-b584-4eb9-8808-1c796bb6f391 None None] Starting request: 10.222.0.66 "DELETE /placement/resource_providers/d4dfe513-5ca8-471f-82d0-e8ed37fa924d" {{(pid=105424) __call__ /opt/stack/placement/placement/requestlog.py:55}}
Jul 25 19:19:30.603445 dv-cinder-820027-16-smb devstack@placement-api.service[105424]: DEBUG placement.wsgi_wrapper [None req-43326c47-b584-4eb9-8808-1c796bb6f391 service placement] Placement API returning an error response: No resource provider with uuid d4dfe513-5ca8-471f-82d0-e8ed37fa924d found for delete {{(pid=105424) call_func /opt/stack/placement/placement/wsgi_wrapper.py:31}}
Jul 25 19:19:30.604236 dv-cinder-820027-16-smb devstack@placement-api.service[105424]: INFO placement.requestlog [None req-43326c47-b584-4eb9-8808-1c796bb6f391 service placement] 10.222.0.66 "DELETE /placement/resource_providers/d4dfe513-5ca8-471f-82d0-e8ed37fa924d" status: 404 len: 246 microversion: 1.1
Jul 25 19:19:30.604627 dv-cinder-820027-16-smb devstack@placement-api.service[105424]: [pid: 105424|app: 0|req: 21/41] 10.222.0.66 () {60 vars in 1351 bytes} [Mon Jul 25 19:19:30 2022] DELETE /placement/resource_providers/d4dfe513-5ca8-471f-82d0-e8ed37fa924d => generated 246 bytes in 16 msecs (HTTP/1.1 404) 6 headers in 231 bytes (1 switches on core 0)
Jul 25 19:19:35.137650 dv-cinder-820027-16-smb devstack@placement-api.service[105423]: DEBUG placement.requestlog [req-ecd1dd0a-dd12-4919-ae56-3bd6ba13ae64 req-f866300a-8381-4842-8b5d-bcd82ebe8313 None None] Starting request: 10.222.0.66 "GET /placement/allocation_candidates?limit=1000&resources=DISK_GB%3A1%2CMEMORY_MB%3A1024%2CVCPU%3A1&root_required=%21COMPUTE_STATUS_DISABLED" {{(pid=105423) __call__ /opt/stack/placement/placement/requestlog.py:55}}
Jul 25 19:19:35.211947 dv-cinder-820027-16-smb devstack@placement-api.service[105423]: DEBUG placement.objects.research_context [req-ecd1dd0a-dd12-4919-ae56-3bd6ba13ae64 req-f866300a-8381-4842-8b5d-bcd82ebe8313 service placement] getting providers with 1 DISK_GB {{(pid=105423) __init__ /opt/stack/placement/placement/objects/research_context.py:136}}
Jul 25 19:19:35.219454 dv-cinder-820027-16-smb devstack@placement-api.service[105423]: DEBUG placement.objects.research_context [req-ecd1dd0a-dd12-4919-ae56-3bd6ba13ae64 req-f866300a-8381-4842-8b5d-bcd82ebe8313 service placement] getting providers with 1024 MEMORY_MB {{(pid=105423) __init__ /opt/stack/placement/placement/objects/research_context.py:136}}
Jul 25 19:19:35.226966 dv-cinder-820027-16-smb devstack@placement-api.service[105423]: DEBUG placement.objects.research_context [req-ecd1dd0a-dd12-4919-ae56-3bd6ba13ae64 req-f866300a-8381-4842-8b5d-bcd82ebe8313 service placement] getting providers with 1 VCPU {{(pid=105423) __init__ /opt/stack/placement/placement/objects/research_context.py:136}}
Jul 25 19:19:35.236373 dv-cinder-820027-16-smb devstack@placement-api.service[105423]: DEBUG placement.objects.research_context [req-ecd1dd0a-dd12-4919-ae56-3bd6ba13ae64 req-f866300a-8381-4842-8b5d-bcd82ebe8313 service placement] found 1 providers with available 1 DISK_GB {{(pid=105423) get_provider_ids_matching /opt/stack/placement/placement/objects/research_context.py:563}}
Jul 25 19:19:35.236834 dv-cinder-820027-16-smb devstack@placement-api.service[105423]: DEBUG placement.objects.research_context [req-ecd1dd0a-dd12-4919-ae56-3bd6ba13ae64 req-f866300a-8381-4842-8b5d-bcd82ebe8313 service placement] found 1 providers with available 1024 MEMORY_MB {{(pid=105423) get_provider_ids_matching /opt/stack/placement/placement/objects/research_context.py:563}}
Jul 25 19:19:35.237452 dv-cinder-820027-16-smb devstack@placement-api.service[105423]: DEBUG placement.objects.research_context [req-ecd1dd0a-dd12-4919-ae56-3bd6ba13ae64 req-f866300a-8381-4842-8b5d-bcd82ebe8313 service placement] found 1 providers after filtering by previous result {{(pid=105423) get_provider_ids_matching /opt/stack/placement/placement/objects/research_context.py:594}}
Jul 25 19:19:35.237711 dv-cinder-820027-16-smb devstack@placement-api.service[105423]: DEBUG placement.objects.research_context [req-ecd1dd0a-dd12-4919-ae56-3bd6ba13ae64 req-f866300a-8381-4842-8b5d-bcd82ebe8313 service placement] found 1 providers with available 1 VCPU {{(pid=105423) get_provider_ids_matching /opt/stack/placement/placement/objects/research_context.py:563}}
Jul 25 19:19:35.237988 dv-cinder-820027-16-smb devstack@placement-api.service[105423]: DEBUG placement.objects.research_context [req-ecd1dd0a-dd12-4919-ae56-3bd6ba13ae64 req-f866300a-8381-4842-8b5d-bcd82ebe8313 service placement] found 1 providers after filtering by previous result {{(pid=105423) get_provider_ids_matching /opt/stack/placement/placement/objects/research_context.py:594}}
Jul 25 19:19:35.256088 dv-cinder-820027-16-smb devstack@placement-api.service[105423]: DEBUG placement.objects.allocation_candidate [req-ecd1dd0a-dd12-4919-ae56-3bd6ba13ae64 req-f866300a-8381-4842-8b5d-bcd82ebe8313 service placement] RequestGroup(use_same_provider=False, resources={DISK_GB:1, MEMORY_MB:1024, VCPU:1}, traits=(), aggregates=[]) (suffix '') returned 1 matches {{(pid=105423) _get_by_requests /opt/stack/placement/placement/objects/allocation_candidate.py:156}}
Jul 25 19:19:35.257409 dv-cinder-820027-16-smb devstack@placement-api.service[105423]: DEBUG placement.objects.allocation_candidate [req-ecd1dd0a-dd12-4919-ae56-3bd6ba13ae64 req-f866300a-8381-4842-8b5d-bcd82ebe8313 service placement] Merging candidates yields 1 allocation requests and 1 provider summaries {{(pid=105423) _merge_candidates /opt/stack/placement/placement/objects/allocation_candidate.py:809}}
Jul 25 19:19:35.258806 dv-cinder-820027-16-smb devstack@placement-api.service[105423]: INFO placement.requestlog [req-ecd1dd0a-dd12-4919-ae56-3bd6ba13ae64 req-f866300a-8381-4842-8b5d-bcd82ebe8313 service placement] 10.222.0.66 "GET /placement/allocation_candidates?limit=1000&resources=DISK_GB%3A1%2CMEMORY_MB%3A1024%2CVCPU%3A1&root_required=%21COMPUTE_STATUS_DISABLED" status: 200 len: 767 microversion: 1.36
Jul 25 19:19:35.259392 dv-cinder-820027-16-smb devstack@placement-api.service[105423]: [pid: 105423|app: 0|req: 21/42] 10.222.0.66 () {60 vars in 1506 bytes} [Mon Jul 25 19:19:35 2022] GET /placement/allocation_candidates?limit=1000&resources=DISK_GB%3A1%2CMEMORY_MB%3A1024%2CVCPU%3A1&root_required=%21COMPUTE_STATUS_DISABLED => generated 767 bytes in 123 msecs (HTTP/1.1 200) 8 headers in 296 bytes (1 switches on core 0)
Jul 25 19:19:35.307120 dv-cinder-820027-16-smb devstack@placement-api.service[105424]: DEBUG placement.requestlog [req-ecd1dd0a-dd12-4919-ae56-3bd6ba13ae64 req-cc953449-fbdb-4523-9bfe-d01432211a85 None None] Starting request: 10.222.0.66 "GET /placement/allocations/920b41bd-9db3-49f0-b6e5-95a8a5dfc4a3" {{(pid=105424) __call__ /opt/stack/placement/placement/requestlog.py:55}}
Jul 25 19:19:35.320026 dv-cinder-820027-16-smb devstack@placement-api.service[105424]: INFO placement.requestlog [req-ecd1dd0a-dd12-4919-ae56-3bd6ba13ae64 req-cc953449-fbdb-4523-9bfe-d01432211a85 service placement] 10.222.0.66 "GET /placement/allocations/920b41bd-9db3-49f0-b6e5-95a8a5dfc4a3" status: 200 len: 19 microversion: 1.28
Jul 25 19:19:35.320633 dv-cinder-820027-16-smb devstack@placement-api.service[105424]: [pid: 105424|app: 0|req: 22/43] 10.222.0.66 () {60 vars in 1380 bytes} [Mon Jul 25 19:19:35 2022] GET /placement/allocations/920b41bd-9db3-49f0-b6e5-95a8a5dfc4a3 => generated 19 bytes in 14 msecs (HTTP/1.1 200) 8 headers in 295 bytes (2 switches on core 0)
Jul 25 19:19:35.328046 dv-cinder-820027-16-smb devstack@placement-api.service[105423]: DEBUG placement.requestlog [req-ecd1dd0a-dd12-4919-ae56-3bd6ba13ae64 req-5b0b398e-c9aa-4953-9f09-4c7099f3cfa7 None None] Starting request: 10.222.0.66 "PUT /placement/allocations/920b41bd-9db3-49f0-b6e5-95a8a5dfc4a3" {{(pid=105423) __call__ /opt/stack/placement/placement/requestlog.py:55}}
Jul 25 19:19:35.824603 dv-cinder-820027-16-smb devstack@placement-api.service[105423]: DEBUG placement.handlers.allocation [req-ecd1dd0a-dd12-4919-ae56-3bd6ba13ae64 req-5b0b398e-c9aa-4953-9f09-4c7099f3cfa7 service placement] Successfully wrote allocations [, , ] {{(pid=105423) _update_consumers_and_create_allocations /opt/stack/placement/placement/handlers/allocation.py:462}}
Jul 25 19:19:36.056481 dv-cinder-820027-16-smb devstack@placement-api.service[105423]: INFO placement.requestlog [req-ecd1dd0a-dd12-4919-ae56-3bd6ba13ae64 req-5b0b398e-c9aa-4953-9f09-4c7099f3cfa7 service placement] 10.222.0.66 "PUT /placement/allocations/920b41bd-9db3-49f0-b6e5-95a8a5dfc4a3" status: 204 len: 0 microversion: 1.36
Jul 25 19:19:36.057572 dv-cinder-820027-16-smb devstack@placement-api.service[105423]: [pid: 105423|app: 0|req: 22/44] 10.222.0.66 () {64 vars in 1433 bytes} [Mon Jul 25 19:19:35 2022] PUT /placement/allocations/920b41bd-9db3-49f0-b6e5-95a8a5dfc4a3 => generated 0 bytes in 730 msecs (HTTP/1.1 204) 5 headers in 199 bytes (1 switches on core 0)
Jul 25 19:19:37.716328 dv-cinder-820027-16-smb devstack@placement-api.service[105424]: DEBUG placement.requestlog [req-ecd1dd0a-dd12-4919-ae56-3bd6ba13ae64 req-ed6456d1-6133-4d4c-bfdf-852176bfe6eb None None] Starting request: 10.222.0.91 "GET /placement/allocations/920b41bd-9db3-49f0-b6e5-95a8a5dfc4a3" {{(pid=105424) __call__ /opt/stack/placement/placement/requestlog.py:55}}
Jul 25 19:19:37.779898 dv-cinder-820027-16-smb devstack@placement-api.service[105424]: INFO placement.requestlog [req-ecd1dd0a-dd12-4919-ae56-3bd6ba13ae64 req-ed6456d1-6133-4d4c-bfdf-852176bfe6eb service placement] 10.222.0.91 "GET /placement/allocations/920b41bd-9db3-49f0-b6e5-95a8a5dfc4a3" status: 200 len: 258 microversion: 1.28
Jul 25 19:19:37.780406 dv-cinder-820027-16-smb devstack@placement-api.service[105424]: [pid: 105424|app: 0|req: 23/45] 10.222.0.91 () {60 vars in 1377 bytes} [Mon Jul 25 19:19:37 2022] GET /placement/allocations/920b41bd-9db3-49f0-b6e5-95a8a5dfc4a3 => generated 258 bytes in 65 msecs (HTTP/1.1 200) 8 headers in 296 bytes (2 switches on core 0)
Jul 25 19:19:45.820913 dv-cinder-820027-16-smb devstack@placement-api.service[105423]: DEBUG dbcounter [-] [105423] Writing DB stats placement:SELECT=29,placement:INSERT=6,placement:DELETE=2,placement:UPDATE=2 {{(pid=105423) stat_writer /usr/local/lib/python3.8/dist-packages/dbcounter.py:114}}
Jul 25 19:19:47.771048 dv-cinder-820027-16-smb devstack@placement-api.service[105424]: DEBUG dbcounter [-] [105424] Writing DB stats placement:SELECT=15,placement:DELETE=2 {{(pid=105424) stat_writer /usr/local/lib/python3.8/dist-packages/dbcounter.py:114}}
Jul 25 19:19:49.642793 dv-cinder-820027-16-smb devstack@placement-api.service[105423]: DEBUG placement.requestlog [req-27bb65fd-3706-49cc-9817-539fe9bffa42 req-2cca2ac4-2ebd-47a5-8dbc-b4c3bf27c82f None None] Starting request: 10.222.0.66 "GET /placement/allocation_candidates?limit=1000&resources=DISK_GB%3A1%2CMEMORY_MB%3A1024%2CVCPU%3A1&root_required=%21COMPUTE_STATUS_DISABLED" {{(pid=105423) __call__ /opt/stack/placement/placement/requestlog.py:55}}
Jul 25 19:19:49.697731 dv-cinder-820027-16-smb devstack@placement-api.service[105423]: DEBUG placement.objects.research_context [req-27bb65fd-3706-49cc-9817-539fe9bffa42 req-2cca2ac4-2ebd-47a5-8dbc-b4c3bf27c82f service placement] getting providers with 1 DISK_GB {{(pid=105423) __init__ /opt/stack/placement/placement/objects/research_context.py:136}}
Jul 25 19:19:49.704797 dv-cinder-820027-16-smb devstack@placement-api.service[105423]: DEBUG placement.objects.research_context [req-27bb65fd-3706-49cc-9817-539fe9bffa42 req-2cca2ac4-2ebd-47a5-8dbc-b4c3bf27c82f service placement] getting providers with 1024 MEMORY_MB {{(pid=105423) __init__ /opt/stack/placement/placement/objects/research_context.py:136}}
Jul 25 19:19:49.710800 dv-cinder-820027-16-smb devstack@placement-api.service[105423]: DEBUG placement.objects.research_context [req-27bb65fd-3706-49cc-9817-539fe9bffa42 req-2cca2ac4-2ebd-47a5-8dbc-b4c3bf27c82f service placement] getting providers with 1 VCPU {{(pid=105423) __init__ /opt/stack/placement/placement/objects/research_context.py:136}}
Jul 25 19:19:49.717173 dv-cinder-820027-16-smb devstack@placement-api.service[105423]: DEBUG placement.objects.research_context [req-27bb65fd-3706-49cc-9817-539fe9bffa42 req-2cca2ac4-2ebd-47a5-8dbc-b4c3bf27c82f service placement] found 1 providers with available 1 DISK_GB {{(pid=105423) get_provider_ids_matching /opt/stack/placement/placement/objects/research_context.py:563}}
Jul 25 19:19:49.718120 dv-cinder-820027-16-smb devstack@placement-api.service[105423]: DEBUG placement.objects.research_context [req-27bb65fd-3706-49cc-9817-539fe9bffa42 req-2cca2ac4-2ebd-47a5-8dbc-b4c3bf27c82f service placement] found 1 providers with available 1024 MEMORY_MB {{(pid=105423) get_provider_ids_matching /opt/stack/placement/placement/objects/research_context.py:563}}
Jul 25 19:19:49.718710 dv-cinder-820027-16-smb devstack@placement-api.service[105423]: DEBUG placement.objects.research_context [req-27bb65fd-3706-49cc-9817-539fe9bffa42 req-2cca2ac4-2ebd-47a5-8dbc-b4c3bf27c82f service placement] found 1 providers after filtering by previous result {{(pid=105423) get_provider_ids_matching /opt/stack/placement/placement/objects/research_context.py:594}}
Jul 25 19:19:49.719135 dv-cinder-820027-16-smb devstack@placement-api.service[105423]: DEBUG placement.objects.research_context [req-27bb65fd-3706-49cc-9817-539fe9bffa42 req-2cca2ac4-2ebd-47a5-8dbc-b4c3bf27c82f service placement] found 1 providers with available 1 VCPU {{(pid=105423) get_provider_ids_matching /opt/stack/placement/placement/objects/research_context.py:563}}
Jul 25 19:19:49.719539 dv-cinder-820027-16-smb devstack@placement-api.service[105423]: DEBUG placement.objects.research_context [req-27bb65fd-3706-49cc-9817-539fe9bffa42 req-2cca2ac4-2ebd-47a5-8dbc-b4c3bf27c82f service placement] found 1 providers after filtering by previous result {{(pid=105423) get_provider_ids_matching /opt/stack/placement/placement/objects/research_context.py:594}}
Jul 25 19:19:49.738718 dv-cinder-820027-16-smb devstack@placement-api.service[105423]: DEBUG placement.objects.allocation_candidate [req-27bb65fd-3706-49cc-9817-539fe9bffa42 req-2cca2ac4-2ebd-47a5-8dbc-b4c3bf27c82f service placement] RequestGroup(use_same_provider=False, resources={DISK_GB:1, MEMORY_MB:1024, VCPU:1}, traits=(), aggregates=[]) (suffix '') returned 1 matches {{(pid=105423) _get_by_requests /opt/stack/placement/placement/objects/allocation_candidate.py:156}}
Jul 25 19:19:49.738718 dv-cinder-820027-16-smb devstack@placement-api.service[105423]: DEBUG placement.objects.allocation_candidate [req-27bb65fd-3706-49cc-9817-539fe9bffa42 req-2cca2ac4-2ebd-47a5-8dbc-b4c3bf27c82f service placement] Merging candidates yields 1 allocation requests and 1 provider summaries {{(pid=105423) _merge_candidates /opt/stack/placement/placement/objects/allocation_candidate.py:809}}
Jul 25 19:19:49.739796 dv-cinder-820027-16-smb devstack@placement-api.service[105423]: INFO placement.requestlog [req-27bb65fd-3706-49cc-9817-539fe9bffa42 req-2cca2ac4-2ebd-47a5-8dbc-b4c3bf27c82f service placement] 10.222.0.66 "GET /placement/allocation_candidates?limit=1000&resources=DISK_GB%3A1%2CMEMORY_MB%3A1024%2CVCPU%3A1&root_required=%21COMPUTE_STATUS_DISABLED" status: 200 len: 767 microversion: 1.36
