Jul 12 14:39:43.642940 dv-cinder-820027-12-iscsi devstack@c-api.service[117848]: INFO cinder.api.openstack.wsgi [None req-340c2519-6ff8-408e-bc4b-d14904c97b65 tempest-GroupSnapshotsV319Test-1952745703 tempest-GroupSnapshotsV319Test-1952745703-project] http://10.222.0.30/volume/v3/5cd73adf4ec049ceb284156dd16ccf04/group_snapshots/41d11ed4-045e-49cb-a8fc-bbbd1cc4aeb5 returned with HTTP 200
Jul 12 14:39:43.644764 dv-cinder-820027-12-iscsi devstack@c-api.service[117848]: [pid: 117848|app: 0|req: 66/129] 10.222.0.30 () {60 vars in 1389 bytes} [Tue Jul 12 14:39:43 2022] GET /volume/v3/5cd73adf4ec049ceb284156dd16ccf04/group_snapshots/41d11ed4-045e-49cb-a8fc-bbbd1cc4aeb5 => generated 329 bytes in 51 msecs (HTTP/1.1 200) 7 headers in 286 bytes (1 switches on core 0)
Jul 12 14:39:43.774027 dv-cinder-820027-12-iscsi devstack@c-api.service[117849]: INFO cinder.api.openstack.wsgi [None req-e453655f-7528-445d-8f2a-a3d43ee48a09 tempest-GroupSnapshotsTest-1881816580 tempest-GroupSnapshotsTest-1881816580-project-admin] http://10.222.0.30/volume/v3/21e91c44cec34af6883bd4f99ff11aad/group_types/2760807b-434a-4498-8b12-affdb880fefb returned with HTTP 202
Jul 12 14:39:43.775197 dv-cinder-820027-12-iscsi devstack@c-api.service[117849]: [pid: 117849|app: 0|req: 64/130] 10.222.0.30 () {60 vars in 1380 bytes} [Tue Jul 12 14:39:43 2022] DELETE /volume/v3/21e91c44cec34af6883bd4f99ff11aad/group_types/2760807b-434a-4498-8b12-affdb880fefb => generated 0 bytes in 163 msecs (HTTP/1.1 202) 6 headers in 234 bytes (2 switches on core 0)
Jul 12 14:39:43.789013 dv-cinder-820027-12-iscsi devstack@c-api.service[117848]: DEBUG cinder.api.middleware.request_id [None req-fe81bae8-7ddd-4f06-a25e-94c6e21c40a9 None None] RequestId filter calling following filter/app {{(pid=117848) _context_setter /opt/stack/cinder/cinder/api/middleware/request_id.py:62}}
Jul 12 14:39:43.793281 dv-cinder-820027-12-iscsi devstack@c-api.service[117848]: INFO cinder.api.openstack.wsgi [None req-fe81bae8-7ddd-4f06-a25e-94c6e21c40a9 tempest-GroupSnapshotsTest-1881816580 tempest-GroupSnapshotsTest-1881816580-project-admin] POST http://10.222.0.30/volume/v3/21e91c44cec34af6883bd4f99ff11aad/types
Jul 12 14:39:43.795002 dv-cinder-820027-12-iscsi devstack@c-api.service[117848]: DEBUG cinder.api.openstack.wsgi [None req-fe81bae8-7ddd-4f06-a25e-94c6e21c40a9 tempest-GroupSnapshotsTest-1881816580 tempest-GroupSnapshotsTest-1881816580-project-admin] Action: 'create', calling method: _create, body: {"volume_type": {"name": "tempest-GroupSnapshotsTest-volume-type-616572293"}} {{(pid=117848) _process_stack /opt/stack/cinder/cinder/api/openstack/wsgi.py:866}}
Jul 12 14:39:43.913535 dv-cinder-820027-12-iscsi devstack@c-api.service[117848]: INFO cinder.api.openstack.wsgi [None req-fe81bae8-7ddd-4f06-a25e-94c6e21c40a9 tempest-GroupSnapshotsTest-1881816580 tempest-GroupSnapshotsTest-1881816580-project-admin] http://10.222.0.30/volume/v3/21e91c44cec34af6883bd4f99ff11aad/types returned with HTTP 200
Jul 12 14:39:43.922518 dv-cinder-820027-12-iscsi devstack@c-api.service[117849]: DEBUG cinder.api.middleware.request_id [None req-e41b8c55-735e-4d4e-b6e6-20d365154695 None None] RequestId filter calling following filter/app {{(pid=117849) _context_setter /opt/stack/cinder/cinder/api/middleware/request_id.py:62}}
Jul 12 14:39:43.926780 dv-cinder-820027-12-iscsi devstack@c-api.service[117849]: INFO cinder.api.openstack.wsgi [None req-e41b8c55-735e-4d4e-b6e6-20d365154695 tempest-GroupSnapshotsTest-1881816580 tempest-GroupSnapshotsTest-1881816580-project-admin] POST http://10.222.0.30/volume/v3/21e91c44cec34af6883bd4f99ff11aad/group_types
Jul 12 14:39:43.927494 dv-cinder-820027-12-iscsi devstack@c-api.service[117849]: DEBUG cinder.api.openstack.wsgi [None req-e41b8c55-735e-4d4e-b6e6-20d365154695 tempest-GroupSnapshotsTest-1881816580 tempest-GroupSnapshotsTest-1881816580-project-admin] Action: 'create', calling method: version_select, body: {"group_type": {"name": "tempest-GroupSnapshotsTest-group-type-819584273"}} {{(pid=117849) _process_stack /opt/stack/cinder/cinder/api/openstack/wsgi.py:866}}
Jul 12 14:39:43.929999 dv-cinder-820027-12-iscsi devstack@c-api.service[117848]: [pid: 117848|app: 0|req: 67/131] 10.222.0.30 () {60 vars in 1228 bytes} [Tue Jul 12 14:39:43 2022] POST /volume/v3/21e91c44cec34af6883bd4f99ff11aad/types => generated 223 bytes in 142 msecs (HTTP/1.1 200) 7 headers in 285 bytes (1 switches on core 0)
Jul 12 14:39:44.046833 dv-cinder-820027-12-iscsi devstack@c-api.service[117849]: INFO cinder.api.openstack.wsgi [None req-e41b8c55-735e-4d4e-b6e6-20d365154695 tempest-GroupSnapshotsTest-1881816580 tempest-GroupSnapshotsTest-1881816580-project-admin] http://10.222.0.30/volume/v3/21e91c44cec34af6883bd4f99ff11aad/group_types returned with HTTP 202
Jul 12 14:39:44.055193 dv-cinder-820027-12-iscsi devstack@c-api.service[117849]: [pid: 117849|app: 0|req: 65/132] 10.222.0.30 () {62 vars in 1287 bytes} [Tue Jul 12 14:39:43 2022] POST /volume/v3/21e91c44cec34af6883bd4f99ff11aad/group_types => generated 180 bytes in 134 msecs (HTTP/1.1 202) 7 headers in 292 bytes (2 switches on core 0)
Jul 12 14:39:44.055594 dv-cinder-820027-12-iscsi devstack@c-api.service[117848]: DEBUG cinder.api.middleware.request_id [None req-45e6bea5-5298-4c51-b171-fe3b115fd24b None None] RequestId filter calling following filter/app {{(pid=117848) _context_setter /opt/stack/cinder/cinder/api/middleware/request_id.py:62}}
Jul 12 14:39:44.064694 dv-cinder-820027-12-iscsi devstack@c-api.service[117848]: INFO cinder.api.openstack.wsgi [None req-45e6bea5-5298-4c51-b171-fe3b115fd24b tempest-GroupSnapshotsTest-540852135 tempest-GroupSnapshotsTest-540852135-project] POST http://10.222.0.30/volume/v3/f3eed61b06634aeb92e4008722f02898/groups
Jul 12 14:39:44.065734 dv-cinder-820027-12-iscsi devstack@c-api.service[117848]: DEBUG cinder.api.openstack.wsgi [None req-45e6bea5-5298-4c51-b171-fe3b115fd24b tempest-GroupSnapshotsTest-540852135 tempest-GroupSnapshotsTest-540852135-project] Action: 'create', calling method: version_select, body: {"group": {"group_type": "fda72880-af0a-4cb0-89c1-662858cb189b", "volume_types": ["463b4d6c-f59a-4062-b150-d01c31d633c6"], "name": "tempest-GroupSnapshotsTest-Group-1050026629"}} {{(pid=117848) _process_stack /opt/stack/cinder/cinder/api/openstack/wsgi.py:866}}
Jul 12 14:39:44.066690 dv-cinder-820027-12-iscsi devstack@c-api.service[117848]: DEBUG cinder.api.v3.groups [None req-45e6bea5-5298-4c51-b171-fe3b115fd24b tempest-GroupSnapshotsTest-540852135 tempest-GroupSnapshotsTest-540852135-project] Creating new group {'group': {'group_type': 'fda72880-af0a-4cb0-89c1-662858cb189b', 'volume_types': ['463b4d6c-f59a-4062-b150-d01c31d633c6'], 'name': 'tempest-GroupSnapshotsTest-Group-1050026629'}} {{(pid=117848) create /opt/stack/cinder/cinder/api/v3/groups.py:190}}
Jul 12 14:39:44.083119 dv-cinder-820027-12-iscsi devstack@c-api.service[117848]: INFO cinder.api.v3.groups [None req-45e6bea5-5298-4c51-b171-fe3b115fd24b tempest-GroupSnapshotsTest-540852135 tempest-GroupSnapshotsTest-540852135-project] Creating group tempest-GroupSnapshotsTest-Group-1050026629.
Jul 12 14:39:44.111795 dv-cinder-820027-12-iscsi devstack@c-api.service[117848]: INFO cinder.volume.api [None req-45e6bea5-5298-4c51-b171-fe3b115fd24b tempest-GroupSnapshotsTest-540852135 tempest-GroupSnapshotsTest-540852135-project] Availability Zones retrieved successfully.
Jul 12 14:39:44.286435 dv-cinder-820027-12-iscsi devstack@c-api.service[117848]: DEBUG cinder.quota [None req-45e6bea5-5298-4c51-b171-fe3b115fd24b tempest-GroupSnapshotsTest-540852135 tempest-GroupSnapshotsTest-540852135-project] Created reservations ['1ec52d39-cb89-47b3-9c4f-efd022fc86d4'] {{(pid=117848) reserve /opt/stack/cinder/cinder/quota.py:755}}
Jul 12 14:39:44.499785 dv-cinder-820027-12-iscsi devstack@c-api.service[117848]: INFO cinder.api.openstack.wsgi [None req-45e6bea5-5298-4c51-b171-fe3b115fd24b tempest-GroupSnapshotsTest-540852135 tempest-GroupSnapshotsTest-540852135-project] http://10.222.0.30/volume/v3/f3eed61b06634aeb92e4008722f02898/groups returned with HTTP 202
Jul 12 14:39:44.508063 dv-cinder-820027-12-iscsi devstack@c-api.service[117848]: [pid: 117848|app: 0|req: 68/133] 10.222.0.30 () {62 vars in 1273 bytes} [Tue Jul 12 14:39:44 2022] POST /volume/v3/f3eed61b06634aeb92e4008722f02898/groups => generated 112 bytes in 452 msecs (HTTP/1.1 202) 7 headers in 292 bytes (1 switches on core 0)
Jul 12 14:39:44.511896 dv-cinder-820027-12-iscsi devstack@c-api.service[117849]: DEBUG cinder.api.middleware.request_id [None req-44111874-7ad0-41dc-aaad-b356caf1322c None None] RequestId filter calling following filter/app {{(pid=117849) _context_setter /opt/stack/cinder/cinder/api/middleware/request_id.py:62}}
Jul 12 14:39:44.529406 dv-cinder-820027-12-iscsi devstack@c-api.service[117849]: INFO cinder.api.openstack.wsgi [None req-44111874-7ad0-41dc-aaad-b356caf1322c tempest-GroupSnapshotsTest-540852135 tempest-GroupSnapshotsTest-540852135-project] GET http://10.222.0.30/volume/v3/f3eed61b06634aeb92e4008722f02898/groups/ce5d6bea-c76b-4713-a9c9-b83ad43aad68
Jul 12 14:39:44.530955 dv-cinder-820027-12-iscsi devstack@c-api.service[117849]: DEBUG cinder.api.openstack.wsgi [None req-44111874-7ad0-41dc-aaad-b356caf1322c tempest-GroupSnapshotsTest-540852135 tempest-GroupSnapshotsTest-540852135-project] Empty body provided in request {{(pid=117849) get_body /opt/stack/cinder/cinder/api/openstack/wsgi.py:715}}
Jul 12 14:39:44.530955 dv-cinder-820027-12-iscsi devstack@c-api.service[117849]: DEBUG cinder.api.openstack.wsgi [None req-44111874-7ad0-41dc-aaad-b356caf1322c tempest-GroupSnapshotsTest-540852135 tempest-GroupSnapshotsTest-540852135-project] Calling method 'version_select' {{(pid=117849) _process_stack /opt/stack/cinder/cinder/api/openstack/wsgi.py:868}}
Jul 12 14:39:44.530955 dv-cinder-820027-12-iscsi devstack@c-api.service[117849]: DEBUG cinder.api.v3.groups [None req-44111874-7ad0-41dc-aaad-b356caf1322c tempest-GroupSnapshotsTest-540852135 tempest-GroupSnapshotsTest-540852135-project] show called for member ce5d6bea-c76b-4713-a9c9-b83ad43aad68 {{(pid=117849) show /opt/stack/cinder/cinder/api/v3/groups.py:58}}
Jul 12 14:39:44.538229 dv-cinder-820027-12-iscsi devstack@c-api.service[117849]: /usr/local/lib/python3.8/dist-packages/oslo_context/context.py:100: DeprecationWarning: Policy enforcement is depending on the value of is_admin. This key is deprecated. Please update your policy file to use the standard policy values.
Jul 12 14:39:44.538229 dv-cinder-820027-12-iscsi devstack@c-api.service[117849]: warnings.warn('Policy enforcement is depending on the value of '
Jul 12 14:39:44.566769 dv-cinder-820027-12-iscsi devstack@c-api.service[117849]: INFO cinder.api.openstack.wsgi [None req-44111874-7ad0-41dc-aaad-b356caf1322c tempest-GroupSnapshotsTest-540852135 tempest-GroupSnapshotsTest-540852135-project] http://10.222.0.30/volume/v3/f3eed61b06634aeb92e4008722f02898/groups/ce5d6bea-c76b-4713-a9c9-b83ad43aad68 returned with HTTP 200
Jul 12 14:39:44.571821 dv-cinder-820027-12-iscsi devstack@c-api.service[117849]: [pid: 117849|app: 0|req: 66/134] 10.222.0.30 () {60 vars in 1362 bytes} [Tue Jul 12 14:39:44 2022] GET /volume/v3/f3eed61b06634aeb92e4008722f02898/groups/ce5d6bea-c76b-4713-a9c9-b83ad43aad68 => generated 392 bytes in 59 msecs (HTTP/1.1 200) 7 headers in 286 bytes (1 switches on core 0)
Jul 12 14:39:44.607583 dv-cinder-820027-12-iscsi devstack@c-api.service[117848]: DEBUG cinder.api.middleware.request_id [None req-d042ffa9-e287-47cf-b0d7-efcaf8cabeda None None] RequestId filter calling following filter/app {{(pid=117848) _context_setter /opt/stack/cinder/cinder/api/middleware/request_id.py:62}}
Jul 12 14:39:44.613051 dv-cinder-820027-12-iscsi devstack@c-api.service[117848]: INFO cinder.api.openstack.wsgi [None req-d042ffa9-e287-47cf-b0d7-efcaf8cabeda tempest-GroupsV314Test-1514070910 tempest-GroupsV314Test-1514070910-project] GET http://10.222.0.30/volume/v3/b8dac4a3c40747b1970dc9b73b237a56/volumes/6fd4205a-37a1-480d-bfa2-24f414ed1c24
Jul 12 14:39:44.613594 dv-cinder-820027-12-iscsi devstack@c-api.service[117848]: DEBUG cinder.api.openstack.wsgi [None req-d042ffa9-e287-47cf-b0d7-efcaf8cabeda tempest-GroupsV314Test-1514070910 tempest-GroupsV314Test-1514070910-project] Empty body provided in request {{(pid=117848) get_body /opt/stack/cinder/cinder/api/openstack/wsgi.py:715}}
Jul 12 14:39:44.614051 dv-cinder-820027-12-iscsi devstack@c-api.service[117848]: DEBUG cinder.api.openstack.wsgi [None req-d042ffa9-e287-47cf-b0d7-efcaf8cabeda tempest-GroupsV314Test-1514070910 tempest-GroupsV314Test-1514070910-project] Calling method 'show' {{(pid=117848) _process_stack /opt/stack/cinder/cinder/api/openstack/wsgi.py:868}}
Jul 12 14:39:44.632333 dv-cinder-820027-12-iscsi devstack@c-api.service[117848]: /usr/local/lib/python3.8/dist-packages/oslo_context/context.py:100: DeprecationWarning: Policy enforcement is depending on the value of is_admin. This key is deprecated. Please update your policy file to use the standard policy values.
Jul 12 14:39:44.632333 dv-cinder-820027-12-iscsi devstack@c-api.service[117848]: warnings.warn('Policy enforcement is depending on the value of '
Jul 12 14:39:44.650732 dv-cinder-820027-12-iscsi devstack@c-api.service[117848]: INFO cinder.volume.api [None req-d042ffa9-e287-47cf-b0d7-efcaf8cabeda tempest-GroupsV314Test-1514070910 tempest-GroupsV314Test-1514070910-project] Volume info retrieved successfully.
Jul 12 14:39:44.652908 dv-cinder-820027-12-iscsi devstack@c-api.service[117849]: DEBUG cinder.api.middleware.request_id [None req-1e587053-2225-4fff-9228-7b1a29625db8 None None] RequestId filter calling following filter/app {{(pid=117849) _context_setter /opt/stack/cinder/cinder/api/middleware/request_id.py:62}}
Jul 12 14:39:44.656305 dv-cinder-820027-12-iscsi devstack@c-api.service[117848]: WARNING stevedore.named [None req-d042ffa9-e287-47cf-b0d7-efcaf8cabeda tempest-GroupsV314Test-1514070910 tempest-GroupsV314Test-1514070910-project] Could not load cinder.keymgr.conf_key_mgr.ConfKeyManager
Jul 12 14:39:44.656690 dv-cinder-820027-12-iscsi devstack@c-api.service[117848]: WARNING castellan.key_manager [None req-d042ffa9-e287-47cf-b0d7-efcaf8cabeda tempest-GroupsV314Test-1514070910 tempest-GroupsV314Test-1514070910-project] Deprecation Warning : cinder.keymgr.conf_key_mgr.ConfKeyManager is not a stevedore based driver, trying to load it as a class: stevedore.exception.NoMatches: No 'castellan.drivers' driver found, looking for 'cinder.keymgr.conf_key_mgr.ConfKeyManager'
Jul 12 14:39:44.660071 dv-cinder-820027-12-iscsi devstack@c-api.service[117849]: INFO cinder.api.openstack.wsgi [None req-1e587053-2225-4fff-9228-7b1a29625db8 tempest-GroupSnapshotsV319Test-1952745703 tempest-GroupSnapshotsV319Test-1952745703-project] GET http://10.222.0.30/volume/v3/5cd73adf4ec049ceb284156dd16ccf04/group_snapshots/41d11ed4-045e-49cb-a8fc-bbbd1cc4aeb5
Jul 12 14:39:44.662029 dv-cinder-820027-12-iscsi devstack@c-api.service[117849]: DEBUG cinder.api.openstack.wsgi [None req-1e587053-2225-4fff-9228-7b1a29625db8 tempest-GroupSnapshotsV319Test-1952745703 tempest-GroupSnapshotsV319Test-1952745703-project] Empty body provided in request {{(pid=117849) get_body /opt/stack/cinder/cinder/api/openstack/wsgi.py:715}}
Jul 12 14:39:44.662973 dv-cinder-820027-12-iscsi devstack@c-api.service[117849]: DEBUG cinder.api.openstack.wsgi [None req-1e587053-2225-4fff-9228-7b1a29625db8 tempest-GroupSnapshotsV319Test-1952745703 tempest-GroupSnapshotsV319Test-1952745703-project] Calling method 'version_select' {{(pid=117849) _process_stack /opt/stack/cinder/cinder/api/openstack/wsgi.py:868}}
Jul 12 14:39:44.663658 dv-cinder-820027-12-iscsi devstack@c-api.service[117849]: DEBUG cinder.api.v3.group_snapshots [None req-1e587053-2225-4fff-9228-7b1a29625db8 tempest-GroupSnapshotsV319Test-1952745703 tempest-GroupSnapshotsV319Test-1952745703-project] show called for member 41d11ed4-045e-49cb-a8fc-bbbd1cc4aeb5 {{(pid=117849) show /opt/stack/cinder/cinder/api/v3/group_snapshots.py:58}}
Jul 12 14:39:44.666148 dv-cinder-820027-12-iscsi devstack@c-api.service[117848]: DEBUG oslo_db.sqlalchemy.engines [None req-d042ffa9-e287-47cf-b0d7-efcaf8cabeda tempest-GroupsV314Test-1514070910 tempest-GroupsV314Test-1514070910-project] MySQL server mode set to STRICT_TRANS_TABLES,STRICT_ALL_TABLES,NO_ZERO_IN_DATE,NO_ZERO_DATE,ERROR_FOR_DIVISION_BY_ZERO,TRADITIONAL,NO_ENGINE_SUBSTITUTION {{(pid=117848) _check_effective_sql_mode /usr/local/lib/python3.8/dist-packages/oslo_db/sqlalchemy/engines.py:314}}
Jul 12 14:39:44.683343 dv-cinder-820027-12-iscsi devstack@c-api.service[117849]: /usr/local/lib/python3.8/dist-packages/oslo_context/context.py:100: DeprecationWarning: Policy enforcement is depending on the value of is_admin. This key is deprecated. Please update your policy file to use the standard policy values.
Jul 12 14:39:44.683343 dv-cinder-820027-12-iscsi devstack@c-api.service[117849]: warnings.warn('Policy enforcement is depending on the value of '
Jul 12 14:39:44.687668 dv-cinder-820027-12-iscsi devstack@c-api.service[117848]: /usr/local/lib/python3.8/dist-packages/oslo_context/context.py:100: DeprecationWarning: Policy enforcement is depending on the value of is_admin. This key is deprecated. Please update your policy file to use the standard policy values.
Jul 12 14:39:44.687668 dv-cinder-820027-12-iscsi devstack@c-api.service[117848]: warnings.warn('Policy enforcement is depending on the value of '
Jul 12 14:39:44.692898 dv-cinder-820027-12-iscsi devstack@c-api.service[117849]: INFO cinder.api.openstack.wsgi [None req-1e587053-2225-4fff-9228-7b1a29625db8 tempest-GroupSnapshotsV319Test-1952745703 tempest-GroupSnapshotsV319Test-1952745703-project] http://10.222.0.30/volume/v3/5cd73adf4ec049ceb284156dd16ccf04/group_snapshots/41d11ed4-045e-49cb-a8fc-bbbd1cc4aeb5 returned with HTTP 200
Jul 12 14:39:44.694226 dv-cinder-820027-12-iscsi devstack@c-api.service[117849]: [pid: 117849|app: 0|req: 67/135] 10.222.0.30 () {60 vars in 1389 bytes} [Tue Jul 12 14:39:44 2022] GET /volume/v3/5cd73adf4ec049ceb284156dd16ccf04/group_snapshots/41d11ed4-045e-49cb-a8fc-bbbd1cc4aeb5 => generated 329 bytes in 43 msecs (HTTP/1.1 200) 7 headers in 286 bytes (1 switches on core 0)
Jul 12 14:39:44.721412 dv-cinder-820027-12-iscsi devstack@c-api.service[117848]: INFO cinder.api.openstack.wsgi [None req-d042ffa9-e287-47cf-b0d7-efcaf8cabeda tempest-GroupsV314Test-1514070910 tempest-GroupsV314Test-1514070910-project] http://10.222.0.30/volume/v3/b8dac4a3c40747b1970dc9b73b237a56/volumes/6fd4205a-37a1-480d-bfa2-24f414ed1c24 returned with HTTP 200
Jul 12 14:39:44.732455 dv-cinder-820027-12-iscsi devstack@c-api.service[117848]: [pid: 117848|app: 0|req: 69/136] 10.222.0.30 () {60 vars in 1365 bytes} [Tue Jul 12 14:39:44 2022] GET /volume/v3/b8dac4a3c40747b1970dc9b73b237a56/volumes/6fd4205a-37a1-480d-bfa2-24f414ed1c24 => generated 990 bytes in 125 msecs (HTTP/1.1 200) 7 headers in 286 bytes (1 switches on core 0)
Jul 12 14:39:45.576200 dv-cinder-820027-12-iscsi devstack@c-api.service[117849]: DEBUG cinder.api.middleware.request_id [None req-2ef9f0a4-6c4e-46da-b0d8-1ab2762bbca7 None None] RequestId filter calling following filter/app {{(pid=117849) _context_setter /opt/stack/cinder/cinder/api/middleware/request_id.py:62}}
Jul 12 14:39:45.580016 dv-cinder-820027-12-iscsi devstack@c-api.service[117849]: INFO cinder.api.openstack.wsgi [None req-2ef9f0a4-6c4e-46da-b0d8-1ab2762bbca7 tempest-GroupSnapshotsTest-540852135 tempest-GroupSnapshotsTest-540852135-project] GET http://10.222.0.30/volume/v3/f3eed61b06634aeb92e4008722f02898/groups/ce5d6bea-c76b-4713-a9c9-b83ad43aad68
Jul 12 14:39:45.580495 dv-cinder-820027-12-iscsi devstack@c-api.service[117849]: DEBUG cinder.api.openstack.wsgi [None req-2ef9f0a4-6c4e-46da-b0d8-1ab2762bbca7 tempest-GroupSnapshotsTest-540852135 tempest-GroupSnapshotsTest-540852135-project] Empty body provided in request {{(pid=117849) get_body /opt/stack/cinder/cinder/api/openstack/wsgi.py:715}}
Jul 12 14:39:45.580938 dv-cinder-820027-12-iscsi devstack@c-api.service[117849]: DEBUG cinder.api.openstack.wsgi [None req-2ef9f0a4-6c4e-46da-b0d8-1ab2762bbca7 tempest-GroupSnapshotsTest-540852135 tempest-GroupSnapshotsTest-540852135-project] Calling method 'version_select' {{(pid=117849) _process_stack /opt/stack/cinder/cinder/api/openstack/wsgi.py:868}}
Jul 12 14:39:45.581305 dv-cinder-820027-12-iscsi devstack@c-api.service[117849]: DEBUG cinder.api.v3.groups [None req-2ef9f0a4-6c4e-46da-b0d8-1ab2762bbca7 tempest-GroupSnapshotsTest-540852135 tempest-GroupSnapshotsTest-540852135-project] show called for member ce5d6bea-c76b-4713-a9c9-b83ad43aad68 {{(pid=117849) show /opt/stack/cinder/cinder/api/v3/groups.py:58}}
Jul 12 14:39:45.588624 dv-cinder-820027-12-iscsi devstack@c-api.service[117849]: /usr/local/lib/python3.8/dist-packages/oslo_context/context.py:100: DeprecationWarning: Policy enforcement is depending on the value of is_admin. This key is deprecated. Please update your policy file to use the standard policy values.
Jul 12 14:39:45.588624 dv-cinder-820027-12-iscsi devstack@c-api.service[117849]: warnings.warn('Policy enforcement is depending on the value of '
Jul 12 14:39:45.602995 dv-cinder-820027-12-iscsi devstack@c-api.service[117849]: INFO cinder.api.openstack.wsgi [None req-2ef9f0a4-6c4e-46da-b0d8-1ab2762bbca7 tempest-GroupSnapshotsTest-540852135 tempest-GroupSnapshotsTest-540852135-project] http://10.222.0.30/volume/v3/f3eed61b06634aeb92e4008722f02898/groups/ce5d6bea-c76b-4713-a9c9-b83ad43aad68 returned with HTTP 200
Jul 12 14:39:45.603928 dv-cinder-820027-12-iscsi devstack@c-api.service[117849]: [pid: 117849|app: 0|req: 68/137] 10.222.0.30 () {60 vars in 1362 bytes} [Tue Jul 12 14:39:45 2022] GET /volume/v3/f3eed61b06634aeb92e4008722f02898/groups/ce5d6bea-c76b-4713-a9c9-b83ad43aad68 => generated 392 bytes in 29 msecs (HTTP/1.1 200) 7 headers in 286 bytes (1 switches on core 0)
Jul 12 14:39:45.702374 dv-cinder-820027-12-iscsi devstack@c-api.service[117848]: DEBUG cinder.api.middleware.request_id [None req-5d30f639-b99c-4cea-b067-4da1cf2b7184 None None] RequestId filter calling following filter/app {{(pid=117848) _context_setter /opt/stack/cinder/cinder/api/middleware/request_id.py:62}}
Jul 12 14:39:45.706580 dv-cinder-820027-12-iscsi devstack@c-api.service[117848]: INFO cinder.api.openstack.wsgi [None req-5d30f639-b99c-4cea-b067-4da1cf2b7184 tempest-GroupSnapshotsV319Test-1952745703 tempest-GroupSnapshotsV319Test-1952745703-project] GET http://10.222.0.30/volume/v3/5cd73adf4ec049ceb284156dd16ccf04/group_snapshots/41d11ed4-045e-49cb-a8fc-bbbd1cc4aeb5
Jul 12 14:39:45.707096 dv-cinder-820027-12-iscsi devstack@c-api.service[117848]: DEBUG cinder.api.openstack.wsgi [None req-5d30f639-b99c-4cea-b067-4da1cf2b7184 tempest-GroupSnapshotsV319Test-1952745703 tempest-GroupSnapshotsV319Test-1952745703-project] Empty body provided in request {{(pid=117848) get_body /opt/stack/cinder/cinder/api/openstack/wsgi.py:715}}
Jul 12 14:39:45.707706 dv-cinder-820027-12-iscsi devstack@c-api.service[117848]: DEBUG cinder.api.openstack.wsgi [None req-5d30f639-b99c-4cea-b067-4da1cf2b7184 tempest-GroupSnapshotsV319Test-1952745703 tempest-GroupSnapshotsV319Test-1952745703-project] Calling method 'version_select' {{(pid=117848) _process_stack /opt/stack/cinder/cinder/api/openstack/wsgi.py:868}}
Jul 12 14:39:45.708107 dv-cinder-820027-12-iscsi devstack@c-api.service[117848]: DEBUG cinder.api.v3.group_snapshots [None req-5d30f639-b99c-4cea-b067-4da1cf2b7184 tempest-GroupSnapshotsV319Test-1952745703 tempest-GroupSnapshotsV319Test-1952745703-project] show called for member 41d11ed4-045e-49cb-a8fc-bbbd1cc4aeb5 {{(pid=117848) show /opt/stack/cinder/cinder/api/v3/group_snapshots.py:58}}
Jul 12 14:39:45.724579 dv-cinder-820027-12-iscsi devstack@c-api.service[117848]: /usr/local/lib/python3.8/dist-packages/oslo_context/context.py:100: DeprecationWarning: Policy enforcement is depending on the value of is_admin. This key is deprecated. Please update your policy file to use the standard policy values.
Jul 12 14:39:45.724579 dv-cinder-820027-12-iscsi devstack@c-api.service[117848]: warnings.warn('Policy enforcement is depending on the value of '
Jul 12 14:39:45.732244 dv-cinder-820027-12-iscsi devstack@c-api.service[117848]: INFO cinder.api.openstack.wsgi [None req-5d30f639-b99c-4cea-b067-4da1cf2b7184 tempest-GroupSnapshotsV319Test-1952745703 tempest-GroupSnapshotsV319Test-1952745703-project] http://10.222.0.30/volume/v3/5cd73adf4ec049ceb284156dd16ccf04/group_snapshots/41d11ed4-045e-49cb-a8fc-bbbd1cc4aeb5 returned with HTTP 200
Jul 12 14:39:45.734894 dv-cinder-820027-12-iscsi devstack@c-api.service[117849]: DEBUG cinder.api.middleware.request_id [None req-89ab3c64-900b-4a7c-919a-024a3228f3b5 None None] RequestId filter calling following filter/app {{(pid=117849) _context_setter /opt/stack/cinder/cinder/api/middleware/request_id.py:62}}
Jul 12 14:39:45.739913 dv-cinder-820027-12-iscsi devstack@c-api.service[117849]: INFO cinder.api.openstack.wsgi [None req-89ab3c64-900b-4a7c-919a-024a3228f3b5 tempest-GroupsV314Test-1514070910 tempest-GroupsV314Test-1514070910-project] GET http://10.222.0.30/volume/v3/b8dac4a3c40747b1970dc9b73b237a56/volumes/6fd4205a-37a1-480d-bfa2-24f414ed1c24
Jul 12 14:39:45.740475 dv-cinder-820027-12-iscsi devstack@c-api.service[117849]: DEBUG cinder.api.openstack.wsgi [None req-89ab3c64-900b-4a7c-919a-024a3228f3b5 tempest-GroupsV314Test-1514070910 tempest-GroupsV314Test-1514070910-project] Empty body provided in request {{(pid=117849) get_body /opt/stack/cinder/cinder/api/openstack/wsgi.py:715}}
Jul 12 14:39:45.741013 dv-cinder-820027-12-iscsi devstack@c-api.service[117849]: DEBUG cinder.api.openstack.wsgi [None req-89ab3c64-900b-4a7c-919a-024a3228f3b5 tempest-GroupsV314Test-1514070910 tempest-GroupsV314Test-1514070910-project] Calling method 'show' {{(pid=117849) _process_stack /opt/stack/cinder/cinder/api/openstack/wsgi.py:868}}
Jul 12 14:39:45.745116 dv-cinder-820027-12-iscsi devstack@c-api.service[117848]: [pid: 117848|app: 0|req: 70/138] 10.222.0.30 () {60 vars in 1389 bytes} [Tue Jul 12 14:39:45 2022] GET /volume/v3/5cd73adf4ec049ceb284156dd16ccf04/group_snapshots/41d11ed4-045e-49cb-a8fc-bbbd1cc4aeb5 => generated 329 bytes in 44 msecs (HTTP/1.1 200) 7 headers in 286 bytes (1 switches on core 0)
Jul 12 14:39:45.757928 dv-cinder-820027-12-iscsi devstack@c-api.service[117849]: /usr/local/lib/python3.8/dist-packages/oslo_context/context.py:100: DeprecationWarning: Policy enforcement is depending on the value of is_admin. This key is deprecated. Please update your policy file to use the standard policy values.
Jul 12 14:39:45.757928 dv-cinder-820027-12-iscsi devstack@c-api.service[117849]: warnings.warn('Policy enforcement is depending on the value of '
Jul 12 14:39:45.767291 dv-cinder-820027-12-iscsi devstack@c-api.service[117849]: INFO cinder.volume.api [None req-89ab3c64-900b-4a7c-919a-024a3228f3b5 tempest-GroupsV314Test-1514070910 tempest-GroupsV314Test-1514070910-project] Volume info retrieved successfully.
Jul 12 14:39:45.768978 dv-cinder-820027-12-iscsi devstack@c-api.service[117849]: WARNING stevedore.named [None req-89ab3c64-900b-4a7c-919a-024a3228f3b5 tempest-GroupsV314Test-1514070910 tempest-GroupsV314Test-1514070910-project] Could not load cinder.keymgr.conf_key_mgr.ConfKeyManager
Jul 12 14:39:45.769560 dv-cinder-820027-12-iscsi devstack@c-api.service[117849]: WARNING castellan.key_manager [None req-89ab3c64-900b-4a7c-919a-024a3228f3b5 tempest-GroupsV314Test-1514070910 tempest-GroupsV314Test-1514070910-project] Deprecation Warning : cinder.keymgr.conf_key_mgr.ConfKeyManager is not a stevedore based driver, trying to load it as a class: stevedore.exception.NoMatches: No 'castellan.drivers' driver found, looking for 'cinder.keymgr.conf_key_mgr.ConfKeyManager'
Jul 12 14:39:45.779081 dv-cinder-820027-12-iscsi devstack@c-api.service[117849]: DEBUG oslo_db.sqlalchemy.engines [None req-89ab3c64-900b-4a7c-919a-024a3228f3b5 tempest-GroupsV314Test-1514070910 tempest-GroupsV314Test-1514070910-project] MySQL server mode set to STRICT_TRANS_TABLES,STRICT_ALL_TABLES,NO_ZERO_IN_DATE,NO_ZERO_DATE,ERROR_FOR_DIVISION_BY_ZERO,TRADITIONAL,NO_ENGINE_SUBSTITUTION {{(pid=117849) _check_effective_sql_mode /usr/local/lib/python3.8/dist-packages/oslo_db/sqlalchemy/engines.py:314}}
Jul 12 14:39:45.786807 dv-cinder-820027-12-iscsi devstack@c-api.service[117849]: /usr/local/lib/python3.8/dist-packages/oslo_context/context.py:100: DeprecationWarning: Policy enforcement is depending on the value of is_admin. This key is deprecated. Please update your policy file to use the standard policy values.
Jul 12 14:39:45.786807 dv-cinder-820027-12-iscsi devstack@c-api.service[117849]: warnings.warn('Policy enforcement is depending on the value of '
Jul 12 14:39:45.790342 dv-cinder-820027-12-iscsi devstack@c-api.service[117849]: DEBUG dbcounter [-] [117849] Writing DB stats cinder:SELECT=77,cinder:INSERT=9,cinder:UPDATE=14 {{(pid=117849) stat_writer /usr/local/lib/python3.8/dist-packages/dbcounter.py:114}}
Jul 12 14:39:45.805245 dv-cinder-820027-12-iscsi devstack@c-api.service[117849]: INFO cinder.api.openstack.wsgi [None req-89ab3c64-900b-4a7c-919a-024a3228f3b5 tempest-GroupsV314Test-1514070910 tempest-GroupsV314Test-1514070910-project] http://10.222.0.30/volume/v3/b8dac4a3c40747b1970dc9b73b237a56/volumes/6fd4205a-37a1-480d-bfa2-24f414ed1c24 returned with HTTP 200
Jul 12 14:39:45.806140 dv-cinder-820027-12-iscsi devstack@c-api.service[117849]: [pid: 117849|app: 0|req: 69/139] 10.222.0.30 () {60 vars in 1365 bytes} [Tue Jul 12 14:39:45 2022] GET /volume/v3/b8dac4a3c40747b1970dc9b73b237a56/volumes/6fd4205a-37a1-480d-bfa2-24f414ed1c24 => generated 990 bytes in 72 msecs (HTTP/1.1 200) 7 headers in 286 bytes (1 switches on core 0)
Jul 12 14:39:46.345734 dv-cinder-820027-12-iscsi devstack@c-api.service[117848]: DEBUG cinder.api.middleware.request_id [None req-db6e4fbd-ca7c-400e-bd38-24da919413fa None None] RequestId filter calling following filter/app {{(pid=117848) _context_setter /opt/stack/cinder/cinder/api/middleware/request_id.py:62}}
Jul 12 14:39:46.448087 dv-cinder-820027-12-iscsi devstack@c-api.service[117848]: INFO cinder.api.openstack.wsgi [None req-db6e4fbd-ca7c-400e-bd38-24da919413fa tempest-VolumeServicesNegativeTest-497909840 tempest-VolumeServicesNegativeTest-497909840-project-admin] GET http://10.222.0.30/volume/v3/20e96de827a64814bd4df004f33e0ebe/os-services
Jul 12 14:39:46.448539 dv-cinder-820027-12-iscsi devstack@c-api.service[117848]: DEBUG cinder.api.openstack.wsgi [None req-db6e4fbd-ca7c-400e-bd38-24da919413fa tempest-VolumeServicesNegativeTest-497909840 tempest-VolumeServicesNegativeTest-497909840-project-admin] Empty body provided in request {{(pid=117848) get_body /opt/stack/cinder/cinder/api/openstack/wsgi.py:715}}
Jul 12 14:39:46.448990 dv-cinder-820027-12-iscsi devstack@c-api.service[117848]: DEBUG cinder.api.openstack.wsgi [None req-db6e4fbd-ca7c-400e-bd38-24da919413fa tempest-VolumeServicesNegativeTest-497909840 tempest-VolumeServicesNegativeTest-497909840-project-admin] Calling method 'index' {{(pid=117848) _process_stack /opt/stack/cinder/cinder/api/openstack/wsgi.py:868}}
Jul 12 14:39:46.456263 dv-cinder-820027-12-iscsi devstack@c-api.service[117848]: INFO cinder.api.openstack.wsgi [None req-db6e4fbd-ca7c-400e-bd38-24da919413fa tempest-VolumeServicesNegativeTest-497909840 tempest-VolumeServicesNegativeTest-497909840-project-admin] http://10.222.0.30/volume/v3/20e96de827a64814bd4df004f33e0ebe/os-services returned with HTTP 200
Jul 12 14:39:46.456964 dv-cinder-820027-12-iscsi devstack@c-api.service[117848]: [pid: 117848|app: 0|req: 71/140] 10.222.0.30 () {58 vars in 1225 bytes} [Tue Jul 12 14:39:46 2022] GET /volume/v3/20e96de827a64814bd4df004f33e0ebe/os-services => generated 643 bytes in 112 msecs (HTTP/1.1 200) 7 headers in 285 bytes (1 switches on core 0)
Jul 12 14:39:46.465006 dv-cinder-820027-12-iscsi devstack@c-api.service[117849]: DEBUG cinder.api.middleware.request_id [None req-bb4acde1-8c29-4125-8a3b-7e3c7eac6fca None None] RequestId filter calling following filter/app {{(pid=117849) _context_setter /opt/stack/cinder/cinder/api/middleware/request_id.py:62}}
Jul 12 14:39:46.470863 dv-cinder-820027-12-iscsi devstack@c-api.service[117849]: INFO cinder.api.openstack.wsgi [None req-bb4acde1-8c29-4125-8a3b-7e3c7eac6fca tempest-VolumeServicesNegativeTest-497909840 tempest-VolumeServicesNegativeTest-497909840-project-admin] PUT http://10.222.0.30/volume/v3/20e96de827a64814bd4df004f33e0ebe/os-services/disable-log-reason
Jul 12 14:39:46.471500 dv-cinder-820027-12-iscsi devstack@c-api.service[117849]: DEBUG cinder.api.openstack.wsgi [None req-bb4acde1-8c29-4125-8a3b-7e3c7eac6fca tempest-VolumeServicesNegativeTest-497909840 tempest-VolumeServicesNegativeTest-497909840-project-admin] Action: 'update', calling method: update, body: {"host": "dv-cinder-820027-12-iscsi", "binary": "cinder-scheduler", "disabled_reason": null} {{(pid=117849) _process_stack /opt/stack/cinder/cinder/api/openstack/wsgi.py:866}}
Jul 12 14:39:46.474454 dv-cinder-820027-12-iscsi devstack@c-api.service[117849]: INFO cinder.api.openstack.wsgi [None req-bb4acde1-8c29-4125-8a3b-7e3c7eac6fca tempest-VolumeServicesNegativeTest-497909840 tempest-VolumeServicesNegativeTest-497909840-project-admin] http://10.222.0.30/volume/v3/20e96de827a64814bd4df004f33e0ebe/os-services/disable-log-reason returned with HTTP 400
Jul 12 14:39:46.480302 dv-cinder-820027-12-iscsi devstack@c-api.service[117849]: [pid: 117849|app: 0|req: 70/141] 10.222.0.30 () {60 vars in 1302 bytes} [Tue Jul 12 14:39:46 2022] PUT /volume/v3/20e96de827a64814bd4df004f33e0ebe/os-services/disable-log-reason => generated 136 bytes in 16 msecs (HTTP/1.1 400) 7 headers in 294 bytes (1 switches on core 0)
Jul 12 14:39:46.490177 dv-cinder-820027-12-iscsi devstack@c-api.service[117848]: DEBUG cinder.api.middleware.request_id [None req-29ce9bb2-4eb3-4909-a13b-3b24647f3547 None None] RequestId filter calling following filter/app {{(pid=117848) _context_setter /opt/stack/cinder/cinder/api/middleware/request_id.py:62}}
Jul 12 14:39:46.499625 dv-cinder-820027-12-iscsi devstack@c-api.service[117848]: INFO cinder.api.openstack.wsgi [None req-29ce9bb2-4eb3-4909-a13b-3b24647f3547 tempest-VolumeServicesNegativeTest-497909840 tempest-VolumeServicesNegativeTest-497909840-project-admin] PUT http://10.222.0.30/volume/v3/20e96de827a64814bd4df004f33e0ebe/os-services/disable
Jul 12 14:39:46.501348 dv-cinder-820027-12-iscsi devstack@c-api.service[117848]: DEBUG cinder.api.openstack.wsgi [None req-29ce9bb2-4eb3-4909-a13b-3b24647f3547 tempest-VolumeServicesNegativeTest-497909840 tempest-VolumeServicesNegativeTest-497909840-project-admin] Action: 'update', calling method: update, body: {"host": "dv-cinder-820027-12-iscsi", "binary": "invalid_binary"} {{(pid=117848) _process_stack /opt/stack/cinder/cinder/api/openstack/wsgi.py:866}}
Jul 12 14:39:46.514883 dv-cinder-820027-12-iscsi devstack@c-api.service[117848]: INFO cinder.api.openstack.wsgi [None req-29ce9bb2-4eb3-4909-a13b-3b24647f3547 tempest-VolumeServicesNegativeTest-497909840 tempest-VolumeServicesNegativeTest-497909840-project-admin] http://10.222.0.30/volume/v3/20e96de827a64814bd4df004f33e0ebe/os-services/disable returned with HTTP 404
Jul 12 14:39:46.522453 dv-cinder-820027-12-iscsi devstack@c-api.service[117849]: DEBUG cinder.api.middleware.request_id [None req-95fac5a6-e20d-432e-be63-59e810db4de9 None None] RequestId filter calling following filter/app {{(pid=117849) _context_setter /opt/stack/cinder/cinder/api/middleware/request_id.py:62}}
Jul 12 14:39:46.525462 dv-cinder-820027-12-iscsi devstack@c-api.service[117848]: [pid: 117848|app: 0|req: 72/142] 10.222.0.30 () {60 vars in 1269 bytes} [Tue Jul 12 14:39:46 2022] PUT /volume/v3/20e96de827a64814bd4df004f33e0ebe/os-services/disable => generated 122 bytes in 35 msecs (HTTP/1.1 404) 7 headers in 292 bytes (1 switches on core 0)
Jul 12 14:39:46.527245 dv-cinder-820027-12-iscsi devstack@c-api.service[117849]: INFO cinder.api.openstack.wsgi [None req-95fac5a6-e20d-432e-be63-59e810db4de9 tempest-VolumeServicesNegativeTest-497909840 tempest-VolumeServicesNegativeTest-497909840-project-admin] PUT http://10.222.0.30/volume/v3/20e96de827a64814bd4df004f33e0ebe/os-services/enable
Jul 12 14:39:46.527965 dv-cinder-820027-12-iscsi devstack@c-api.service[117849]: DEBUG cinder.api.openstack.wsgi [None req-95fac5a6-e20d-432e-be63-59e810db4de9 tempest-VolumeServicesNegativeTest-497909840 tempest-VolumeServicesNegativeTest-497909840-project-admin] Action: 'update', calling method: update, body: {"host": "invalid_host", "binary": "cinder-scheduler"} {{(pid=117849) _process_stack /opt/stack/cinder/cinder/api/openstack/wsgi.py:866}}
Jul 12 14:39:46.540009 dv-cinder-820027-12-iscsi devstack@c-api.service[117849]: INFO cinder.api.openstack.wsgi [None req-95fac5a6-e20d-432e-be63-59e810db4de9 tempest-VolumeServicesNegativeTest-497909840 tempest-VolumeServicesNegativeTest-497909840-project-admin] http://10.222.0.30/volume/v3/20e96de827a64814bd4df004f33e0ebe/os-services/enable returned with HTTP 404
Jul 12 14:39:46.540937 dv-cinder-820027-12-iscsi devstack@c-api.service[117849]: [pid: 117849|app: 0|req: 71/143] 10.222.0.30 () {60 vars in 1266 bytes} [Tue Jul 12 14:39:46 2022] PUT /volume/v3/20e96de827a64814bd4df004f33e0ebe/os-services/enable => generated 111 bytes in 20 msecs (HTTP/1.1 404) 7 headers in 292 bytes (2 switches on core 0)
Jul 12 14:39:46.548290 dv-cinder-820027-12-iscsi devstack@c-api.service[117848]: DEBUG cinder.api.middleware.request_id [None req-def48198-b348-43cd-96d0-9402d1aeba95 None None] RequestId filter calling following filter/app {{(pid=117848) _context_setter /opt/stack/cinder/cinder/api/middleware/request_id.py:62}}
Jul 12 14:39:46.553395 dv-cinder-820027-12-iscsi devstack@c-api.service[117848]: INFO cinder.api.openstack.wsgi [None req-def48198-b348-43cd-96d0-9402d1aeba95 tempest-VolumeServicesNegativeTest-497909840 tempest-VolumeServicesNegativeTest-497909840-project-admin] PUT http://10.222.0.30/volume/v3/20e96de827a64814bd4df004f33e0ebe/os-services/freeze
Jul 12 14:39:46.554686 dv-cinder-820027-12-iscsi devstack@c-api.service[117848]: DEBUG cinder.api.openstack.wsgi [None req-def48198-b348-43cd-96d0-9402d1aeba95 tempest-VolumeServicesNegativeTest-497909840 tempest-VolumeServicesNegativeTest-497909840-project-admin] Action: 'update', calling method: update, body: {"host": "invalid_host"} {{(pid=117848) _process_stack /opt/stack/cinder/cinder/api/openstack/wsgi.py:866}}
Jul 12 14:39:46.584961 dv-cinder-820027-12-iscsi devstack@c-api.service[117848]: INFO cinder.api.openstack.wsgi [None req-def48198-b348-43cd-96d0-9402d1aeba95 tempest-VolumeServicesNegativeTest-497909840 tempest-VolumeServicesNegativeTest-497909840-project-admin] http://10.222.0.30/volume/v3/20e96de827a64814bd4df004f33e0ebe/os-services/freeze returned with HTTP 400
Jul 12 14:39:46.590327 dv-cinder-820027-12-iscsi devstack@c-api.service[117848]: [pid: 117848|app: 0|req: 73/144] 10.222.0.30 () {60 vars in 1266 bytes} [Tue Jul 12 14:39:46 2022] PUT /volume/v3/20e96de827a64814bd4df004f33e0ebe/os-services/freeze => generated 83 bytes in 40 msecs (HTTP/1.1 400) 7 headers in 293 bytes (1 switches on core 0)
Jul 12 14:39:46.593566 dv-cinder-820027-12-iscsi devstack@c-api.service[117849]: DEBUG cinder.api.middleware.request_id [None req-eb081881-3696-457e-b9ee-b00ef20f6d39 None None] RequestId filter calling following filter/app {{(pid=117849) _context_setter /opt/stack/cinder/cinder/api/middleware/request_id.py:62}}
Jul 12 14:39:46.604709 dv-cinder-820027-12-iscsi devstack@c-api.service[117849]: INFO cinder.api.openstack.wsgi [None req-eb081881-3696-457e-b9ee-b00ef20f6d39 tempest-VolumeServicesNegativeTest-497909840 tempest-VolumeServicesNegativeTest-497909840-project-admin] PUT http://10.222.0.30/volume/v3/20e96de827a64814bd4df004f33e0ebe/os-services/thaw
Jul 12 14:39:46.605746 dv-cinder-820027-12-iscsi devstack@c-api.service[117849]: DEBUG cinder.api.openstack.wsgi [None req-eb081881-3696-457e-b9ee-b00ef20f6d39 tempest-VolumeServicesNegativeTest-497909840 tempest-VolumeServicesNegativeTest-497909840-project-admin] Action: 'update', calling method: update, body: {"host": "invalid_host"} {{(pid=117849) _process_stack /opt/stack/cinder/cinder/api/openstack/wsgi.py:866}}
Jul 12 14:39:46.612741 dv-cinder-820027-12-iscsi devstack@c-api.service[117848]: DEBUG cinder.api.middleware.request_id [None req-37b1eabc-faa6-4f87-8964-7fb76fe2bca0 None None] RequestId filter calling following filter/app {{(pid=117848) _context_setter /opt/stack/cinder/cinder/api/middleware/request_id.py:62}}
Jul 12 14:39:46.617098 dv-cinder-820027-12-iscsi devstack@c-api.service[117848]: INFO cinder.api.openstack.wsgi [None req-37b1eabc-faa6-4f87-8964-7fb76fe2bca0 tempest-GroupSnapshotsTest-540852135 tempest-GroupSnapshotsTest-540852135-project] GET http://10.222.0.30/volume/v3/f3eed61b06634aeb92e4008722f02898/groups/ce5d6bea-c76b-4713-a9c9-b83ad43aad68
Jul 12 14:39:46.617678 dv-cinder-820027-12-iscsi devstack@c-api.service[117848]: DEBUG cinder.api.openstack.wsgi [None req-37b1eabc-faa6-4f87-8964-7fb76fe2bca0 tempest-GroupSnapshotsTest-540852135 tempest-GroupSnapshotsTest-540852135-project] Empty body provided in request {{(pid=117848) get_body /opt/stack/cinder/cinder/api/openstack/wsgi.py:715}}
Jul 12 14:39:46.624207 dv-cinder-820027-12-iscsi devstack@c-api.service[117848]: DEBUG cinder.api.openstack.wsgi [None req-37b1eabc-faa6-4f87-8964-7fb76fe2bca0 tempest-GroupSnapshotsTest-540852135 tempest-GroupSnapshotsTest-540852135-project] Calling method 'version_select' {{(pid=117848) _process_stack /opt/stack/cinder/cinder/api/openstack/wsgi.py:868}}
Jul 12 14:39:46.624207 dv-cinder-820027-12-iscsi devstack@c-api.service[117848]: DEBUG cinder.api.v3.groups [None req-37b1eabc-faa6-4f87-8964-7fb76fe2bca0 tempest-GroupSnapshotsTest-540852135 tempest-GroupSnapshotsTest-540852135-project] show called for member ce5d6bea-c76b-4713-a9c9-b83ad43aad68 {{(pid=117848) show /opt/stack/cinder/cinder/api/v3/groups.py:58}}
Jul 12 14:39:46.627233 dv-cinder-820027-12-iscsi devstack@c-api.service[117849]: INFO cinder.api.openstack.wsgi [None req-eb081881-3696-457e-b9ee-b00ef20f6d39 tempest-VolumeServicesNegativeTest-497909840 tempest-VolumeServicesNegativeTest-497909840-project-admin] http://10.222.0.30/volume/v3/20e96de827a64814bd4df004f33e0ebe/os-services/thaw returned with HTTP 400
Jul 12 14:39:46.628351 dv-cinder-820027-12-iscsi devstack@c-api.service[117849]: [pid: 117849|app: 0|req: 72/145] 10.222.0.30 () {60 vars in 1260 bytes} [Tue Jul 12 14:39:46 2022] PUT /volume/v3/20e96de827a64814bd4df004f33e0ebe/os-services/thaw => generated 83 bytes in 37 msecs (HTTP/1.1 400) 7 headers in 293 bytes (1 switches on core 0)
Jul 12 14:39:46.631680 dv-cinder-820027-12-iscsi devstack@c-api.service[117848]: /usr/local/lib/python3.8/dist-packages/oslo_context/context.py:100: DeprecationWarning: Policy enforcement is depending on the value of is_admin. This key is deprecated. Please update your policy file to use the standard policy values.
Jul 12 14:39:46.631680 dv-cinder-820027-12-iscsi devstack@c-api.service[117848]: warnings.warn('Policy enforcement is depending on the value of '
Jul 12 14:39:46.670092 dv-cinder-820027-12-iscsi devstack@c-api.service[117848]: INFO cinder.api.openstack.wsgi [None req-37b1eabc-faa6-4f87-8964-7fb76fe2bca0 tempest-GroupSnapshotsTest-540852135 tempest-GroupSnapshotsTest-540852135-project] http://10.222.0.30/volume/v3/f3eed61b06634aeb92e4008722f02898/groups/ce5d6bea-c76b-4713-a9c9-b83ad43aad68 returned with HTTP 200
Jul 12 14:39:46.676276 dv-cinder-820027-12-iscsi devstack@c-api.service[117848]: [pid: 117848|app: 0|req: 74/146] 10.222.0.30 () {60 vars in 1362 bytes} [Tue Jul 12 14:39:46 2022] GET /volume/v3/f3eed61b06634aeb92e4008722f02898/groups/ce5d6bea-c76b-4713-a9c9-b83ad43aad68 => generated 393 bytes in 60 msecs (HTTP/1.1 200) 7 headers in 286 bytes (1 switches on core 0)
Jul 12 14:39:46.689637 dv-cinder-820027-12-iscsi devstack@c-api.service[117849]: DEBUG cinder.api.middleware.request_id [None req-62844f98-7c3e-48ba-a7da-892a12e3fae6 None None] RequestId filter calling following filter/app {{(pid=117849) _context_setter /opt/stack/cinder/cinder/api/middleware/request_id.py:62}}
Jul 12 14:39:46.694131 dv-cinder-820027-12-iscsi devstack@c-api.service[117849]: INFO cinder.api.openstack.wsgi [None req-62844f98-7c3e-48ba-a7da-892a12e3fae6 tempest-GroupSnapshotsTest-540852135 tempest-GroupSnapshotsTest-540852135-project] POST http://10.222.0.30/volume/v3/f3eed61b06634aeb92e4008722f02898/volumes
Jul 12 14:39:46.694922 dv-cinder-820027-12-iscsi devstack@c-api.service[117849]: DEBUG cinder.api.openstack.wsgi [None req-62844f98-7c3e-48ba-a7da-892a12e3fae6 tempest-GroupSnapshotsTest-540852135 tempest-GroupSnapshotsTest-540852135-project] Action: 'create', calling method: create, body: {"volume": {"volume_type": "463b4d6c-f59a-4062-b150-d01c31d633c6", "group_id": "ce5d6bea-c76b-4713-a9c9-b83ad43aad68", "size": 1, "name": "tempest-GroupSnapshotsTest-Volume-316666179"}} {{(pid=117849) _process_stack /opt/stack/cinder/cinder/api/openstack/wsgi.py:866}}
Jul 12 14:39:46.696125 dv-cinder-820027-12-iscsi devstack@c-api.service[117849]: DEBUG cinder.api.v3.volumes [None req-62844f98-7c3e-48ba-a7da-892a12e3fae6 tempest-GroupSnapshotsTest-540852135 tempest-GroupSnapshotsTest-540852135-project] Create volume request body: {'volume': {'volume_type': '463b4d6c-f59a-4062-b150-d01c31d633c6', 'group_id': 'ce5d6bea-c76b-4713-a9c9-b83ad43aad68', 'size': 1, 'name': 'tempest-GroupSnapshotsTest-Volume-316666179'}} {{(pid=117849) create /opt/stack/cinder/cinder/api/v3/volumes.py:298}}
Jul 12 14:39:46.717788 dv-cinder-820027-12-iscsi devstack@c-api.service[117849]: /usr/local/lib/python3.8/dist-packages/oslo_context/context.py:100: DeprecationWarning: Policy enforcement is depending on the value of is_admin. This key is deprecated. Please update your policy file to use the standard policy values.
Jul 12 14:39:46.717788 dv-cinder-820027-12-iscsi devstack@c-api.service[117849]: warnings.warn('Policy enforcement is depending on the value of '
Jul 12 14:39:46.719126 dv-cinder-820027-12-iscsi devstack@c-api.service[117849]: INFO cinder.api.v3.volumes [None req-62844f98-7c3e-48ba-a7da-892a12e3fae6 tempest-GroupSnapshotsTest-540852135 tempest-GroupSnapshotsTest-540852135-project] Create volume of 1 GB
Jul 12 14:39:46.754722 dv-cinder-820027-12-iscsi devstack@c-api.service[117848]: DEBUG cinder.api.middleware.request_id [None req-721b885b-c244-48a7-8001-23f36c94915c None None] RequestId filter calling following filter/app {{(pid=117848) _context_setter /opt/stack/cinder/cinder/api/middleware/request_id.py:62}}
Jul 12 14:39:46.755204 dv-cinder-820027-12-iscsi devstack@c-api.service[117849]: INFO cinder.volume.api [None req-62844f98-7c3e-48ba-a7da-892a12e3fae6 tempest-GroupSnapshotsTest-540852135 tempest-GroupSnapshotsTest-540852135-project] Availability Zones retrieved successfully.
Jul 12 14:39:46.759652 dv-cinder-820027-12-iscsi devstack@c-api.service[117848]: INFO cinder.api.openstack.wsgi [None req-721b885b-c244-48a7-8001-23f36c94915c tempest-GroupSnapshotsV319Test-1952745703 tempest-GroupSnapshotsV319Test-1952745703-project] GET http://10.222.0.30/volume/v3/5cd73adf4ec049ceb284156dd16ccf04/group_snapshots/41d11ed4-045e-49cb-a8fc-bbbd1cc4aeb5
Jul 12 14:39:46.760181 dv-cinder-820027-12-iscsi devstack@c-api.service[117848]: DEBUG cinder.api.openstack.wsgi [None req-721b885b-c244-48a7-8001-23f36c94915c tempest-GroupSnapshotsV319Test-1952745703 tempest-GroupSnapshotsV319Test-1952745703-project] Empty body provided in request {{(pid=117848) get_body /opt/stack/cinder/cinder/api/openstack/wsgi.py:715}}
Jul 12 14:39:46.761466 dv-cinder-820027-12-iscsi devstack@c-api.service[117848]: DEBUG cinder.api.openstack.wsgi [None req-721b885b-c244-48a7-8001-23f36c94915c tempest-GroupSnapshotsV319Test-1952745703 tempest-GroupSnapshotsV319Test-1952745703-project] Calling method 'version_select' {{(pid=117848) _process_stack /opt/stack/cinder/cinder/api/openstack/wsgi.py:868}}
Jul 12 14:39:46.761466 dv-cinder-820027-12-iscsi devstack@c-api.service[117848]: DEBUG cinder.api.v3.group_snapshots [None req-721b885b-c244-48a7-8001-23f36c94915c tempest-GroupSnapshotsV319Test-1952745703 tempest-GroupSnapshotsV319Test-1952745703-project] show called for member 41d11ed4-045e-49cb-a8fc-bbbd1cc4aeb5 {{(pid=117848) show /opt/stack/cinder/cinder/api/v3/group_snapshots.py:58}}
Jul 12 14:39:46.775915 dv-cinder-820027-12-iscsi devstack@c-api.service[117848]: /usr/local/lib/python3.8/dist-packages/oslo_context/context.py:100: DeprecationWarning: Policy enforcement is depending on the value of is_admin. This key is deprecated. Please update your policy file to use the standard policy values.
Jul 12 14:39:46.775915 dv-cinder-820027-12-iscsi devstack@c-api.service[117848]: warnings.warn('Policy enforcement is depending on the value of '
Jul 12 14:39:46.785948 dv-cinder-820027-12-iscsi devstack@c-api.service[117849]: DEBUG cinder.volume.api [None req-62844f98-7c3e-48ba-a7da-892a12e3fae6 tempest-GroupSnapshotsTest-540852135 tempest-GroupSnapshotsTest-540852135-project] Flow 'volume_create_api' (ce0c9d68-0717-43e8-9dbb-88c05e1ee0b5) transitioned into state 'RUNNING' from state 'PENDING' {{(pid=117849) _flow_receiver /usr/local/lib/python3.8/dist-packages/taskflow/listeners/logging.py:141}}
Jul 12 14:39:46.794386 dv-cinder-820027-12-iscsi devstack@c-api.service[117848]: INFO cinder.api.openstack.wsgi [None req-721b885b-c244-48a7-8001-23f36c94915c tempest-GroupSnapshotsV319Test-1952745703 tempest-GroupSnapshotsV319Test-1952745703-project] http://10.222.0.30/volume/v3/5cd73adf4ec049ceb284156dd16ccf04/group_snapshots/41d11ed4-045e-49cb-a8fc-bbbd1cc4aeb5 returned with HTTP 200
