Mar 03 02:30:52.691248 dv-cinder-819778-7-smb devstack@c-api.service[109822]: INFO cinder.api.openstack.wsgi [None req-f929f3c6-0fb5-4ac4-bca8-b1f45c90edbc tempest-SnapshotsActionsTest-1114916750 tempest-SnapshotsActionsTest-1114916750-project] http://10.222.0.15/volume/v3/3b1afba2287d46ba9f8dcb0247a3ca1a/snapshots/0f9b3a8d-3949-4a7a-8c87-1954c375b42a returned with HTTP 200
Mar 03 02:30:52.697430 dv-cinder-819778-7-smb devstack@c-api.service[109821]: DEBUG cinder.volume.api [None req-f89f8d9d-d51c-4992-b62e-df814c062f5d tempest-VolumesTestJSON-984024543 tempest-VolumesTestJSON-984024543-project] Task 'cinder.volume.flows.api.create_volume.QuotaCommitTask;volume:create' (678fe38e-4480-4ec2-b18e-b46b9387731d) transitioned into state 'SUCCESS' from state 'RUNNING' with result '{'volume_properties': VolumeProperties(attach_status='detached',availability_zone='nova',cgsnapshot_id=None,consistencygroup_id=None,display_description=None,display_name='tempest-VolumesTestJSON-volume-1561510000',encryption_key_id=None,group_id=None,group_type_id=,metadata={Type='work'},multiattach=False,project_id='4860a083edf14a01942e3fc288826f76',qos_specs=None,replication_status=,reservations=['65c40dc8-ed56-4bdb-86c1-6d6d668b7e62','8d4260de-d4ed-4bc0-97cc-dd6a359f375c','8f701941-dbf4-404e-a5ff-054bc697683a','cb146a4c-65c1-46a3-bb55-cad81736eb36'],size=1,snapshot_id=None,source_replicaid=,source_volid=None,status='creating',user_id='bfa889de36de4f3da0288a9fab202594',volume_type_id=9a9f80bc-0e01-4fe5-835b-be98527c48db)}' {{(pid=109821) _task_receiver /usr/local/lib/python3.8/dist-packages/taskflow/listeners/logging.py:178}}
Mar 03 02:30:52.700113 dv-cinder-819778-7-smb devstack@c-api.service[109821]: DEBUG cinder.volume.api [None req-f89f8d9d-d51c-4992-b62e-df814c062f5d tempest-VolumesTestJSON-984024543 tempest-VolumesTestJSON-984024543-project] Task 'cinder.volume.flows.api.create_volume.VolumeCastTask;volume:create' (108a4f8f-5ebd-4822-b11b-7a8142261efd) transitioned into state 'RUNNING' from state 'PENDING' {{(pid=109821) _task_receiver /usr/local/lib/python3.8/dist-packages/taskflow/listeners/logging.py:190}}
Mar 03 02:30:52.707122 dv-cinder-819778-7-smb devstack@c-api.service[109822]: [pid: 109822|app: 0|req: 17/34] 10.222.0.15 () {58 vars in 1330 bytes} [Thu Mar 3 02:30:52 2022] GET /volume/v3/3b1afba2287d46ba9f8dcb0247a3ca1a/snapshots/0f9b3a8d-3949-4a7a-8c87-1954c375b42a => generated 530 bytes in 88 msecs (HTTP/1.1 200) 7 headers in 285 bytes (1 switches on core 0)
Mar 03 02:30:52.716798 dv-cinder-819778-7-smb devstack@c-api.service[109822]: DEBUG cinder.api.middleware.request_id [None req-0506fff7-06fb-4c3b-b0ff-90a10383be22 None None] RequestId filter calling following filter/app {{(pid=109822) _context_setter /opt/stack/cinder/cinder/api/middleware/request_id.py:62}}
Mar 03 02:30:52.722910 dv-cinder-819778-7-smb devstack@c-api.service[109822]: INFO cinder.api.openstack.wsgi [None req-0506fff7-06fb-4c3b-b0ff-90a10383be22 tempest-SnapshotsActionsTest-1151384516 tempest-SnapshotsActionsTest-1151384516-project-admin] POST http://10.222.0.15/volume/v3/8303a494834a4d1d8368d441dfade931/snapshots/0f9b3a8d-3949-4a7a-8c87-1954c375b42a/action
Mar 03 02:30:52.727631 dv-cinder-819778-7-smb devstack@c-api.service[109822]: DEBUG cinder.api.openstack.wsgi [None req-0506fff7-06fb-4c3b-b0ff-90a10383be22 tempest-SnapshotsActionsTest-1151384516 tempest-SnapshotsActionsTest-1151384516-project-admin] Action body: b'{"os-reset_status": {"status": "available"}}' {{(pid=109822) get_method /opt/stack/cinder/cinder/api/openstack/wsgi.py:983}}
Mar 03 02:30:52.727971 dv-cinder-819778-7-smb devstack@c-api.service[109822]: DEBUG cinder.api.openstack.wsgi [None req-0506fff7-06fb-4c3b-b0ff-90a10383be22 tempest-SnapshotsActionsTest-1151384516 tempest-SnapshotsActionsTest-1151384516-project-admin] Action: 'action', calling method: _reset_status, body: {"os-reset_status": {"status": "available"}} {{(pid=109822) _process_stack /opt/stack/cinder/cinder/api/openstack/wsgi.py:866}}
Mar 03 02:30:52.733912 dv-cinder-819778-7-smb devstack@c-api.service[109822]: DEBUG cinder.api.contrib.admin_actions [None req-0506fff7-06fb-4c3b-b0ff-90a10383be22 tempest-SnapshotsActionsTest-1151384516 tempest-SnapshotsActionsTest-1151384516-project-admin] Updating snapshot '0f9b3a8d-3949-4a7a-8c87-1954c375b42a' with '{'status': 'available'}' {{(pid=109822) _reset_status /opt/stack/cinder/cinder/api/contrib/admin_actions.py:100}}
Mar 03 02:30:52.755642 dv-cinder-819778-7-smb devstack@c-api.service[109821]: DEBUG cinder.volume.api [None req-f89f8d9d-d51c-4992-b62e-df814c062f5d tempest-VolumesTestJSON-984024543 tempest-VolumesTestJSON-984024543-project] Task 'cinder.volume.flows.api.create_volume.VolumeCastTask;volume:create' (108a4f8f-5ebd-4822-b11b-7a8142261efd) transitioned into state 'SUCCESS' from state 'RUNNING' with result 'None' {{(pid=109821) _task_receiver /usr/local/lib/python3.8/dist-packages/taskflow/listeners/logging.py:178}}
Mar 03 02:30:52.769108 dv-cinder-819778-7-smb devstack@c-api.service[109821]: DEBUG cinder.volume.api [None req-f89f8d9d-d51c-4992-b62e-df814c062f5d tempest-VolumesTestJSON-984024543 tempest-VolumesTestJSON-984024543-project] Flow 'volume_create_api' (ca3e5b49-5796-4450-ba33-998f32e95b89) transitioned into state 'SUCCESS' from state 'RUNNING' {{(pid=109821) _flow_receiver /usr/local/lib/python3.8/dist-packages/taskflow/listeners/logging.py:141}}
Mar 03 02:30:52.769830 dv-cinder-819778-7-smb devstack@c-api.service[109821]: INFO cinder.volume.api [None req-f89f8d9d-d51c-4992-b62e-df814c062f5d tempest-VolumesTestJSON-984024543 tempest-VolumesTestJSON-984024543-project] Create volume request issued successfully.
Mar 03 02:30:52.771086 dv-cinder-819778-7-smb devstack@c-api.service[109821]: INFO cinder.api.openstack.wsgi [None req-f89f8d9d-d51c-4992-b62e-df814c062f5d tempest-VolumesTestJSON-984024543 tempest-VolumesTestJSON-984024543-project] http://10.222.0.15/volume/v3/4860a083edf14a01942e3fc288826f76/volumes returned with HTTP 202
Mar 03 02:30:52.771889 dv-cinder-819778-7-smb devstack@c-api.service[109821]: [pid: 109821|app: 0|req: 18/35] 10.222.0.15 () {60 vars in 1235 bytes} [Thu Mar 3 02:30:52 2022] POST /volume/v3/4860a083edf14a01942e3fc288826f76/volumes => generated 829 bytes in 565 msecs (HTTP/1.1 202) 7 headers in 291 bytes (2 switches on core 0)
Mar 03 02:30:52.784188 dv-cinder-819778-7-smb devstack@c-api.service[109821]: DEBUG cinder.api.middleware.request_id [None req-6f762947-ca71-4884-83d3-7472fb5420d6 None None] RequestId filter calling following filter/app {{(pid=109821) _context_setter /opt/stack/cinder/cinder/api/middleware/request_id.py:62}}
Mar 03 02:30:52.786493 dv-cinder-819778-7-smb devstack@c-api.service[109822]: /usr/local/lib/python3.8/dist-packages/oslo_context/context.py:105: DeprecationWarning: Policy enforcement is depending on the value of is_admin. This key is deprecated. Please update your policy file to use the standard policy values.
Mar 03 02:30:52.786493 dv-cinder-819778-7-smb devstack@c-api.service[109822]: warnings.warn('Policy enforcement is depending on the value of '
Mar 03 02:30:52.797326 dv-cinder-819778-7-smb devstack@c-api.service[109821]: INFO cinder.api.openstack.wsgi [None req-6f762947-ca71-4884-83d3-7472fb5420d6 tempest-VolumesTestJSON-984024543 tempest-VolumesTestJSON-984024543-project] GET http://10.222.0.15/volume/v3/4860a083edf14a01942e3fc288826f76/volumes/e3c3c567-7abe-4335-b060-a800d68bc826
Mar 03 02:30:52.798440 dv-cinder-819778-7-smb devstack@c-api.service[109821]: DEBUG cinder.api.openstack.wsgi [None req-6f762947-ca71-4884-83d3-7472fb5420d6 tempest-VolumesTestJSON-984024543 tempest-VolumesTestJSON-984024543-project] Empty body provided in request {{(pid=109821) get_body /opt/stack/cinder/cinder/api/openstack/wsgi.py:715}}
Mar 03 02:30:52.800903 dv-cinder-819778-7-smb devstack@c-api.service[109821]: DEBUG cinder.api.openstack.wsgi [None req-6f762947-ca71-4884-83d3-7472fb5420d6 tempest-VolumesTestJSON-984024543 tempest-VolumesTestJSON-984024543-project] Calling method 'show' {{(pid=109821) _process_stack /opt/stack/cinder/cinder/api/openstack/wsgi.py:868}}
Mar 03 02:30:52.817934 dv-cinder-819778-7-smb devstack@c-api.service[109822]: INFO cinder.api.openstack.wsgi [None req-0506fff7-06fb-4c3b-b0ff-90a10383be22 tempest-SnapshotsActionsTest-1151384516 tempest-SnapshotsActionsTest-1151384516-project-admin] http://10.222.0.15/volume/v3/8303a494834a4d1d8368d441dfade931/snapshots/0f9b3a8d-3949-4a7a-8c87-1954c375b42a/action returned with HTTP 202
Mar 03 02:30:52.821278 dv-cinder-819778-7-smb devstack@c-api.service[109822]: [pid: 109822|app: 0|req: 18/36] 10.222.0.15 () {60 vars in 1372 bytes} [Thu Mar 3 02:30:52 2022] POST /volume/v3/8303a494834a4d1d8368d441dfade931/snapshots/0f9b3a8d-3949-4a7a-8c87-1954c375b42a/action => generated 0 bytes in 113 msecs (HTTP/1.1 202) 7 headers in 289 bytes (1 switches on core 0)
Mar 03 02:30:52.825785 dv-cinder-819778-7-smb devstack@c-api.service[109822]: DEBUG cinder.api.middleware.request_id [None req-fa62a402-d029-4da4-ad72-3208d5e7155b None None] RequestId filter calling following filter/app {{(pid=109822) _context_setter /opt/stack/cinder/cinder/api/middleware/request_id.py:62}}
Mar 03 02:30:52.830620 dv-cinder-819778-7-smb devstack@c-api.service[109822]: INFO cinder.api.openstack.wsgi [None req-fa62a402-d029-4da4-ad72-3208d5e7155b tempest-SnapshotsActionsTest-1114916750 tempest-SnapshotsActionsTest-1114916750-project] GET http://10.222.0.15/volume/v3/3b1afba2287d46ba9f8dcb0247a3ca1a/snapshots/0f9b3a8d-3949-4a7a-8c87-1954c375b42a
Mar 03 02:30:52.831984 dv-cinder-819778-7-smb devstack@c-api.service[109822]: DEBUG cinder.api.openstack.wsgi [None req-fa62a402-d029-4da4-ad72-3208d5e7155b tempest-SnapshotsActionsTest-1114916750 tempest-SnapshotsActionsTest-1114916750-project] Empty body provided in request {{(pid=109822) get_body /opt/stack/cinder/cinder/api/openstack/wsgi.py:715}}
Mar 03 02:30:52.832662 dv-cinder-819778-7-smb devstack@c-api.service[109822]: DEBUG cinder.api.openstack.wsgi [None req-fa62a402-d029-4da4-ad72-3208d5e7155b tempest-SnapshotsActionsTest-1114916750 tempest-SnapshotsActionsTest-1114916750-project] Calling method 'show' {{(pid=109822) _process_stack /opt/stack/cinder/cinder/api/openstack/wsgi.py:868}}
Mar 03 02:30:52.843838 dv-cinder-819778-7-smb devstack@c-api.service[109821]: /usr/local/lib/python3.8/dist-packages/oslo_context/context.py:105: DeprecationWarning: Policy enforcement is depending on the value of is_admin. This key is deprecated. Please update your policy file to use the standard policy values.
Mar 03 02:30:52.843838 dv-cinder-819778-7-smb devstack@c-api.service[109821]: warnings.warn('Policy enforcement is depending on the value of '
Mar 03 02:30:52.848059 dv-cinder-819778-7-smb devstack@c-api.service[109822]: /usr/local/lib/python3.8/dist-packages/oslo_context/context.py:105: DeprecationWarning: Policy enforcement is depending on the value of is_admin. This key is deprecated. Please update your policy file to use the standard policy values.
Mar 03 02:30:52.848059 dv-cinder-819778-7-smb devstack@c-api.service[109822]: warnings.warn('Policy enforcement is depending on the value of '
Mar 03 02:30:52.849516 dv-cinder-819778-7-smb devstack@c-api.service[109822]: INFO cinder.volume.api [None req-fa62a402-d029-4da4-ad72-3208d5e7155b tempest-SnapshotsActionsTest-1114916750 tempest-SnapshotsActionsTest-1114916750-project] Snapshot retrieved successfully.
Mar 03 02:30:52.854008 dv-cinder-819778-7-smb devstack@c-api.service[109822]: INFO cinder.api.openstack.wsgi [None req-fa62a402-d029-4da4-ad72-3208d5e7155b tempest-SnapshotsActionsTest-1114916750 tempest-SnapshotsActionsTest-1114916750-project] http://10.222.0.15/volume/v3/3b1afba2287d46ba9f8dcb0247a3ca1a/snapshots/0f9b3a8d-3949-4a7a-8c87-1954c375b42a returned with HTTP 200
Mar 03 02:30:52.855264 dv-cinder-819778-7-smb devstack@c-api.service[109822]: [pid: 109822|app: 0|req: 19/37] 10.222.0.15 () {58 vars in 1330 bytes} [Thu Mar 3 02:30:52 2022] GET /volume/v3/3b1afba2287d46ba9f8dcb0247a3ca1a/snapshots/0f9b3a8d-3949-4a7a-8c87-1954c375b42a => generated 531 bytes in 31 msecs (HTTP/1.1 200) 7 headers in 285 bytes (1 switches on core 0)
Mar 03 02:30:52.866610 dv-cinder-819778-7-smb devstack@c-api.service[109822]: DEBUG cinder.api.middleware.request_id [None req-9bab2675-409c-4e7f-a513-85205c022359 None None] RequestId filter calling following filter/app {{(pid=109822) _context_setter /opt/stack/cinder/cinder/api/middleware/request_id.py:62}}
Mar 03 02:30:52.883116 dv-cinder-819778-7-smb devstack@c-api.service[109821]: INFO cinder.volume.api [None req-6f762947-ca71-4884-83d3-7472fb5420d6 tempest-VolumesTestJSON-984024543 tempest-VolumesTestJSON-984024543-project] Volume info retrieved successfully.
Mar 03 02:30:52.886741 dv-cinder-819778-7-smb devstack@c-api.service[109822]: INFO cinder.api.openstack.wsgi [None req-9bab2675-409c-4e7f-a513-85205c022359 tempest-SnapshotsActionsTest-1114916750 tempest-SnapshotsActionsTest-1114916750-project] POST http://10.222.0.15/volume/v3/3b1afba2287d46ba9f8dcb0247a3ca1a/snapshots
Mar 03 02:30:52.888726 dv-cinder-819778-7-smb devstack@c-api.service[109822]: DEBUG cinder.api.openstack.wsgi [None req-9bab2675-409c-4e7f-a513-85205c022359 tempest-SnapshotsActionsTest-1114916750 tempest-SnapshotsActionsTest-1114916750-project] Action: 'create', calling method: create, body: {"snapshot": {"volume_id": "7261b4d7-bcdc-4174-98db-87b2422c727e", "name": "tempest-SnapshotsActionsTest-Snapshot-1286119300"}} {{(pid=109822) _process_stack /opt/stack/cinder/cinder/api/openstack/wsgi.py:866}}
Mar 03 02:30:52.913733 dv-cinder-819778-7-smb devstack@c-api.service[109821]: INFO cinder.api.openstack.wsgi [None req-6f762947-ca71-4884-83d3-7472fb5420d6 tempest-VolumesTestJSON-984024543 tempest-VolumesTestJSON-984024543-project] http://10.222.0.15/volume/v3/4860a083edf14a01942e3fc288826f76/volumes/e3c3c567-7abe-4335-b060-a800d68bc826 returned with HTTP 200
Mar 03 02:30:52.919887 dv-cinder-819778-7-smb devstack@c-api.service[109821]: [pid: 109821|app: 0|req: 19/38] 10.222.0.15 () {58 vars in 1324 bytes} [Thu Mar 3 02:30:52 2022] GET /volume/v3/4860a083edf14a01942e3fc288826f76/volumes/e3c3c567-7abe-4335-b060-a800d68bc826 => generated 897 bytes in 134 msecs (HTTP/1.1 200) 7 headers in 285 bytes (1 switches on core 0)
Mar 03 02:30:52.943410 dv-cinder-819778-7-smb devstack@c-api.service[109822]: /usr/local/lib/python3.8/dist-packages/oslo_context/context.py:105: DeprecationWarning: Policy enforcement is depending on the value of is_admin. This key is deprecated. Please update your policy file to use the standard policy values.
Mar 03 02:30:52.943410 dv-cinder-819778-7-smb devstack@c-api.service[109822]: warnings.warn('Policy enforcement is depending on the value of '
Mar 03 02:30:52.945757 dv-cinder-819778-7-smb devstack@c-api.service[109822]: INFO cinder.volume.api [None req-9bab2675-409c-4e7f-a513-85205c022359 tempest-SnapshotsActionsTest-1114916750 tempest-SnapshotsActionsTest-1114916750-project] Volume info retrieved successfully.
Mar 03 02:30:52.946108 dv-cinder-819778-7-smb devstack@c-api.service[109822]: INFO cinder.api.v3.snapshots [None req-9bab2675-409c-4e7f-a513-85205c022359 tempest-SnapshotsActionsTest-1114916750 tempest-SnapshotsActionsTest-1114916750-project] Create snapshot from volume 7261b4d7-bcdc-4174-98db-87b2422c727e
Mar 03 02:30:53.036532 dv-cinder-819778-7-smb devstack@c-api.service[109822]: WARNING cinder.quota [None req-9bab2675-409c-4e7f-a513-85205c022359 tempest-SnapshotsActionsTest-1114916750 tempest-SnapshotsActionsTest-1114916750-project] Deprecated: Default quota for resource: snapshots___DEFAULT__ is set by the default quota flag: quota_snapshots___DEFAULT__, it is now deprecated. Please use the default quota class for default quota.
Mar 03 02:30:53.084431 dv-cinder-819778-7-smb devstack@c-api.service[109822]: DEBUG cinder.quota [None req-9bab2675-409c-4e7f-a513-85205c022359 tempest-SnapshotsActionsTest-1114916750 tempest-SnapshotsActionsTest-1114916750-project] Created reservations ['6bebd4f0-9f93-4c13-af99-c6434e206d15', '06ec859a-4b87-490d-84aa-597e4e09f770', '64e8f59d-f0fd-4418-9ea8-dcee8d043013', '384ba1ef-1f54-4264-b0d1-ff7eb3b3f87a'] {{(pid=109822) reserve /opt/stack/cinder/cinder/quota.py:755}}
Mar 03 02:30:53.192697 dv-cinder-819778-7-smb devstack@c-api.service[109822]: INFO cinder.volume.api [None req-9bab2675-409c-4e7f-a513-85205c022359 tempest-SnapshotsActionsTest-1114916750 tempest-SnapshotsActionsTest-1114916750-project] Snapshot create request issued successfully.
Mar 03 02:30:53.194158 dv-cinder-819778-7-smb devstack@c-api.service[109822]: INFO cinder.api.openstack.wsgi [None req-9bab2675-409c-4e7f-a513-85205c022359 tempest-SnapshotsActionsTest-1114916750 tempest-SnapshotsActionsTest-1114916750-project] http://10.222.0.15/volume/v3/3b1afba2287d46ba9f8dcb0247a3ca1a/snapshots returned with HTTP 202
Mar 03 02:30:53.195619 dv-cinder-819778-7-smb devstack@c-api.service[109822]: [pid: 109822|app: 0|req: 20/39] 10.222.0.15 () {60 vars in 1241 bytes} [Thu Mar 3 02:30:52 2022] POST /volume/v3/3b1afba2287d46ba9f8dcb0247a3ca1a/snapshots => generated 307 bytes in 331 msecs (HTTP/1.1 202) 7 headers in 291 bytes (1 switches on core 0)
Mar 03 02:30:53.203957 dv-cinder-819778-7-smb devstack@c-api.service[109821]: DEBUG cinder.api.middleware.request_id [None req-066b0298-fa67-4b14-b0f3-f82074ae1b57 None None] RequestId filter calling following filter/app {{(pid=109821) _context_setter /opt/stack/cinder/cinder/api/middleware/request_id.py:62}}
Mar 03 02:30:53.209385 dv-cinder-819778-7-smb devstack@c-api.service[109821]: INFO cinder.api.openstack.wsgi [None req-066b0298-fa67-4b14-b0f3-f82074ae1b57 tempest-SnapshotsActionsTest-1114916750 tempest-SnapshotsActionsTest-1114916750-project] GET http://10.222.0.15/volume/v3/3b1afba2287d46ba9f8dcb0247a3ca1a/snapshots/04f14a68-8060-42cb-bc2b-665f9141651e
Mar 03 02:30:53.210138 dv-cinder-819778-7-smb devstack@c-api.service[109821]: DEBUG cinder.api.openstack.wsgi [None req-066b0298-fa67-4b14-b0f3-f82074ae1b57 tempest-SnapshotsActionsTest-1114916750 tempest-SnapshotsActionsTest-1114916750-project] Empty body provided in request {{(pid=109821) get_body /opt/stack/cinder/cinder/api/openstack/wsgi.py:715}}
Mar 03 02:30:53.210904 dv-cinder-819778-7-smb devstack@c-api.service[109821]: DEBUG cinder.api.openstack.wsgi [None req-066b0298-fa67-4b14-b0f3-f82074ae1b57 tempest-SnapshotsActionsTest-1114916750 tempest-SnapshotsActionsTest-1114916750-project] Calling method 'show' {{(pid=109821) _process_stack /opt/stack/cinder/cinder/api/openstack/wsgi.py:868}}
Mar 03 02:30:53.232336 dv-cinder-819778-7-smb devstack@c-api.service[109821]: /usr/local/lib/python3.8/dist-packages/oslo_context/context.py:105: DeprecationWarning: Policy enforcement is depending on the value of is_admin. This key is deprecated. Please update your policy file to use the standard policy values.
Mar 03 02:30:53.232336 dv-cinder-819778-7-smb devstack@c-api.service[109821]: warnings.warn('Policy enforcement is depending on the value of '
Mar 03 02:30:53.236946 dv-cinder-819778-7-smb devstack@c-api.service[109821]: INFO cinder.volume.api [None req-066b0298-fa67-4b14-b0f3-f82074ae1b57 tempest-SnapshotsActionsTest-1114916750 tempest-SnapshotsActionsTest-1114916750-project] Snapshot retrieved successfully.
Mar 03 02:30:53.243281 dv-cinder-819778-7-smb devstack@c-api.service[109821]: INFO cinder.api.openstack.wsgi [None req-066b0298-fa67-4b14-b0f3-f82074ae1b57 tempest-SnapshotsActionsTest-1114916750 tempest-SnapshotsActionsTest-1114916750-project] http://10.222.0.15/volume/v3/3b1afba2287d46ba9f8dcb0247a3ca1a/snapshots/04f14a68-8060-42cb-bc2b-665f9141651e returned with HTTP 200
Mar 03 02:30:53.245701 dv-cinder-819778-7-smb devstack@c-api.service[109821]: [pid: 109821|app: 0|req: 20/40] 10.222.0.15 () {58 vars in 1330 bytes} [Thu Mar 3 02:30:53 2022] GET /volume/v3/3b1afba2287d46ba9f8dcb0247a3ca1a/snapshots/04f14a68-8060-42cb-bc2b-665f9141651e => generated 439 bytes in 44 msecs (HTTP/1.1 200) 7 headers in 285 bytes (1 switches on core 0)
Mar 03 02:30:53.929142 dv-cinder-819778-7-smb devstack@c-api.service[109822]: DEBUG cinder.api.middleware.request_id [None req-1e00aef1-7e3b-4359-aff2-5095ec3e5f23 None None] RequestId filter calling following filter/app {{(pid=109822) _context_setter /opt/stack/cinder/cinder/api/middleware/request_id.py:62}}
Mar 03 02:30:53.933384 dv-cinder-819778-7-smb devstack@c-api.service[109822]: INFO cinder.api.openstack.wsgi [None req-1e00aef1-7e3b-4359-aff2-5095ec3e5f23 tempest-VolumesTestJSON-984024543 tempest-VolumesTestJSON-984024543-project] GET http://10.222.0.15/volume/v3/4860a083edf14a01942e3fc288826f76/volumes/e3c3c567-7abe-4335-b060-a800d68bc826
Mar 03 02:30:53.934629 dv-cinder-819778-7-smb devstack@c-api.service[109822]: DEBUG cinder.api.openstack.wsgi [None req-1e00aef1-7e3b-4359-aff2-5095ec3e5f23 tempest-VolumesTestJSON-984024543 tempest-VolumesTestJSON-984024543-project] Empty body provided in request {{(pid=109822) get_body /opt/stack/cinder/cinder/api/openstack/wsgi.py:715}}
Mar 03 02:30:53.936970 dv-cinder-819778-7-smb devstack@c-api.service[109822]: DEBUG cinder.api.openstack.wsgi [None req-1e00aef1-7e3b-4359-aff2-5095ec3e5f23 tempest-VolumesTestJSON-984024543 tempest-VolumesTestJSON-984024543-project] Calling method 'show' {{(pid=109822) _process_stack /opt/stack/cinder/cinder/api/openstack/wsgi.py:868}}
Mar 03 02:30:53.976176 dv-cinder-819778-7-smb devstack@c-api.service[109822]: /usr/local/lib/python3.8/dist-packages/oslo_context/context.py:105: DeprecationWarning: Policy enforcement is depending on the value of is_admin. This key is deprecated. Please update your policy file to use the standard policy values.
Mar 03 02:30:53.976176 dv-cinder-819778-7-smb devstack@c-api.service[109822]: warnings.warn('Policy enforcement is depending on the value of '
Mar 03 02:30:54.001810 dv-cinder-819778-7-smb devstack@c-api.service[109822]: INFO cinder.volume.api [None req-1e00aef1-7e3b-4359-aff2-5095ec3e5f23 tempest-VolumesTestJSON-984024543 tempest-VolumesTestJSON-984024543-project] Volume info retrieved successfully.
Mar 03 02:30:54.039505 dv-cinder-819778-7-smb devstack@c-api.service[109822]: INFO cinder.api.openstack.wsgi [None req-1e00aef1-7e3b-4359-aff2-5095ec3e5f23 tempest-VolumesTestJSON-984024543 tempest-VolumesTestJSON-984024543-project] http://10.222.0.15/volume/v3/4860a083edf14a01942e3fc288826f76/volumes/e3c3c567-7abe-4335-b060-a800d68bc826 returned with HTTP 200
Mar 03 02:30:54.043038 dv-cinder-819778-7-smb devstack@c-api.service[109822]: [pid: 109822|app: 0|req: 21/41] 10.222.0.15 () {58 vars in 1324 bytes} [Thu Mar 3 02:30:53 2022] GET /volume/v3/4860a083edf14a01942e3fc288826f76/volumes/e3c3c567-7abe-4335-b060-a800d68bc826 => generated 922 bytes in 115 msecs (HTTP/1.1 200) 7 headers in 285 bytes (1 switches on core 0)
Mar 03 02:30:54.073564 dv-cinder-819778-7-smb devstack@c-api.service[109821]: DEBUG cinder.api.middleware.request_id [req-03950828-a1e4-4c86-8363-ca8edcfde32f req-bd6948b5-347f-49d7-9d37-938c53192b59 None None] RequestId filter calling following filter/app {{(pid=109821) _context_setter /opt/stack/cinder/cinder/api/middleware/request_id.py:62}}
Mar 03 02:30:54.077919 dv-cinder-819778-7-smb devstack@c-api.service[109821]: INFO cinder.api.openstack.wsgi [req-03950828-a1e4-4c86-8363-ca8edcfde32f req-bd6948b5-347f-49d7-9d37-938c53192b59 tempest-VolumesTestJSON-984024543 tempest-VolumesTestJSON-984024543-project] GET http://10.222.0.15/volume/v3/4860a083edf14a01942e3fc288826f76/volumes/e3c3c567-7abe-4335-b060-a800d68bc826
Mar 03 02:30:54.078436 dv-cinder-819778-7-smb devstack@c-api.service[109821]: DEBUG cinder.api.openstack.wsgi [req-03950828-a1e4-4c86-8363-ca8edcfde32f req-bd6948b5-347f-49d7-9d37-938c53192b59 tempest-VolumesTestJSON-984024543 tempest-VolumesTestJSON-984024543-project] Empty body provided in request {{(pid=109821) get_body /opt/stack/cinder/cinder/api/openstack/wsgi.py:715}}
Mar 03 02:30:54.078903 dv-cinder-819778-7-smb devstack@c-api.service[109821]: DEBUG cinder.api.openstack.wsgi [req-03950828-a1e4-4c86-8363-ca8edcfde32f req-bd6948b5-347f-49d7-9d37-938c53192b59 tempest-VolumesTestJSON-984024543 tempest-VolumesTestJSON-984024543-project] Calling method 'show' {{(pid=109821) _process_stack /opt/stack/cinder/cinder/api/openstack/wsgi.py:868}}
Mar 03 02:30:54.107911 dv-cinder-819778-7-smb devstack@c-api.service[109821]: /usr/local/lib/python3.8/dist-packages/oslo_context/context.py:105: DeprecationWarning: Policy enforcement is depending on the value of is_admin. This key is deprecated. Please update your policy file to use the standard policy values.
Mar 03 02:30:54.107911 dv-cinder-819778-7-smb devstack@c-api.service[109821]: warnings.warn('Policy enforcement is depending on the value of '
Mar 03 02:30:54.119691 dv-cinder-819778-7-smb devstack@c-api.service[109821]: INFO cinder.volume.api [req-03950828-a1e4-4c86-8363-ca8edcfde32f req-bd6948b5-347f-49d7-9d37-938c53192b59 tempest-VolumesTestJSON-984024543 tempest-VolumesTestJSON-984024543-project] Volume info retrieved successfully.
Mar 03 02:30:54.134098 dv-cinder-819778-7-smb devstack@c-api.service[109821]: INFO cinder.api.openstack.wsgi [req-03950828-a1e4-4c86-8363-ca8edcfde32f req-bd6948b5-347f-49d7-9d37-938c53192b59 tempest-VolumesTestJSON-984024543 tempest-VolumesTestJSON-984024543-project] http://10.222.0.15/volume/v3/4860a083edf14a01942e3fc288826f76/volumes/e3c3c567-7abe-4335-b060-a800d68bc826 returned with HTTP 200
Mar 03 02:30:54.138758 dv-cinder-819778-7-smb devstack@c-api.service[109821]: [pid: 109821|app: 0|req: 21/42] 10.222.0.15 () {60 vars in 1578 bytes} [Thu Mar 3 02:30:54 2022] GET /volume/v3/4860a083edf14a01942e3fc288826f76/volumes/e3c3c567-7abe-4335-b060-a800d68bc826 => generated 922 bytes in 66 msecs (HTTP/1.1 200) 7 headers in 285 bytes (1 switches on core 0)
Mar 03 02:30:54.175526 dv-cinder-819778-7-smb devstack@c-api.service[109822]: DEBUG cinder.api.middleware.request_id [req-7dbefb2b-e71d-4816-b130-34b9b913e4c1 req-bd1e5e03-2e9a-4e5c-9690-2421a88d8ba4 None None] RequestId filter calling following filter/app {{(pid=109822) _context_setter /opt/stack/cinder/cinder/api/middleware/request_id.py:62}}
Mar 03 02:30:54.179535 dv-cinder-819778-7-smb devstack@c-api.service[109822]: INFO cinder.api.openstack.wsgi [req-7dbefb2b-e71d-4816-b130-34b9b913e4c1 req-bd1e5e03-2e9a-4e5c-9690-2421a88d8ba4 tempest-VolumesTestJSON-984024543 tempest-VolumesTestJSON-984024543-project] GET http://10.222.0.15/volume/v3/4860a083edf14a01942e3fc288826f76/volumes/detail
Mar 03 02:30:54.179983 dv-cinder-819778-7-smb devstack@c-api.service[109822]: DEBUG cinder.api.openstack.wsgi [req-7dbefb2b-e71d-4816-b130-34b9b913e4c1 req-bd1e5e03-2e9a-4e5c-9690-2421a88d8ba4 tempest-VolumesTestJSON-984024543 tempest-VolumesTestJSON-984024543-project] Empty body provided in request {{(pid=109822) get_body /opt/stack/cinder/cinder/api/openstack/wsgi.py:715}}
Mar 03 02:30:54.180434 dv-cinder-819778-7-smb devstack@c-api.service[109822]: DEBUG cinder.api.openstack.wsgi [req-7dbefb2b-e71d-4816-b130-34b9b913e4c1 req-bd1e5e03-2e9a-4e5c-9690-2421a88d8ba4 tempest-VolumesTestJSON-984024543 tempest-VolumesTestJSON-984024543-project] Calling method 'detail' {{(pid=109822) _process_stack /opt/stack/cinder/cinder/api/openstack/wsgi.py:868}}
Mar 03 02:30:54.181455 dv-cinder-819778-7-smb devstack@c-api.service[109822]: DEBUG cinder.api.api_utils [req-7dbefb2b-e71d-4816-b130-34b9b913e4c1 req-bd1e5e03-2e9a-4e5c-9690-2421a88d8ba4 tempest-VolumesTestJSON-984024543 tempest-VolumesTestJSON-984024543-project] Removing options '' from query. {{(pid=109822) remove_invalid_filter_options /opt/stack/cinder/cinder/api/api_utils.py:73}}
Mar 03 02:30:54.183123 dv-cinder-819778-7-smb devstack@c-api.service[109822]: DEBUG cinder.volume.api [req-7dbefb2b-e71d-4816-b130-34b9b913e4c1 req-bd1e5e03-2e9a-4e5c-9690-2421a88d8ba4 tempest-VolumesTestJSON-984024543 tempest-VolumesTestJSON-984024543-project] Searching by: MultiDict([('no_migration_targets', True)]). {{(pid=109822) get_all /opt/stack/cinder/cinder/volume/api.py:662}}
Mar 03 02:30:54.253477 dv-cinder-819778-7-smb devstack@c-api.service[109821]: DEBUG cinder.api.middleware.request_id [None req-db5849d1-a950-4155-960f-fc9683c34e7b None None] RequestId filter calling following filter/app {{(pid=109821) _context_setter /opt/stack/cinder/cinder/api/middleware/request_id.py:62}}
Mar 03 02:30:54.257574 dv-cinder-819778-7-smb devstack@c-api.service[109821]: INFO cinder.api.openstack.wsgi [None req-db5849d1-a950-4155-960f-fc9683c34e7b tempest-SnapshotsActionsTest-1114916750 tempest-SnapshotsActionsTest-1114916750-project] GET http://10.222.0.15/volume/v3/3b1afba2287d46ba9f8dcb0247a3ca1a/snapshots/04f14a68-8060-42cb-bc2b-665f9141651e
Mar 03 02:30:54.258023 dv-cinder-819778-7-smb devstack@c-api.service[109821]: DEBUG cinder.api.openstack.wsgi [None req-db5849d1-a950-4155-960f-fc9683c34e7b tempest-SnapshotsActionsTest-1114916750 tempest-SnapshotsActionsTest-1114916750-project] Empty body provided in request {{(pid=109821) get_body /opt/stack/cinder/cinder/api/openstack/wsgi.py:715}}
Mar 03 02:30:54.261635 dv-cinder-819778-7-smb devstack@c-api.service[109821]: DEBUG cinder.api.openstack.wsgi [None req-db5849d1-a950-4155-960f-fc9683c34e7b tempest-SnapshotsActionsTest-1114916750 tempest-SnapshotsActionsTest-1114916750-project] Calling method 'show' {{(pid=109821) _process_stack /opt/stack/cinder/cinder/api/openstack/wsgi.py:868}}
Mar 03 02:30:54.294584 dv-cinder-819778-7-smb devstack@c-api.service[109821]: /usr/local/lib/python3.8/dist-packages/oslo_context/context.py:105: DeprecationWarning: Policy enforcement is depending on the value of is_admin. This key is deprecated. Please update your policy file to use the standard policy values.
Mar 03 02:30:54.294584 dv-cinder-819778-7-smb devstack@c-api.service[109821]: warnings.warn('Policy enforcement is depending on the value of '
Mar 03 02:30:54.303176 dv-cinder-819778-7-smb devstack@c-api.service[109821]: INFO cinder.volume.api [None req-db5849d1-a950-4155-960f-fc9683c34e7b tempest-SnapshotsActionsTest-1114916750 tempest-SnapshotsActionsTest-1114916750-project] Snapshot retrieved successfully.
Mar 03 02:30:54.309191 dv-cinder-819778-7-smb devstack@c-api.service[109821]: INFO cinder.api.openstack.wsgi [None req-db5849d1-a950-4155-960f-fc9683c34e7b tempest-SnapshotsActionsTest-1114916750 tempest-SnapshotsActionsTest-1114916750-project] http://10.222.0.15/volume/v3/3b1afba2287d46ba9f8dcb0247a3ca1a/snapshots/04f14a68-8060-42cb-bc2b-665f9141651e returned with HTTP 200
Mar 03 02:30:54.314690 dv-cinder-819778-7-smb devstack@c-api.service[109822]: INFO cinder.volume.api [req-7dbefb2b-e71d-4816-b130-34b9b913e4c1 req-bd1e5e03-2e9a-4e5c-9690-2421a88d8ba4 tempest-VolumesTestJSON-984024543 tempest-VolumesTestJSON-984024543-project] Get all volumes completed successfully.
Mar 03 02:30:54.316225 dv-cinder-819778-7-smb devstack@c-api.service[109821]: [pid: 109821|app: 0|req: 22/43] 10.222.0.15 () {58 vars in 1330 bytes} [Thu Mar 3 02:30:54 2022] GET /volume/v3/3b1afba2287d46ba9f8dcb0247a3ca1a/snapshots/04f14a68-8060-42cb-bc2b-665f9141651e => generated 569 bytes in 64 msecs (HTTP/1.1 200) 7 headers in 285 bytes (2 switches on core 0)
Mar 03 02:30:54.325986 dv-cinder-819778-7-smb devstack@c-api.service[109821]: DEBUG cinder.api.middleware.request_id [None req-44e9d5a2-075a-4c3e-9572-0fe4f02849ae None None] RequestId filter calling following filter/app {{(pid=109821) _context_setter /opt/stack/cinder/cinder/api/middleware/request_id.py:62}}
Mar 03 02:30:54.326785 dv-cinder-819778-7-smb devstack@c-api.service[109822]: /usr/local/lib/python3.8/dist-packages/oslo_context/context.py:105: DeprecationWarning: Policy enforcement is depending on the value of is_admin. This key is deprecated. Please update your policy file to use the standard policy values.
Mar 03 02:30:54.326785 dv-cinder-819778-7-smb devstack@c-api.service[109822]: warnings.warn('Policy enforcement is depending on the value of '
Mar 03 02:30:54.345538 dv-cinder-819778-7-smb devstack@c-api.service[109821]: INFO cinder.api.openstack.wsgi [None req-44e9d5a2-075a-4c3e-9572-0fe4f02849ae tempest-SnapshotsActionsTest-1151384516 tempest-SnapshotsActionsTest-1151384516-project-admin] POST http://10.222.0.15/volume/v3/8303a494834a4d1d8368d441dfade931/snapshots/04f14a68-8060-42cb-bc2b-665f9141651e/action
Mar 03 02:30:54.360630 dv-cinder-819778-7-smb devstack@c-api.service[109821]: DEBUG cinder.api.openstack.wsgi [None req-44e9d5a2-075a-4c3e-9572-0fe4f02849ae tempest-SnapshotsActionsTest-1151384516 tempest-SnapshotsActionsTest-1151384516-project-admin] Action body: b'{"os-reset_status": {"status": "creating"}}' {{(pid=109821) get_method /opt/stack/cinder/cinder/api/openstack/wsgi.py:983}}
Mar 03 02:30:54.361143 dv-cinder-819778-7-smb devstack@c-api.service[109821]: DEBUG cinder.api.openstack.wsgi [None req-44e9d5a2-075a-4c3e-9572-0fe4f02849ae tempest-SnapshotsActionsTest-1151384516 tempest-SnapshotsActionsTest-1151384516-project-admin] Action: 'action', calling method: _reset_status, body: {"os-reset_status": {"status": "creating"}} {{(pid=109821) _process_stack /opt/stack/cinder/cinder/api/openstack/wsgi.py:866}}
Mar 03 02:30:54.361444 dv-cinder-819778-7-smb devstack@c-api.service[109822]: INFO cinder.api.openstack.wsgi [req-7dbefb2b-e71d-4816-b130-34b9b913e4c1 req-bd1e5e03-2e9a-4e5c-9690-2421a88d8ba4 tempest-VolumesTestJSON-984024543 tempest-VolumesTestJSON-984024543-project] http://10.222.0.15/volume/v3/4860a083edf14a01942e3fc288826f76/volumes/detail returned with HTTP 200
Mar 03 02:30:54.362723 dv-cinder-819778-7-smb devstack@c-api.service[109822]: [pid: 109822|app: 0|req: 22/44] 10.222.0.15 () {60 vars in 1488 bytes} [Thu Mar 3 02:30:54 2022] GET /volume/v3/4860a083edf14a01942e3fc288826f76/volumes/detail => generated 2748 bytes in 188 msecs (HTTP/1.1 200) 7 headers in 286 bytes (1 switches on core 0)
Mar 03 02:30:54.364038 dv-cinder-819778-7-smb devstack@c-api.service[109821]: DEBUG cinder.api.contrib.admin_actions [None req-44e9d5a2-075a-4c3e-9572-0fe4f02849ae tempest-SnapshotsActionsTest-1151384516 tempest-SnapshotsActionsTest-1151384516-project-admin] Updating snapshot '04f14a68-8060-42cb-bc2b-665f9141651e' with '{'status': 'creating'}' {{(pid=109821) _reset_status /opt/stack/cinder/cinder/api/contrib/admin_actions.py:100}}
Mar 03 02:30:54.407918 dv-cinder-819778-7-smb devstack@c-api.service[109822]: DEBUG cinder.api.middleware.request_id [req-802288f3-7884-448b-aab5-3f59ffdd4f4f req-8a7cdd34-c105-4c85-aa26-83490ed0a133 None None] RequestId filter calling following filter/app {{(pid=109822) _context_setter /opt/stack/cinder/cinder/api/middleware/request_id.py:62}}
Mar 03 02:30:54.419522 dv-cinder-819778-7-smb devstack@c-api.service[109822]: INFO cinder.api.openstack.wsgi [req-802288f3-7884-448b-aab5-3f59ffdd4f4f req-8a7cdd34-c105-4c85-aa26-83490ed0a133 tempest-VolumesTestJSON-984024543 tempest-VolumesTestJSON-984024543-project] GET http://10.222.0.15/volume/v3/4860a083edf14a01942e3fc288826f76/volumes/detail
Mar 03 02:30:54.420225 dv-cinder-819778-7-smb devstack@c-api.service[109822]: DEBUG cinder.api.openstack.wsgi [req-802288f3-7884-448b-aab5-3f59ffdd4f4f req-8a7cdd34-c105-4c85-aa26-83490ed0a133 tempest-VolumesTestJSON-984024543 tempest-VolumesTestJSON-984024543-project] Empty body provided in request {{(pid=109822) get_body /opt/stack/cinder/cinder/api/openstack/wsgi.py:715}}
Mar 03 02:30:54.420686 dv-cinder-819778-7-smb devstack@c-api.service[109822]: DEBUG cinder.api.openstack.wsgi [req-802288f3-7884-448b-aab5-3f59ffdd4f4f req-8a7cdd34-c105-4c85-aa26-83490ed0a133 tempest-VolumesTestJSON-984024543 tempest-VolumesTestJSON-984024543-project] Calling method 'detail' {{(pid=109822) _process_stack /opt/stack/cinder/cinder/api/openstack/wsgi.py:868}}
Mar 03 02:30:54.421399 dv-cinder-819778-7-smb devstack@c-api.service[109822]: DEBUG cinder.api.api_utils [req-802288f3-7884-448b-aab5-3f59ffdd4f4f req-8a7cdd34-c105-4c85-aa26-83490ed0a133 tempest-VolumesTestJSON-984024543 tempest-VolumesTestJSON-984024543-project] Removing options '' from query. {{(pid=109822) remove_invalid_filter_options /opt/stack/cinder/cinder/api/api_utils.py:73}}
Mar 03 02:30:54.423675 dv-cinder-819778-7-smb devstack@c-api.service[109822]: DEBUG cinder.volume.api [req-802288f3-7884-448b-aab5-3f59ffdd4f4f req-8a7cdd34-c105-4c85-aa26-83490ed0a133 tempest-VolumesTestJSON-984024543 tempest-VolumesTestJSON-984024543-project] Searching by: MultiDict([('no_migration_targets', True)]). {{(pid=109822) get_all /opt/stack/cinder/cinder/volume/api.py:662}}
Mar 03 02:30:54.518733 dv-cinder-819778-7-smb devstack@c-api.service[109822]: INFO cinder.volume.api [req-802288f3-7884-448b-aab5-3f59ffdd4f4f req-8a7cdd34-c105-4c85-aa26-83490ed0a133 tempest-VolumesTestJSON-984024543 tempest-VolumesTestJSON-984024543-project] Get all volumes completed successfully.
Mar 03 02:30:54.547660 dv-cinder-819778-7-smb devstack@c-api.service[109822]: /usr/local/lib/python3.8/dist-packages/oslo_context/context.py:105: DeprecationWarning: Policy enforcement is depending on the value of is_admin. This key is deprecated. Please update your policy file to use the standard policy values.
Mar 03 02:30:54.547660 dv-cinder-819778-7-smb devstack@c-api.service[109822]: warnings.warn('Policy enforcement is depending on the value of '
Mar 03 02:30:54.550221 dv-cinder-819778-7-smb devstack@c-api.service[109821]: /usr/local/lib/python3.8/dist-packages/oslo_context/context.py:105: DeprecationWarning: Policy enforcement is depending on the value of is_admin. This key is deprecated. Please update your policy file to use the standard policy values.
Mar 03 02:30:54.550221 dv-cinder-819778-7-smb devstack@c-api.service[109821]: warnings.warn('Policy enforcement is depending on the value of '
Mar 03 02:30:54.550509 dv-cinder-819778-7-smb devstack@c-api.service[109822]: INFO cinder.api.openstack.wsgi [req-802288f3-7884-448b-aab5-3f59ffdd4f4f req-8a7cdd34-c105-4c85-aa26-83490ed0a133 tempest-VolumesTestJSON-984024543 tempest-VolumesTestJSON-984024543-project] http://10.222.0.15/volume/v3/4860a083edf14a01942e3fc288826f76/volumes/detail returned with HTTP 200
Mar 03 02:30:54.550509 dv-cinder-819778-7-smb devstack@c-api.service[109822]: [pid: 109822|app: 0|req: 23/45] 10.222.0.15 () {60 vars in 1488 bytes} [Thu Mar 3 02:30:54 2022] GET /volume/v3/4860a083edf14a01942e3fc288826f76/volumes/detail => generated 2748 bytes in 139 msecs (HTTP/1.1 200) 7 headers in 286 bytes (1 switches on core 0)
Mar 03 02:30:54.585825 dv-cinder-819778-7-smb devstack@c-api.service[109822]: DEBUG cinder.api.middleware.request_id [req-7eee3680-477c-40bc-a03d-4aa8df5e3115 req-2e7b58d3-b43d-47df-9ddd-6e310b73c30a None None] RequestId filter calling following filter/app {{(pid=109822) _context_setter /opt/stack/cinder/cinder/api/middleware/request_id.py:62}}
Mar 03 02:30:54.590480 dv-cinder-819778-7-smb devstack@c-api.service[109822]: INFO cinder.api.openstack.wsgi [req-7eee3680-477c-40bc-a03d-4aa8df5e3115 req-2e7b58d3-b43d-47df-9ddd-6e310b73c30a tempest-VolumesTestJSON-984024543 tempest-VolumesTestJSON-984024543-project] GET http://10.222.0.15/volume/v3/4860a083edf14a01942e3fc288826f76/volumes/detail
Mar 03 02:30:54.591325 dv-cinder-819778-7-smb devstack@c-api.service[109822]: DEBUG cinder.api.openstack.wsgi [req-7eee3680-477c-40bc-a03d-4aa8df5e3115 req-2e7b58d3-b43d-47df-9ddd-6e310b73c30a tempest-VolumesTestJSON-984024543 tempest-VolumesTestJSON-984024543-project] Empty body provided in request {{(pid=109822) get_body /opt/stack/cinder/cinder/api/openstack/wsgi.py:715}}
Mar 03 02:30:54.591967 dv-cinder-819778-7-smb devstack@c-api.service[109822]: DEBUG cinder.api.openstack.wsgi [req-7eee3680-477c-40bc-a03d-4aa8df5e3115 req-2e7b58d3-b43d-47df-9ddd-6e310b73c30a tempest-VolumesTestJSON-984024543 tempest-VolumesTestJSON-984024543-project] Calling method 'detail' {{(pid=109822) _process_stack /opt/stack/cinder/cinder/api/openstack/wsgi.py:868}}
Mar 03 02:30:54.592776 dv-cinder-819778-7-smb devstack@c-api.service[109822]: DEBUG cinder.api.api_utils [req-7eee3680-477c-40bc-a03d-4aa8df5e3115 req-2e7b58d3-b43d-47df-9ddd-6e310b73c30a tempest-VolumesTestJSON-984024543 tempest-VolumesTestJSON-984024543-project] Removing options '' from query. {{(pid=109822) remove_invalid_filter_options /opt/stack/cinder/cinder/api/api_utils.py:73}}
Mar 03 02:30:54.599043 dv-cinder-819778-7-smb devstack@c-api.service[109822]: DEBUG cinder.volume.api [req-7eee3680-477c-40bc-a03d-4aa8df5e3115 req-2e7b58d3-b43d-47df-9ddd-6e310b73c30a tempest-VolumesTestJSON-984024543 tempest-VolumesTestJSON-984024543-project] Searching by: MultiDict([('no_migration_targets', True)]). {{(pid=109822) get_all /opt/stack/cinder/cinder/volume/api.py:662}}
Mar 03 02:30:54.621381 dv-cinder-819778-7-smb devstack@c-api.service[109821]: INFO cinder.api.openstack.wsgi [None req-44e9d5a2-075a-4c3e-9572-0fe4f02849ae tempest-SnapshotsActionsTest-1151384516 tempest-SnapshotsActionsTest-1151384516-project-admin] http://10.222.0.15/volume/v3/8303a494834a4d1d8368d441dfade931/snapshots/04f14a68-8060-42cb-bc2b-665f9141651e/action returned with HTTP 202
Mar 03 02:30:54.626296 dv-cinder-819778-7-smb devstack@c-api.service[109821]: [pid: 109821|app: 0|req: 23/46] 10.222.0.15 () {60 vars in 1372 bytes} [Thu Mar 3 02:30:54 2022] POST /volume/v3/8303a494834a4d1d8368d441dfade931/snapshots/04f14a68-8060-42cb-bc2b-665f9141651e/action => generated 0 bytes in 303 msecs (HTTP/1.1 202) 7 headers in 289 bytes (2 switches on core 0)
Mar 03 02:30:54.632054 dv-cinder-819778-7-smb devstack@c-api.service[109821]: DEBUG cinder.api.middleware.request_id [None req-79fa2633-e15b-47f3-b38d-922ada385a08 None None] RequestId filter calling following filter/app {{(pid=109821) _context_setter /opt/stack/cinder/cinder/api/middleware/request_id.py:62}}
Mar 03 02:30:54.646279 dv-cinder-819778-7-smb devstack@c-api.service[109821]: INFO cinder.api.openstack.wsgi [None req-79fa2633-e15b-47f3-b38d-922ada385a08 tempest-SnapshotsActionsTest-1114916750 tempest-SnapshotsActionsTest-1114916750-project] GET http://10.222.0.15/volume/v3/3b1afba2287d46ba9f8dcb0247a3ca1a/snapshots/04f14a68-8060-42cb-bc2b-665f9141651e
Mar 03 02:30:54.647727 dv-cinder-819778-7-smb devstack@c-api.service[109821]: DEBUG cinder.api.openstack.wsgi [None req-79fa2633-e15b-47f3-b38d-922ada385a08 tempest-SnapshotsActionsTest-1114916750 tempest-SnapshotsActionsTest-1114916750-project] Empty body provided in request {{(pid=109821) get_body /opt/stack/cinder/cinder/api/openstack/wsgi.py:715}}
Mar 03 02:30:54.651123 dv-cinder-819778-7-smb devstack@c-api.service[109821]: DEBUG cinder.api.openstack.wsgi [None req-79fa2633-e15b-47f3-b38d-922ada385a08 tempest-SnapshotsActionsTest-1114916750 tempest-SnapshotsActionsTest-1114916750-project] Calling method 'show' {{(pid=109821) _process_stack /opt/stack/cinder/cinder/api/openstack/wsgi.py:868}}
Mar 03 02:30:54.683093 dv-cinder-819778-7-smb devstack@c-api.service[109821]: /usr/local/lib/python3.8/dist-packages/oslo_context/context.py:105: DeprecationWarning: Policy enforcement is depending on the value of is_admin. This key is deprecated. Please update your policy file to use the standard policy values.
Mar 03 02:30:54.683093 dv-cinder-819778-7-smb devstack@c-api.service[109821]: warnings.warn('Policy enforcement is depending on the value of '
Mar 03 02:30:54.688271 dv-cinder-819778-7-smb devstack@c-api.service[109821]: INFO cinder.volume.api [None req-79fa2633-e15b-47f3-b38d-922ada385a08 tempest-SnapshotsActionsTest-1114916750 tempest-SnapshotsActionsTest-1114916750-project] Snapshot retrieved successfully.
Mar 03 02:30:54.694185 dv-cinder-819778-7-smb devstack@c-api.service[109821]: INFO cinder.api.openstack.wsgi [None req-79fa2633-e15b-47f3-b38d-922ada385a08 tempest-SnapshotsActionsTest-1114916750 tempest-SnapshotsActionsTest-1114916750-project] http://10.222.0.15/volume/v3/3b1afba2287d46ba9f8dcb0247a3ca1a/snapshots/04f14a68-8060-42cb-bc2b-665f9141651e returned with HTTP 200
Mar 03 02:30:54.697249 dv-cinder-819778-7-smb devstack@c-api.service[109821]: [pid: 109821|app: 0|req: 24/47] 10.222.0.15 () {58 vars in 1330 bytes} [Thu Mar 3 02:30:54 2022] GET /volume/v3/3b1afba2287d46ba9f8dcb0247a3ca1a/snapshots/04f14a68-8060-42cb-bc2b-665f9141651e => generated 568 bytes in 67 msecs (HTTP/1.1 200) 7 headers in 285 bytes (1 switches on core 0)
Mar 03 02:30:54.698630 dv-cinder-819778-7-smb devstack@c-api.service[109821]: DEBUG cinder.api.middleware.request_id [None req-bc5c077c-84da-45e2-a7ca-188df0433800 None None] RequestId filter calling following filter/app {{(pid=109821) _context_setter /opt/stack/cinder/cinder/api/middleware/request_id.py:62}}
Mar 03 02:30:54.740194 dv-cinder-819778-7-smb devstack@c-api.service[109822]: INFO cinder.volume.api [req-7eee3680-477c-40bc-a03d-4aa8df5e3115 req-2e7b58d3-b43d-47df-9ddd-6e310b73c30a tempest-VolumesTestJSON-984024543 tempest-VolumesTestJSON-984024543-project] Get all volumes completed successfully.
Mar 03 02:30:54.742980 dv-cinder-819778-7-smb devstack@c-api.service[109822]: /usr/local/lib/python3.8/dist-packages/oslo_context/context.py:105: DeprecationWarning: Policy enforcement is depending on the value of is_admin. This key is deprecated. Please update your policy file to use the standard policy values.
Mar 03 02:30:54.742980 dv-cinder-819778-7-smb devstack@c-api.service[109822]: warnings.warn('Policy enforcement is depending on the value of '
Mar 03 02:30:54.764582 dv-cinder-819778-7-smb devstack@c-api.service[109822]: INFO cinder.api.openstack.wsgi [req-7eee3680-477c-40bc-a03d-4aa8df5e3115 req-2e7b58d3-b43d-47df-9ddd-6e310b73c30a tempest-VolumesTestJSON-984024543 tempest-VolumesTestJSON-984024543-project] http://10.222.0.15/volume/v3/4860a083edf14a01942e3fc288826f76/volumes/detail returned with HTTP 200
Mar 03 02:30:54.767312 dv-cinder-819778-7-smb devstack@c-api.service[109822]: [pid: 109822|app: 0|req: 24/48] 10.222.0.15 () {60 vars in 1488 bytes} [Thu Mar 3 02:30:54 2022] GET /volume/v3/4860a083edf14a01942e3fc288826f76/volumes/detail => generated 2748 bytes in 182 msecs (HTTP/1.1 200) 7 headers in 286 bytes (2 switches on core 0)
Mar 03 02:30:54.770013 dv-cinder-819778-7-smb devstack@c-api.service[109822]: DEBUG cinder.api.middleware.request_id [None req-ae0d62b6-9d00-4619-a1a1-543b362c404d None None] RequestId filter calling following filter/app {{(pid=109822) _context_setter /opt/stack/cinder/cinder/api/middleware/request_id.py:62}}
Mar 03 02:30:54.779868 dv-cinder-819778-7-smb devstack@c-api.service[109822]: INFO cinder.api.openstack.wsgi [None req-ae0d62b6-9d00-4619-a1a1-543b362c404d tempest-SnapshotsActionsTest-1151384516 tempest-SnapshotsActionsTest-1151384516-project-admin] POST http://10.222.0.15/volume/v3/8303a494834a4d1d8368d441dfade931/snapshots/04f14a68-8060-42cb-bc2b-665f9141651e/action
Mar 03 02:30:54.783371 dv-cinder-819778-7-smb devstack@c-api.service[109822]: DEBUG cinder.api.openstack.wsgi [None req-ae0d62b6-9d00-4619-a1a1-543b362c404d tempest-SnapshotsActionsTest-1151384516 tempest-SnapshotsActionsTest-1151384516-project-admin] Action body: b'{"os-force_delete": {}}' {{(pid=109822) get_method /opt/stack/cinder/cinder/api/openstack/wsgi.py:983}}
Mar 03 02:30:54.784119 dv-cinder-819778-7-smb devstack@c-api.service[109822]: DEBUG cinder.api.openstack.wsgi [None req-ae0d62b6-9d00-4619-a1a1-543b362c404d tempest-SnapshotsActionsTest-1151384516 tempest-SnapshotsActionsTest-1151384516-project-admin] Action: 'action', calling method: _force_delete, body: {"os-force_delete": {}} {{(pid=109822) _process_stack /opt/stack/cinder/cinder/api/openstack/wsgi.py:866}}
Mar 03 02:30:54.819003 dv-cinder-819778-7-smb devstack@c-api.service[109822]: /usr/local/lib/python3.8/dist-packages/oslo_context/context.py:105: DeprecationWarning: Policy enforcement is depending on the value of is_admin. This key is deprecated. Please update your policy file to use the standard policy values.
Mar 03 02:30:54.819003 dv-cinder-819778-7-smb devstack@c-api.service[109822]: warnings.warn('Policy enforcement is depending on the value of '
Mar 03 02:30:54.819961 dv-cinder-819778-7-smb devstack@c-api.service[109822]: INFO cinder.volume.api [None req-ae0d62b6-9d00-4619-a1a1-543b362c404d tempest-SnapshotsActionsTest-1151384516 tempest-SnapshotsActionsTest-1151384516-project-admin] Snapshot retrieved successfully.
Mar 03 02:30:54.883439 dv-cinder-819778-7-smb devstack@c-api.service[109821]: INFO cinder.api.openstack.wsgi [None req-bc5c077c-84da-45e2-a7ca-188df0433800 tempest-VolumeQuotasAdminTestJSON-454795758 tempest-VolumeQuotasAdminTestJSON-454795758-project-admin] GET http://10.222.0.15/volume/v3/d1c46f533d3243e7b1f58bdb6763077d/os-quota-sets/2688f6954e1f4ed0856442b98d45fac3
Mar 03 02:30:54.884216 dv-cinder-819778-7-smb devstack@c-api.service[109821]: DEBUG cinder.api.openstack.wsgi [None req-bc5c077c-84da-45e2-a7ca-188df0433800 tempest-VolumeQuotasAdminTestJSON-454795758 tempest-VolumeQuotasAdminTestJSON-454795758-project-admin] Empty body provided in request {{(pid=109821) get_body /opt/stack/cinder/cinder/api/openstack/wsgi.py:715}}
Mar 03 02:30:54.885099 dv-cinder-819778-7-smb devstack@c-api.service[109821]: DEBUG cinder.api.openstack.wsgi [None req-bc5c077c-84da-45e2-a7ca-188df0433800 tempest-VolumeQuotasAdminTestJSON-454795758 tempest-VolumeQuotasAdminTestJSON-454795758-project-admin] Calling method 'show' {{(pid=109821) _process_stack /opt/stack/cinder/cinder/api/openstack/wsgi.py:868}}
Mar 03 02:30:54.912922 dv-cinder-819778-7-smb devstack@c-api.service[109821]: WARNING cinder.quota [None req-bc5c077c-84da-45e2-a7ca-188df0433800 tempest-VolumeQuotasAdminTestJSON-454795758 tempest-VolumeQuotasAdminTestJSON-454795758-project-admin] Deprecated: Default quota for resource: backups is set by the default quota flag: quota_backups, it is now deprecated. Please use the default quota class for default quota.
