Mar 03 02:31:22.548516 dv-cinder-819778-7-smb devstack@c-api.service[109822]: INFO cinder.api.openstack.wsgi [None req-b6047896-2b60-4889-b573-c997e3bf1d80 tempest-VolumeTypesExtraSpecsTest-1130573979 tempest-VolumeTypesExtraSpecsTest-1130573979-project-admin] http://10.222.0.15/volume/v3/c4850fae335d4d2f85109cb6eecaa38c/types/d559ccf4-0616-46ff-b5d1-d6b714b8cf5d/extra_specs/spec2 returned with HTTP 200
Mar 03 02:31:22.554643 dv-cinder-819778-7-smb devstack@c-api.service[109822]: [pid: 109822|app: 0|req: 98/217] 10.222.0.15 () {60 vars in 1392 bytes} [Thu Mar 3 02:31:22 2022] PUT /volume/v3/c4850fae335d4d2f85109cb6eecaa38c/types/d559ccf4-0616-46ff-b5d1-d6b714b8cf5d/extra_specs/spec2 => generated 17 bytes in 55 msecs (HTTP/1.1 200) 7 headers in 284 bytes (1 switches on core 0)
Mar 03 02:31:22.556333 dv-cinder-819778-7-smb devstack@c-api.service[109822]: DEBUG cinder.api.middleware.request_id [None req-2cad6638-94c5-4f86-b1bc-45b4999b7135 None None] RequestId filter calling following filter/app {{(pid=109822) _context_setter /opt/stack/cinder/cinder/api/middleware/request_id.py:62}}
Mar 03 02:31:22.562651 dv-cinder-819778-7-smb devstack@c-api.service[109822]: INFO cinder.api.openstack.wsgi [None req-2cad6638-94c5-4f86-b1bc-45b4999b7135 tempest-VolumeTypesExtraSpecsTest-1130573979 tempest-VolumeTypesExtraSpecsTest-1130573979-project-admin] GET http://10.222.0.15/volume/v3/c4850fae335d4d2f85109cb6eecaa38c/types/d559ccf4-0616-46ff-b5d1-d6b714b8cf5d/extra_specs/spec2
Mar 03 02:31:22.563253 dv-cinder-819778-7-smb devstack@c-api.service[109822]: DEBUG cinder.api.openstack.wsgi [None req-2cad6638-94c5-4f86-b1bc-45b4999b7135 tempest-VolumeTypesExtraSpecsTest-1130573979 tempest-VolumeTypesExtraSpecsTest-1130573979-project-admin] Empty body provided in request {{(pid=109822) get_body /opt/stack/cinder/cinder/api/openstack/wsgi.py:715}}
Mar 03 02:31:22.563837 dv-cinder-819778-7-smb devstack@c-api.service[109822]: DEBUG cinder.api.openstack.wsgi [None req-2cad6638-94c5-4f86-b1bc-45b4999b7135 tempest-VolumeTypesExtraSpecsTest-1130573979 tempest-VolumeTypesExtraSpecsTest-1130573979-project-admin] Calling method 'show' {{(pid=109822) _process_stack /opt/stack/cinder/cinder/api/openstack/wsgi.py:868}}
Mar 03 02:31:22.586136 dv-cinder-819778-7-smb devstack@c-api.service[109822]: INFO cinder.api.openstack.wsgi [None req-2cad6638-94c5-4f86-b1bc-45b4999b7135 tempest-VolumeTypesExtraSpecsTest-1130573979 tempest-VolumeTypesExtraSpecsTest-1130573979-project-admin] http://10.222.0.15/volume/v3/c4850fae335d4d2f85109cb6eecaa38c/types/d559ccf4-0616-46ff-b5d1-d6b714b8cf5d/extra_specs/spec2 returned with HTTP 200
Mar 03 02:31:22.591716 dv-cinder-819778-7-smb devstack@c-api.service[109822]: [pid: 109822|app: 0|req: 99/218] 10.222.0.15 () {58 vars in 1372 bytes} [Thu Mar 3 02:31:22 2022] GET /volume/v3/c4850fae335d4d2f85109cb6eecaa38c/types/d559ccf4-0616-46ff-b5d1-d6b714b8cf5d/extra_specs/spec2 => generated 17 bytes in 36 msecs (HTTP/1.1 200) 7 headers in 284 bytes (1 switches on core 0)
Mar 03 02:31:22.593942 dv-cinder-819778-7-smb devstack@c-api.service[109822]: DEBUG cinder.api.middleware.request_id [None req-bc32b3b2-2cc1-4a35-b8de-fce33c7c84f6 None None] RequestId filter calling following filter/app {{(pid=109822) _context_setter /opt/stack/cinder/cinder/api/middleware/request_id.py:62}}
Mar 03 02:31:22.598933 dv-cinder-819778-7-smb devstack@c-api.service[109822]: INFO cinder.api.openstack.wsgi [None req-bc32b3b2-2cc1-4a35-b8de-fce33c7c84f6 tempest-VolumeTypesExtraSpecsTest-1130573979 tempest-VolumeTypesExtraSpecsTest-1130573979-project-admin] POST http://10.222.0.15/volume/v3/c4850fae335d4d2f85109cb6eecaa38c/types/d559ccf4-0616-46ff-b5d1-d6b714b8cf5d/extra_specs
Mar 03 02:31:22.599733 dv-cinder-819778-7-smb devstack@c-api.service[109822]: DEBUG cinder.api.openstack.wsgi [None req-bc32b3b2-2cc1-4a35-b8de-fce33c7c84f6 tempest-VolumeTypesExtraSpecsTest-1130573979 tempest-VolumeTypesExtraSpecsTest-1130573979-project-admin] Action: 'create', calling method: create, body: {"extra_specs": {"spec2": "val3", "spec4": "val4"}} {{(pid=109822) _process_stack /opt/stack/cinder/cinder/api/openstack/wsgi.py:866}}
Mar 03 02:31:22.648299 dv-cinder-819778-7-smb devstack@c-api.service[109822]: INFO cinder.api.openstack.wsgi [None req-bc32b3b2-2cc1-4a35-b8de-fce33c7c84f6 tempest-VolumeTypesExtraSpecsTest-1130573979 tempest-VolumeTypesExtraSpecsTest-1130573979-project-admin] http://10.222.0.15/volume/v3/c4850fae335d4d2f85109cb6eecaa38c/types/d559ccf4-0616-46ff-b5d1-d6b714b8cf5d/extra_specs returned with HTTP 200
Mar 03 02:31:22.662595 dv-cinder-819778-7-smb devstack@c-api.service[109822]: [pid: 109822|app: 0|req: 100/219] 10.222.0.15 () {60 vars in 1375 bytes} [Thu Mar 3 02:31:22 2022] POST /volume/v3/c4850fae335d4d2f85109cb6eecaa38c/types/d559ccf4-0616-46ff-b5d1-d6b714b8cf5d/extra_specs => generated 51 bytes in 70 msecs (HTTP/1.1 200) 7 headers in 284 bytes (1 switches on core 0)
Mar 03 02:31:22.665725 dv-cinder-819778-7-smb devstack@c-api.service[109822]: DEBUG cinder.api.middleware.request_id [None req-4898b1f2-486c-4354-ba78-0ab461890840 None None] RequestId filter calling following filter/app {{(pid=109822) _context_setter /opt/stack/cinder/cinder/api/middleware/request_id.py:62}}
Mar 03 02:31:22.671683 dv-cinder-819778-7-smb devstack@c-api.service[109822]: INFO cinder.api.openstack.wsgi [None req-4898b1f2-486c-4354-ba78-0ab461890840 tempest-VolumeTypesExtraSpecsTest-1130573979 tempest-VolumeTypesExtraSpecsTest-1130573979-project-admin] GET http://10.222.0.15/volume/v3/c4850fae335d4d2f85109cb6eecaa38c/types/d559ccf4-0616-46ff-b5d1-d6b714b8cf5d/extra_specs
Mar 03 02:31:22.672242 dv-cinder-819778-7-smb devstack@c-api.service[109822]: DEBUG cinder.api.openstack.wsgi [None req-4898b1f2-486c-4354-ba78-0ab461890840 tempest-VolumeTypesExtraSpecsTest-1130573979 tempest-VolumeTypesExtraSpecsTest-1130573979-project-admin] Empty body provided in request {{(pid=109822) get_body /opt/stack/cinder/cinder/api/openstack/wsgi.py:715}}
Mar 03 02:31:22.672888 dv-cinder-819778-7-smb devstack@c-api.service[109822]: DEBUG cinder.api.openstack.wsgi [None req-4898b1f2-486c-4354-ba78-0ab461890840 tempest-VolumeTypesExtraSpecsTest-1130573979 tempest-VolumeTypesExtraSpecsTest-1130573979-project-admin] Calling method 'index' {{(pid=109822) _process_stack /opt/stack/cinder/cinder/api/openstack/wsgi.py:868}}
Mar 03 02:31:22.688995 dv-cinder-819778-7-smb devstack@c-api.service[109822]: INFO cinder.api.openstack.wsgi [None req-4898b1f2-486c-4354-ba78-0ab461890840 tempest-VolumeTypesExtraSpecsTest-1130573979 tempest-VolumeTypesExtraSpecsTest-1130573979-project-admin] http://10.222.0.15/volume/v3/c4850fae335d4d2f85109cb6eecaa38c/types/d559ccf4-0616-46ff-b5d1-d6b714b8cf5d/extra_specs returned with HTTP 200
Mar 03 02:31:22.700341 dv-cinder-819778-7-smb devstack@c-api.service[109822]: [pid: 109822|app: 0|req: 101/220] 10.222.0.15 () {58 vars in 1354 bytes} [Thu Mar 3 02:31:22 2022] GET /volume/v3/c4850fae335d4d2f85109cb6eecaa38c/types/d559ccf4-0616-46ff-b5d1-d6b714b8cf5d/extra_specs => generated 68 bytes in 35 msecs (HTTP/1.1 200) 7 headers in 284 bytes (1 switches on core 0)
Mar 03 02:31:22.702184 dv-cinder-819778-7-smb devstack@c-api.service[109822]: DEBUG cinder.api.middleware.request_id [None req-a8d4521f-e746-4775-a814-7b95d73ce2eb None None] RequestId filter calling following filter/app {{(pid=109822) _context_setter /opt/stack/cinder/cinder/api/middleware/request_id.py:62}}
Mar 03 02:31:22.706636 dv-cinder-819778-7-smb devstack@c-api.service[109822]: INFO cinder.api.openstack.wsgi [None req-a8d4521f-e746-4775-a814-7b95d73ce2eb tempest-VolumeTypesExtraSpecsTest-1130573979 tempest-VolumeTypesExtraSpecsTest-1130573979-project-admin] DELETE http://10.222.0.15/volume/v3/c4850fae335d4d2f85109cb6eecaa38c/types/d559ccf4-0616-46ff-b5d1-d6b714b8cf5d
Mar 03 02:31:22.707080 dv-cinder-819778-7-smb devstack@c-api.service[109822]: DEBUG cinder.api.openstack.wsgi [None req-a8d4521f-e746-4775-a814-7b95d73ce2eb tempest-VolumeTypesExtraSpecsTest-1130573979 tempest-VolumeTypesExtraSpecsTest-1130573979-project-admin] Empty body provided in request {{(pid=109822) get_body /opt/stack/cinder/cinder/api/openstack/wsgi.py:715}}
Mar 03 02:31:22.708331 dv-cinder-819778-7-smb devstack@c-api.service[109822]: DEBUG cinder.api.openstack.wsgi [None req-a8d4521f-e746-4775-a814-7b95d73ce2eb tempest-VolumeTypesExtraSpecsTest-1130573979 tempest-VolumeTypesExtraSpecsTest-1130573979-project-admin] Calling method '_delete' {{(pid=109822) _process_stack /opt/stack/cinder/cinder/api/openstack/wsgi.py:868}}
Mar 03 02:31:22.763564 dv-cinder-819778-7-smb devstack@c-api.service[109822]: INFO cinder.api.openstack.wsgi [None req-a8d4521f-e746-4775-a814-7b95d73ce2eb tempest-VolumeTypesExtraSpecsTest-1130573979 tempest-VolumeTypesExtraSpecsTest-1130573979-project-admin] http://10.222.0.15/volume/v3/c4850fae335d4d2f85109cb6eecaa38c/types/d559ccf4-0616-46ff-b5d1-d6b714b8cf5d returned with HTTP 202
Mar 03 02:31:22.772118 dv-cinder-819778-7-smb devstack@c-api.service[109822]: [pid: 109822|app: 0|req: 102/221] 10.222.0.15 () {58 vars in 1321 bytes} [Thu Mar 3 02:31:22 2022] DELETE /volume/v3/c4850fae335d4d2f85109cb6eecaa38c/types/d559ccf4-0616-46ff-b5d1-d6b714b8cf5d => generated 0 bytes in 71 msecs (HTTP/1.1 202) 6 headers in 233 bytes (1 switches on core 0)
Mar 03 02:31:22.773834 dv-cinder-819778-7-smb devstack@c-api.service[109822]: DEBUG cinder.api.middleware.request_id [None req-27dc0f2d-8dcb-48d9-8a97-2b404893c1b4 None None] RequestId filter calling following filter/app {{(pid=109822) _context_setter /opt/stack/cinder/cinder/api/middleware/request_id.py:62}}
Mar 03 02:31:22.779285 dv-cinder-819778-7-smb devstack@c-api.service[109822]: INFO cinder.api.openstack.wsgi [None req-27dc0f2d-8dcb-48d9-8a97-2b404893c1b4 tempest-VolumeTypesExtraSpecsTest-1130573979 tempest-VolumeTypesExtraSpecsTest-1130573979-project-admin] GET http://10.222.0.15/volume/v3/c4850fae335d4d2f85109cb6eecaa38c/types/d559ccf4-0616-46ff-b5d1-d6b714b8cf5d
Mar 03 02:31:22.779846 dv-cinder-819778-7-smb devstack@c-api.service[109822]: DEBUG cinder.api.openstack.wsgi [None req-27dc0f2d-8dcb-48d9-8a97-2b404893c1b4 tempest-VolumeTypesExtraSpecsTest-1130573979 tempest-VolumeTypesExtraSpecsTest-1130573979-project-admin] Empty body provided in request {{(pid=109822) get_body /opt/stack/cinder/cinder/api/openstack/wsgi.py:715}}
Mar 03 02:31:22.780954 dv-cinder-819778-7-smb devstack@c-api.service[109822]: DEBUG cinder.api.openstack.wsgi [None req-27dc0f2d-8dcb-48d9-8a97-2b404893c1b4 tempest-VolumeTypesExtraSpecsTest-1130573979 tempest-VolumeTypesExtraSpecsTest-1130573979-project-admin] Calling method 'show' {{(pid=109822) _process_stack /opt/stack/cinder/cinder/api/openstack/wsgi.py:868}}
Mar 03 02:31:22.785264 dv-cinder-819778-7-smb devstack@c-api.service[109821]: INFO cinder.api.openstack.wsgi [None req-0bcedf33-ea4c-4a8f-a567-0cc3746390dc tempest-GroupsTest-1748392805 tempest-GroupsTest-1748392805-project] http://10.222.0.15/volume/v3/6c9d18236d2a4658969f3a954a7abbf7/groups returned with HTTP 202
Mar 03 02:31:22.786704 dv-cinder-819778-7-smb devstack@c-api.service[109822]: INFO cinder.api.openstack.wsgi [None req-27dc0f2d-8dcb-48d9-8a97-2b404893c1b4 tempest-VolumeTypesExtraSpecsTest-1130573979 tempest-VolumeTypesExtraSpecsTest-1130573979-project-admin] http://10.222.0.15/volume/v3/c4850fae335d4d2f85109cb6eecaa38c/types/d559ccf4-0616-46ff-b5d1-d6b714b8cf5d returned with HTTP 404
Mar 03 02:31:22.789789 dv-cinder-819778-7-smb devstack@c-api.service[109821]: [pid: 109821|app: 0|req: 120/222] 10.222.0.15 () {62 vars in 1273 bytes} [Thu Mar 3 02:31:22 2022] POST /volume/v3/6c9d18236d2a4658969f3a954a7abbf7/groups => generated 93 bytes in 569 msecs (HTTP/1.1 202) 7 headers in 291 bytes (1 switches on core 0)
Mar 03 02:31:22.792083 dv-cinder-819778-7-smb devstack@c-api.service[109822]: [pid: 109822|app: 0|req: 103/223] 10.222.0.15 () {58 vars in 1318 bytes} [Thu Mar 3 02:31:22 2022] GET /volume/v3/c4850fae335d4d2f85109cb6eecaa38c/types/d559ccf4-0616-46ff-b5d1-d6b714b8cf5d => generated 114 bytes in 19 msecs (HTTP/1.1 404) 7 headers in 292 bytes (1 switches on core 0)
Mar 03 02:31:22.796574 dv-cinder-819778-7-smb devstack@c-api.service[109821]: DEBUG cinder.api.middleware.request_id [None req-36c4d89f-3643-4f7e-be0a-a01c841bcd7a None None] RequestId filter calling following filter/app {{(pid=109821) _context_setter /opt/stack/cinder/cinder/api/middleware/request_id.py:62}}
Mar 03 02:31:22.809378 dv-cinder-819778-7-smb devstack@c-api.service[109821]: INFO cinder.api.openstack.wsgi [None req-36c4d89f-3643-4f7e-be0a-a01c841bcd7a tempest-GroupsTest-1748392805 tempest-GroupsTest-1748392805-project] GET http://10.222.0.15/volume/v3/6c9d18236d2a4658969f3a954a7abbf7/groups/3c9a8875-7564-408e-97ef-8645831f1eab
Mar 03 02:31:22.809904 dv-cinder-819778-7-smb devstack@c-api.service[109821]: DEBUG cinder.api.openstack.wsgi [None req-36c4d89f-3643-4f7e-be0a-a01c841bcd7a tempest-GroupsTest-1748392805 tempest-GroupsTest-1748392805-project] Empty body provided in request {{(pid=109821) get_body /opt/stack/cinder/cinder/api/openstack/wsgi.py:715}}
Mar 03 02:31:22.810365 dv-cinder-819778-7-smb devstack@c-api.service[109821]: DEBUG cinder.api.openstack.wsgi [None req-36c4d89f-3643-4f7e-be0a-a01c841bcd7a tempest-GroupsTest-1748392805 tempest-GroupsTest-1748392805-project] Calling method 'version_select' {{(pid=109821) _process_stack /opt/stack/cinder/cinder/api/openstack/wsgi.py:868}}
Mar 03 02:31:22.810713 dv-cinder-819778-7-smb devstack@c-api.service[109821]: DEBUG cinder.api.v3.groups [None req-36c4d89f-3643-4f7e-be0a-a01c841bcd7a tempest-GroupsTest-1748392805 tempest-GroupsTest-1748392805-project] show called for member 3c9a8875-7564-408e-97ef-8645831f1eab {{(pid=109821) show /opt/stack/cinder/cinder/api/v3/groups.py:58}}
Mar 03 02:31:22.833624 dv-cinder-819778-7-smb devstack@c-api.service[109821]: /usr/local/lib/python3.8/dist-packages/oslo_context/context.py:105: DeprecationWarning: Policy enforcement is depending on the value of is_admin. This key is deprecated. Please update your policy file to use the standard policy values.
Mar 03 02:31:22.833624 dv-cinder-819778-7-smb devstack@c-api.service[109821]: warnings.warn('Policy enforcement is depending on the value of '
Mar 03 02:31:22.878373 dv-cinder-819778-7-smb devstack@c-api.service[109821]: INFO cinder.api.openstack.wsgi [None req-36c4d89f-3643-4f7e-be0a-a01c841bcd7a tempest-GroupsTest-1748392805 tempest-GroupsTest-1748392805-project] http://10.222.0.15/volume/v3/6c9d18236d2a4658969f3a954a7abbf7/groups/3c9a8875-7564-408e-97ef-8645831f1eab returned with HTTP 200
Mar 03 02:31:22.884428 dv-cinder-819778-7-smb devstack@c-api.service[109821]: [pid: 109821|app: 0|req: 121/224] 10.222.0.15 () {60 vars in 1362 bytes} [Thu Mar 3 02:31:22 2022] GET /volume/v3/6c9d18236d2a4658969f3a954a7abbf7/groups/3c9a8875-7564-408e-97ef-8645831f1eab => generated 321 bytes in 88 msecs (HTTP/1.1 200) 7 headers in 286 bytes (1 switches on core 0)
Mar 03 02:31:23.742939 dv-cinder-819778-7-smb devstack@c-api.service[109822]: DEBUG cinder.api.middleware.request_id [None req-2c0705da-1b87-4b69-88ef-e572ba6f15cd None None] RequestId filter calling following filter/app {{(pid=109822) _context_setter /opt/stack/cinder/cinder/api/middleware/request_id.py:62}}
Mar 03 02:31:23.746395 dv-cinder-819778-7-smb devstack@c-api.service[109822]: INFO cinder.api.openstack.wsgi [None req-2c0705da-1b87-4b69-88ef-e572ba6f15cd tempest-DeleteServersTestJSON-152118857 tempest-DeleteServersTestJSON-152118857-project] POST http://10.222.0.15/volume/v3/4cf6dc6d5c2f460189fe6736f3c2246b/volumes
Mar 03 02:31:23.747102 dv-cinder-819778-7-smb devstack@c-api.service[109822]: DEBUG cinder.api.openstack.wsgi [None req-2c0705da-1b87-4b69-88ef-e572ba6f15cd tempest-DeleteServersTestJSON-152118857 tempest-DeleteServersTestJSON-152118857-project] Action: 'create', calling method: create, body: {"volume": {"size": 1, "display_name": "tempest-DeleteServersTestJSON-volume-1940354028"}} {{(pid=109822) _process_stack /opt/stack/cinder/cinder/api/openstack/wsgi.py:866}}
Mar 03 02:31:23.748036 dv-cinder-819778-7-smb devstack@c-api.service[109822]: DEBUG cinder.api.v3.volumes [None req-2c0705da-1b87-4b69-88ef-e572ba6f15cd tempest-DeleteServersTestJSON-152118857 tempest-DeleteServersTestJSON-152118857-project] Create volume request body: {'volume': {'size': 1, 'display_name': 'tempest-DeleteServersTestJSON-volume-1940354028'}} {{(pid=109822) create /opt/stack/cinder/cinder/api/v3/volumes.py:298}}
Mar 03 02:31:23.748344 dv-cinder-819778-7-smb devstack@c-api.service[109822]: INFO cinder.api.v3.volumes [None req-2c0705da-1b87-4b69-88ef-e572ba6f15cd tempest-DeleteServersTestJSON-152118857 tempest-DeleteServersTestJSON-152118857-project] Create volume of 1 GB
Mar 03 02:31:23.760446 dv-cinder-819778-7-smb devstack@c-api.service[109822]: INFO cinder.volume.api [None req-2c0705da-1b87-4b69-88ef-e572ba6f15cd tempest-DeleteServersTestJSON-152118857 tempest-DeleteServersTestJSON-152118857-project] Availability Zones retrieved successfully.
Mar 03 02:31:23.780779 dv-cinder-819778-7-smb devstack@c-api.service[109822]: DEBUG cinder.volume.api [None req-2c0705da-1b87-4b69-88ef-e572ba6f15cd tempest-DeleteServersTestJSON-152118857 tempest-DeleteServersTestJSON-152118857-project] Flow 'volume_create_api' (0c814b2a-7954-46d7-b441-44826a8560cd) transitioned into state 'RUNNING' from state 'PENDING' {{(pid=109822) _flow_receiver /usr/local/lib/python3.8/dist-packages/taskflow/listeners/logging.py:141}}
Mar 03 02:31:23.783740 dv-cinder-819778-7-smb devstack@c-api.service[109822]: DEBUG cinder.volume.api [None req-2c0705da-1b87-4b69-88ef-e572ba6f15cd tempest-DeleteServersTestJSON-152118857 tempest-DeleteServersTestJSON-152118857-project] Task 'cinder.volume.flows.api.create_volume.ExtractVolumeRequestTask;volume:create' (f8484fff-b72b-41f3-b0b2-b4e38c798f66) transitioned into state 'RUNNING' from state 'PENDING' {{(pid=109822) _task_receiver /usr/local/lib/python3.8/dist-packages/taskflow/listeners/logging.py:190}}
Mar 03 02:31:23.787013 dv-cinder-819778-7-smb devstack@c-api.service[109822]: DEBUG cinder.volume.flows.api.create_volume [None req-2c0705da-1b87-4b69-88ef-e572ba6f15cd tempest-DeleteServersTestJSON-152118857 tempest-DeleteServersTestJSON-152118857-project] Validating volume size '1' using validate_int {{(pid=109822) _extract_size /opt/stack/cinder/cinder/volume/flows/api/create_volume.py:225}}
Mar 03 02:31:23.842577 dv-cinder-819778-7-smb devstack@c-api.service[109822]: DEBUG cinder.volume.api [None req-2c0705da-1b87-4b69-88ef-e572ba6f15cd tempest-DeleteServersTestJSON-152118857 tempest-DeleteServersTestJSON-152118857-project] Task 'cinder.volume.flows.api.create_volume.ExtractVolumeRequestTask;volume:create' (f8484fff-b72b-41f3-b0b2-b4e38c798f66) transitioned into state 'SUCCESS' from state 'RUNNING' with result '{'size': 1, 'snapshot_id': None, 'source_volid': None, 'volume_type': VolumeType(created_at=2022-03-03T02:20:59Z,deleted=False,deleted_at=None,description='Default Volume Type',extra_specs={},id=9a9f80bc-0e01-4fe5-835b-be98527c48db,is_public=True,name='__DEFAULT__',projects=[],qos_specs=,qos_specs_id=None,updated_at=2022-03-03T02:20:59Z), 'volume_type_id': '9a9f80bc-0e01-4fe5-835b-be98527c48db', 'encryption_key_id': None, 'qos_specs': None, 'consistencygroup_id': None, 'cgsnapshot_id': None, 'group_id': None, 'replication_status': 'disabled', 'refresh_az': False, 'backup_id': None, 'multiattach': False, 'availability_zones': ['nova']}' {{(pid=109822) _task_receiver /usr/local/lib/python3.8/dist-packages/taskflow/listeners/logging.py:178}}
Mar 03 02:31:23.846287 dv-cinder-819778-7-smb devstack@c-api.service[109822]: DEBUG cinder.volume.api [None req-2c0705da-1b87-4b69-88ef-e572ba6f15cd tempest-DeleteServersTestJSON-152118857 tempest-DeleteServersTestJSON-152118857-project] Task 'cinder.volume.flows.api.create_volume.QuotaReserveTask;volume:create' (5028524c-2ebb-46e6-aa6d-144ba13a77b9) transitioned into state 'RUNNING' from state 'PENDING' {{(pid=109822) _task_receiver /usr/local/lib/python3.8/dist-packages/taskflow/listeners/logging.py:190}}
Mar 03 02:31:23.890613 dv-cinder-819778-7-smb devstack@c-api.service[109821]: DEBUG cinder.api.middleware.request_id [None req-ed36c68c-529c-4573-b290-8794dc8088a1 None None] RequestId filter calling following filter/app {{(pid=109821) _context_setter /opt/stack/cinder/cinder/api/middleware/request_id.py:62}}
Mar 03 02:31:23.898924 dv-cinder-819778-7-smb devstack@c-api.service[109821]: INFO cinder.api.openstack.wsgi [None req-ed36c68c-529c-4573-b290-8794dc8088a1 tempest-GroupsTest-1748392805 tempest-GroupsTest-1748392805-project] GET http://10.222.0.15/volume/v3/6c9d18236d2a4658969f3a954a7abbf7/groups/3c9a8875-7564-408e-97ef-8645831f1eab
Mar 03 02:31:23.899526 dv-cinder-819778-7-smb devstack@c-api.service[109821]: DEBUG cinder.api.openstack.wsgi [None req-ed36c68c-529c-4573-b290-8794dc8088a1 tempest-GroupsTest-1748392805 tempest-GroupsTest-1748392805-project] Empty body provided in request {{(pid=109821) get_body /opt/stack/cinder/cinder/api/openstack/wsgi.py:715}}
Mar 03 02:31:23.900074 dv-cinder-819778-7-smb devstack@c-api.service[109821]: DEBUG cinder.api.openstack.wsgi [None req-ed36c68c-529c-4573-b290-8794dc8088a1 tempest-GroupsTest-1748392805 tempest-GroupsTest-1748392805-project] Calling method 'version_select' {{(pid=109821) _process_stack /opt/stack/cinder/cinder/api/openstack/wsgi.py:868}}
Mar 03 02:31:23.900515 dv-cinder-819778-7-smb devstack@c-api.service[109821]: DEBUG cinder.api.v3.groups [None req-ed36c68c-529c-4573-b290-8794dc8088a1 tempest-GroupsTest-1748392805 tempest-GroupsTest-1748392805-project] show called for member 3c9a8875-7564-408e-97ef-8645831f1eab {{(pid=109821) show /opt/stack/cinder/cinder/api/v3/groups.py:58}}
Mar 03 02:31:23.910764 dv-cinder-819778-7-smb devstack@c-api.service[109821]: /usr/local/lib/python3.8/dist-packages/oslo_context/context.py:105: DeprecationWarning: Policy enforcement is depending on the value of is_admin. This key is deprecated. Please update your policy file to use the standard policy values.
Mar 03 02:31:23.910764 dv-cinder-819778-7-smb devstack@c-api.service[109821]: warnings.warn('Policy enforcement is depending on the value of '
Mar 03 02:31:23.946679 dv-cinder-819778-7-smb devstack@c-api.service[109821]: INFO cinder.api.openstack.wsgi [None req-ed36c68c-529c-4573-b290-8794dc8088a1 tempest-GroupsTest-1748392805 tempest-GroupsTest-1748392805-project] http://10.222.0.15/volume/v3/6c9d18236d2a4658969f3a954a7abbf7/groups/3c9a8875-7564-408e-97ef-8645831f1eab returned with HTTP 200
Mar 03 02:31:23.954179 dv-cinder-819778-7-smb devstack@c-api.service[109821]: [pid: 109821|app: 0|req: 122/225] 10.222.0.15 () {60 vars in 1362 bytes} [Thu Mar 3 02:31:23 2022] GET /volume/v3/6c9d18236d2a4658969f3a954a7abbf7/groups/3c9a8875-7564-408e-97ef-8645831f1eab => generated 322 bytes in 65 msecs (HTTP/1.1 200) 7 headers in 286 bytes (2 switches on core 0)
Mar 03 02:31:23.955904 dv-cinder-819778-7-smb devstack@c-api.service[109821]: DEBUG cinder.api.middleware.request_id [None req-780b1564-0d45-4358-92bb-b3d3a2711bfa None None] RequestId filter calling following filter/app {{(pid=109821) _context_setter /opt/stack/cinder/cinder/api/middleware/request_id.py:62}}
Mar 03 02:31:23.959598 dv-cinder-819778-7-smb devstack@c-api.service[109821]: INFO cinder.api.openstack.wsgi [None req-780b1564-0d45-4358-92bb-b3d3a2711bfa tempest-GroupsTest-1748392805 tempest-GroupsTest-1748392805-project] POST http://10.222.0.15/volume/v3/6c9d18236d2a4658969f3a954a7abbf7/volumes
Mar 03 02:31:23.960557 dv-cinder-819778-7-smb devstack@c-api.service[109821]: DEBUG cinder.api.openstack.wsgi [None req-780b1564-0d45-4358-92bb-b3d3a2711bfa tempest-GroupsTest-1748392805 tempest-GroupsTest-1748392805-project] Action: 'create', calling method: create, body: {"volume": {"name": "tempest-volume-283453252", "volume_type": "5516278c-69ee-499d-84ca-2a7fee66916b", "group_id": "ead13948-e2fe-4b2e-8326-19309a2f0209", "size": 1}} {{(pid=109821) _process_stack /opt/stack/cinder/cinder/api/openstack/wsgi.py:866}}
Mar 03 02:31:23.961822 dv-cinder-819778-7-smb devstack@c-api.service[109821]: DEBUG cinder.api.v3.volumes [None req-780b1564-0d45-4358-92bb-b3d3a2711bfa tempest-GroupsTest-1748392805 tempest-GroupsTest-1748392805-project] Create volume request body: {'volume': {'name': 'tempest-volume-283453252', 'volume_type': '5516278c-69ee-499d-84ca-2a7fee66916b', 'group_id': 'ead13948-e2fe-4b2e-8326-19309a2f0209', 'size': 1}} {{(pid=109821) create /opt/stack/cinder/cinder/api/v3/volumes.py:298}}
Mar 03 02:31:23.977544 dv-cinder-819778-7-smb devstack@c-api.service[109822]: DEBUG cinder.quota [None req-2c0705da-1b87-4b69-88ef-e572ba6f15cd tempest-DeleteServersTestJSON-152118857 tempest-DeleteServersTestJSON-152118857-project] Created reservations ['b98466ea-4682-437e-b599-b041f8d69ffb', 'af090a71-2255-43e0-a589-cdb586c1fc2d', '7de8cd46-a143-4a0d-96a8-a3cd2323427d', '4d3beef0-1208-4dad-b737-cca7aafd6a7a'] {{(pid=109822) reserve /opt/stack/cinder/cinder/quota.py:755}}
Mar 03 02:31:23.979260 dv-cinder-819778-7-smb devstack@c-api.service[109822]: DEBUG cinder.volume.api [None req-2c0705da-1b87-4b69-88ef-e572ba6f15cd tempest-DeleteServersTestJSON-152118857 tempest-DeleteServersTestJSON-152118857-project] Task 'cinder.volume.flows.api.create_volume.QuotaReserveTask;volume:create' (5028524c-2ebb-46e6-aa6d-144ba13a77b9) transitioned into state 'SUCCESS' from state 'RUNNING' with result '{'reservations': ['b98466ea-4682-437e-b599-b041f8d69ffb', 'af090a71-2255-43e0-a589-cdb586c1fc2d', '7de8cd46-a143-4a0d-96a8-a3cd2323427d', '4d3beef0-1208-4dad-b737-cca7aafd6a7a']}' {{(pid=109822) _task_receiver /usr/local/lib/python3.8/dist-packages/taskflow/listeners/logging.py:178}}
Mar 03 02:31:23.981163 dv-cinder-819778-7-smb devstack@c-api.service[109821]: /usr/local/lib/python3.8/dist-packages/oslo_context/context.py:105: DeprecationWarning: Policy enforcement is depending on the value of is_admin. This key is deprecated. Please update your policy file to use the standard policy values.
Mar 03 02:31:23.981163 dv-cinder-819778-7-smb devstack@c-api.service[109821]: warnings.warn('Policy enforcement is depending on the value of '
Mar 03 02:31:23.981359 dv-cinder-819778-7-smb devstack@c-api.service[109822]: DEBUG cinder.volume.api [None req-2c0705da-1b87-4b69-88ef-e572ba6f15cd tempest-DeleteServersTestJSON-152118857 tempest-DeleteServersTestJSON-152118857-project] Task 'cinder.volume.flows.api.create_volume.EntryCreateTask;volume:create' (82d8772a-405a-4d9b-8975-061e424e114c) transitioned into state 'RUNNING' from state 'PENDING' {{(pid=109822) _task_receiver /usr/local/lib/python3.8/dist-packages/taskflow/listeners/logging.py:190}}
Mar 03 02:31:23.982818 dv-cinder-819778-7-smb devstack@c-api.service[109821]: INFO cinder.api.v3.volumes [None req-780b1564-0d45-4358-92bb-b3d3a2711bfa tempest-GroupsTest-1748392805 tempest-GroupsTest-1748392805-project] Create volume of 1 GB
Mar 03 02:31:24.000414 dv-cinder-819778-7-smb devstack@c-api.service[109821]: INFO cinder.volume.api [None req-780b1564-0d45-4358-92bb-b3d3a2711bfa tempest-GroupsTest-1748392805 tempest-GroupsTest-1748392805-project] Availability Zones retrieved successfully.
Mar 03 02:31:24.018333 dv-cinder-819778-7-smb devstack@c-api.service[109821]: DEBUG cinder.volume.api [None req-780b1564-0d45-4358-92bb-b3d3a2711bfa tempest-GroupsTest-1748392805 tempest-GroupsTest-1748392805-project] Flow 'volume_create_api' (f31cb85b-2e0b-48dc-8b01-8e7351a93241) transitioned into state 'RUNNING' from state 'PENDING' {{(pid=109821) _flow_receiver /usr/local/lib/python3.8/dist-packages/taskflow/listeners/logging.py:141}}
Mar 03 02:31:24.021524 dv-cinder-819778-7-smb devstack@c-api.service[109821]: DEBUG cinder.volume.api [None req-780b1564-0d45-4358-92bb-b3d3a2711bfa tempest-GroupsTest-1748392805 tempest-GroupsTest-1748392805-project] Task 'cinder.volume.flows.api.create_volume.ExtractVolumeRequestTask;volume:create' (c8421417-7fc9-495a-984f-110fb86a00ad) transitioned into state 'RUNNING' from state 'PENDING' {{(pid=109821) _task_receiver /usr/local/lib/python3.8/dist-packages/taskflow/listeners/logging.py:190}}
Mar 03 02:31:24.023533 dv-cinder-819778-7-smb devstack@c-api.service[109821]: /usr/local/lib/python3.8/dist-packages/oslo_context/context.py:105: DeprecationWarning: Policy enforcement is depending on the value of is_admin. This key is deprecated. Please update your policy file to use the standard policy values.
Mar 03 02:31:24.023533 dv-cinder-819778-7-smb devstack@c-api.service[109821]: warnings.warn('Policy enforcement is depending on the value of '
Mar 03 02:31:24.024390 dv-cinder-819778-7-smb devstack@c-api.service[109822]: DEBUG cinder.volume.api [None req-2c0705da-1b87-4b69-88ef-e572ba6f15cd tempest-DeleteServersTestJSON-152118857 tempest-DeleteServersTestJSON-152118857-project] Task 'cinder.volume.flows.api.create_volume.EntryCreateTask;volume:create' (82d8772a-405a-4d9b-8975-061e424e114c) transitioned into state 'SUCCESS' from state 'RUNNING' with result '{'volume_id': 'be1e3010-fc8d-4b45-b38b-dec5cc06d839', 'volume_properties': VolumeProperties(attach_status='detached',availability_zone='nova',cgsnapshot_id=None,consistencygroup_id=None,display_description=None,display_name='tempest-DeleteServersTestJSON-volume-1940354028',encryption_key_id=None,group_id=None,group_type_id=,metadata={},multiattach=False,project_id='4cf6dc6d5c2f460189fe6736f3c2246b',qos_specs=None,replication_status=,reservations=['b98466ea-4682-437e-b599-b041f8d69ffb','af090a71-2255-43e0-a589-cdb586c1fc2d','7de8cd46-a143-4a0d-96a8-a3cd2323427d','4d3beef0-1208-4dad-b737-cca7aafd6a7a'],size=1,snapshot_id=None,source_replicaid=,source_volid=None,status='creating',user_id='2b2b3cf4f1cd42f8b519d3ac9af169c4',volume_type_id=9a9f80bc-0e01-4fe5-835b-be98527c48db), 'volume': Volume(_name_id=None,admin_metadata=,attach_status='detached',availability_zone='nova',bootable=False,cluster=,cluster_name=None,consistencygroup=,consistencygroup_id=None,created_at=2022-03-03T02:31:23Z,deleted=False,deleted_at=None,display_description=None,display_name='tempest-DeleteServersTestJSON-volume-1940354028',ec2_id=None,encryption_key_id=None,glance_metadata=,group=,group_id=None,host=None,id=be1e3010-fc8d-4b45-b38b-dec5cc06d839,launched_at=None,metadata={},migration_status=None,multiattach=False,previous_status=None,project_id='4cf6dc6d5c2f460189fe6736f3c2246b',provider_auth=None,provider_geometry=None,provider_id=None,provider_location=None,replication_driver_data=None,replication_extended_status=None,replication_status=None,scheduled_at=None,service_uuid=None,shared_targets=True,size=1,snapshot_id=None,snapshots=,source_volid=None,status='creating',terminated_at=None,updated_at=None,use_quota=True,user_id='2b2b3cf4f1cd42f8b519d3ac9af169c4',volume_attachment=VolumeAttachmentList,volume_type=VolumeType(9a9f80bc-0e01-4fe5-835b-be98527c48db),volume_type_id=9a9f80bc-0e01-4fe5-835b-be98527c48db)}' {{(pid=109822) _task_receiver /usr/local/lib/python3.8/dist-packages/taskflow/listeners/logging.py:178}}
Mar 03 02:31:24.025048 dv-cinder-819778-7-smb devstack@c-api.service[109821]: DEBUG cinder.volume.flows.api.create_volume [None req-780b1564-0d45-4358-92bb-b3d3a2711bfa tempest-GroupsTest-1748392805 tempest-GroupsTest-1748392805-project] Validating volume size '1' using validate_int {{(pid=109821) _extract_size /opt/stack/cinder/cinder/volume/flows/api/create_volume.py:225}}
Mar 03 02:31:24.040560 dv-cinder-819778-7-smb devstack@c-api.service[109822]: DEBUG cinder.volume.api [None req-2c0705da-1b87-4b69-88ef-e572ba6f15cd tempest-DeleteServersTestJSON-152118857 tempest-DeleteServersTestJSON-152118857-project] Task 'cinder.volume.flows.api.create_volume.QuotaCommitTask;volume:create' (42eb9e8a-126e-4e73-99a7-7cc3feeb1a59) transitioned into state 'RUNNING' from state 'PENDING' {{(pid=109822) _task_receiver /usr/local/lib/python3.8/dist-packages/taskflow/listeners/logging.py:190}}
Mar 03 02:31:24.052117 dv-cinder-819778-7-smb devstack@c-api.service[109821]: DEBUG cinder.volume.api [None req-780b1564-0d45-4358-92bb-b3d3a2711bfa tempest-GroupsTest-1748392805 tempest-GroupsTest-1748392805-project] Task 'cinder.volume.flows.api.create_volume.ExtractVolumeRequestTask;volume:create' (c8421417-7fc9-495a-984f-110fb86a00ad) transitioned into state 'SUCCESS' from state 'RUNNING' with result '{'size': 1, 'snapshot_id': None, 'source_volid': None, 'volume_type': VolumeType(created_at=2022-03-03T02:31:20Z,deleted=False,deleted_at=None,description=None,extra_specs={},id=5516278c-69ee-499d-84ca-2a7fee66916b,is_public=True,name='tempest-GroupsTest-volume-type-1419051338',projects=[],qos_specs=,qos_specs_id=None,updated_at=None), 'volume_type_id': '5516278c-69ee-499d-84ca-2a7fee66916b', 'encryption_key_id': None, 'qos_specs': None, 'consistencygroup_id': None, 'cgsnapshot_id': None, 'group_id': 'ead13948-e2fe-4b2e-8326-19309a2f0209', 'replication_status': 'disabled', 'refresh_az': False, 'backup_id': None, 'multiattach': False, 'availability_zones': ['nova']}' {{(pid=109821) _task_receiver /usr/local/lib/python3.8/dist-packages/taskflow/listeners/logging.py:178}}
Mar 03 02:31:24.054776 dv-cinder-819778-7-smb devstack@c-api.service[109821]: DEBUG cinder.volume.api [None req-780b1564-0d45-4358-92bb-b3d3a2711bfa tempest-GroupsTest-1748392805 tempest-GroupsTest-1748392805-project] Task 'cinder.volume.flows.api.create_volume.QuotaReserveTask;volume:create' (66bff2db-9c89-4664-b588-0126e7ac2984) transitioned into state 'RUNNING' from state 'PENDING' {{(pid=109821) _task_receiver /usr/local/lib/python3.8/dist-packages/taskflow/listeners/logging.py:190}}
Mar 03 02:31:24.117719 dv-cinder-819778-7-smb devstack@c-api.service[109822]: DEBUG cinder.volume.api [None req-2c0705da-1b87-4b69-88ef-e572ba6f15cd tempest-DeleteServersTestJSON-152118857 tempest-DeleteServersTestJSON-152118857-project] Task 'cinder.volume.flows.api.create_volume.QuotaCommitTask;volume:create' (42eb9e8a-126e-4e73-99a7-7cc3feeb1a59) transitioned into state 'SUCCESS' from state 'RUNNING' with result '{'volume_properties': VolumeProperties(attach_status='detached',availability_zone='nova',cgsnapshot_id=None,consistencygroup_id=None,display_description=None,display_name='tempest-DeleteServersTestJSON-volume-1940354028',encryption_key_id=None,group_id=None,group_type_id=,metadata={},multiattach=False,project_id='4cf6dc6d5c2f460189fe6736f3c2246b',qos_specs=None,replication_status=,reservations=['b98466ea-4682-437e-b599-b041f8d69ffb','af090a71-2255-43e0-a589-cdb586c1fc2d','7de8cd46-a143-4a0d-96a8-a3cd2323427d','4d3beef0-1208-4dad-b737-cca7aafd6a7a'],size=1,snapshot_id=None,source_replicaid=,source_volid=None,status='creating',user_id='2b2b3cf4f1cd42f8b519d3ac9af169c4',volume_type_id=9a9f80bc-0e01-4fe5-835b-be98527c48db)}' {{(pid=109822) _task_receiver /usr/local/lib/python3.8/dist-packages/taskflow/listeners/logging.py:178}}
Mar 03 02:31:24.123344 dv-cinder-819778-7-smb devstack@c-api.service[109822]: DEBUG cinder.volume.api [None req-2c0705da-1b87-4b69-88ef-e572ba6f15cd tempest-DeleteServersTestJSON-152118857 tempest-DeleteServersTestJSON-152118857-project] Task 'cinder.volume.flows.api.create_volume.VolumeCastTask;volume:create' (1fd68a56-fdfc-4644-95ff-b92b99192806) transitioned into state 'RUNNING' from state 'PENDING' {{(pid=109822) _task_receiver /usr/local/lib/python3.8/dist-packages/taskflow/listeners/logging.py:190}}
Mar 03 02:31:24.172178 dv-cinder-819778-7-smb devstack@c-api.service[109822]: DEBUG cinder.volume.api [None req-2c0705da-1b87-4b69-88ef-e572ba6f15cd tempest-DeleteServersTestJSON-152118857 tempest-DeleteServersTestJSON-152118857-project] Task 'cinder.volume.flows.api.create_volume.VolumeCastTask;volume:create' (1fd68a56-fdfc-4644-95ff-b92b99192806) transitioned into state 'SUCCESS' from state 'RUNNING' with result 'None' {{(pid=109822) _task_receiver /usr/local/lib/python3.8/dist-packages/taskflow/listeners/logging.py:178}}
Mar 03 02:31:24.180492 dv-cinder-819778-7-smb devstack@c-api.service[109822]: DEBUG cinder.volume.api [None req-2c0705da-1b87-4b69-88ef-e572ba6f15cd tempest-DeleteServersTestJSON-152118857 tempest-DeleteServersTestJSON-152118857-project] Flow 'volume_create_api' (0c814b2a-7954-46d7-b441-44826a8560cd) transitioned into state 'SUCCESS' from state 'RUNNING' {{(pid=109822) _flow_receiver /usr/local/lib/python3.8/dist-packages/taskflow/listeners/logging.py:141}}
Mar 03 02:31:24.183191 dv-cinder-819778-7-smb devstack@c-api.service[109822]: INFO cinder.volume.api [None req-2c0705da-1b87-4b69-88ef-e572ba6f15cd tempest-DeleteServersTestJSON-152118857 tempest-DeleteServersTestJSON-152118857-project] Create volume request issued successfully.
Mar 03 02:31:24.190621 dv-cinder-819778-7-smb devstack@c-api.service[109822]: INFO cinder.api.openstack.wsgi [None req-2c0705da-1b87-4b69-88ef-e572ba6f15cd tempest-DeleteServersTestJSON-152118857 tempest-DeleteServersTestJSON-152118857-project] http://10.222.0.15/volume/v3/4cf6dc6d5c2f460189fe6736f3c2246b/volumes returned with HTTP 202
Mar 03 02:31:24.195875 dv-cinder-819778-7-smb devstack@c-api.service[109822]: [pid: 109822|app: 0|req: 104/226] 10.222.0.15 () {60 vars in 1234 bytes} [Thu Mar 3 02:31:23 2022] POST /volume/v3/4cf6dc6d5c2f460189fe6736f3c2246b/volumes => generated 821 bytes in 454 msecs (HTTP/1.1 202) 7 headers in 291 bytes (1 switches on core 0)
Mar 03 02:31:24.204687 dv-cinder-819778-7-smb devstack@c-api.service[109822]: DEBUG cinder.api.middleware.request_id [None req-fc295958-1471-42a1-915c-b49db0d70ee2 None None] RequestId filter calling following filter/app {{(pid=109822) _context_setter /opt/stack/cinder/cinder/api/middleware/request_id.py:62}}
Mar 03 02:31:24.215546 dv-cinder-819778-7-smb devstack@c-api.service[109822]: INFO cinder.api.openstack.wsgi [None req-fc295958-1471-42a1-915c-b49db0d70ee2 tempest-DeleteServersTestJSON-152118857 tempest-DeleteServersTestJSON-152118857-project] GET http://10.222.0.15/volume/v3/4cf6dc6d5c2f460189fe6736f3c2246b/volumes/be1e3010-fc8d-4b45-b38b-dec5cc06d839
Mar 03 02:31:24.216579 dv-cinder-819778-7-smb devstack@c-api.service[109822]: DEBUG cinder.api.openstack.wsgi [None req-fc295958-1471-42a1-915c-b49db0d70ee2 tempest-DeleteServersTestJSON-152118857 tempest-DeleteServersTestJSON-152118857-project] Empty body provided in request {{(pid=109822) get_body /opt/stack/cinder/cinder/api/openstack/wsgi.py:715}}
Mar 03 02:31:24.219122 dv-cinder-819778-7-smb devstack@c-api.service[109822]: DEBUG cinder.api.openstack.wsgi [None req-fc295958-1471-42a1-915c-b49db0d70ee2 tempest-DeleteServersTestJSON-152118857 tempest-DeleteServersTestJSON-152118857-project] Calling method 'show' {{(pid=109822) _process_stack /opt/stack/cinder/cinder/api/openstack/wsgi.py:868}}
Mar 03 02:31:24.250408 dv-cinder-819778-7-smb devstack@c-api.service[109822]: /usr/local/lib/python3.8/dist-packages/oslo_context/context.py:105: DeprecationWarning: Policy enforcement is depending on the value of is_admin. This key is deprecated. Please update your policy file to use the standard policy values.
Mar 03 02:31:24.250408 dv-cinder-819778-7-smb devstack@c-api.service[109822]: warnings.warn('Policy enforcement is depending on the value of '
Mar 03 02:31:24.259766 dv-cinder-819778-7-smb devstack@c-api.service[109821]: DEBUG cinder.quota [None req-780b1564-0d45-4358-92bb-b3d3a2711bfa tempest-GroupsTest-1748392805 tempest-GroupsTest-1748392805-project] Created reservations ['c50e2b80-bce8-4afc-a6fc-6beae92d2330', '64e72fa3-5ff5-47b3-8dbd-980ae98b2dc5', '8f27728a-4e1f-4585-b6ba-0772dde57437', '2623e906-67e2-4f62-84af-5923f8b45a8c'] {{(pid=109821) reserve /opt/stack/cinder/cinder/quota.py:755}}
Mar 03 02:31:24.261778 dv-cinder-819778-7-smb devstack@c-api.service[109821]: DEBUG cinder.volume.api [None req-780b1564-0d45-4358-92bb-b3d3a2711bfa tempest-GroupsTest-1748392805 tempest-GroupsTest-1748392805-project] Task 'cinder.volume.flows.api.create_volume.QuotaReserveTask;volume:create' (66bff2db-9c89-4664-b588-0126e7ac2984) transitioned into state 'SUCCESS' from state 'RUNNING' with result '{'reservations': ['c50e2b80-bce8-4afc-a6fc-6beae92d2330', '64e72fa3-5ff5-47b3-8dbd-980ae98b2dc5', '8f27728a-4e1f-4585-b6ba-0772dde57437', '2623e906-67e2-4f62-84af-5923f8b45a8c']}' {{(pid=109821) _task_receiver /usr/local/lib/python3.8/dist-packages/taskflow/listeners/logging.py:178}}
Mar 03 02:31:24.264154 dv-cinder-819778-7-smb devstack@c-api.service[109821]: DEBUG cinder.volume.api [None req-780b1564-0d45-4358-92bb-b3d3a2711bfa tempest-GroupsTest-1748392805 tempest-GroupsTest-1748392805-project] Task 'cinder.volume.flows.api.create_volume.EntryCreateTask;volume:create' (c4c09f07-88b2-454a-8b02-e31031cedd6e) transitioned into state 'RUNNING' from state 'PENDING' {{(pid=109821) _task_receiver /usr/local/lib/python3.8/dist-packages/taskflow/listeners/logging.py:190}}
Mar 03 02:31:24.285114 dv-cinder-819778-7-smb devstack@c-api.service[109822]: INFO cinder.volume.api [None req-fc295958-1471-42a1-915c-b49db0d70ee2 tempest-DeleteServersTestJSON-152118857 tempest-DeleteServersTestJSON-152118857-project] Volume info retrieved successfully.
Mar 03 02:31:24.302006 dv-cinder-819778-7-smb devstack@c-api.service[109822]: INFO cinder.api.openstack.wsgi [None req-fc295958-1471-42a1-915c-b49db0d70ee2 tempest-DeleteServersTestJSON-152118857 tempest-DeleteServersTestJSON-152118857-project] http://10.222.0.15/volume/v3/4cf6dc6d5c2f460189fe6736f3c2246b/volumes/be1e3010-fc8d-4b45-b38b-dec5cc06d839 returned with HTTP 200
Mar 03 02:31:24.304228 dv-cinder-819778-7-smb devstack@c-api.service[109822]: [pid: 109822|app: 0|req: 105/227] 10.222.0.15 () {58 vars in 1324 bytes} [Thu Mar 3 02:31:24 2022] GET /volume/v3/4cf6dc6d5c2f460189fe6736f3c2246b/volumes/be1e3010-fc8d-4b45-b38b-dec5cc06d839 => generated 889 bytes in 101 msecs (HTTP/1.1 200) 7 headers in 285 bytes (2 switches on core 0)
Mar 03 02:31:24.312062 dv-cinder-819778-7-smb devstack@c-api.service[109821]: DEBUG cinder.volume.api [None req-780b1564-0d45-4358-92bb-b3d3a2711bfa tempest-GroupsTest-1748392805 tempest-GroupsTest-1748392805-project] Task 'cinder.volume.flows.api.create_volume.EntryCreateTask;volume:create' (c4c09f07-88b2-454a-8b02-e31031cedd6e) transitioned into state 'SUCCESS' from state 'RUNNING' with result '{'volume_id': '81a115e7-7853-4db2-80ad-4950bef2d05b', 'volume_properties': VolumeProperties(attach_status='detached',availability_zone='nova',cgsnapshot_id=None,consistencygroup_id=None,display_description=None,display_name='tempest-volume-283453252',encryption_key_id=None,group_id=ead13948-e2fe-4b2e-8326-19309a2f0209,group_type_id=,metadata={},multiattach=False,project_id='6c9d18236d2a4658969f3a954a7abbf7',qos_specs=None,replication_status=,reservations=['c50e2b80-bce8-4afc-a6fc-6beae92d2330','64e72fa3-5ff5-47b3-8dbd-980ae98b2dc5','8f27728a-4e1f-4585-b6ba-0772dde57437','2623e906-67e2-4f62-84af-5923f8b45a8c'],size=1,snapshot_id=None,source_replicaid=,source_volid=None,status='creating',user_id='cbe320b6dd3b40179768868585c1ebd9',volume_type_id=5516278c-69ee-499d-84ca-2a7fee66916b), 'volume': Volume(_name_id=None,admin_metadata=,attach_status='detached',availability_zone='nova',bootable=False,cluster=,cluster_name=None,consistencygroup=,consistencygroup_id=None,created_at=2022-03-03T02:31:24Z,deleted=False,deleted_at=None,display_description=None,display_name='tempest-volume-283453252',ec2_id=None,encryption_key_id=None,glance_metadata=,group=,group_id=ead13948-e2fe-4b2e-8326-19309a2f0209,host=None,id=81a115e7-7853-4db2-80ad-4950bef2d05b,launched_at=None,metadata={},migration_status=None,multiattach=False,previous_status=None,project_id='6c9d18236d2a4658969f3a954a7abbf7',provider_auth=None,provider_geometry=None,provider_id=None,provider_location=None,replication_driver_data=None,replication_extended_status=None,replication_status=None,scheduled_at=None,service_uuid=None,shared_targets=True,size=1,snapshot_id=None,snapshots=,source_volid=None,status='creating',terminated_at=None,updated_at=None,use_quota=True,user_id='cbe320b6dd3b40179768868585c1ebd9',volume_attachment=VolumeAttachmentList,volume_type=VolumeType(5516278c-69ee-499d-84ca-2a7fee66916b),volume_type_id=5516278c-69ee-499d-84ca-2a7fee66916b)}' {{(pid=109821) _task_receiver /usr/local/lib/python3.8/dist-packages/taskflow/listeners/logging.py:178}}
Mar 03 02:31:24.318077 dv-cinder-819778-7-smb devstack@c-api.service[109821]: DEBUG cinder.volume.api [None req-780b1564-0d45-4358-92bb-b3d3a2711bfa tempest-GroupsTest-1748392805 tempest-GroupsTest-1748392805-project] Task 'cinder.volume.flows.api.create_volume.QuotaCommitTask;volume:create' (bb748a64-fcf1-4ec2-b825-41c09752dbcb) transitioned into state 'RUNNING' from state 'PENDING' {{(pid=109821) _task_receiver /usr/local/lib/python3.8/dist-packages/taskflow/listeners/logging.py:190}}
Mar 03 02:31:24.373059 dv-cinder-819778-7-smb devstack@c-api.service[109821]: DEBUG cinder.volume.api [None req-780b1564-0d45-4358-92bb-b3d3a2711bfa tempest-GroupsTest-1748392805 tempest-GroupsTest-1748392805-project] Task 'cinder.volume.flows.api.create_volume.QuotaCommitTask;volume:create' (bb748a64-fcf1-4ec2-b825-41c09752dbcb) transitioned into state 'SUCCESS' from state 'RUNNING' with result '{'volume_properties': VolumeProperties(attach_status='detached',availability_zone='nova',cgsnapshot_id=None,consistencygroup_id=None,display_description=None,display_name='tempest-volume-283453252',encryption_key_id=None,group_id=ead13948-e2fe-4b2e-8326-19309a2f0209,group_type_id=,metadata={},multiattach=False,project_id='6c9d18236d2a4658969f3a954a7abbf7',qos_specs=None,replication_status=,reservations=['c50e2b80-bce8-4afc-a6fc-6beae92d2330','64e72fa3-5ff5-47b3-8dbd-980ae98b2dc5','8f27728a-4e1f-4585-b6ba-0772dde57437','2623e906-67e2-4f62-84af-5923f8b45a8c'],size=1,snapshot_id=None,source_replicaid=,source_volid=None,status='creating',user_id='cbe320b6dd3b40179768868585c1ebd9',volume_type_id=5516278c-69ee-499d-84ca-2a7fee66916b)}' {{(pid=109821) _task_receiver /usr/local/lib/python3.8/dist-packages/taskflow/listeners/logging.py:178}}
Mar 03 02:31:24.381108 dv-cinder-819778-7-smb devstack@c-api.service[109821]: DEBUG cinder.volume.api [None req-780b1564-0d45-4358-92bb-b3d3a2711bfa tempest-GroupsTest-1748392805 tempest-GroupsTest-1748392805-project] Task 'cinder.volume.flows.api.create_volume.VolumeCastTask;volume:create' (23d474a4-9050-49d3-b9c7-796a3e5e8c75) transitioned into state 'RUNNING' from state 'PENDING' {{(pid=109821) _task_receiver /usr/local/lib/python3.8/dist-packages/taskflow/listeners/logging.py:190}}
Mar 03 02:31:24.423633 dv-cinder-819778-7-smb devstack@c-api.service[109821]: DEBUG cinder.volume.api [None req-780b1564-0d45-4358-92bb-b3d3a2711bfa tempest-GroupsTest-1748392805 tempest-GroupsTest-1748392805-project] Task 'cinder.volume.flows.api.create_volume.VolumeCastTask;volume:create' (23d474a4-9050-49d3-b9c7-796a3e5e8c75) transitioned into state 'SUCCESS' from state 'RUNNING' with result 'None' {{(pid=109821) _task_receiver /usr/local/lib/python3.8/dist-packages/taskflow/listeners/logging.py:178}}
Mar 03 02:31:24.433188 dv-cinder-819778-7-smb devstack@c-api.service[109821]: DEBUG cinder.volume.api [None req-780b1564-0d45-4358-92bb-b3d3a2711bfa tempest-GroupsTest-1748392805 tempest-GroupsTest-1748392805-project] Flow 'volume_create_api' (f31cb85b-2e0b-48dc-8b01-8e7351a93241) transitioned into state 'SUCCESS' from state 'RUNNING' {{(pid=109821) _flow_receiver /usr/local/lib/python3.8/dist-packages/taskflow/listeners/logging.py:141}}
Mar 03 02:31:24.435277 dv-cinder-819778-7-smb devstack@c-api.service[109821]: INFO cinder.volume.api [None req-780b1564-0d45-4358-92bb-b3d3a2711bfa tempest-GroupsTest-1748392805 tempest-GroupsTest-1748392805-project] Create volume request issued successfully.
Mar 03 02:31:24.441933 dv-cinder-819778-7-smb devstack@c-api.service[109821]: WARNING stevedore.named [None req-780b1564-0d45-4358-92bb-b3d3a2711bfa tempest-GroupsTest-1748392805 tempest-GroupsTest-1748392805-project] Could not load cinder.keymgr.conf_key_mgr.ConfKeyManager
Mar 03 02:31:24.443069 dv-cinder-819778-7-smb devstack@c-api.service[109821]: WARNING castellan.key_manager [None req-780b1564-0d45-4358-92bb-b3d3a2711bfa tempest-GroupsTest-1748392805 tempest-GroupsTest-1748392805-project] Deprecation Warning : cinder.keymgr.conf_key_mgr.ConfKeyManager is not a stevedore based driver, trying to load it as a class: stevedore.exception.NoMatches: No 'castellan.drivers' driver found, looking for 'cinder.keymgr.conf_key_mgr.ConfKeyManager'
Mar 03 02:31:24.461445 dv-cinder-819778-7-smb devstack@c-api.service[109821]: DEBUG oslo_db.sqlalchemy.engines [None req-780b1564-0d45-4358-92bb-b3d3a2711bfa tempest-GroupsTest-1748392805 tempest-GroupsTest-1748392805-project] MySQL server mode set to STRICT_TRANS_TABLES,STRICT_ALL_TABLES,NO_ZERO_IN_DATE,NO_ZERO_DATE,ERROR_FOR_DIVISION_BY_ZERO,TRADITIONAL,NO_ENGINE_SUBSTITUTION {{(pid=109821) _check_effective_sql_mode /usr/local/lib/python3.8/dist-packages/oslo_db/sqlalchemy/engines.py:314}}
Mar 03 02:31:24.475534 dv-cinder-819778-7-smb devstack@c-api.service[109821]: /usr/local/lib/python3.8/dist-packages/oslo_context/context.py:105: DeprecationWarning: Policy enforcement is depending on the value of is_admin. This key is deprecated. Please update your policy file to use the standard policy values.
Mar 03 02:31:24.475534 dv-cinder-819778-7-smb devstack@c-api.service[109821]: warnings.warn('Policy enforcement is depending on the value of '
Mar 03 02:31:24.496850 dv-cinder-819778-7-smb devstack@c-api.service[109821]: INFO cinder.api.openstack.wsgi [None req-780b1564-0d45-4358-92bb-b3d3a2711bfa tempest-GroupsTest-1748392805 tempest-GroupsTest-1748392805-project] http://10.222.0.15/volume/v3/6c9d18236d2a4658969f3a954a7abbf7/volumes returned with HTTP 202
