Jan 25 02:36:09.390270 dv-cinder-819778-6-smb devstack@c-api.service[109590]: DEBUG cinder.api.openstack.wsgi [None req-2f2e5c20-3cf9-4222-b0f2-6a26f330ffb6 tempest-GroupSnapshotsTest-1243296427 tempest-GroupSnapshotsTest-1243296427-project] Action body: b'{"delete": {"delete-volumes": true}}' {{(pid=109590) get_method /opt/stack/cinder/cinder/api/openstack/wsgi.py:983}}
Jan 25 02:36:09.390693 dv-cinder-819778-6-smb devstack@c-api.service[109590]: DEBUG cinder.api.openstack.wsgi [None req-2f2e5c20-3cf9-4222-b0f2-6a26f330ffb6 tempest-GroupSnapshotsTest-1243296427 tempest-GroupSnapshotsTest-1243296427-project] Action: 'action', calling method: version_select, body: {"delete": {"delete-volumes": true}} {{(pid=109590) _process_stack /opt/stack/cinder/cinder/api/openstack/wsgi.py:866}}
Jan 25 02:36:09.392567 dv-cinder-819778-6-smb devstack@c-api.service[109590]: DEBUG cinder.api.v3.groups [None req-2f2e5c20-3cf9-4222-b0f2-6a26f330ffb6 tempest-GroupSnapshotsTest-1243296427 tempest-GroupSnapshotsTest-1243296427-project] delete called for group 688b85d6-d084-4f5c-b294-03749f6311da {{(pid=109590) _delete /opt/stack/cinder/cinder/api/v3/groups.py:117}}
Jan 25 02:36:09.393075 dv-cinder-819778-6-smb devstack@c-api.service[109590]: INFO cinder.api.v3.groups [None req-2f2e5c20-3cf9-4222-b0f2-6a26f330ffb6 tempest-GroupSnapshotsTest-1243296427 tempest-GroupSnapshotsTest-1243296427-project] Delete group with id: 688b85d6-d084-4f5c-b294-03749f6311da
Jan 25 02:36:09.402688 dv-cinder-819778-6-smb devstack@c-api.service[109590]: /usr/local/lib/python3.8/dist-packages/oslo_context/context.py:105: DeprecationWarning: Policy enforcement is depending on the value of is_admin. This key is deprecated. Please update your policy file to use the standard policy values.
Jan 25 02:36:09.402688 dv-cinder-819778-6-smb devstack@c-api.service[109590]: warnings.warn('Policy enforcement is depending on the value of '
Jan 25 02:36:09.561491 dv-cinder-819778-6-smb devstack@c-api.service[109590]: INFO cinder.api.openstack.wsgi [None req-2f2e5c20-3cf9-4222-b0f2-6a26f330ffb6 tempest-GroupSnapshotsTest-1243296427 tempest-GroupSnapshotsTest-1243296427-project] http://10.222.0.109/volume/v3/249cb4a05d994686afb408f8867f0d0f/groups/688b85d6-d084-4f5c-b294-03749f6311da/action returned with HTTP 202
Jan 25 02:36:09.567077 dv-cinder-819778-6-smb devstack@c-api.service[109590]: [pid: 109590|app: 0|req: 102/207] 10.222.0.109 () {62 vars in 1409 bytes} [Tue Jan 25 02:36:09 2022] POST /volume/v3/249cb4a05d994686afb408f8867f0d0f/groups/688b85d6-d084-4f5c-b294-03749f6311da/action => generated 0 bytes in 184 msecs (HTTP/1.1 202) 6 headers in 234 bytes (1 switches on core 0)
Jan 25 02:36:09.572632 dv-cinder-819778-6-smb devstack@c-api.service[109589]: INFO cinder.api.openstack.wsgi [None req-ab4d87ea-5028-48f0-8e52-488ad9e855e8 tempest-GroupSnapshotsTest-1243296427 tempest-GroupSnapshotsTest-1243296427-project] GET http://10.222.0.109/volume/v3/249cb4a05d994686afb408f8867f0d0f/volumes/927c6afe-af5d-482f-95f4-efd90a784d37
Jan 25 02:36:09.573142 dv-cinder-819778-6-smb devstack@c-api.service[109589]: DEBUG cinder.api.openstack.wsgi [None req-ab4d87ea-5028-48f0-8e52-488ad9e855e8 tempest-GroupSnapshotsTest-1243296427 tempest-GroupSnapshotsTest-1243296427-project] Empty body provided in request {{(pid=109589) get_body /opt/stack/cinder/cinder/api/openstack/wsgi.py:715}}
Jan 25 02:36:09.573604 dv-cinder-819778-6-smb devstack@c-api.service[109589]: DEBUG cinder.api.openstack.wsgi [None req-ab4d87ea-5028-48f0-8e52-488ad9e855e8 tempest-GroupSnapshotsTest-1243296427 tempest-GroupSnapshotsTest-1243296427-project] Calling method 'show' {{(pid=109589) _process_stack /opt/stack/cinder/cinder/api/openstack/wsgi.py:868}}
Jan 25 02:36:09.589481 dv-cinder-819778-6-smb devstack@c-api.service[109589]: /usr/local/lib/python3.8/dist-packages/oslo_context/context.py:105: DeprecationWarning: Policy enforcement is depending on the value of is_admin. This key is deprecated. Please update your policy file to use the standard policy values.
Jan 25 02:36:09.589481 dv-cinder-819778-6-smb devstack@c-api.service[109589]: warnings.warn('Policy enforcement is depending on the value of '
Jan 25 02:36:09.604429 dv-cinder-819778-6-smb devstack@c-api.service[109589]: INFO cinder.volume.api [None req-ab4d87ea-5028-48f0-8e52-488ad9e855e8 tempest-GroupSnapshotsTest-1243296427 tempest-GroupSnapshotsTest-1243296427-project] Volume info retrieved successfully.
Jan 25 02:36:09.609343 dv-cinder-819778-6-smb devstack@c-api.service[109589]: WARNING stevedore.named [None req-ab4d87ea-5028-48f0-8e52-488ad9e855e8 tempest-GroupSnapshotsTest-1243296427 tempest-GroupSnapshotsTest-1243296427-project] Could not load cinder.keymgr.conf_key_mgr.ConfKeyManager
Jan 25 02:36:09.609785 dv-cinder-819778-6-smb devstack@c-api.service[109589]: WARNING castellan.key_manager [None req-ab4d87ea-5028-48f0-8e52-488ad9e855e8 tempest-GroupSnapshotsTest-1243296427 tempest-GroupSnapshotsTest-1243296427-project] Deprecation Warning : cinder.keymgr.conf_key_mgr.ConfKeyManager is not a stevedore based driver, trying to load it as a class: stevedore.exception.NoMatches: No 'castellan.drivers' driver found, looking for 'cinder.keymgr.conf_key_mgr.ConfKeyManager'
Jan 25 02:36:09.620189 dv-cinder-819778-6-smb devstack@c-api.service[109589]: DEBUG oslo_db.sqlalchemy.engines [None req-ab4d87ea-5028-48f0-8e52-488ad9e855e8 tempest-GroupSnapshotsTest-1243296427 tempest-GroupSnapshotsTest-1243296427-project] MySQL server mode set to STRICT_TRANS_TABLES,STRICT_ALL_TABLES,NO_ZERO_IN_DATE,NO_ZERO_DATE,ERROR_FOR_DIVISION_BY_ZERO,TRADITIONAL,NO_ENGINE_SUBSTITUTION {{(pid=109589) _check_effective_sql_mode /usr/local/lib/python3.8/dist-packages/oslo_db/sqlalchemy/engines.py:314}}
Jan 25 02:36:09.627587 dv-cinder-819778-6-smb devstack@c-api.service[109589]: /usr/local/lib/python3.8/dist-packages/oslo_context/context.py:105: DeprecationWarning: Policy enforcement is depending on the value of is_admin. This key is deprecated. Please update your policy file to use the standard policy values.
Jan 25 02:36:09.627587 dv-cinder-819778-6-smb devstack@c-api.service[109589]: warnings.warn('Policy enforcement is depending on the value of '
Jan 25 02:36:09.646366 dv-cinder-819778-6-smb devstack@c-api.service[109589]: INFO cinder.api.openstack.wsgi [None req-ab4d87ea-5028-48f0-8e52-488ad9e855e8 tempest-GroupSnapshotsTest-1243296427 tempest-GroupSnapshotsTest-1243296427-project] http://10.222.0.109/volume/v3/249cb4a05d994686afb408f8867f0d0f/volumes/927c6afe-af5d-482f-95f4-efd90a784d37 returned with HTTP 200
Jan 25 02:36:09.648093 dv-cinder-819778-6-smb devstack@c-api.service[109589]: [pid: 109589|app: 0|req: 106/208] 10.222.0.109 () {60 vars in 1370 bytes} [Tue Jan 25 02:36:09 2022] GET /volume/v3/249cb4a05d994686afb408f8867f0d0f/volumes/927c6afe-af5d-482f-95f4-efd90a784d37 => generated 1001 bytes in 80 msecs (HTTP/1.1 200) 7 headers in 287 bytes (1 switches on core 0)
Jan 25 02:36:10.032161 dv-cinder-819778-6-smb devstack@c-api.service[109590]: INFO cinder.api.openstack.wsgi [None req-0f28d573-324d-4133-8e94-467148a61714 tempest-VolumesMetadataTest-217870891 tempest-VolumesMetadataTest-217870891-project] GET http://10.222.0.109/volume/v3/c38a49869e44409c99bd17f0240810c8/volumes/0643b4a8-d660-48ca-a4fa-3d4143d1dc00
Jan 25 02:36:10.032726 dv-cinder-819778-6-smb devstack@c-api.service[109590]: DEBUG cinder.api.openstack.wsgi [None req-0f28d573-324d-4133-8e94-467148a61714 tempest-VolumesMetadataTest-217870891 tempest-VolumesMetadataTest-217870891-project] Empty body provided in request {{(pid=109590) get_body /opt/stack/cinder/cinder/api/openstack/wsgi.py:715}}
Jan 25 02:36:10.032973 dv-cinder-819778-6-smb devstack@c-api.service[109590]: DEBUG cinder.api.openstack.wsgi [None req-0f28d573-324d-4133-8e94-467148a61714 tempest-VolumesMetadataTest-217870891 tempest-VolumesMetadataTest-217870891-project] Calling method 'show' {{(pid=109590) _process_stack /opt/stack/cinder/cinder/api/openstack/wsgi.py:868}}
Jan 25 02:36:10.066680 dv-cinder-819778-6-smb devstack@c-api.service[109590]: /usr/local/lib/python3.8/dist-packages/oslo_context/context.py:105: DeprecationWarning: Policy enforcement is depending on the value of is_admin. This key is deprecated. Please update your policy file to use the standard policy values.
Jan 25 02:36:10.066680 dv-cinder-819778-6-smb devstack@c-api.service[109590]: warnings.warn('Policy enforcement is depending on the value of '
Jan 25 02:36:10.088088 dv-cinder-819778-6-smb devstack@c-api.service[109590]: INFO cinder.volume.api [None req-0f28d573-324d-4133-8e94-467148a61714 tempest-VolumesMetadataTest-217870891 tempest-VolumesMetadataTest-217870891-project] Volume info retrieved successfully.
Jan 25 02:36:10.107747 dv-cinder-819778-6-smb devstack@c-api.service[109590]: INFO cinder.api.openstack.wsgi [None req-0f28d573-324d-4133-8e94-467148a61714 tempest-VolumesMetadataTest-217870891 tempest-VolumesMetadataTest-217870891-project] http://10.222.0.109/volume/v3/c38a49869e44409c99bd17f0240810c8/volumes/0643b4a8-d660-48ca-a4fa-3d4143d1dc00 returned with HTTP 200
Jan 25 02:36:10.109329 dv-cinder-819778-6-smb devstack@c-api.service[109590]: [pid: 109590|app: 0|req: 103/209] 10.222.0.109 () {58 vars in 1329 bytes} [Tue Jan 25 02:36:10 2022] GET /volume/v3/c38a49869e44409c99bd17f0240810c8/volumes/0643b4a8-d660-48ca-a4fa-3d4143d1dc00 => generated 914 bytes in 82 msecs (HTTP/1.1 200) 7 headers in 285 bytes (1 switches on core 0)
Jan 25 02:36:10.132471 dv-cinder-819778-6-smb devstack@c-api.service[109589]: INFO cinder.api.openstack.wsgi [None req-da8c85d0-a2f0-4b38-ab38-7b0e30248416 tempest-VolumesMetadataTest-217870891 tempest-VolumesMetadataTest-217870891-project] POST http://10.222.0.109/volume/v3/c38a49869e44409c99bd17f0240810c8/volumes/0643b4a8-d660-48ca-a4fa-3d4143d1dc00/metadata
Jan 25 02:36:10.133388 dv-cinder-819778-6-smb devstack@c-api.service[109589]: DEBUG cinder.api.openstack.wsgi [None req-da8c85d0-a2f0-4b38-ab38-7b0e30248416 tempest-VolumesMetadataTest-217870891 tempest-VolumesMetadataTest-217870891-project] Action: 'create', calling method: create, body: {"metadata": {"key1": "value1", "key2": "value2", "key3": "value3", "key4": ""}} {{(pid=109589) _process_stack /opt/stack/cinder/cinder/api/openstack/wsgi.py:866}}
Jan 25 02:36:10.203431 dv-cinder-819778-6-smb devstack@c-api.service[109589]: /usr/local/lib/python3.8/dist-packages/oslo_context/context.py:105: DeprecationWarning: Policy enforcement is depending on the value of is_admin. This key is deprecated. Please update your policy file to use the standard policy values.
Jan 25 02:36:10.203431 dv-cinder-819778-6-smb devstack@c-api.service[109589]: warnings.warn('Policy enforcement is depending on the value of '
Jan 25 02:36:10.208006 dv-cinder-819778-6-smb devstack@c-api.service[109589]: INFO cinder.volume.api [None req-da8c85d0-a2f0-4b38-ab38-7b0e30248416 tempest-VolumesMetadataTest-217870891 tempest-VolumesMetadataTest-217870891-project] Volume info retrieved successfully.
Jan 25 02:36:10.212096 dv-cinder-819778-6-smb devstack@c-api.service[109590]: INFO cinder.api.openstack.wsgi [None req-6f09005a-0dd5-46be-afb8-c2f88cbb2278 tempest-GroupsTest-410371527 tempest-GroupsTest-410371527-project] GET http://10.222.0.109/volume/v3/0c7d761500e641e2813d21a41f562466/volumes/cd65d820-b588-4bd6-a1a9-004500dd76d0
Jan 25 02:36:10.212899 dv-cinder-819778-6-smb devstack@c-api.service[109590]: DEBUG cinder.api.openstack.wsgi [None req-6f09005a-0dd5-46be-afb8-c2f88cbb2278 tempest-GroupsTest-410371527 tempest-GroupsTest-410371527-project] Empty body provided in request {{(pid=109590) get_body /opt/stack/cinder/cinder/api/openstack/wsgi.py:715}}
Jan 25 02:36:10.213372 dv-cinder-819778-6-smb devstack@c-api.service[109590]: DEBUG cinder.api.openstack.wsgi [None req-6f09005a-0dd5-46be-afb8-c2f88cbb2278 tempest-GroupsTest-410371527 tempest-GroupsTest-410371527-project] Calling method 'show' {{(pid=109590) _process_stack /opt/stack/cinder/cinder/api/openstack/wsgi.py:868}}
Jan 25 02:36:10.261527 dv-cinder-819778-6-smb devstack@c-api.service[109590]: /usr/local/lib/python3.8/dist-packages/oslo_context/context.py:105: DeprecationWarning: Policy enforcement is depending on the value of is_admin. This key is deprecated. Please update your policy file to use the standard policy values.
Jan 25 02:36:10.261527 dv-cinder-819778-6-smb devstack@c-api.service[109590]: warnings.warn('Policy enforcement is depending on the value of '
Jan 25 02:36:10.272762 dv-cinder-819778-6-smb devstack@c-api.service[109589]: INFO cinder.volume.api [None req-da8c85d0-a2f0-4b38-ab38-7b0e30248416 tempest-VolumesMetadataTest-217870891 tempest-VolumesMetadataTest-217870891-project] Create volume metadata completed successfully.
Jan 25 02:36:10.273471 dv-cinder-819778-6-smb devstack@c-api.service[109589]: INFO cinder.api.openstack.wsgi [None req-da8c85d0-a2f0-4b38-ab38-7b0e30248416 tempest-VolumesMetadataTest-217870891 tempest-VolumesMetadataTest-217870891-project] http://10.222.0.109/volume/v3/c38a49869e44409c99bd17f0240810c8/volumes/0643b4a8-d660-48ca-a4fa-3d4143d1dc00/metadata returned with HTTP 200
Jan 25 02:36:10.280474 dv-cinder-819778-6-smb devstack@c-api.service[109589]: [pid: 109589|app: 0|req: 107/210] 10.222.0.109 () {60 vars in 1378 bytes} [Tue Jan 25 02:36:10 2022] POST /volume/v3/c38a49869e44409c99bd17f0240810c8/volumes/0643b4a8-d660-48ca-a4fa-3d4143d1dc00/metadata => generated 101 bytes in 157 msecs (HTTP/1.1 200) 7 headers in 285 bytes (1 switches on core 0)
Jan 25 02:36:10.282644 dv-cinder-819778-6-smb devstack@c-api.service[109590]: INFO cinder.volume.api [None req-6f09005a-0dd5-46be-afb8-c2f88cbb2278 tempest-GroupsTest-410371527 tempest-GroupsTest-410371527-project] Volume info retrieved successfully.
Jan 25 02:36:10.289538 dv-cinder-819778-6-smb devstack@c-api.service[109590]: WARNING stevedore.named [None req-6f09005a-0dd5-46be-afb8-c2f88cbb2278 tempest-GroupsTest-410371527 tempest-GroupsTest-410371527-project] Could not load cinder.keymgr.conf_key_mgr.ConfKeyManager
Jan 25 02:36:10.290663 dv-cinder-819778-6-smb devstack@c-api.service[109589]: INFO cinder.api.openstack.wsgi [None req-c8ee2530-e406-4cbb-a7b5-f116ba84f780 tempest-VolumesMetadataTest-217870891 tempest-VolumesMetadataTest-217870891-project] GET http://10.222.0.109/volume/v3/c38a49869e44409c99bd17f0240810c8/volumes/0643b4a8-d660-48ca-a4fa-3d4143d1dc00/metadata
Jan 25 02:36:10.291174 dv-cinder-819778-6-smb devstack@c-api.service[109589]: DEBUG cinder.api.openstack.wsgi [None req-c8ee2530-e406-4cbb-a7b5-f116ba84f780 tempest-VolumesMetadataTest-217870891 tempest-VolumesMetadataTest-217870891-project] Empty body provided in request {{(pid=109589) get_body /opt/stack/cinder/cinder/api/openstack/wsgi.py:715}}
Jan 25 02:36:10.292274 dv-cinder-819778-6-smb devstack@c-api.service[109589]: DEBUG cinder.api.openstack.wsgi [None req-c8ee2530-e406-4cbb-a7b5-f116ba84f780 tempest-VolumesMetadataTest-217870891 tempest-VolumesMetadataTest-217870891-project] Calling method 'index' {{(pid=109589) _process_stack /opt/stack/cinder/cinder/api/openstack/wsgi.py:868}}
Jan 25 02:36:10.294420 dv-cinder-819778-6-smb devstack@c-api.service[109590]: WARNING castellan.key_manager [None req-6f09005a-0dd5-46be-afb8-c2f88cbb2278 tempest-GroupsTest-410371527 tempest-GroupsTest-410371527-project] Deprecation Warning : cinder.keymgr.conf_key_mgr.ConfKeyManager is not a stevedore based driver, trying to load it as a class: stevedore.exception.NoMatches: No 'castellan.drivers' driver found, looking for 'cinder.keymgr.conf_key_mgr.ConfKeyManager'
Jan 25 02:36:10.316687 dv-cinder-819778-6-smb devstack@c-api.service[109590]: DEBUG oslo_db.sqlalchemy.engines [None req-6f09005a-0dd5-46be-afb8-c2f88cbb2278 tempest-GroupsTest-410371527 tempest-GroupsTest-410371527-project] MySQL server mode set to STRICT_TRANS_TABLES,STRICT_ALL_TABLES,NO_ZERO_IN_DATE,NO_ZERO_DATE,ERROR_FOR_DIVISION_BY_ZERO,TRADITIONAL,NO_ENGINE_SUBSTITUTION {{(pid=109590) _check_effective_sql_mode /usr/local/lib/python3.8/dist-packages/oslo_db/sqlalchemy/engines.py:314}}
Jan 25 02:36:10.331442 dv-cinder-819778-6-smb devstack@c-api.service[109590]: /usr/local/lib/python3.8/dist-packages/oslo_context/context.py:105: DeprecationWarning: Policy enforcement is depending on the value of is_admin. This key is deprecated. Please update your policy file to use the standard policy values.
Jan 25 02:36:10.331442 dv-cinder-819778-6-smb devstack@c-api.service[109590]: warnings.warn('Policy enforcement is depending on the value of '
Jan 25 02:36:10.333090 dv-cinder-819778-6-smb devstack@c-api.service[109589]: /usr/local/lib/python3.8/dist-packages/oslo_context/context.py:105: DeprecationWarning: Policy enforcement is depending on the value of is_admin. This key is deprecated. Please update your policy file to use the standard policy values.
Jan 25 02:36:10.333090 dv-cinder-819778-6-smb devstack@c-api.service[109589]: warnings.warn('Policy enforcement is depending on the value of '
Jan 25 02:36:10.334155 dv-cinder-819778-6-smb devstack@c-api.service[109589]: INFO cinder.volume.api [None req-c8ee2530-e406-4cbb-a7b5-f116ba84f780 tempest-VolumesMetadataTest-217870891 tempest-VolumesMetadataTest-217870891-project] Volume info retrieved successfully.
Jan 25 02:36:10.357500 dv-cinder-819778-6-smb devstack@c-api.service[109589]: INFO cinder.volume.api [None req-c8ee2530-e406-4cbb-a7b5-f116ba84f780 tempest-VolumesMetadataTest-217870891 tempest-VolumesMetadataTest-217870891-project] Get volume metadata completed successfully.
Jan 25 02:36:10.360217 dv-cinder-819778-6-smb devstack@c-api.service[109589]: INFO cinder.api.openstack.wsgi [None req-c8ee2530-e406-4cbb-a7b5-f116ba84f780 tempest-VolumesMetadataTest-217870891 tempest-VolumesMetadataTest-217870891-project] http://10.222.0.109/volume/v3/c38a49869e44409c99bd17f0240810c8/volumes/0643b4a8-d660-48ca-a4fa-3d4143d1dc00/metadata returned with HTTP 200
Jan 25 02:36:10.372002 dv-cinder-819778-6-smb devstack@c-api.service[109589]: [pid: 109589|app: 0|req: 108/211] 10.222.0.109 () {58 vars in 1356 bytes} [Tue Jan 25 02:36:10 2022] GET /volume/v3/c38a49869e44409c99bd17f0240810c8/volumes/0643b4a8-d660-48ca-a4fa-3d4143d1dc00/metadata => generated 101 bytes in 91 msecs (HTTP/1.1 200) 7 headers in 285 bytes (1 switches on core 0)
Jan 25 02:36:10.380396 dv-cinder-819778-6-smb devstack@c-api.service[109590]: INFO cinder.api.openstack.wsgi [None req-6f09005a-0dd5-46be-afb8-c2f88cbb2278 tempest-GroupsTest-410371527 tempest-GroupsTest-410371527-project] http://10.222.0.109/volume/v3/0c7d761500e641e2813d21a41f562466/volumes/cd65d820-b588-4bd6-a1a9-004500dd76d0 returned with HTTP 200
Jan 25 02:36:10.383357 dv-cinder-819778-6-smb devstack@c-api.service[109590]: [pid: 109590|app: 0|req: 104/212] 10.222.0.109 () {60 vars in 1370 bytes} [Tue Jan 25 02:36:10 2022] GET /volume/v3/0c7d761500e641e2813d21a41f562466/volumes/cd65d820-b588-4bd6-a1a9-004500dd76d0 => generated 975 bytes in 175 msecs (HTTP/1.1 200) 7 headers in 286 bytes (2 switches on core 0)
Jan 25 02:36:10.387033 dv-cinder-819778-6-smb devstack@c-api.service[109589]: INFO cinder.api.openstack.wsgi [None req-2fca8d66-f678-4df2-b987-b0b9fe3753cc tempest-VolumesMetadataTest-217870891 tempest-VolumesMetadataTest-217870891-project] PUT http://10.222.0.109/volume/v3/c38a49869e44409c99bd17f0240810c8/volumes/0643b4a8-d660-48ca-a4fa-3d4143d1dc00/metadata
Jan 25 02:36:10.387754 dv-cinder-819778-6-smb devstack@c-api.service[109589]: DEBUG cinder.api.openstack.wsgi [None req-2fca8d66-f678-4df2-b987-b0b9fe3753cc tempest-VolumesMetadataTest-217870891 tempest-VolumesMetadataTest-217870891-project] Action: 'update_all', calling method: update_all, body: {"metadata": {"key4": "value4", "key1": "value1_update"}} {{(pid=109589) _process_stack /opt/stack/cinder/cinder/api/openstack/wsgi.py:866}}
Jan 25 02:36:10.402027 dv-cinder-819778-6-smb devstack@c-api.service[109590]: INFO cinder.api.openstack.wsgi [None req-cc8da41e-4678-44c3-b749-840c262a6abe tempest-GroupsTest-410371527 tempest-GroupsTest-410371527-project] GET http://10.222.0.109/volume/v3/0c7d761500e641e2813d21a41f562466/groups/3769a7ca-ed84-463f-877c-5baccc5f3da1
Jan 25 02:36:10.402749 dv-cinder-819778-6-smb devstack@c-api.service[109590]: DEBUG cinder.api.openstack.wsgi [None req-cc8da41e-4678-44c3-b749-840c262a6abe tempest-GroupsTest-410371527 tempest-GroupsTest-410371527-project] Empty body provided in request {{(pid=109590) get_body /opt/stack/cinder/cinder/api/openstack/wsgi.py:715}}
Jan 25 02:36:10.403434 dv-cinder-819778-6-smb devstack@c-api.service[109590]: DEBUG cinder.api.openstack.wsgi [None req-cc8da41e-4678-44c3-b749-840c262a6abe tempest-GroupsTest-410371527 tempest-GroupsTest-410371527-project] Calling method 'version_select' {{(pid=109590) _process_stack /opt/stack/cinder/cinder/api/openstack/wsgi.py:868}}
Jan 25 02:36:10.403925 dv-cinder-819778-6-smb devstack@c-api.service[109590]: DEBUG cinder.api.v3.groups [None req-cc8da41e-4678-44c3-b749-840c262a6abe tempest-GroupsTest-410371527 tempest-GroupsTest-410371527-project] show called for member 3769a7ca-ed84-463f-877c-5baccc5f3da1 {{(pid=109590) show /opt/stack/cinder/cinder/api/v3/groups.py:58}}
Jan 25 02:36:10.413527 dv-cinder-819778-6-smb devstack@c-api.service[109590]: /usr/local/lib/python3.8/dist-packages/oslo_context/context.py:105: DeprecationWarning: Policy enforcement is depending on the value of is_admin. This key is deprecated. Please update your policy file to use the standard policy values.
Jan 25 02:36:10.413527 dv-cinder-819778-6-smb devstack@c-api.service[109590]: warnings.warn('Policy enforcement is depending on the value of '
Jan 25 02:36:10.419818 dv-cinder-819778-6-smb devstack@c-api.service[109589]: /usr/local/lib/python3.8/dist-packages/oslo_context/context.py:105: DeprecationWarning: Policy enforcement is depending on the value of is_admin. This key is deprecated. Please update your policy file to use the standard policy values.
Jan 25 02:36:10.419818 dv-cinder-819778-6-smb devstack@c-api.service[109589]: warnings.warn('Policy enforcement is depending on the value of '
Jan 25 02:36:10.427685 dv-cinder-819778-6-smb devstack@c-api.service[109589]: INFO cinder.volume.api [None req-2fca8d66-f678-4df2-b987-b0b9fe3753cc tempest-VolumesMetadataTest-217870891 tempest-VolumesMetadataTest-217870891-project] Volume info retrieved successfully.
Jan 25 02:36:10.454014 dv-cinder-819778-6-smb devstack@c-api.service[109590]: INFO cinder.api.openstack.wsgi [None req-cc8da41e-4678-44c3-b749-840c262a6abe tempest-GroupsTest-410371527 tempest-GroupsTest-410371527-project] http://10.222.0.109/volume/v3/0c7d761500e641e2813d21a41f562466/groups/3769a7ca-ed84-463f-877c-5baccc5f3da1 returned with HTTP 200
Jan 25 02:36:10.454892 dv-cinder-819778-6-smb devstack@c-api.service[109590]: [pid: 109590|app: 0|req: 105/213] 10.222.0.109 () {60 vars in 1367 bytes} [Tue Jan 25 02:36:10 2022] GET /volume/v3/0c7d761500e641e2813d21a41f562466/groups/3769a7ca-ed84-463f-877c-5baccc5f3da1 => generated 322 bytes in 58 msecs (HTTP/1.1 200) 7 headers in 286 bytes (1 switches on core 0)
Jan 25 02:36:10.468109 dv-cinder-819778-6-smb devstack@c-api.service[109590]: INFO cinder.api.openstack.wsgi [None req-a298f7b7-a8c8-4eec-bd9a-7137bbba47b9 tempest-GroupsTest-410371527 tempest-GroupsTest-410371527-project] GET http://10.222.0.109/volume/v3/0c7d761500e641e2813d21a41f562466/groups/9c0af6a5-0923-4a7e-b727-2bf84c2e6604
Jan 25 02:36:10.471362 dv-cinder-819778-6-smb devstack@c-api.service[109590]: DEBUG cinder.api.openstack.wsgi [None req-a298f7b7-a8c8-4eec-bd9a-7137bbba47b9 tempest-GroupsTest-410371527 tempest-GroupsTest-410371527-project] Empty body provided in request {{(pid=109590) get_body /opt/stack/cinder/cinder/api/openstack/wsgi.py:715}}
Jan 25 02:36:10.473169 dv-cinder-819778-6-smb devstack@c-api.service[109590]: DEBUG cinder.api.openstack.wsgi [None req-a298f7b7-a8c8-4eec-bd9a-7137bbba47b9 tempest-GroupsTest-410371527 tempest-GroupsTest-410371527-project] Calling method 'version_select' {{(pid=109590) _process_stack /opt/stack/cinder/cinder/api/openstack/wsgi.py:868}}
Jan 25 02:36:10.474715 dv-cinder-819778-6-smb devstack@c-api.service[109590]: DEBUG cinder.api.v3.groups [None req-a298f7b7-a8c8-4eec-bd9a-7137bbba47b9 tempest-GroupsTest-410371527 tempest-GroupsTest-410371527-project] show called for member 9c0af6a5-0923-4a7e-b727-2bf84c2e6604 {{(pid=109590) show /opt/stack/cinder/cinder/api/v3/groups.py:58}}
Jan 25 02:36:10.490515 dv-cinder-819778-6-smb devstack@c-api.service[109590]: /usr/local/lib/python3.8/dist-packages/oslo_context/context.py:105: DeprecationWarning: Policy enforcement is depending on the value of is_admin. This key is deprecated. Please update your policy file to use the standard policy values.
Jan 25 02:36:10.490515 dv-cinder-819778-6-smb devstack@c-api.service[109590]: warnings.warn('Policy enforcement is depending on the value of '
Jan 25 02:36:10.496531 dv-cinder-819778-6-smb devstack@c-api.service[109589]: INFO cinder.volume.api [None req-2fca8d66-f678-4df2-b987-b0b9fe3753cc tempest-VolumesMetadataTest-217870891 tempest-VolumesMetadataTest-217870891-project] Update volume metadata completed successfully.
Jan 25 02:36:10.497775 dv-cinder-819778-6-smb devstack@c-api.service[109589]: INFO cinder.api.openstack.wsgi [None req-2fca8d66-f678-4df2-b987-b0b9fe3753cc tempest-VolumesMetadataTest-217870891 tempest-VolumesMetadataTest-217870891-project] http://10.222.0.109/volume/v3/c38a49869e44409c99bd17f0240810c8/volumes/0643b4a8-d660-48ca-a4fa-3d4143d1dc00/metadata returned with HTTP 200
Jan 25 02:36:10.504754 dv-cinder-819778-6-smb devstack@c-api.service[109589]: [pid: 109589|app: 0|req: 109/214] 10.222.0.109 () {60 vars in 1376 bytes} [Tue Jan 25 02:36:10 2022] PUT /volume/v3/c38a49869e44409c99bd17f0240810c8/volumes/0643b4a8-d660-48ca-a4fa-3d4143d1dc00/metadata => generated 57 bytes in 132 msecs (HTTP/1.1 200) 7 headers in 284 bytes (1 switches on core 0)
Jan 25 02:36:10.512848 dv-cinder-819778-6-smb devstack@c-api.service[109589]: INFO cinder.api.openstack.wsgi [None req-ed14bb45-3fd5-48b5-b782-1a50146baac4 tempest-VolumesMetadataTest-217870891 tempest-VolumesMetadataTest-217870891-project] GET http://10.222.0.109/volume/v3/c38a49869e44409c99bd17f0240810c8/volumes/0643b4a8-d660-48ca-a4fa-3d4143d1dc00/metadata
Jan 25 02:36:10.513569 dv-cinder-819778-6-smb devstack@c-api.service[109589]: DEBUG cinder.api.openstack.wsgi [None req-ed14bb45-3fd5-48b5-b782-1a50146baac4 tempest-VolumesMetadataTest-217870891 tempest-VolumesMetadataTest-217870891-project] Empty body provided in request {{(pid=109589) get_body /opt/stack/cinder/cinder/api/openstack/wsgi.py:715}}
Jan 25 02:36:10.514060 dv-cinder-819778-6-smb devstack@c-api.service[109589]: DEBUG cinder.api.openstack.wsgi [None req-ed14bb45-3fd5-48b5-b782-1a50146baac4 tempest-VolumesMetadataTest-217870891 tempest-VolumesMetadataTest-217870891-project] Calling method 'index' {{(pid=109589) _process_stack /opt/stack/cinder/cinder/api/openstack/wsgi.py:868}}
Jan 25 02:36:10.525718 dv-cinder-819778-6-smb devstack@c-api.service[109590]: INFO cinder.api.openstack.wsgi [None req-a298f7b7-a8c8-4eec-bd9a-7137bbba47b9 tempest-GroupsTest-410371527 tempest-GroupsTest-410371527-project] http://10.222.0.109/volume/v3/0c7d761500e641e2813d21a41f562466/groups/9c0af6a5-0923-4a7e-b727-2bf84c2e6604 returned with HTTP 200
Jan 25 02:36:10.527897 dv-cinder-819778-6-smb devstack@c-api.service[109590]: [pid: 109590|app: 0|req: 106/215] 10.222.0.109 () {60 vars in 1367 bytes} [Tue Jan 25 02:36:10 2022] GET /volume/v3/0c7d761500e641e2813d21a41f562466/groups/9c0af6a5-0923-4a7e-b727-2bf84c2e6604 => generated 323 bytes in 66 msecs (HTTP/1.1 200) 7 headers in 286 bytes (2 switches on core 0)
Jan 25 02:36:10.539495 dv-cinder-819778-6-smb devstack@c-api.service[109590]: INFO cinder.api.openstack.wsgi [None req-a2b47ca6-42d8-49a1-a0f3-e4e87307a653 tempest-GroupsTest-410371527 tempest-GroupsTest-410371527-project] GET http://10.222.0.109/volume/v3/0c7d761500e641e2813d21a41f562466/groups/detail
Jan 25 02:36:10.539495 dv-cinder-819778-6-smb devstack@c-api.service[109590]: DEBUG cinder.api.openstack.wsgi [None req-a2b47ca6-42d8-49a1-a0f3-e4e87307a653 tempest-GroupsTest-410371527 tempest-GroupsTest-410371527-project] Empty body provided in request {{(pid=109590) get_body /opt/stack/cinder/cinder/api/openstack/wsgi.py:715}}
Jan 25 02:36:10.539495 dv-cinder-819778-6-smb devstack@c-api.service[109590]: DEBUG cinder.api.openstack.wsgi [None req-a2b47ca6-42d8-49a1-a0f3-e4e87307a653 tempest-GroupsTest-410371527 tempest-GroupsTest-410371527-project] Calling method 'version_select' {{(pid=109590) _process_stack /opt/stack/cinder/cinder/api/openstack/wsgi.py:868}}
Jan 25 02:36:10.541012 dv-cinder-819778-6-smb devstack@c-api.service[109590]: /usr/local/lib/python3.8/dist-packages/oslo_context/context.py:105: DeprecationWarning: Policy enforcement is depending on the value of is_admin. This key is deprecated. Please update your policy file to use the standard policy values.
Jan 25 02:36:10.541012 dv-cinder-819778-6-smb devstack@c-api.service[109590]: warnings.warn('Policy enforcement is depending on the value of '
Jan 25 02:36:10.558480 dv-cinder-819778-6-smb devstack@c-api.service[109589]: /usr/local/lib/python3.8/dist-packages/oslo_context/context.py:105: DeprecationWarning: Policy enforcement is depending on the value of is_admin. This key is deprecated. Please update your policy file to use the standard policy values.
Jan 25 02:36:10.558480 dv-cinder-819778-6-smb devstack@c-api.service[109589]: warnings.warn('Policy enforcement is depending on the value of '
Jan 25 02:36:10.560909 dv-cinder-819778-6-smb devstack@c-api.service[109589]: INFO cinder.volume.api [None req-ed14bb45-3fd5-48b5-b782-1a50146baac4 tempest-VolumesMetadataTest-217870891 tempest-VolumesMetadataTest-217870891-project] Volume info retrieved successfully.
Jan 25 02:36:10.584004 dv-cinder-819778-6-smb devstack@c-api.service[109589]: INFO cinder.volume.api [None req-ed14bb45-3fd5-48b5-b782-1a50146baac4 tempest-VolumesMetadataTest-217870891 tempest-VolumesMetadataTest-217870891-project] Get volume metadata completed successfully.
Jan 25 02:36:10.585405 dv-cinder-819778-6-smb devstack@c-api.service[109589]: INFO cinder.api.openstack.wsgi [None req-ed14bb45-3fd5-48b5-b782-1a50146baac4 tempest-VolumesMetadataTest-217870891 tempest-VolumesMetadataTest-217870891-project] http://10.222.0.109/volume/v3/c38a49869e44409c99bd17f0240810c8/volumes/0643b4a8-d660-48ca-a4fa-3d4143d1dc00/metadata returned with HTTP 200
Jan 25 02:36:10.592306 dv-cinder-819778-6-smb devstack@c-api.service[109589]: [pid: 109589|app: 0|req: 110/216] 10.222.0.109 () {58 vars in 1356 bytes} [Tue Jan 25 02:36:10 2022] GET /volume/v3/c38a49869e44409c99bd17f0240810c8/volumes/0643b4a8-d660-48ca-a4fa-3d4143d1dc00/metadata => generated 57 bytes in 85 msecs (HTTP/1.1 200) 7 headers in 284 bytes (1 switches on core 0)
Jan 25 02:36:10.607602 dv-cinder-819778-6-smb devstack@c-api.service[109589]: INFO cinder.api.openstack.wsgi [None req-cf7725a8-437e-4494-99d5-159951442ed8 tempest-VolumesMetadataTest-217870891 tempest-VolumesMetadataTest-217870891-project] DELETE http://10.222.0.109/volume/v3/c38a49869e44409c99bd17f0240810c8/volumes/0643b4a8-d660-48ca-a4fa-3d4143d1dc00/metadata/key1
Jan 25 02:36:10.622899 dv-cinder-819778-6-smb devstack@c-api.service[109589]: DEBUG cinder.api.openstack.wsgi [None req-cf7725a8-437e-4494-99d5-159951442ed8 tempest-VolumesMetadataTest-217870891 tempest-VolumesMetadataTest-217870891-project] Empty body provided in request {{(pid=109589) get_body /opt/stack/cinder/cinder/api/openstack/wsgi.py:715}}
Jan 25 02:36:10.624926 dv-cinder-819778-6-smb devstack@c-api.service[109589]: DEBUG cinder.api.openstack.wsgi [None req-cf7725a8-437e-4494-99d5-159951442ed8 tempest-VolumesMetadataTest-217870891 tempest-VolumesMetadataTest-217870891-project] Calling method 'delete' {{(pid=109589) _process_stack /opt/stack/cinder/cinder/api/openstack/wsgi.py:868}}
Jan 25 02:36:10.648822 dv-cinder-819778-6-smb devstack@c-api.service[109590]: INFO cinder.api.openstack.wsgi [None req-a2b47ca6-42d8-49a1-a0f3-e4e87307a653 tempest-GroupsTest-410371527 tempest-GroupsTest-410371527-project] http://10.222.0.109/volume/v3/0c7d761500e641e2813d21a41f562466/groups/detail returned with HTTP 200
Jan 25 02:36:10.661101 dv-cinder-819778-6-smb devstack@c-api.service[109590]: [pid: 109590|app: 0|req: 107/217] 10.222.0.109 () {60 vars in 1277 bytes} [Tue Jan 25 02:36:10 2022] GET /volume/v3/0c7d761500e641e2813d21a41f562466/groups/detail => generated 639 bytes in 126 msecs (HTTP/1.1 200) 7 headers in 286 bytes (2 switches on core 0)
Jan 25 02:36:10.666656 dv-cinder-819778-6-smb devstack@c-api.service[109590]: INFO cinder.api.openstack.wsgi [None req-651acae7-dc70-4b3e-bbe7-c72f00133b3c tempest-GroupsTest-410371527 tempest-GroupsTest-410371527-project] GET http://10.222.0.109/volume/v3/0c7d761500e641e2813d21a41f562466/volumes/detail
Jan 25 02:36:10.669275 dv-cinder-819778-6-smb devstack@c-api.service[109590]: DEBUG cinder.api.openstack.wsgi [None req-651acae7-dc70-4b3e-bbe7-c72f00133b3c tempest-GroupsTest-410371527 tempest-GroupsTest-410371527-project] Empty body provided in request {{(pid=109590) get_body /opt/stack/cinder/cinder/api/openstack/wsgi.py:715}}
Jan 25 02:36:10.669275 dv-cinder-819778-6-smb devstack@c-api.service[109590]: DEBUG cinder.api.openstack.wsgi [None req-651acae7-dc70-4b3e-bbe7-c72f00133b3c tempest-GroupsTest-410371527 tempest-GroupsTest-410371527-project] Calling method 'detail' {{(pid=109590) _process_stack /opt/stack/cinder/cinder/api/openstack/wsgi.py:868}}
Jan 25 02:36:10.669275 dv-cinder-819778-6-smb devstack@c-api.service[109590]: DEBUG cinder.api.api_utils [None req-651acae7-dc70-4b3e-bbe7-c72f00133b3c tempest-GroupsTest-410371527 tempest-GroupsTest-410371527-project] Removing options '' from query. {{(pid=109590) remove_invalid_filter_options /opt/stack/cinder/cinder/api/api_utils.py:73}}
Jan 25 02:36:10.672665 dv-cinder-819778-6-smb devstack@c-api.service[109590]: /usr/local/lib/python3.8/dist-packages/oslo_context/context.py:105: DeprecationWarning: Policy enforcement is depending on the value of is_admin. This key is deprecated. Please update your policy file to use the standard policy values.
Jan 25 02:36:10.672665 dv-cinder-819778-6-smb devstack@c-api.service[109590]: warnings.warn('Policy enforcement is depending on the value of '
Jan 25 02:36:10.674902 dv-cinder-819778-6-smb devstack@c-api.service[109590]: DEBUG cinder.volume.api [None req-651acae7-dc70-4b3e-bbe7-c72f00133b3c tempest-GroupsTest-410371527 tempest-GroupsTest-410371527-project] Searching by: MultiDict([('no_migration_targets', True)]). {{(pid=109590) get_all /opt/stack/cinder/cinder/volume/api.py:661}}
Jan 25 02:36:10.676979 dv-cinder-819778-6-smb devstack@c-api.service[109589]: /usr/local/lib/python3.8/dist-packages/oslo_context/context.py:105: DeprecationWarning: Policy enforcement is depending on the value of is_admin. This key is deprecated. Please update your policy file to use the standard policy values.
Jan 25 02:36:10.676979 dv-cinder-819778-6-smb devstack@c-api.service[109589]: warnings.warn('Policy enforcement is depending on the value of '
Jan 25 02:36:10.678084 dv-cinder-819778-6-smb devstack@c-api.service[109589]: INFO cinder.volume.api [None req-cf7725a8-437e-4494-99d5-159951442ed8 tempest-VolumesMetadataTest-217870891 tempest-VolumesMetadataTest-217870891-project] Volume info retrieved successfully.
Jan 25 02:36:10.716389 dv-cinder-819778-6-smb devstack@c-api.service[109589]: INFO cinder.volume.api [None req-cf7725a8-437e-4494-99d5-159951442ed8 tempest-VolumesMetadataTest-217870891 tempest-VolumesMetadataTest-217870891-project] Get volume metadata completed successfully.
Jan 25 02:36:10.761309 dv-cinder-819778-6-smb devstack@c-api.service[109589]: INFO cinder.volume.api [None req-cf7725a8-437e-4494-99d5-159951442ed8 tempest-VolumesMetadataTest-217870891 tempest-VolumesMetadataTest-217870891-project] Delete volume metadata completed successfully.
Jan 25 02:36:10.761827 dv-cinder-819778-6-smb devstack@c-api.service[109589]: INFO cinder.api.openstack.wsgi [None req-cf7725a8-437e-4494-99d5-159951442ed8 tempest-VolumesMetadataTest-217870891 tempest-VolumesMetadataTest-217870891-project] http://10.222.0.109/volume/v3/c38a49869e44409c99bd17f0240810c8/volumes/0643b4a8-d660-48ca-a4fa-3d4143d1dc00/metadata/key1 returned with HTTP 200
Jan 25 02:36:10.763022 dv-cinder-819778-6-smb devstack@c-api.service[109589]: [pid: 109589|app: 0|req: 111/218] 10.222.0.109 () {58 vars in 1374 bytes} [Tue Jan 25 02:36:10 2022] DELETE /volume/v3/c38a49869e44409c99bd17f0240810c8/volumes/0643b4a8-d660-48ca-a4fa-3d4143d1dc00/metadata/key1 => generated 0 bytes in 170 msecs (HTTP/1.1 200) 6 headers in 227 bytes (1 switches on core 0)
Jan 25 02:36:10.768655 dv-cinder-819778-6-smb devstack@c-api.service[109589]: INFO cinder.api.openstack.wsgi [None req-8271949a-138d-44be-85bd-c22af830bbe6 tempest-GroupSnapshotsTest-1243296427 tempest-GroupSnapshotsTest-1243296427-project] GET http://10.222.0.109/volume/v3/249cb4a05d994686afb408f8867f0d0f/volumes/927c6afe-af5d-482f-95f4-efd90a784d37
Jan 25 02:36:10.770031 dv-cinder-819778-6-smb devstack@c-api.service[109589]: DEBUG cinder.api.openstack.wsgi [None req-8271949a-138d-44be-85bd-c22af830bbe6 tempest-GroupSnapshotsTest-1243296427 tempest-GroupSnapshotsTest-1243296427-project] Empty body provided in request {{(pid=109589) get_body /opt/stack/cinder/cinder/api/openstack/wsgi.py:715}}
Jan 25 02:36:10.770581 dv-cinder-819778-6-smb devstack@c-api.service[109589]: DEBUG cinder.api.openstack.wsgi [None req-8271949a-138d-44be-85bd-c22af830bbe6 tempest-GroupSnapshotsTest-1243296427 tempest-GroupSnapshotsTest-1243296427-project] Calling method 'show' {{(pid=109589) _process_stack /opt/stack/cinder/cinder/api/openstack/wsgi.py:868}}
Jan 25 02:36:10.800835 dv-cinder-819778-6-smb devstack@c-api.service[109589]: INFO cinder.api.openstack.wsgi [None req-8271949a-138d-44be-85bd-c22af830bbe6 tempest-GroupSnapshotsTest-1243296427 tempest-GroupSnapshotsTest-1243296427-project] http://10.222.0.109/volume/v3/249cb4a05d994686afb408f8867f0d0f/volumes/927c6afe-af5d-482f-95f4-efd90a784d37 returned with HTTP 404
Jan 25 02:36:10.802389 dv-cinder-819778-6-smb devstack@c-api.service[109589]: [pid: 109589|app: 0|req: 112/219] 10.222.0.109 () {60 vars in 1370 bytes} [Tue Jan 25 02:36:10 2022] GET /volume/v3/249cb4a05d994686afb408f8867f0d0f/volumes/927c6afe-af5d-482f-95f4-efd90a784d37 => generated 109 bytes in 38 msecs (HTTP/1.1 404) 7 headers in 293 bytes (1 switches on core 0)
Jan 25 02:36:10.812564 dv-cinder-819778-6-smb devstack@c-api.service[109590]: INFO cinder.volume.api [None req-651acae7-dc70-4b3e-bbe7-c72f00133b3c tempest-GroupsTest-410371527 tempest-GroupsTest-410371527-project] Get all volumes completed successfully.
Jan 25 02:36:10.813987 dv-cinder-819778-6-smb devstack@c-api.service[109590]: WARNING stevedore.named [None req-651acae7-dc70-4b3e-bbe7-c72f00133b3c tempest-GroupsTest-410371527 tempest-GroupsTest-410371527-project] Could not load cinder.keymgr.conf_key_mgr.ConfKeyManager
Jan 25 02:36:10.814368 dv-cinder-819778-6-smb devstack@c-api.service[109590]: WARNING castellan.key_manager [None req-651acae7-dc70-4b3e-bbe7-c72f00133b3c tempest-GroupsTest-410371527 tempest-GroupsTest-410371527-project] Deprecation Warning : cinder.keymgr.conf_key_mgr.ConfKeyManager is not a stevedore based driver, trying to load it as a class: stevedore.exception.NoMatches: No 'castellan.drivers' driver found, looking for 'cinder.keymgr.conf_key_mgr.ConfKeyManager'
Jan 25 02:36:10.827295 dv-cinder-819778-6-smb devstack@c-api.service[109589]: INFO cinder.api.openstack.wsgi [None req-3246679c-9a33-4f30-a59a-4108d2212f32 tempest-VolumesMetadataTest-217870891 tempest-VolumesMetadataTest-217870891-project] GET http://10.222.0.109/volume/v3/c38a49869e44409c99bd17f0240810c8/volumes/0643b4a8-d660-48ca-a4fa-3d4143d1dc00/metadata
Jan 25 02:36:10.830015 dv-cinder-819778-6-smb devstack@c-api.service[109589]: DEBUG cinder.api.openstack.wsgi [None req-3246679c-9a33-4f30-a59a-4108d2212f32 tempest-VolumesMetadataTest-217870891 tempest-VolumesMetadataTest-217870891-project] Empty body provided in request {{(pid=109589) get_body /opt/stack/cinder/cinder/api/openstack/wsgi.py:715}}
Jan 25 02:36:10.830526 dv-cinder-819778-6-smb devstack@c-api.service[109589]: DEBUG cinder.api.openstack.wsgi [None req-3246679c-9a33-4f30-a59a-4108d2212f32 tempest-VolumesMetadataTest-217870891 tempest-VolumesMetadataTest-217870891-project] Calling method 'index' {{(pid=109589) _process_stack /opt/stack/cinder/cinder/api/openstack/wsgi.py:868}}
Jan 25 02:36:10.843195 dv-cinder-819778-6-smb devstack@c-api.service[109590]: DEBUG oslo_db.sqlalchemy.engines [None req-651acae7-dc70-4b3e-bbe7-c72f00133b3c tempest-GroupsTest-410371527 tempest-GroupsTest-410371527-project] MySQL server mode set to STRICT_TRANS_TABLES,STRICT_ALL_TABLES,NO_ZERO_IN_DATE,NO_ZERO_DATE,ERROR_FOR_DIVISION_BY_ZERO,TRADITIONAL,NO_ENGINE_SUBSTITUTION {{(pid=109590) _check_effective_sql_mode /usr/local/lib/python3.8/dist-packages/oslo_db/sqlalchemy/engines.py:314}}
Jan 25 02:36:10.862430 dv-cinder-819778-6-smb devstack@c-api.service[109589]: /usr/local/lib/python3.8/dist-packages/oslo_context/context.py:105: DeprecationWarning: Policy enforcement is depending on the value of is_admin. This key is deprecated. Please update your policy file to use the standard policy values.
Jan 25 02:36:10.862430 dv-cinder-819778-6-smb devstack@c-api.service[109589]: warnings.warn('Policy enforcement is depending on the value of '
Jan 25 02:36:10.865502 dv-cinder-819778-6-smb devstack@c-api.service[109589]: INFO cinder.volume.api [None req-3246679c-9a33-4f30-a59a-4108d2212f32 tempest-VolumesMetadataTest-217870891 tempest-VolumesMetadataTest-217870891-project] Volume info retrieved successfully.
Jan 25 02:36:10.867105 dv-cinder-819778-6-smb devstack@c-api.service[109590]: /usr/local/lib/python3.8/dist-packages/oslo_context/context.py:105: DeprecationWarning: Policy enforcement is depending on the value of is_admin. This key is deprecated. Please update your policy file to use the standard policy values.
Jan 25 02:36:10.867105 dv-cinder-819778-6-smb devstack@c-api.service[109590]: warnings.warn('Policy enforcement is depending on the value of '
Jan 25 02:36:10.890896 dv-cinder-819778-6-smb devstack@c-api.service[109589]: INFO cinder.volume.api [None req-3246679c-9a33-4f30-a59a-4108d2212f32 tempest-VolumesMetadataTest-217870891 tempest-VolumesMetadataTest-217870891-project] Get volume metadata completed successfully.
Jan 25 02:36:10.894006 dv-cinder-819778-6-smb devstack@c-api.service[109589]: INFO cinder.api.openstack.wsgi [None req-3246679c-9a33-4f30-a59a-4108d2212f32 tempest-VolumesMetadataTest-217870891 tempest-VolumesMetadataTest-217870891-project] http://10.222.0.109/volume/v3/c38a49869e44409c99bd17f0240810c8/volumes/0643b4a8-d660-48ca-a4fa-3d4143d1dc00/metadata returned with HTTP 200
Jan 25 02:36:10.895868 dv-cinder-819778-6-smb devstack@c-api.service[109589]: [pid: 109589|app: 0|req: 113/220] 10.222.0.109 () {58 vars in 1356 bytes} [Tue Jan 25 02:36:10 2022] GET /volume/v3/c38a49869e44409c99bd17f0240810c8/volumes/0643b4a8-d660-48ca-a4fa-3d4143d1dc00/metadata => generated 32 bytes in 94 msecs (HTTP/1.1 200) 7 headers in 284 bytes (1 switches on core 0)
Jan 25 02:36:10.898215 dv-cinder-819778-6-smb devstack@c-api.service[109590]: INFO cinder.api.openstack.wsgi [None req-651acae7-dc70-4b3e-bbe7-c72f00133b3c tempest-GroupsTest-410371527 tempest-GroupsTest-410371527-project] http://10.222.0.109/volume/v3/0c7d761500e641e2813d21a41f562466/volumes/detail returned with HTTP 200
Jan 25 02:36:10.911030 dv-cinder-819778-6-smb devstack@c-api.service[109589]: INFO cinder.api.openstack.wsgi [None req-3dd20d3b-272e-4877-9427-c8b05fd185c3 tempest-GroupSnapshotsTest-1243296427 tempest-GroupSnapshotsTest-1243296427-project] GET http://10.222.0.109/volume/v3/249cb4a05d994686afb408f8867f0d0f/volumes/1deb677b-4f62-4130-aec7-0ebb5d55b3f5
Jan 25 02:36:10.911030 dv-cinder-819778-6-smb devstack@c-api.service[109589]: DEBUG cinder.api.openstack.wsgi [None req-3dd20d3b-272e-4877-9427-c8b05fd185c3 tempest-GroupSnapshotsTest-1243296427 tempest-GroupSnapshotsTest-1243296427-project] Empty body provided in request {{(pid=109589) get_body /opt/stack/cinder/cinder/api/openstack/wsgi.py:715}}
Jan 25 02:36:10.911030 dv-cinder-819778-6-smb devstack@c-api.service[109589]: DEBUG cinder.api.openstack.wsgi [None req-3dd20d3b-272e-4877-9427-c8b05fd185c3 tempest-GroupSnapshotsTest-1243296427 tempest-GroupSnapshotsTest-1243296427-project] Calling method 'show' {{(pid=109589) _process_stack /opt/stack/cinder/cinder/api/openstack/wsgi.py:868}}
Jan 25 02:36:10.916990 dv-cinder-819778-6-smb devstack@c-api.service[109590]: [pid: 109590|app: 0|req: 108/221] 10.222.0.109 () {60 vars in 1280 bytes} [Tue Jan 25 02:36:10 2022] GET /volume/v3/0c7d761500e641e2813d21a41f562466/volumes/detail => generated 978 bytes in 252 msecs (HTTP/1.1 200) 7 headers in 286 bytes (1 switches on core 0)
Jan 25 02:36:10.924035 dv-cinder-819778-6-smb devstack@c-api.service[109590]: INFO cinder.api.openstack.wsgi [None req-3e2a4b0a-1e11-4667-8ab6-49c7f4d56c42 tempest-VolumesMetadataTest-217870891 tempest-VolumesMetadataTest-217870891-project] PUT http://10.222.0.109/volume/v3/c38a49869e44409c99bd17f0240810c8/volumes/0643b4a8-d660-48ca-a4fa-3d4143d1dc00/metadata
Jan 25 02:36:10.929877 dv-cinder-819778-6-smb devstack@c-api.service[109590]: DEBUG cinder.api.openstack.wsgi [None req-3e2a4b0a-1e11-4667-8ab6-49c7f4d56c42 tempest-VolumesMetadataTest-217870891 tempest-VolumesMetadataTest-217870891-project] Action: 'update_all', calling method: update_all, body: {"metadata": {}} {{(pid=109590) _process_stack /opt/stack/cinder/cinder/api/openstack/wsgi.py:866}}
Jan 25 02:36:10.933040 dv-cinder-819778-6-smb devstack@c-api.service[109589]: INFO cinder.api.openstack.wsgi [None req-3dd20d3b-272e-4877-9427-c8b05fd185c3 tempest-GroupSnapshotsTest-1243296427 tempest-GroupSnapshotsTest-1243296427-project] http://10.222.0.109/volume/v3/249cb4a05d994686afb408f8867f0d0f/volumes/1deb677b-4f62-4130-aec7-0ebb5d55b3f5 returned with HTTP 404
Jan 25 02:36:10.933991 dv-cinder-819778-6-smb devstack@c-api.service[109589]: [pid: 109589|app: 0|req: 114/222] 10.222.0.109 () {60 vars in 1370 bytes} [Tue Jan 25 02:36:10 2022] GET /volume/v3/249cb4a05d994686afb408f8867f0d0f/volumes/1deb677b-4f62-4130-aec7-0ebb5d55b3f5 => generated 109 bytes in 38 msecs (HTTP/1.1 404) 7 headers in 293 bytes (1 switches on core 0)
Jan 25 02:36:10.943550 dv-cinder-819778-6-smb devstack@c-api.service[109589]: INFO cinder.api.openstack.wsgi [None req-3dcd6081-5541-4e38-8e1c-a7c0d105f3e2 tempest-GroupsTest-410371527 tempest-GroupsTest-410371527-project] GET http://10.222.0.109/volume/v3/0c7d761500e641e2813d21a41f562466/volumes/detail
Jan 25 02:36:10.944074 dv-cinder-819778-6-smb devstack@c-api.service[109589]: DEBUG cinder.api.openstack.wsgi [None req-3dcd6081-5541-4e38-8e1c-a7c0d105f3e2 tempest-GroupsTest-410371527 tempest-GroupsTest-410371527-project] Empty body provided in request {{(pid=109589) get_body /opt/stack/cinder/cinder/api/openstack/wsgi.py:715}}
Jan 25 02:36:10.944536 dv-cinder-819778-6-smb devstack@c-api.service[109589]: DEBUG cinder.api.openstack.wsgi [None req-3dcd6081-5541-4e38-8e1c-a7c0d105f3e2 tempest-GroupsTest-410371527 tempest-GroupsTest-410371527-project] Calling method 'detail' {{(pid=109589) _process_stack /opt/stack/cinder/cinder/api/openstack/wsgi.py:868}}
Jan 25 02:36:10.945450 dv-cinder-819778-6-smb devstack@c-api.service[109589]: DEBUG cinder.api.api_utils [None req-3dcd6081-5541-4e38-8e1c-a7c0d105f3e2 tempest-GroupsTest-410371527 tempest-GroupsTest-410371527-project] Removing options '' from query. {{(pid=109589) remove_invalid_filter_options /opt/stack/cinder/cinder/api/api_utils.py:73}}
Jan 25 02:36:10.949713 dv-cinder-819778-6-smb devstack@c-api.service[109589]: DEBUG cinder.volume.api [None req-3dcd6081-5541-4e38-8e1c-a7c0d105f3e2 tempest-GroupsTest-410371527 tempest-GroupsTest-410371527-project] Searching by: MultiDict([('no_migration_targets', True)]). {{(pid=109589) get_all /opt/stack/cinder/cinder/volume/api.py:661}}
Jan 25 02:36:10.962880 dv-cinder-819778-6-smb devstack@c-api.service[109590]: /usr/local/lib/python3.8/dist-packages/oslo_context/context.py:105: DeprecationWarning: Policy enforcement is depending on the value of is_admin. This key is deprecated. Please update your policy file to use the standard policy values.
Jan 25 02:36:10.962880 dv-cinder-819778-6-smb devstack@c-api.service[109590]: warnings.warn('Policy enforcement is depending on the value of '
Jan 25 02:36:10.971332 dv-cinder-819778-6-smb devstack@c-api.service[109590]: INFO cinder.volume.api [None req-3e2a4b0a-1e11-4667-8ab6-49c7f4d56c42 tempest-VolumesMetadataTest-217870891 tempest-VolumesMetadataTest-217870891-project] Volume info retrieved successfully.
Jan 25 02:36:11.026676 dv-cinder-819778-6-smb devstack@c-api.service[109590]: INFO cinder.volume.api [None req-3e2a4b0a-1e11-4667-8ab6-49c7f4d56c42 tempest-VolumesMetadataTest-217870891 tempest-VolumesMetadataTest-217870891-project] Update volume metadata completed successfully.
Jan 25 02:36:11.027292 dv-cinder-819778-6-smb devstack@c-api.service[109590]: INFO cinder.api.openstack.wsgi [None req-3e2a4b0a-1e11-4667-8ab6-49c7f4d56c42 tempest-VolumesMetadataTest-217870891 tempest-VolumesMetadataTest-217870891-project] http://10.222.0.109/volume/v3/c38a49869e44409c99bd17f0240810c8/volumes/0643b4a8-d660-48ca-a4fa-3d4143d1dc00/metadata returned with HTTP 200
Jan 25 02:36:11.028876 dv-cinder-819778-6-smb devstack@c-api.service[109590]: [pid: 109590|app: 0|req: 109/223] 10.222.0.109 () {60 vars in 1376 bytes} [Tue Jan 25 02:36:10 2022] PUT /volume/v3/c38a49869e44409c99bd17f0240810c8/volumes/0643b4a8-d660-48ca-a4fa-3d4143d1dc00/metadata => generated 16 bytes in 111 msecs (HTTP/1.1 200) 7 headers in 284 bytes (1 switches on core 0)
