Dec 21 14:06:14.972970 dv-cinder-819722-2-smb devstack@c-api.service[109459]: DEBUG cinder.volume.api [None req-5f60bb59-6f62-4ae5-8faf-deed3772b326 tempest-VolumeQuotasNegativeTestJSON-2064710262 tempest-VolumeQuotasNegativeTestJSON-2064710262-project] Task 'cinder.volume.flows.api.create_volume.ExtractVolumeRequestTask;volume:create' (1aa18459-658d-431e-ab09-baa17b20fc6e) transitioned into state 'SUCCESS' from state 'RUNNING' with result '{'size': 1, 'snapshot_id': None, 'source_volid': None, 'volume_type': VolumeType(created_at=2021-12-21T13:55:45Z,deleted=False,deleted_at=None,description='Default Volume Type',extra_specs={},id=b4b37e98-c545-4c17-b151-5d29a1b1d016,is_public=True,name='__DEFAULT__',projects=[],qos_specs=,qos_specs_id=None,updated_at=2021-12-21T13:55:45Z), 'volume_type_id': 'b4b37e98-c545-4c17-b151-5d29a1b1d016', 'encryption_key_id': None, 'qos_specs': None, 'consistencygroup_id': None, 'cgsnapshot_id': None, 'group_id': None, 'replication_status': 'disabled', 'refresh_az': False, 'backup_id': None, 'multiattach': False, 'availability_zones': ['nova']}' {{(pid=109459) _task_receiver /usr/local/lib/python3.8/dist-packages/taskflow/listeners/logging.py:178}}
Dec 21 14:06:14.975712 dv-cinder-819722-2-smb devstack@c-api.service[109459]: DEBUG cinder.volume.api [None req-5f60bb59-6f62-4ae5-8faf-deed3772b326 tempest-VolumeQuotasNegativeTestJSON-2064710262 tempest-VolumeQuotasNegativeTestJSON-2064710262-project] Task 'cinder.volume.flows.api.create_volume.QuotaReserveTask;volume:create' (28c6eab4-a0fc-41fc-943f-50ba37f34b77) transitioned into state 'RUNNING' from state 'PENDING' {{(pid=109459) _task_receiver /usr/local/lib/python3.8/dist-packages/taskflow/listeners/logging.py:190}}
Dec 21 14:06:15.079940 dv-cinder-819722-2-smb devstack@c-api.service[109459]: DEBUG cinder.quota [None req-5f60bb59-6f62-4ae5-8faf-deed3772b326 tempest-VolumeQuotasNegativeTestJSON-2064710262 tempest-VolumeQuotasNegativeTestJSON-2064710262-project] Created reservations ['1afb413d-1b46-4ef0-aeb8-523db08bdc0d', 'd24d40e6-9fef-4f5b-957b-21d708ecbb33', '7df09f5a-0ac9-4655-b38f-a4c04b3b6d8a', '5635ab88-94ad-499a-882a-e28672a20a76'] {{(pid=109459) reserve /opt/stack/cinder/cinder/quota.py:755}}
Dec 21 14:06:15.081726 dv-cinder-819722-2-smb devstack@c-api.service[109459]: DEBUG cinder.volume.api [None req-5f60bb59-6f62-4ae5-8faf-deed3772b326 tempest-VolumeQuotasNegativeTestJSON-2064710262 tempest-VolumeQuotasNegativeTestJSON-2064710262-project] Task 'cinder.volume.flows.api.create_volume.QuotaReserveTask;volume:create' (28c6eab4-a0fc-41fc-943f-50ba37f34b77) transitioned into state 'SUCCESS' from state 'RUNNING' with result '{'reservations': ['1afb413d-1b46-4ef0-aeb8-523db08bdc0d', 'd24d40e6-9fef-4f5b-957b-21d708ecbb33', '7df09f5a-0ac9-4655-b38f-a4c04b3b6d8a', '5635ab88-94ad-499a-882a-e28672a20a76']}' {{(pid=109459) _task_receiver /usr/local/lib/python3.8/dist-packages/taskflow/listeners/logging.py:178}}
Dec 21 14:06:15.083698 dv-cinder-819722-2-smb devstack@c-api.service[109459]: DEBUG cinder.volume.api [None req-5f60bb59-6f62-4ae5-8faf-deed3772b326 tempest-VolumeQuotasNegativeTestJSON-2064710262 tempest-VolumeQuotasNegativeTestJSON-2064710262-project] Task 'cinder.volume.flows.api.create_volume.EntryCreateTask;volume:create' (20f7d9b3-12eb-440b-9b23-dffa55bcbb7a) transitioned into state 'RUNNING' from state 'PENDING' {{(pid=109459) _task_receiver /usr/local/lib/python3.8/dist-packages/taskflow/listeners/logging.py:190}}
Dec 21 14:06:15.108569 dv-cinder-819722-2-smb devstack@c-api.service[109459]: DEBUG cinder.volume.api [None req-5f60bb59-6f62-4ae5-8faf-deed3772b326 tempest-VolumeQuotasNegativeTestJSON-2064710262 tempest-VolumeQuotasNegativeTestJSON-2064710262-project] Task 'cinder.volume.flows.api.create_volume.EntryCreateTask;volume:create' (20f7d9b3-12eb-440b-9b23-dffa55bcbb7a) transitioned into state 'SUCCESS' from state 'RUNNING' with result '{'volume_id': '933ace05-f70b-4a5c-9cea-b367c477e098', 'volume_properties': VolumeProperties(attach_status='detached',availability_zone='nova',cgsnapshot_id=None,consistencygroup_id=None,display_description=None,display_name='tempest-VolumeQuotasNegativeTestJSON-Volume-53371918',encryption_key_id=None,group_id=None,group_type_id=,metadata={},multiattach=False,project_id='a5a722c5a7534acaba1a010347d4fc1e',qos_specs=None,replication_status=,reservations=['1afb413d-1b46-4ef0-aeb8-523db08bdc0d','d24d40e6-9fef-4f5b-957b-21d708ecbb33','7df09f5a-0ac9-4655-b38f-a4c04b3b6d8a','5635ab88-94ad-499a-882a-e28672a20a76'],size=1,snapshot_id=None,source_replicaid=,source_volid=None,status='creating',user_id='4e205805ab514534ab5cbe64d89db6e8',volume_type_id=b4b37e98-c545-4c17-b151-5d29a1b1d016), 'volume': Volume(_name_id=None,admin_metadata=,attach_status='detached',availability_zone='nova',bootable=False,cluster=,cluster_name=None,consistencygroup=,consistencygroup_id=None,created_at=2021-12-21T14:06:15Z,deleted=False,deleted_at=None,display_description=None,display_name='tempest-VolumeQuotasNegativeTestJSON-Volume-53371918',ec2_id=None,encryption_key_id=None,glance_metadata=,group=,group_id=None,host=None,id=933ace05-f70b-4a5c-9cea-b367c477e098,launched_at=None,metadata={},migration_status=None,multiattach=False,previous_status=None,project_id='a5a722c5a7534acaba1a010347d4fc1e',provider_auth=None,provider_geometry=None,provider_id=None,provider_location=None,replication_driver_data=None,replication_extended_status=None,replication_status=None,scheduled_at=None,service_uuid=None,shared_targets=True,size=1,snapshot_id=None,snapshots=,source_volid=None,status='creating',terminated_at=None,updated_at=None,use_quota=True,user_id='4e205805ab514534ab5cbe64d89db6e8',volume_attachment=VolumeAttachmentList,volume_type=VolumeType(b4b37e98-c545-4c17-b151-5d29a1b1d016),volume_type_id=b4b37e98-c545-4c17-b151-5d29a1b1d016)}' {{(pid=109459) _task_receiver /usr/local/lib/python3.8/dist-packages/taskflow/listeners/logging.py:178}}
Dec 21 14:06:15.110437 dv-cinder-819722-2-smb devstack@c-api.service[109459]: DEBUG cinder.volume.api [None req-5f60bb59-6f62-4ae5-8faf-deed3772b326 tempest-VolumeQuotasNegativeTestJSON-2064710262 tempest-VolumeQuotasNegativeTestJSON-2064710262-project] Task 'cinder.volume.flows.api.create_volume.QuotaCommitTask;volume:create' (f9753130-a7f7-4466-b5ce-b514c871955f) transitioned into state 'RUNNING' from state 'PENDING' {{(pid=109459) _task_receiver /usr/local/lib/python3.8/dist-packages/taskflow/listeners/logging.py:190}}
Dec 21 14:06:15.139485 dv-cinder-819722-2-smb devstack@c-api.service[109459]: DEBUG cinder.volume.api [None req-5f60bb59-6f62-4ae5-8faf-deed3772b326 tempest-VolumeQuotasNegativeTestJSON-2064710262 tempest-VolumeQuotasNegativeTestJSON-2064710262-project] Task 'cinder.volume.flows.api.create_volume.QuotaCommitTask;volume:create' (f9753130-a7f7-4466-b5ce-b514c871955f) transitioned into state 'SUCCESS' from state 'RUNNING' with result '{'volume_properties': VolumeProperties(attach_status='detached',availability_zone='nova',cgsnapshot_id=None,consistencygroup_id=None,display_description=None,display_name='tempest-VolumeQuotasNegativeTestJSON-Volume-53371918',encryption_key_id=None,group_id=None,group_type_id=,metadata={},multiattach=False,project_id='a5a722c5a7534acaba1a010347d4fc1e',qos_specs=None,replication_status=,reservations=['1afb413d-1b46-4ef0-aeb8-523db08bdc0d','d24d40e6-9fef-4f5b-957b-21d708ecbb33','7df09f5a-0ac9-4655-b38f-a4c04b3b6d8a','5635ab88-94ad-499a-882a-e28672a20a76'],size=1,snapshot_id=None,source_replicaid=,source_volid=None,status='creating',user_id='4e205805ab514534ab5cbe64d89db6e8',volume_type_id=b4b37e98-c545-4c17-b151-5d29a1b1d016)}' {{(pid=109459) _task_receiver /usr/local/lib/python3.8/dist-packages/taskflow/listeners/logging.py:178}}
Dec 21 14:06:15.141545 dv-cinder-819722-2-smb devstack@c-api.service[109459]: DEBUG cinder.volume.api [None req-5f60bb59-6f62-4ae5-8faf-deed3772b326 tempest-VolumeQuotasNegativeTestJSON-2064710262 tempest-VolumeQuotasNegativeTestJSON-2064710262-project] Task 'cinder.volume.flows.api.create_volume.VolumeCastTask;volume:create' (a2665648-ed0f-422a-a281-bc5627226adc) transitioned into state 'RUNNING' from state 'PENDING' {{(pid=109459) _task_receiver /usr/local/lib/python3.8/dist-packages/taskflow/listeners/logging.py:190}}
Dec 21 14:06:15.160297 dv-cinder-819722-2-smb devstack@c-api.service[109459]: DEBUG cinder.volume.api [None req-5f60bb59-6f62-4ae5-8faf-deed3772b326 tempest-VolumeQuotasNegativeTestJSON-2064710262 tempest-VolumeQuotasNegativeTestJSON-2064710262-project] Task 'cinder.volume.flows.api.create_volume.VolumeCastTask;volume:create' (a2665648-ed0f-422a-a281-bc5627226adc) transitioned into state 'SUCCESS' from state 'RUNNING' with result 'None' {{(pid=109459) _task_receiver /usr/local/lib/python3.8/dist-packages/taskflow/listeners/logging.py:178}}
Dec 21 14:06:15.164694 dv-cinder-819722-2-smb devstack@c-api.service[109459]: DEBUG cinder.volume.api [None req-5f60bb59-6f62-4ae5-8faf-deed3772b326 tempest-VolumeQuotasNegativeTestJSON-2064710262 tempest-VolumeQuotasNegativeTestJSON-2064710262-project] Flow 'volume_create_api' (18090e10-2b06-47ad-be81-2e9e4cf1636d) transitioned into state 'SUCCESS' from state 'RUNNING' {{(pid=109459) _flow_receiver /usr/local/lib/python3.8/dist-packages/taskflow/listeners/logging.py:141}}
Dec 21 14:06:15.165561 dv-cinder-819722-2-smb devstack@c-api.service[109459]: INFO cinder.volume.api [None req-5f60bb59-6f62-4ae5-8faf-deed3772b326 tempest-VolumeQuotasNegativeTestJSON-2064710262 tempest-VolumeQuotasNegativeTestJSON-2064710262-project] Create volume request issued successfully.
Dec 21 14:06:15.167746 dv-cinder-819722-2-smb devstack@c-api.service[109459]: INFO cinder.api.openstack.wsgi [None req-5f60bb59-6f62-4ae5-8faf-deed3772b326 tempest-VolumeQuotasNegativeTestJSON-2064710262 tempest-VolumeQuotasNegativeTestJSON-2064710262-project] http://10.222.0.66/volume/v3/a5a722c5a7534acaba1a010347d4fc1e/volumes returned with HTTP 202
Dec 21 14:06:15.169123 dv-cinder-819722-2-smb devstack@c-api.service[109459]: [pid: 109459|app: 0|req: 224/439] 10.222.0.66 () {60 vars in 1234 bytes} [Tue Dec 21 14:06:14 2021] POST /volume/v3/a5a722c5a7534acaba1a010347d4fc1e/volumes => generated 826 bytes in 463 msecs (HTTP/1.1 202) 7 headers in 291 bytes (1 switches on core 0)
Dec 21 14:06:15.182662 dv-cinder-819722-2-smb devstack@c-api.service[109458]: INFO cinder.api.openstack.wsgi [None req-4848ce18-956c-41e1-92fe-e90d0b082afa tempest-VolumeQuotasNegativeTestJSON-2064710262 tempest-VolumeQuotasNegativeTestJSON-2064710262-project] GET http://10.222.0.66/volume/v3/a5a722c5a7534acaba1a010347d4fc1e/volumes/933ace05-f70b-4a5c-9cea-b367c477e098
Dec 21 14:06:15.183701 dv-cinder-819722-2-smb devstack@c-api.service[109458]: DEBUG cinder.api.openstack.wsgi [None req-4848ce18-956c-41e1-92fe-e90d0b082afa tempest-VolumeQuotasNegativeTestJSON-2064710262 tempest-VolumeQuotasNegativeTestJSON-2064710262-project] Empty body provided in request {{(pid=109458) get_body /opt/stack/cinder/cinder/api/openstack/wsgi.py:703}}
Dec 21 14:06:15.184018 dv-cinder-819722-2-smb devstack@c-api.service[109458]: /usr/local/lib/python3.8/dist-packages/webob/acceptparse.py:1047: DeprecationWarning: The behavior of AcceptValidHeader.best_match is currently being maintained for backward compatibility, but it will be deprecated in the future, as it does not conform to the RFC.
Dec 21 14:06:15.184018 dv-cinder-819722-2-smb devstack@c-api.service[109458]: warnings.warn(
Dec 21 14:06:15.184533 dv-cinder-819722-2-smb devstack@c-api.service[109458]: DEBUG cinder.api.openstack.wsgi [None req-4848ce18-956c-41e1-92fe-e90d0b082afa tempest-VolumeQuotasNegativeTestJSON-2064710262 tempest-VolumeQuotasNegativeTestJSON-2064710262-project] Calling method 'show' {{(pid=109458) _process_stack /opt/stack/cinder/cinder/api/openstack/wsgi.py:856}}
Dec 21 14:06:15.199850 dv-cinder-819722-2-smb devstack@c-api.service[109458]: /usr/local/lib/python3.8/dist-packages/oslo_context/context.py:105: DeprecationWarning: Policy enforcement is depending on the value of is_admin. This key is deprecated. Please update your policy file to use the standard policy values.
Dec 21 14:06:15.199850 dv-cinder-819722-2-smb devstack@c-api.service[109458]: warnings.warn('Policy enforcement is depending on the value of '
Dec 21 14:06:15.207555 dv-cinder-819722-2-smb devstack@c-api.service[109458]: INFO cinder.volume.api [None req-4848ce18-956c-41e1-92fe-e90d0b082afa tempest-VolumeQuotasNegativeTestJSON-2064710262 tempest-VolumeQuotasNegativeTestJSON-2064710262-project] Volume info retrieved successfully.
Dec 21 14:06:15.218231 dv-cinder-819722-2-smb devstack@c-api.service[109458]: INFO cinder.api.openstack.wsgi [None req-4848ce18-956c-41e1-92fe-e90d0b082afa tempest-VolumeQuotasNegativeTestJSON-2064710262 tempest-VolumeQuotasNegativeTestJSON-2064710262-project] http://10.222.0.66/volume/v3/a5a722c5a7534acaba1a010347d4fc1e/volumes/933ace05-f70b-4a5c-9cea-b367c477e098 returned with HTTP 200
Dec 21 14:06:15.219291 dv-cinder-819722-2-smb devstack@c-api.service[109458]: [pid: 109458|app: 0|req: 216/440] 10.222.0.66 () {58 vars in 1324 bytes} [Tue Dec 21 14:06:15 2021] GET /volume/v3/a5a722c5a7534acaba1a010347d4fc1e/volumes/933ace05-f70b-4a5c-9cea-b367c477e098 => generated 894 bytes in 41 msecs (HTTP/1.1 200) 7 headers in 285 bytes (1 switches on core 0)
Dec 21 14:06:15.726850 dv-cinder-819722-2-smb devstack@c-api.service[109459]: INFO cinder.api.openstack.wsgi [None req-912918f8-7c0f-45ca-a0ff-e9bf01c238a3 tempest-VolumesDeleteCascade-1095530178 tempest-VolumesDeleteCascade-1095530178-project] GET http://10.222.0.66/volume/v3/3ba5f41bffb246238ef6a063b04fe53e/volumes/61b4f3bc-854b-446a-9afc-b9f446b41d8a
Dec 21 14:06:15.727738 dv-cinder-819722-2-smb devstack@c-api.service[109459]: DEBUG cinder.api.openstack.wsgi [None req-912918f8-7c0f-45ca-a0ff-e9bf01c238a3 tempest-VolumesDeleteCascade-1095530178 tempest-VolumesDeleteCascade-1095530178-project] Empty body provided in request {{(pid=109459) get_body /opt/stack/cinder/cinder/api/openstack/wsgi.py:703}}
Dec 21 14:06:15.727975 dv-cinder-819722-2-smb devstack@c-api.service[109459]: /usr/local/lib/python3.8/dist-packages/webob/acceptparse.py:1047: DeprecationWarning: The behavior of AcceptValidHeader.best_match is currently being maintained for backward compatibility, but it will be deprecated in the future, as it does not conform to the RFC.
Dec 21 14:06:15.727975 dv-cinder-819722-2-smb devstack@c-api.service[109459]: warnings.warn(
Dec 21 14:06:15.728400 dv-cinder-819722-2-smb devstack@c-api.service[109459]: DEBUG cinder.api.openstack.wsgi [None req-912918f8-7c0f-45ca-a0ff-e9bf01c238a3 tempest-VolumesDeleteCascade-1095530178 tempest-VolumesDeleteCascade-1095530178-project] Calling method 'show' {{(pid=109459) _process_stack /opt/stack/cinder/cinder/api/openstack/wsgi.py:856}}
Dec 21 14:06:15.742639 dv-cinder-819722-2-smb devstack@c-api.service[109459]: /usr/local/lib/python3.8/dist-packages/oslo_context/context.py:105: DeprecationWarning: Policy enforcement is depending on the value of is_admin. This key is deprecated. Please update your policy file to use the standard policy values.
Dec 21 14:06:15.742639 dv-cinder-819722-2-smb devstack@c-api.service[109459]: warnings.warn('Policy enforcement is depending on the value of '
Dec 21 14:06:15.752082 dv-cinder-819722-2-smb devstack@c-api.service[109459]: INFO cinder.volume.api [None req-912918f8-7c0f-45ca-a0ff-e9bf01c238a3 tempest-VolumesDeleteCascade-1095530178 tempest-VolumesDeleteCascade-1095530178-project] Volume info retrieved successfully.
Dec 21 14:06:15.764016 dv-cinder-819722-2-smb devstack@c-api.service[109459]: INFO cinder.api.openstack.wsgi [None req-912918f8-7c0f-45ca-a0ff-e9bf01c238a3 tempest-VolumesDeleteCascade-1095530178 tempest-VolumesDeleteCascade-1095530178-project] http://10.222.0.66/volume/v3/3ba5f41bffb246238ef6a063b04fe53e/volumes/61b4f3bc-854b-446a-9afc-b9f446b41d8a returned with HTTP 200
Dec 21 14:06:15.764762 dv-cinder-819722-2-smb devstack@c-api.service[109459]: [pid: 109459|app: 0|req: 225/441] 10.222.0.66 () {58 vars in 1324 bytes} [Tue Dec 21 14:06:15 2021] GET /volume/v3/3ba5f41bffb246238ef6a063b04fe53e/volumes/61b4f3bc-854b-446a-9afc-b9f446b41d8a => generated 911 bytes in 44 msecs (HTTP/1.1 200) 7 headers in 285 bytes (1 switches on core 0)
Dec 21 14:06:15.779295 dv-cinder-819722-2-smb devstack@c-api.service[109458]: INFO cinder.api.openstack.wsgi [None req-75772e74-b331-408c-bade-ce2218b23604 tempest-VolumesDeleteCascade-1095530178 tempest-VolumesDeleteCascade-1095530178-project] POST http://10.222.0.66/volume/v3/3ba5f41bffb246238ef6a063b04fe53e/snapshots
Dec 21 14:06:15.779687 dv-cinder-819722-2-smb devstack@c-api.service[109458]: /usr/local/lib/python3.8/dist-packages/webob/acceptparse.py:1047: DeprecationWarning: The behavior of AcceptValidHeader.best_match is currently being maintained for backward compatibility, but it will be deprecated in the future, as it does not conform to the RFC.
Dec 21 14:06:15.779687 dv-cinder-819722-2-smb devstack@c-api.service[109458]: warnings.warn(
Dec 21 14:06:15.780039 dv-cinder-819722-2-smb devstack@c-api.service[109458]: DEBUG cinder.api.openstack.wsgi [None req-75772e74-b331-408c-bade-ce2218b23604 tempest-VolumesDeleteCascade-1095530178 tempest-VolumesDeleteCascade-1095530178-project] Action: 'create', calling method: create, body: {"snapshot": {"volume_id": "61b4f3bc-854b-446a-9afc-b9f446b41d8a", "name": "tempest-VolumesDeleteCascade-Snapshot-1695762360"}} {{(pid=109458) _process_stack /opt/stack/cinder/cinder/api/openstack/wsgi.py:854}}
Dec 21 14:06:15.789563 dv-cinder-819722-2-smb devstack@c-api.service[109459]: INFO cinder.api.openstack.wsgi [None req-cbce876a-0e72-450a-b3dc-d92713d3aba5 tempest-GroupsV320Test-1962007948 tempest-GroupsV320Test-1962007948-project] GET http://10.222.0.66/volume/v3/9677e2d5c37f4389b316fbc5f6a60247/groups/d878828c-e150-4b0b-b17e-7147790826ec
Dec 21 14:06:15.790311 dv-cinder-819722-2-smb devstack@c-api.service[109459]: DEBUG cinder.api.openstack.wsgi [None req-cbce876a-0e72-450a-b3dc-d92713d3aba5 tempest-GroupsV320Test-1962007948 tempest-GroupsV320Test-1962007948-project] Empty body provided in request {{(pid=109459) get_body /opt/stack/cinder/cinder/api/openstack/wsgi.py:703}}
Dec 21 14:06:15.790482 dv-cinder-819722-2-smb devstack@c-api.service[109459]: /usr/local/lib/python3.8/dist-packages/webob/acceptparse.py:1047: DeprecationWarning: The behavior of AcceptValidHeader.best_match is currently being maintained for backward compatibility, but it will be deprecated in the future, as it does not conform to the RFC.
Dec 21 14:06:15.790482 dv-cinder-819722-2-smb devstack@c-api.service[109459]: warnings.warn(
Dec 21 14:06:15.791054 dv-cinder-819722-2-smb devstack@c-api.service[109459]: DEBUG cinder.api.openstack.wsgi [None req-cbce876a-0e72-450a-b3dc-d92713d3aba5 tempest-GroupsV320Test-1962007948 tempest-GroupsV320Test-1962007948-project] Calling method 'version_select' {{(pid=109459) _process_stack /opt/stack/cinder/cinder/api/openstack/wsgi.py:856}}
Dec 21 14:06:15.791561 dv-cinder-819722-2-smb devstack@c-api.service[109459]: DEBUG cinder.api.v3.groups [None req-cbce876a-0e72-450a-b3dc-d92713d3aba5 tempest-GroupsV320Test-1962007948 tempest-GroupsV320Test-1962007948-project] show called for member d878828c-e150-4b0b-b17e-7147790826ec {{(pid=109459) show /opt/stack/cinder/cinder/api/v3/groups.py:58}}
Dec 21 14:06:15.798620 dv-cinder-819722-2-smb devstack@c-api.service[109458]: /usr/local/lib/python3.8/dist-packages/oslo_context/context.py:105: DeprecationWarning: Policy enforcement is depending on the value of is_admin. This key is deprecated. Please update your policy file to use the standard policy values.
Dec 21 14:06:15.798620 dv-cinder-819722-2-smb devstack@c-api.service[109458]: warnings.warn('Policy enforcement is depending on the value of '
Dec 21 14:06:15.799340 dv-cinder-819722-2-smb devstack@c-api.service[109458]: INFO cinder.volume.api [None req-75772e74-b331-408c-bade-ce2218b23604 tempest-VolumesDeleteCascade-1095530178 tempest-VolumesDeleteCascade-1095530178-project] Volume info retrieved successfully.
Dec 21 14:06:15.800227 dv-cinder-819722-2-smb devstack@c-api.service[109458]: INFO cinder.api.v3.snapshots [None req-75772e74-b331-408c-bade-ce2218b23604 tempest-VolumesDeleteCascade-1095530178 tempest-VolumesDeleteCascade-1095530178-project] Create snapshot from volume 61b4f3bc-854b-446a-9afc-b9f446b41d8a
Dec 21 14:06:15.803483 dv-cinder-819722-2-smb devstack@c-api.service[109459]: /usr/local/lib/python3.8/dist-packages/oslo_context/context.py:105: DeprecationWarning: Policy enforcement is depending on the value of is_admin. This key is deprecated. Please update your policy file to use the standard policy values.
Dec 21 14:06:15.803483 dv-cinder-819722-2-smb devstack@c-api.service[109459]: warnings.warn('Policy enforcement is depending on the value of '
Dec 21 14:06:15.821700 dv-cinder-819722-2-smb devstack@c-api.service[109459]: INFO cinder.api.openstack.wsgi [None req-cbce876a-0e72-450a-b3dc-d92713d3aba5 tempest-GroupsV320Test-1962007948 tempest-GroupsV320Test-1962007948-project] http://10.222.0.66/volume/v3/9677e2d5c37f4389b316fbc5f6a60247/groups/d878828c-e150-4b0b-b17e-7147790826ec returned with HTTP 200
Dec 21 14:06:15.822431 dv-cinder-819722-2-smb devstack@c-api.service[109459]: [pid: 109459|app: 0|req: 226/442] 10.222.0.66 () {60 vars in 1362 bytes} [Tue Dec 21 14:06:15 2021] GET /volume/v3/9677e2d5c37f4389b316fbc5f6a60247/groups/d878828c-e150-4b0b-b17e-7147790826ec => generated 388 bytes in 37 msecs (HTTP/1.1 200) 7 headers in 286 bytes (1 switches on core 0)
Dec 21 14:06:15.836372 dv-cinder-819722-2-smb devstack@c-api.service[109459]: INFO cinder.api.openstack.wsgi [None req-cfa01b9c-8b3d-4886-a96f-cd33c1c0846b tempest-GroupsV320Test-1451420527 tempest-GroupsV320Test-1451420527-project-admin] POST http://10.222.0.66/volume/v3/adff512e5f344ba7aac76ed195f28e09/groups/d878828c-e150-4b0b-b17e-7147790826ec/action
Dec 21 14:06:15.837616 dv-cinder-819722-2-smb devstack@c-api.service[109459]: /usr/local/lib/python3.8/dist-packages/webob/acceptparse.py:1047: DeprecationWarning: The behavior of AcceptValidHeader.best_match is currently being maintained for backward compatibility, but it will be deprecated in the future, as it does not conform to the RFC.
Dec 21 14:06:15.837616 dv-cinder-819722-2-smb devstack@c-api.service[109459]: warnings.warn(
Dec 21 14:06:15.838008 dv-cinder-819722-2-smb devstack@c-api.service[109459]: DEBUG cinder.api.openstack.wsgi [None req-cfa01b9c-8b3d-4886-a96f-cd33c1c0846b tempest-GroupsV320Test-1451420527 tempest-GroupsV320Test-1451420527-project-admin] Action body: b'{"reset_status": {"status": "creating"}}' {{(pid=109459) get_method /opt/stack/cinder/cinder/api/openstack/wsgi.py:971}}
Dec 21 14:06:15.838340 dv-cinder-819722-2-smb devstack@c-api.service[109459]: DEBUG cinder.api.openstack.wsgi [None req-cfa01b9c-8b3d-4886-a96f-cd33c1c0846b tempest-GroupsV320Test-1451420527 tempest-GroupsV320Test-1451420527-project-admin] Action: 'action', calling method: version_select, body: {"reset_status": {"status": "creating"}} {{(pid=109459) _process_stack /opt/stack/cinder/cinder/api/openstack/wsgi.py:854}}
Dec 21 14:06:15.839194 dv-cinder-819722-2-smb devstack@c-api.service[109459]: DEBUG cinder.api.v3.groups [None req-cfa01b9c-8b3d-4886-a96f-cd33c1c0846b tempest-GroupsV320Test-1451420527 tempest-GroupsV320Test-1451420527-project-admin] Updating group 'd878828c-e150-4b0b-b17e-7147790826ec' with 'creating' {{(pid=109459) _reset_status /opt/stack/cinder/cinder/api/v3/groups.py:82}}
Dec 21 14:06:15.848008 dv-cinder-819722-2-smb devstack@c-api.service[109459]: /usr/local/lib/python3.8/dist-packages/oslo_context/context.py:105: DeprecationWarning: Policy enforcement is depending on the value of is_admin. This key is deprecated. Please update your policy file to use the standard policy values.
Dec 21 14:06:15.848008 dv-cinder-819722-2-smb devstack@c-api.service[109459]: warnings.warn('Policy enforcement is depending on the value of '
Dec 21 14:06:15.857939 dv-cinder-819722-2-smb devstack@c-api.service[109458]: DEBUG cinder.quota [None req-75772e74-b331-408c-bade-ce2218b23604 tempest-VolumesDeleteCascade-1095530178 tempest-VolumesDeleteCascade-1095530178-project] Created reservations ['7d2e1c32-4fb7-4391-9f2b-cef64d2c8349', 'ef613b77-17f9-4955-a240-09a1c1b5a89f', '87290212-abab-46f5-bc5e-d3a86ffde3ea', '90f5da37-95fe-41c4-9990-47d666852e4c'] {{(pid=109458) reserve /opt/stack/cinder/cinder/quota.py:755}}
Dec 21 14:06:15.859849 dv-cinder-819722-2-smb devstack@c-api.service[109459]: INFO cinder.api.openstack.wsgi [None req-cfa01b9c-8b3d-4886-a96f-cd33c1c0846b tempest-GroupsV320Test-1451420527 tempest-GroupsV320Test-1451420527-project-admin] http://10.222.0.66/volume/v3/adff512e5f344ba7aac76ed195f28e09/groups/d878828c-e150-4b0b-b17e-7147790826ec/action returned with HTTP 202
Dec 21 14:06:15.860876 dv-cinder-819722-2-smb devstack@c-api.service[109459]: [pid: 109459|app: 0|req: 227/443] 10.222.0.66 () {62 vars in 1404 bytes} [Tue Dec 21 14:06:15 2021] POST /volume/v3/adff512e5f344ba7aac76ed195f28e09/groups/d878828c-e150-4b0b-b17e-7147790826ec/action => generated 0 bytes in 32 msecs (HTTP/1.1 202) 6 headers in 234 bytes (1 switches on core 0)
Dec 21 14:06:15.877944 dv-cinder-819722-2-smb devstack@c-api.service[109459]: INFO cinder.api.openstack.wsgi [None req-e5259654-2387-403b-adeb-be55b9384500 tempest-GroupsV320Test-1962007948 tempest-GroupsV320Test-1962007948-project] GET http://10.222.0.66/volume/v3/9677e2d5c37f4389b316fbc5f6a60247/groups/d878828c-e150-4b0b-b17e-7147790826ec
Dec 21 14:06:15.879028 dv-cinder-819722-2-smb devstack@c-api.service[109459]: DEBUG cinder.api.openstack.wsgi [None req-e5259654-2387-403b-adeb-be55b9384500 tempest-GroupsV320Test-1962007948 tempest-GroupsV320Test-1962007948-project] Empty body provided in request {{(pid=109459) get_body /opt/stack/cinder/cinder/api/openstack/wsgi.py:703}}
Dec 21 14:06:15.879390 dv-cinder-819722-2-smb devstack@c-api.service[109459]: /usr/local/lib/python3.8/dist-packages/webob/acceptparse.py:1047: DeprecationWarning: The behavior of AcceptValidHeader.best_match is currently being maintained for backward compatibility, but it will be deprecated in the future, as it does not conform to the RFC.
Dec 21 14:06:15.879390 dv-cinder-819722-2-smb devstack@c-api.service[109459]: warnings.warn(
Dec 21 14:06:15.879802 dv-cinder-819722-2-smb devstack@c-api.service[109459]: DEBUG cinder.api.openstack.wsgi [None req-e5259654-2387-403b-adeb-be55b9384500 tempest-GroupsV320Test-1962007948 tempest-GroupsV320Test-1962007948-project] Calling method 'version_select' {{(pid=109459) _process_stack /opt/stack/cinder/cinder/api/openstack/wsgi.py:856}}
Dec 21 14:06:15.880331 dv-cinder-819722-2-smb devstack@c-api.service[109459]: DEBUG cinder.api.v3.groups [None req-e5259654-2387-403b-adeb-be55b9384500 tempest-GroupsV320Test-1962007948 tempest-GroupsV320Test-1962007948-project] show called for member d878828c-e150-4b0b-b17e-7147790826ec {{(pid=109459) show /opt/stack/cinder/cinder/api/v3/groups.py:58}}
Dec 21 14:06:15.887988 dv-cinder-819722-2-smb devstack@c-api.service[109459]: /usr/local/lib/python3.8/dist-packages/oslo_context/context.py:105: DeprecationWarning: Policy enforcement is depending on the value of is_admin. This key is deprecated. Please update your policy file to use the standard policy values.
Dec 21 14:06:15.887988 dv-cinder-819722-2-smb devstack@c-api.service[109459]: warnings.warn('Policy enforcement is depending on the value of '
Dec 21 14:06:15.909418 dv-cinder-819722-2-smb devstack@c-api.service[109459]: INFO cinder.api.openstack.wsgi [None req-e5259654-2387-403b-adeb-be55b9384500 tempest-GroupsV320Test-1962007948 tempest-GroupsV320Test-1962007948-project] http://10.222.0.66/volume/v3/9677e2d5c37f4389b316fbc5f6a60247/groups/d878828c-e150-4b0b-b17e-7147790826ec returned with HTTP 200
Dec 21 14:06:15.911289 dv-cinder-819722-2-smb devstack@c-api.service[109459]: [pid: 109459|app: 0|req: 228/444] 10.222.0.66 () {60 vars in 1362 bytes} [Tue Dec 21 14:06:15 2021] GET /volume/v3/9677e2d5c37f4389b316fbc5f6a60247/groups/d878828c-e150-4b0b-b17e-7147790826ec => generated 387 bytes in 47 msecs (HTTP/1.1 200) 7 headers in 286 bytes (2 switches on core 0)
Dec 21 14:06:15.921429 dv-cinder-819722-2-smb devstack@c-api.service[109458]: INFO cinder.volume.api [None req-75772e74-b331-408c-bade-ce2218b23604 tempest-VolumesDeleteCascade-1095530178 tempest-VolumesDeleteCascade-1095530178-project] Snapshot create request issued successfully.
Dec 21 14:06:15.923236 dv-cinder-819722-2-smb devstack@c-api.service[109458]: INFO cinder.api.openstack.wsgi [None req-75772e74-b331-408c-bade-ce2218b23604 tempest-VolumesDeleteCascade-1095530178 tempest-VolumesDeleteCascade-1095530178-project] http://10.222.0.66/volume/v3/3ba5f41bffb246238ef6a063b04fe53e/snapshots returned with HTTP 202
Dec 21 14:06:15.923843 dv-cinder-819722-2-smb devstack@c-api.service[109459]: INFO cinder.api.openstack.wsgi [None req-d327b227-88d0-493c-8c00-c86565323a76 tempest-GroupsV320Test-1451420527 tempest-GroupsV320Test-1451420527-project-admin] POST http://10.222.0.66/volume/v3/adff512e5f344ba7aac76ed195f28e09/groups/d878828c-e150-4b0b-b17e-7147790826ec/action
Dec 21 14:06:15.924264 dv-cinder-819722-2-smb devstack@c-api.service[109459]: /usr/local/lib/python3.8/dist-packages/webob/acceptparse.py:1047: DeprecationWarning: The behavior of AcceptValidHeader.best_match is currently being maintained for backward compatibility, but it will be deprecated in the future, as it does not conform to the RFC.
Dec 21 14:06:15.924264 dv-cinder-819722-2-smb devstack@c-api.service[109459]: warnings.warn(
Dec 21 14:06:15.926650 dv-cinder-819722-2-smb devstack@c-api.service[109459]: DEBUG cinder.api.openstack.wsgi [None req-d327b227-88d0-493c-8c00-c86565323a76 tempest-GroupsV320Test-1451420527 tempest-GroupsV320Test-1451420527-project-admin] Action body: b'{"reset_status": {"status": "available"}}' {{(pid=109459) get_method /opt/stack/cinder/cinder/api/openstack/wsgi.py:971}}
Dec 21 14:06:15.926650 dv-cinder-819722-2-smb devstack@c-api.service[109459]: DEBUG cinder.api.openstack.wsgi [None req-d327b227-88d0-493c-8c00-c86565323a76 tempest-GroupsV320Test-1451420527 tempest-GroupsV320Test-1451420527-project-admin] Action: 'action', calling method: reset_status, body: {"reset_status": {"status": "available"}} {{(pid=109459) _process_stack /opt/stack/cinder/cinder/api/openstack/wsgi.py:854}}
Dec 21 14:06:15.926868 dv-cinder-819722-2-smb devstack@c-api.service[109458]: [pid: 109458|app: 0|req: 217/445] 10.222.0.66 () {60 vars in 1241 bytes} [Tue Dec 21 14:06:15 2021] POST /volume/v3/3ba5f41bffb246238ef6a063b04fe53e/snapshots => generated 307 bytes in 149 msecs (HTTP/1.1 202) 7 headers in 291 bytes (1 switches on core 0)
Dec 21 14:06:15.926949 dv-cinder-819722-2-smb devstack@c-api.service[109459]: DEBUG cinder.api.v3.groups [None req-d327b227-88d0-493c-8c00-c86565323a76 tempest-GroupsV320Test-1451420527 tempest-GroupsV320Test-1451420527-project-admin] Updating group 'd878828c-e150-4b0b-b17e-7147790826ec' with 'available' {{(pid=109459) _reset_status /opt/stack/cinder/cinder/api/v3/groups.py:82}}
Dec 21 14:06:15.931883 dv-cinder-819722-2-smb devstack@c-api.service[109459]: /usr/local/lib/python3.8/dist-packages/oslo_context/context.py:105: DeprecationWarning: Policy enforcement is depending on the value of is_admin. This key is deprecated. Please update your policy file to use the standard policy values.
Dec 21 14:06:15.931883 dv-cinder-819722-2-smb devstack@c-api.service[109459]: warnings.warn('Policy enforcement is depending on the value of '
Dec 21 14:06:15.936373 dv-cinder-819722-2-smb devstack@c-api.service[109458]: INFO cinder.api.openstack.wsgi [None req-a3a6632a-eb7a-4fd8-9373-92a4f8aa30af tempest-VolumesDeleteCascade-1095530178 tempest-VolumesDeleteCascade-1095530178-project] GET http://10.222.0.66/volume/v3/3ba5f41bffb246238ef6a063b04fe53e/snapshots/7f630b31-955c-4104-8cd2-6d55d890e6c3
Dec 21 14:06:15.937070 dv-cinder-819722-2-smb devstack@c-api.service[109458]: DEBUG cinder.api.openstack.wsgi [None req-a3a6632a-eb7a-4fd8-9373-92a4f8aa30af tempest-VolumesDeleteCascade-1095530178 tempest-VolumesDeleteCascade-1095530178-project] Empty body provided in request {{(pid=109458) get_body /opt/stack/cinder/cinder/api/openstack/wsgi.py:703}}
Dec 21 14:06:15.937918 dv-cinder-819722-2-smb devstack@c-api.service[109458]: /usr/local/lib/python3.8/dist-packages/webob/acceptparse.py:1047: DeprecationWarning: The behavior of AcceptValidHeader.best_match is currently being maintained for backward compatibility, but it will be deprecated in the future, as it does not conform to the RFC.
Dec 21 14:06:15.937918 dv-cinder-819722-2-smb devstack@c-api.service[109458]: warnings.warn(
Dec 21 14:06:15.938720 dv-cinder-819722-2-smb devstack@c-api.service[109458]: DEBUG cinder.api.openstack.wsgi [None req-a3a6632a-eb7a-4fd8-9373-92a4f8aa30af tempest-VolumesDeleteCascade-1095530178 tempest-VolumesDeleteCascade-1095530178-project] Calling method 'show' {{(pid=109458) _process_stack /opt/stack/cinder/cinder/api/openstack/wsgi.py:856}}
Dec 21 14:06:15.943366 dv-cinder-819722-2-smb devstack@c-api.service[109459]: INFO cinder.api.openstack.wsgi [None req-d327b227-88d0-493c-8c00-c86565323a76 tempest-GroupsV320Test-1451420527 tempest-GroupsV320Test-1451420527-project-admin] http://10.222.0.66/volume/v3/adff512e5f344ba7aac76ed195f28e09/groups/d878828c-e150-4b0b-b17e-7147790826ec/action returned with HTTP 202
Dec 21 14:06:15.947992 dv-cinder-819722-2-smb devstack@c-api.service[109459]: [pid: 109459|app: 0|req: 229/446] 10.222.0.66 () {62 vars in 1404 bytes} [Tue Dec 21 14:06:15 2021] POST /volume/v3/adff512e5f344ba7aac76ed195f28e09/groups/d878828c-e150-4b0b-b17e-7147790826ec/action => generated 0 bytes in 25 msecs (HTTP/1.1 202) 6 headers in 234 bytes (1 switches on core 0)
Dec 21 14:06:15.951771 dv-cinder-819722-2-smb devstack@c-api.service[109458]: /usr/local/lib/python3.8/dist-packages/oslo_context/context.py:105: DeprecationWarning: Policy enforcement is depending on the value of is_admin. This key is deprecated. Please update your policy file to use the standard policy values.
Dec 21 14:06:15.951771 dv-cinder-819722-2-smb devstack@c-api.service[109458]: warnings.warn('Policy enforcement is depending on the value of '
Dec 21 14:06:15.953015 dv-cinder-819722-2-smb devstack@c-api.service[109458]: INFO cinder.volume.api [None req-a3a6632a-eb7a-4fd8-9373-92a4f8aa30af tempest-VolumesDeleteCascade-1095530178 tempest-VolumesDeleteCascade-1095530178-project] Snapshot retrieved successfully.
Dec 21 14:06:15.954002 dv-cinder-819722-2-smb devstack@c-api.service[109459]: INFO cinder.api.openstack.wsgi [None req-54a053ec-0c85-46d3-972f-83f7da1c52a9 tempest-GroupsV320Test-1962007948 tempest-GroupsV320Test-1962007948-project] GET http://10.222.0.66/volume/v3/9677e2d5c37f4389b316fbc5f6a60247/groups/d878828c-e150-4b0b-b17e-7147790826ec
Dec 21 14:06:15.954704 dv-cinder-819722-2-smb devstack@c-api.service[109459]: DEBUG cinder.api.openstack.wsgi [None req-54a053ec-0c85-46d3-972f-83f7da1c52a9 tempest-GroupsV320Test-1962007948 tempest-GroupsV320Test-1962007948-project] Empty body provided in request {{(pid=109459) get_body /opt/stack/cinder/cinder/api/openstack/wsgi.py:703}}
Dec 21 14:06:15.954819 dv-cinder-819722-2-smb devstack@c-api.service[109459]: /usr/local/lib/python3.8/dist-packages/webob/acceptparse.py:1047: DeprecationWarning: The behavior of AcceptValidHeader.best_match is currently being maintained for backward compatibility, but it will be deprecated in the future, as it does not conform to the RFC.
Dec 21 14:06:15.954819 dv-cinder-819722-2-smb devstack@c-api.service[109459]: warnings.warn(
Dec 21 14:06:15.955146 dv-cinder-819722-2-smb devstack@c-api.service[109458]: INFO cinder.api.openstack.wsgi [None req-a3a6632a-eb7a-4fd8-9373-92a4f8aa30af tempest-VolumesDeleteCascade-1095530178 tempest-VolumesDeleteCascade-1095530178-project] http://10.222.0.66/volume/v3/3ba5f41bffb246238ef6a063b04fe53e/snapshots/7f630b31-955c-4104-8cd2-6d55d890e6c3 returned with HTTP 200
Dec 21 14:06:15.955252 dv-cinder-819722-2-smb devstack@c-api.service[109459]: DEBUG cinder.api.openstack.wsgi [None req-54a053ec-0c85-46d3-972f-83f7da1c52a9 tempest-GroupsV320Test-1962007948 tempest-GroupsV320Test-1962007948-project] Calling method 'version_select' {{(pid=109459) _process_stack /opt/stack/cinder/cinder/api/openstack/wsgi.py:856}}
Dec 21 14:06:15.955718 dv-cinder-819722-2-smb devstack@c-api.service[109459]: DEBUG cinder.api.v3.groups [None req-54a053ec-0c85-46d3-972f-83f7da1c52a9 tempest-GroupsV320Test-1962007948 tempest-GroupsV320Test-1962007948-project] show called for member d878828c-e150-4b0b-b17e-7147790826ec {{(pid=109459) show /opt/stack/cinder/cinder/api/v3/groups.py:58}}
Dec 21 14:06:15.956262 dv-cinder-819722-2-smb devstack@c-api.service[109458]: [pid: 109458|app: 0|req: 218/447] 10.222.0.66 () {58 vars in 1330 bytes} [Tue Dec 21 14:06:15 2021] GET /volume/v3/3ba5f41bffb246238ef6a063b04fe53e/snapshots/7f630b31-955c-4104-8cd2-6d55d890e6c3 => generated 439 bytes in 25 msecs (HTTP/1.1 200) 7 headers in 285 bytes (1 switches on core 0)
Dec 21 14:06:15.964168 dv-cinder-819722-2-smb devstack@c-api.service[109459]: /usr/local/lib/python3.8/dist-packages/oslo_context/context.py:105: DeprecationWarning: Policy enforcement is depending on the value of is_admin. This key is deprecated. Please update your policy file to use the standard policy values.
Dec 21 14:06:15.964168 dv-cinder-819722-2-smb devstack@c-api.service[109459]: warnings.warn('Policy enforcement is depending on the value of '
Dec 21 14:06:15.980603 dv-cinder-819722-2-smb devstack@c-api.service[109459]: INFO cinder.api.openstack.wsgi [None req-54a053ec-0c85-46d3-972f-83f7da1c52a9 tempest-GroupsV320Test-1962007948 tempest-GroupsV320Test-1962007948-project] http://10.222.0.66/volume/v3/9677e2d5c37f4389b316fbc5f6a60247/groups/d878828c-e150-4b0b-b17e-7147790826ec returned with HTTP 200
Dec 21 14:06:15.982581 dv-cinder-819722-2-smb devstack@c-api.service[109459]: [pid: 109459|app: 0|req: 230/448] 10.222.0.66 () {60 vars in 1362 bytes} [Tue Dec 21 14:06:15 2021] GET /volume/v3/9677e2d5c37f4389b316fbc5f6a60247/groups/d878828c-e150-4b0b-b17e-7147790826ec => generated 388 bytes in 34 msecs (HTTP/1.1 200) 7 headers in 286 bytes (1 switches on core 0)
Dec 21 14:06:15.996817 dv-cinder-819722-2-smb devstack@c-api.service[109458]: INFO cinder.api.openstack.wsgi [None req-a17e3bcb-31da-4f99-9665-8d65326dc552 tempest-GroupsV320Test-1451420527 tempest-GroupsV320Test-1451420527-project-admin] POST http://10.222.0.66/volume/v3/adff512e5f344ba7aac76ed195f28e09/groups/d878828c-e150-4b0b-b17e-7147790826ec/action
Dec 21 14:06:15.997220 dv-cinder-819722-2-smb devstack@c-api.service[109458]: /usr/local/lib/python3.8/dist-packages/webob/acceptparse.py:1047: DeprecationWarning: The behavior of AcceptValidHeader.best_match is currently being maintained for backward compatibility, but it will be deprecated in the future, as it does not conform to the RFC.
Dec 21 14:06:15.997220 dv-cinder-819722-2-smb devstack@c-api.service[109458]: warnings.warn(
Dec 21 14:06:15.997673 dv-cinder-819722-2-smb devstack@c-api.service[109458]: DEBUG cinder.api.openstack.wsgi [None req-a17e3bcb-31da-4f99-9665-8d65326dc552 tempest-GroupsV320Test-1451420527 tempest-GroupsV320Test-1451420527-project-admin] Action body: b'{"reset_status": {"status": "error"}}' {{(pid=109458) get_method /opt/stack/cinder/cinder/api/openstack/wsgi.py:971}}
Dec 21 14:06:15.998233 dv-cinder-819722-2-smb devstack@c-api.service[109458]: DEBUG cinder.api.openstack.wsgi [None req-a17e3bcb-31da-4f99-9665-8d65326dc552 tempest-GroupsV320Test-1451420527 tempest-GroupsV320Test-1451420527-project-admin] Action: 'action', calling method: version_select, body: {"reset_status": {"status": "error"}} {{(pid=109458) _process_stack /opt/stack/cinder/cinder/api/openstack/wsgi.py:854}}
Dec 21 14:06:15.998897 dv-cinder-819722-2-smb devstack@c-api.service[109458]: DEBUG cinder.api.v3.groups [None req-a17e3bcb-31da-4f99-9665-8d65326dc552 tempest-GroupsV320Test-1451420527 tempest-GroupsV320Test-1451420527-project-admin] Updating group 'd878828c-e150-4b0b-b17e-7147790826ec' with 'error' {{(pid=109458) _reset_status /opt/stack/cinder/cinder/api/v3/groups.py:82}}
Dec 21 14:06:16.007395 dv-cinder-819722-2-smb devstack@c-api.service[109458]: /usr/local/lib/python3.8/dist-packages/oslo_context/context.py:105: DeprecationWarning: Policy enforcement is depending on the value of is_admin. This key is deprecated. Please update your policy file to use the standard policy values.
Dec 21 14:06:16.007395 dv-cinder-819722-2-smb devstack@c-api.service[109458]: warnings.warn('Policy enforcement is depending on the value of '
Dec 21 14:06:16.018888 dv-cinder-819722-2-smb devstack@c-api.service[109458]: INFO cinder.api.openstack.wsgi [None req-a17e3bcb-31da-4f99-9665-8d65326dc552 tempest-GroupsV320Test-1451420527 tempest-GroupsV320Test-1451420527-project-admin] http://10.222.0.66/volume/v3/adff512e5f344ba7aac76ed195f28e09/groups/d878828c-e150-4b0b-b17e-7147790826ec/action returned with HTTP 202
Dec 21 14:06:16.020077 dv-cinder-819722-2-smb devstack@c-api.service[109458]: [pid: 109458|app: 0|req: 219/449] 10.222.0.66 () {62 vars in 1404 bytes} [Tue Dec 21 14:06:15 2021] POST /volume/v3/adff512e5f344ba7aac76ed195f28e09/groups/d878828c-e150-4b0b-b17e-7147790826ec/action => generated 0 bytes in 31 msecs (HTTP/1.1 202) 6 headers in 234 bytes (1 switches on core 0)
Dec 21 14:06:16.029437 dv-cinder-819722-2-smb devstack@c-api.service[109459]: INFO cinder.api.openstack.wsgi [None req-657e2e14-18c6-4767-b8a5-e20b2ac5e8c6 tempest-GroupsV320Test-1962007948 tempest-GroupsV320Test-1962007948-project] GET http://10.222.0.66/volume/v3/9677e2d5c37f4389b316fbc5f6a60247/groups/d878828c-e150-4b0b-b17e-7147790826ec
Dec 21 14:06:16.030252 dv-cinder-819722-2-smb devstack@c-api.service[109459]: DEBUG cinder.api.openstack.wsgi [None req-657e2e14-18c6-4767-b8a5-e20b2ac5e8c6 tempest-GroupsV320Test-1962007948 tempest-GroupsV320Test-1962007948-project] Empty body provided in request {{(pid=109459) get_body /opt/stack/cinder/cinder/api/openstack/wsgi.py:703}}
Dec 21 14:06:16.030576 dv-cinder-819722-2-smb devstack@c-api.service[109459]: /usr/local/lib/python3.8/dist-packages/webob/acceptparse.py:1047: DeprecationWarning: The behavior of AcceptValidHeader.best_match is currently being maintained for backward compatibility, but it will be deprecated in the future, as it does not conform to the RFC.
Dec 21 14:06:16.030576 dv-cinder-819722-2-smb devstack@c-api.service[109459]: warnings.warn(
Dec 21 14:06:16.031294 dv-cinder-819722-2-smb devstack@c-api.service[109459]: DEBUG cinder.api.openstack.wsgi [None req-657e2e14-18c6-4767-b8a5-e20b2ac5e8c6 tempest-GroupsV320Test-1962007948 tempest-GroupsV320Test-1962007948-project] Calling method 'version_select' {{(pid=109459) _process_stack /opt/stack/cinder/cinder/api/openstack/wsgi.py:856}}
Dec 21 14:06:16.032484 dv-cinder-819722-2-smb devstack@c-api.service[109459]: DEBUG cinder.api.v3.groups [None req-657e2e14-18c6-4767-b8a5-e20b2ac5e8c6 tempest-GroupsV320Test-1962007948 tempest-GroupsV320Test-1962007948-project] show called for member d878828c-e150-4b0b-b17e-7147790826ec {{(pid=109459) show /opt/stack/cinder/cinder/api/v3/groups.py:58}}
Dec 21 14:06:16.038522 dv-cinder-819722-2-smb devstack@c-api.service[109459]: /usr/local/lib/python3.8/dist-packages/oslo_context/context.py:105: DeprecationWarning: Policy enforcement is depending on the value of is_admin. This key is deprecated. Please update your policy file to use the standard policy values.
Dec 21 14:06:16.038522 dv-cinder-819722-2-smb devstack@c-api.service[109459]: warnings.warn('Policy enforcement is depending on the value of '
Dec 21 14:06:16.054295 dv-cinder-819722-2-smb devstack@c-api.service[109459]: INFO cinder.api.openstack.wsgi [None req-657e2e14-18c6-4767-b8a5-e20b2ac5e8c6 tempest-GroupsV320Test-1962007948 tempest-GroupsV320Test-1962007948-project] http://10.222.0.66/volume/v3/9677e2d5c37f4389b316fbc5f6a60247/groups/d878828c-e150-4b0b-b17e-7147790826ec returned with HTTP 200
Dec 21 14:06:16.056106 dv-cinder-819722-2-smb devstack@c-api.service[109459]: [pid: 109459|app: 0|req: 231/450] 10.222.0.66 () {60 vars in 1362 bytes} [Tue Dec 21 14:06:16 2021] GET /volume/v3/9677e2d5c37f4389b316fbc5f6a60247/groups/d878828c-e150-4b0b-b17e-7147790826ec => generated 384 bytes in 32 msecs (HTTP/1.1 200) 7 headers in 286 bytes (1 switches on core 0)
Dec 21 14:06:16.068549 dv-cinder-819722-2-smb devstack@c-api.service[109458]: INFO cinder.api.openstack.wsgi [None req-ff689aee-9478-4fec-a6d5-4c283993da4e tempest-GroupsV320Test-1451420527 tempest-GroupsV320Test-1451420527-project-admin] POST http://10.222.0.66/volume/v3/adff512e5f344ba7aac76ed195f28e09/groups/d878828c-e150-4b0b-b17e-7147790826ec/action
Dec 21 14:06:16.069419 dv-cinder-819722-2-smb devstack@c-api.service[109458]: /usr/local/lib/python3.8/dist-packages/webob/acceptparse.py:1047: DeprecationWarning: The behavior of AcceptValidHeader.best_match is currently being maintained for backward compatibility, but it will be deprecated in the future, as it does not conform to the RFC.
Dec 21 14:06:16.069419 dv-cinder-819722-2-smb devstack@c-api.service[109458]: warnings.warn(
Dec 21 14:06:16.071280 dv-cinder-819722-2-smb devstack@c-api.service[109458]: DEBUG cinder.api.openstack.wsgi [None req-ff689aee-9478-4fec-a6d5-4c283993da4e tempest-GroupsV320Test-1451420527 tempest-GroupsV320Test-1451420527-project-admin] Action body: b'{"reset_status": {"status": "available"}}' {{(pid=109458) get_method /opt/stack/cinder/cinder/api/openstack/wsgi.py:971}}
Dec 21 14:06:16.071620 dv-cinder-819722-2-smb devstack@c-api.service[109458]: DEBUG cinder.api.openstack.wsgi [None req-ff689aee-9478-4fec-a6d5-4c283993da4e tempest-GroupsV320Test-1451420527 tempest-GroupsV320Test-1451420527-project-admin] Action: 'action', calling method: reset_status, body: {"reset_status": {"status": "available"}} {{(pid=109458) _process_stack /opt/stack/cinder/cinder/api/openstack/wsgi.py:854}}
Dec 21 14:06:16.072486 dv-cinder-819722-2-smb devstack@c-api.service[109458]: DEBUG cinder.api.v3.groups [None req-ff689aee-9478-4fec-a6d5-4c283993da4e tempest-GroupsV320Test-1451420527 tempest-GroupsV320Test-1451420527-project-admin] Updating group 'd878828c-e150-4b0b-b17e-7147790826ec' with 'available' {{(pid=109458) _reset_status /opt/stack/cinder/cinder/api/v3/groups.py:82}}
Dec 21 14:06:16.078109 dv-cinder-819722-2-smb devstack@c-api.service[109458]: /usr/local/lib/python3.8/dist-packages/oslo_context/context.py:105: DeprecationWarning: Policy enforcement is depending on the value of is_admin. This key is deprecated. Please update your policy file to use the standard policy values.
Dec 21 14:06:16.078109 dv-cinder-819722-2-smb devstack@c-api.service[109458]: warnings.warn('Policy enforcement is depending on the value of '
Dec 21 14:06:16.094352 dv-cinder-819722-2-smb devstack@c-api.service[109458]: INFO cinder.api.openstack.wsgi [None req-ff689aee-9478-4fec-a6d5-4c283993da4e tempest-GroupsV320Test-1451420527 tempest-GroupsV320Test-1451420527-project-admin] http://10.222.0.66/volume/v3/adff512e5f344ba7aac76ed195f28e09/groups/d878828c-e150-4b0b-b17e-7147790826ec/action returned with HTTP 202
Dec 21 14:06:16.095348 dv-cinder-819722-2-smb devstack@c-api.service[109458]: [pid: 109458|app: 0|req: 220/451] 10.222.0.66 () {62 vars in 1404 bytes} [Tue Dec 21 14:06:16 2021] POST /volume/v3/adff512e5f344ba7aac76ed195f28e09/groups/d878828c-e150-4b0b-b17e-7147790826ec/action => generated 0 bytes in 32 msecs (HTTP/1.1 202) 6 headers in 234 bytes (1 switches on core 0)
Dec 21 14:06:16.103185 dv-cinder-819722-2-smb devstack@c-api.service[109459]: INFO cinder.api.openstack.wsgi [None req-471e5e04-b4e4-49e7-a35d-fe84ff19b9db tempest-GroupsV320Test-1962007948 tempest-GroupsV320Test-1962007948-project] GET http://10.222.0.66/volume/v3/9677e2d5c37f4389b316fbc5f6a60247/groups/d878828c-e150-4b0b-b17e-7147790826ec
Dec 21 14:06:16.103677 dv-cinder-819722-2-smb devstack@c-api.service[109459]: DEBUG cinder.api.openstack.wsgi [None req-471e5e04-b4e4-49e7-a35d-fe84ff19b9db tempest-GroupsV320Test-1962007948 tempest-GroupsV320Test-1962007948-project] Empty body provided in request {{(pid=109459) get_body /opt/stack/cinder/cinder/api/openstack/wsgi.py:703}}
Dec 21 14:06:16.103852 dv-cinder-819722-2-smb devstack@c-api.service[109459]: /usr/local/lib/python3.8/dist-packages/webob/acceptparse.py:1047: DeprecationWarning: The behavior of AcceptValidHeader.best_match is currently being maintained for backward compatibility, but it will be deprecated in the future, as it does not conform to the RFC.
Dec 21 14:06:16.103852 dv-cinder-819722-2-smb devstack@c-api.service[109459]: warnings.warn(
Dec 21 14:06:16.104155 dv-cinder-819722-2-smb devstack@c-api.service[109459]: DEBUG cinder.api.openstack.wsgi [None req-471e5e04-b4e4-49e7-a35d-fe84ff19b9db tempest-GroupsV320Test-1962007948 tempest-GroupsV320Test-1962007948-project] Calling method 'version_select' {{(pid=109459) _process_stack /opt/stack/cinder/cinder/api/openstack/wsgi.py:856}}
Dec 21 14:06:16.104495 dv-cinder-819722-2-smb devstack@c-api.service[109459]: DEBUG cinder.api.v3.groups [None req-471e5e04-b4e4-49e7-a35d-fe84ff19b9db tempest-GroupsV320Test-1962007948 tempest-GroupsV320Test-1962007948-project] show called for member d878828c-e150-4b0b-b17e-7147790826ec {{(pid=109459) show /opt/stack/cinder/cinder/api/v3/groups.py:58}}
Dec 21 14:06:16.110107 dv-cinder-819722-2-smb devstack@c-api.service[109459]: /usr/local/lib/python3.8/dist-packages/oslo_context/context.py:105: DeprecationWarning: Policy enforcement is depending on the value of is_admin. This key is deprecated. Please update your policy file to use the standard policy values.
