Nov 29 21:49:08.891069 dv-cinder-819722-1-iscsi devstack@g-api.service[117090]: DEBUG swiftclient [None req-c626c6d2-64da-43bb-98d4-e704730a2133 tempest-VolumesNegativeTest-1937537599 tempest-VolumesNegativeTest-1937537599-project] RESP HEADERS: {'Content-Type': 'text/html; charset=UTF-8', 'Content-Length': '0', 'X-Trans-Id': 'tx6bb90d9a470c4c40b03a9-0061a54ad4', 'X-Openstack-Request-Id': 'tx6bb90d9a470c4c40b03a9-0061a54ad4', 'Date': 'Mon, 29 Nov 2021 21:49:08 GMT'} {{(pid=117090) http_log /usr/local/lib/python3.8/dist-packages/swiftclient/client.py:189}}
Nov 29 21:49:08.951276 dv-cinder-819722-1-iscsi devstack@g-api.service[117090]: [pid: 117090|app: 0|req: 39/83] 127.0.0.1 () {38 vars in 790 bytes} [Mon Nov 29 21:49:08 2021] DELETE /v2/images/dc94c568-0ea0-4c74-8239-bc67be2d4a95 => generated 0 bytes in 212 msecs (HTTP/1.1 204) 4 headers in 171 bytes (1 switches on core 0)
Nov 29 21:49:08.957356 dv-cinder-819722-1-iscsi devstack@g-api.service[117091]: DEBUG glance.api.middleware.version_negotiation [None req-324826a1-e70a-4357-b99d-96a8f85a8119 tempest-VolumesNegativeTest-1937537599 tempest-VolumesNegativeTest-1937537599-project] Determining version of request: POST /v2/images Accept: application/json {{(pid=117091) process_request /opt/stack/glance/glance/api/middleware/version_negotiation.py:44}}
Nov 29 21:49:08.957730 dv-cinder-819722-1-iscsi devstack@g-api.service[117091]: DEBUG glance.api.middleware.version_negotiation [None req-324826a1-e70a-4357-b99d-96a8f85a8119 tempest-VolumesNegativeTest-1937537599 tempest-VolumesNegativeTest-1937537599-project] Using url versioning {{(pid=117091) process_request /opt/stack/glance/glance/api/middleware/version_negotiation.py:57}}
Nov 29 21:49:08.958059 dv-cinder-819722-1-iscsi devstack@g-api.service[117091]: DEBUG glance.api.middleware.version_negotiation [None req-324826a1-e70a-4357-b99d-96a8f85a8119 tempest-VolumesNegativeTest-1937537599 tempest-VolumesNegativeTest-1937537599-project] Matched version: v2 {{(pid=117091) process_request /opt/stack/glance/glance/api/middleware/version_negotiation.py:69}}
Nov 29 21:49:08.958338 dv-cinder-819722-1-iscsi devstack@g-api.service[117091]: DEBUG glance.api.middleware.version_negotiation [None req-324826a1-e70a-4357-b99d-96a8f85a8119 tempest-VolumesNegativeTest-1937537599 tempest-VolumesNegativeTest-1937537599-project] new path /v2/images {{(pid=117091) process_request /opt/stack/glance/glance/api/middleware/version_negotiation.py:70}}
Nov 29 21:49:09.017037 dv-cinder-819722-1-iscsi devstack@g-api.service[117091]: [pid: 117091|app: 0|req: 45/84] 127.0.0.1 () {40 vars in 735 bytes} [Mon Nov 29 21:49:08 2021] POST /v2/images => generated 650 bytes in 60 msecs (HTTP/1.1 201) 6 headers in 314 bytes (1 switches on core 0)
Nov 29 21:49:09.023282 dv-cinder-819722-1-iscsi devstack@g-api.service[117090]: DEBUG glance.api.middleware.version_negotiation [None req-c626c6d2-64da-43bb-98d4-e704730a2133 tempest-VolumesNegativeTest-1937537599 tempest-VolumesNegativeTest-1937537599-project] Determining version of request: PUT /v2/images/b2225c42-4f0b-4992-8347-868513a87f2a/file Accept: {{(pid=117090) process_request /opt/stack/glance/glance/api/middleware/version_negotiation.py:44}}
Nov 29 21:49:09.023594 dv-cinder-819722-1-iscsi devstack@g-api.service[117090]: DEBUG glance.api.middleware.version_negotiation [None req-c626c6d2-64da-43bb-98d4-e704730a2133 tempest-VolumesNegativeTest-1937537599 tempest-VolumesNegativeTest-1937537599-project] Using url versioning {{(pid=117090) process_request /opt/stack/glance/glance/api/middleware/version_negotiation.py:57}}
Nov 29 21:49:09.024074 dv-cinder-819722-1-iscsi devstack@g-api.service[117090]: DEBUG glance.api.middleware.version_negotiation [None req-c626c6d2-64da-43bb-98d4-e704730a2133 tempest-VolumesNegativeTest-1937537599 tempest-VolumesNegativeTest-1937537599-project] Matched version: v2 {{(pid=117090) process_request /opt/stack/glance/glance/api/middleware/version_negotiation.py:69}}
Nov 29 21:49:09.024355 dv-cinder-819722-1-iscsi devstack@g-api.service[117090]: DEBUG glance.api.middleware.version_negotiation [None req-c626c6d2-64da-43bb-98d4-e704730a2133 tempest-VolumesNegativeTest-1937537599 tempest-VolumesNegativeTest-1937537599-project] new path /v2/images/b2225c42-4f0b-4992-8347-868513a87f2a/file {{(pid=117090) process_request /opt/stack/glance/glance/api/middleware/version_negotiation.py:70}}
Nov 29 21:49:09.038363 dv-cinder-819722-1-iscsi devstack@g-api.service[117090]: INFO glance.api.v2.image_data [None req-cb4e8f80-1b42-4010-aa33-31c9126e2d15 tempest-VolumesNegativeTest-1937537599 tempest-VolumesNegativeTest-1937537599-project] Unable to create trust: no such option collect_timing in group [keystone_authtoken] Use the existing user token.
Nov 29 21:49:09.069096 dv-cinder-819722-1-iscsi devstack@g-api.service[117090]: DEBUG glance_store.backend [None req-cb4e8f80-1b42-4010-aa33-31c9126e2d15 tempest-VolumesNegativeTest-1937537599 tempest-VolumesNegativeTest-1937537599-project] Attempting to import store swift {{(pid=117090) _load_store /usr/local/lib/python3.8/dist-packages/glance_store/backend.py:217}}
Nov 29 21:49:09.072034 dv-cinder-819722-1-iscsi devstack@g-api.service[117090]: DEBUG glance_store.capabilities [None req-cb4e8f80-1b42-4010-aa33-31c9126e2d15 tempest-VolumesNegativeTest-1937537599 tempest-VolumesNegativeTest-1937537599-project] Store glance_store._drivers.swift.store.SingleTenantStore doesn't support updating dynamic storage capabilities. Please overwrite 'update_capabilities' method of the store to implement updating logics if needed. {{(pid=117090) update_capabilities /usr/local/lib/python3.8/dist-packages/glance_store/capabilities.py:91}}
Nov 29 21:49:09.072300 dv-cinder-819722-1-iscsi devstack@g-api.service[117090]: DEBUG glance_store.driver [None req-cb4e8f80-1b42-4010-aa33-31c9126e2d15 tempest-VolumesNegativeTest-1937537599 tempest-VolumesNegativeTest-1937537599-project] Late loading location class glance_store._drivers.swift.store.StoreLocation {{(pid=117090) get_store_location_class /usr/local/lib/python3.8/dist-packages/glance_store/driver.py:117}}
Nov 29 21:49:09.072581 dv-cinder-819722-1-iscsi devstack@g-api.service[117090]: DEBUG glance_store.location [None req-cb4e8f80-1b42-4010-aa33-31c9126e2d15 tempest-VolumesNegativeTest-1937537599 tempest-VolumesNegativeTest-1937537599-project] Registering scheme swift+https with {'store': , 'location_class': , 'store_entry': 'swift'} {{(pid=117090) register_scheme_map /usr/local/lib/python3.8/dist-packages/glance_store/location.py:146}}
Nov 29 21:49:09.072837 dv-cinder-819722-1-iscsi devstack@g-api.service[117090]: DEBUG glance_store.location [None req-cb4e8f80-1b42-4010-aa33-31c9126e2d15 tempest-VolumesNegativeTest-1937537599 tempest-VolumesNegativeTest-1937537599-project] Registering scheme swift+https with {'store': , 'location_class': , 'store_entry': 'swift'} {{(pid=117090) register_scheme_map /usr/local/lib/python3.8/dist-packages/glance_store/location.py:146}}
Nov 29 21:49:09.073085 dv-cinder-819722-1-iscsi devstack@g-api.service[117090]: DEBUG glance_store.location [None req-cb4e8f80-1b42-4010-aa33-31c9126e2d15 tempest-VolumesNegativeTest-1937537599 tempest-VolumesNegativeTest-1937537599-project] Registering scheme swift with {'store': , 'location_class': , 'store_entry': 'swift'} {{(pid=117090) register_scheme_map /usr/local/lib/python3.8/dist-packages/glance_store/location.py:146}}
Nov 29 21:49:09.073335 dv-cinder-819722-1-iscsi devstack@g-api.service[117090]: DEBUG glance_store.location [None req-cb4e8f80-1b42-4010-aa33-31c9126e2d15 tempest-VolumesNegativeTest-1937537599 tempest-VolumesNegativeTest-1937537599-project] Registering scheme swift+https with {'store': , 'location_class': , 'store_entry': 'swift'} {{(pid=117090) register_scheme_map /usr/local/lib/python3.8/dist-packages/glance_store/location.py:146}}
Nov 29 21:49:09.073578 dv-cinder-819722-1-iscsi devstack@g-api.service[117090]: DEBUG glance_store.location [None req-cb4e8f80-1b42-4010-aa33-31c9126e2d15 tempest-VolumesNegativeTest-1937537599 tempest-VolumesNegativeTest-1937537599-project] Registering scheme swift with {'store': , 'location_class': , 'store_entry': 'swift'} {{(pid=117090) register_scheme_map /usr/local/lib/python3.8/dist-packages/glance_store/location.py:146}}
Nov 29 21:49:09.074074 dv-cinder-819722-1-iscsi devstack@g-api.service[117090]: DEBUG glance_store.location [None req-cb4e8f80-1b42-4010-aa33-31c9126e2d15 tempest-VolumesNegativeTest-1937537599 tempest-VolumesNegativeTest-1937537599-project] Registering scheme swift+http with {'store': , 'location_class': , 'store_entry': 'swift'} {{(pid=117090) register_scheme_map /usr/local/lib/python3.8/dist-packages/glance_store/location.py:146}}
Nov 29 21:49:09.074320 dv-cinder-819722-1-iscsi devstack@g-api.service[117090]: DEBUG glance_store.location [None req-cb4e8f80-1b42-4010-aa33-31c9126e2d15 tempest-VolumesNegativeTest-1937537599 tempest-VolumesNegativeTest-1937537599-project] Registering scheme swift+https with {'store': , 'location_class': , 'store_entry': 'swift'} {{(pid=117090) register_scheme_map /usr/local/lib/python3.8/dist-packages/glance_store/location.py:146}}
Nov 29 21:49:09.074560 dv-cinder-819722-1-iscsi devstack@g-api.service[117090]: DEBUG glance_store.location [None req-cb4e8f80-1b42-4010-aa33-31c9126e2d15 tempest-VolumesNegativeTest-1937537599 tempest-VolumesNegativeTest-1937537599-project] Registering scheme swift with {'store': , 'location_class': , 'store_entry': 'swift'} {{(pid=117090) register_scheme_map /usr/local/lib/python3.8/dist-packages/glance_store/location.py:146}}
Nov 29 21:49:09.074798 dv-cinder-819722-1-iscsi devstack@g-api.service[117090]: DEBUG glance_store.location [None req-cb4e8f80-1b42-4010-aa33-31c9126e2d15 tempest-VolumesNegativeTest-1937537599 tempest-VolumesNegativeTest-1937537599-project] Registering scheme swift+http with {'store': , 'location_class': , 'store_entry': 'swift'} {{(pid=117090) register_scheme_map /usr/local/lib/python3.8/dist-packages/glance_store/location.py:146}}
Nov 29 21:49:09.075037 dv-cinder-819722-1-iscsi devstack@g-api.service[117090]: DEBUG glance_store.location [None req-cb4e8f80-1b42-4010-aa33-31c9126e2d15 tempest-VolumesNegativeTest-1937537599 tempest-VolumesNegativeTest-1937537599-project] Registering scheme swift+config with {'store': , 'location_class': , 'store_entry': 'swift'} {{(pid=117090) register_scheme_map /usr/local/lib/python3.8/dist-packages/glance_store/location.py:146}}
Nov 29 21:49:09.180284 dv-cinder-819722-1-iscsi devstack@g-api.service[117090]: DEBUG swiftclient [None req-cb4e8f80-1b42-4010-aa33-31c9126e2d15 tempest-VolumesNegativeTest-1937537599 tempest-VolumesNegativeTest-1937537599-project] REQ: curl -i http://10.222.0.62:8080/v1/AUTH_6701b67a40bb4f4d971cb31800479263/glance -I -H "X-Auth-Token: gAAAAABhpUrVLRlZ..." {{(pid=117090) http_log /usr/local/lib/python3.8/dist-packages/swiftclient/client.py:187}}
Nov 29 21:49:09.180546 dv-cinder-819722-1-iscsi devstack@g-api.service[117090]: DEBUG swiftclient [None req-cb4e8f80-1b42-4010-aa33-31c9126e2d15 tempest-VolumesNegativeTest-1937537599 tempest-VolumesNegativeTest-1937537599-project] RESP STATUS: 204 No Content {{(pid=117090) http_log /usr/local/lib/python3.8/dist-packages/swiftclient/client.py:188}}
Nov 29 21:49:09.180966 dv-cinder-819722-1-iscsi devstack@g-api.service[117090]: DEBUG swiftclient [None req-cb4e8f80-1b42-4010-aa33-31c9126e2d15 tempest-VolumesNegativeTest-1937537599 tempest-VolumesNegativeTest-1937537599-project] RESP HEADERS: {'Content-Type': 'text/plain; charset=utf-8', 'X-Container-Object-Count': '1', 'X-Container-Bytes-Used': '645922816', 'X-Timestamp': '1638222095.16249', 'Last-Modified': 'Mon, 29 Nov 2021 21:41:36 GMT', 'Accept-Ranges': 'bytes', 'X-Storage-Policy': 'Policy-0', 'X-Container-Sharding': 'False', 'Vary': 'Accept', 'Content-Length': '0', 'X-Trans-Id': 'txb9e688d32a84431fa3bda-0061a54ad5', 'X-Openstack-Request-Id': 'txb9e688d32a84431fa3bda-0061a54ad5', 'Date': 'Mon, 29 Nov 2021 21:49:09 GMT'} {{(pid=117090) http_log /usr/local/lib/python3.8/dist-packages/swiftclient/client.py:189}}
Nov 29 21:49:09.181350 dv-cinder-819722-1-iscsi devstack@g-api.service[117090]: DEBUG glance_store._drivers.swift.store [None req-cb4e8f80-1b42-4010-aa33-31c9126e2d15 tempest-VolumesNegativeTest-1937537599 tempest-VolumesNegativeTest-1937537599-project] Adding image object 'b2225c42-4f0b-4992-8347-868513a87f2a' to Swift {{(pid=117090) add /usr/local/lib/python3.8/dist-packages/glance_store/_drivers/swift/store.py:945}}
Nov 29 21:49:09.215908 dv-cinder-819722-1-iscsi devstack@g-api.service[117090]: DEBUG swiftclient [None req-cb4e8f80-1b42-4010-aa33-31c9126e2d15 tempest-VolumesNegativeTest-1937537599 tempest-VolumesNegativeTest-1937537599-project] REQ: curl -i http://10.222.0.62:8080/v1/AUTH_6701b67a40bb4f4d971cb31800479263/glance/b2225c42-4f0b-4992-8347-868513a87f2a -X PUT -H "X-Auth-Token: gAAAAABhpUrVLRlZ..." -H "Content-Length: 1024" {{(pid=117090) http_log /usr/local/lib/python3.8/dist-packages/swiftclient/client.py:187}}
Nov 29 21:49:09.216559 dv-cinder-819722-1-iscsi devstack@g-api.service[117090]: DEBUG swiftclient [None req-cb4e8f80-1b42-4010-aa33-31c9126e2d15 tempest-VolumesNegativeTest-1937537599 tempest-VolumesNegativeTest-1937537599-project] RESP STATUS: 201 Created {{(pid=117090) http_log /usr/local/lib/python3.8/dist-packages/swiftclient/client.py:188}}
Nov 29 21:49:09.217026 dv-cinder-819722-1-iscsi devstack@g-api.service[117090]: DEBUG swiftclient [None req-cb4e8f80-1b42-4010-aa33-31c9126e2d15 tempest-VolumesNegativeTest-1937537599 tempest-VolumesNegativeTest-1937537599-project] RESP HEADERS: {'Content-Type': 'text/html; charset=UTF-8', 'Content-Length': '0', 'Etag': '971b52364e0f550211d0d035bb7d1faf', 'Last-Modified': 'Mon, 29 Nov 2021 21:49:10 GMT', 'X-Trans-Id': 'txc74cb0c125504210ac9f6-0061a54ad5', 'X-Openstack-Request-Id': 'txc74cb0c125504210ac9f6-0061a54ad5', 'Date': 'Mon, 29 Nov 2021 21:49:09 GMT'} {{(pid=117090) http_log /usr/local/lib/python3.8/dist-packages/swiftclient/client.py:189}}
Nov 29 21:49:09.258606 dv-cinder-819722-1-iscsi devstack@g-api.service[117090]: DEBUG glance_store.backend [None req-cb4e8f80-1b42-4010-aa33-31c9126e2d15 tempest-VolumesNegativeTest-1937537599 tempest-VolumesNegativeTest-1937537599-project] Attempting to import store swift {{(pid=117090) _load_store /usr/local/lib/python3.8/dist-packages/glance_store/backend.py:217}}
Nov 29 21:49:09.261576 dv-cinder-819722-1-iscsi devstack@g-api.service[117090]: DEBUG glance_store.capabilities [None req-cb4e8f80-1b42-4010-aa33-31c9126e2d15 tempest-VolumesNegativeTest-1937537599 tempest-VolumesNegativeTest-1937537599-project] Store glance_store._drivers.swift.store.SingleTenantStore doesn't support updating dynamic storage capabilities. Please overwrite 'update_capabilities' method of the store to implement updating logics if needed. {{(pid=117090) update_capabilities /usr/local/lib/python3.8/dist-packages/glance_store/capabilities.py:91}}
Nov 29 21:49:09.261841 dv-cinder-819722-1-iscsi devstack@g-api.service[117090]: DEBUG glance_store.driver [None req-cb4e8f80-1b42-4010-aa33-31c9126e2d15 tempest-VolumesNegativeTest-1937537599 tempest-VolumesNegativeTest-1937537599-project] Late loading location class glance_store._drivers.swift.store.StoreLocation {{(pid=117090) get_store_location_class /usr/local/lib/python3.8/dist-packages/glance_store/driver.py:117}}
Nov 29 21:49:09.262115 dv-cinder-819722-1-iscsi devstack@g-api.service[117090]: DEBUG glance_store.location [None req-cb4e8f80-1b42-4010-aa33-31c9126e2d15 tempest-VolumesNegativeTest-1937537599 tempest-VolumesNegativeTest-1937537599-project] Registering scheme swift+https with {'store': , 'location_class': , 'store_entry': 'swift'} {{(pid=117090) register_scheme_map /usr/local/lib/python3.8/dist-packages/glance_store/location.py:146}}
Nov 29 21:49:09.262365 dv-cinder-819722-1-iscsi devstack@g-api.service[117090]: DEBUG glance_store.location [None req-cb4e8f80-1b42-4010-aa33-31c9126e2d15 tempest-VolumesNegativeTest-1937537599 tempest-VolumesNegativeTest-1937537599-project] Registering scheme swift+https with {'store': , 'location_class': , 'store_entry': 'swift'} {{(pid=117090) register_scheme_map /usr/local/lib/python3.8/dist-packages/glance_store/location.py:146}}
Nov 29 21:49:09.262610 dv-cinder-819722-1-iscsi devstack@g-api.service[117090]: DEBUG glance_store.location [None req-cb4e8f80-1b42-4010-aa33-31c9126e2d15 tempest-VolumesNegativeTest-1937537599 tempest-VolumesNegativeTest-1937537599-project] Registering scheme swift with {'store': , 'location_class': , 'store_entry': 'swift'} {{(pid=117090) register_scheme_map /usr/local/lib/python3.8/dist-packages/glance_store/location.py:146}}
Nov 29 21:49:09.262857 dv-cinder-819722-1-iscsi devstack@g-api.service[117090]: DEBUG glance_store.location [None req-cb4e8f80-1b42-4010-aa33-31c9126e2d15 tempest-VolumesNegativeTest-1937537599 tempest-VolumesNegativeTest-1937537599-project] Registering scheme swift+https with {'store': , 'location_class': , 'store_entry': 'swift'} {{(pid=117090) register_scheme_map /usr/local/lib/python3.8/dist-packages/glance_store/location.py:146}}
Nov 29 21:49:09.265349 dv-cinder-819722-1-iscsi devstack@g-api.service[117090]: DEBUG glance_store.location [None req-cb4e8f80-1b42-4010-aa33-31c9126e2d15 tempest-VolumesNegativeTest-1937537599 tempest-VolumesNegativeTest-1937537599-project] Registering scheme swift with {'store': , 'location_class': , 'store_entry': 'swift'} {{(pid=117090) register_scheme_map /usr/local/lib/python3.8/dist-packages/glance_store/location.py:146}}
Nov 29 21:49:09.265631 dv-cinder-819722-1-iscsi devstack@g-api.service[117090]: DEBUG glance_store.location [None req-cb4e8f80-1b42-4010-aa33-31c9126e2d15 tempest-VolumesNegativeTest-1937537599 tempest-VolumesNegativeTest-1937537599-project] Registering scheme swift+http with {'store': , 'location_class': , 'store_entry': 'swift'} {{(pid=117090) register_scheme_map /usr/local/lib/python3.8/dist-packages/glance_store/location.py:146}}
Nov 29 21:49:09.265903 dv-cinder-819722-1-iscsi devstack@g-api.service[117090]: DEBUG glance_store.location [None req-cb4e8f80-1b42-4010-aa33-31c9126e2d15 tempest-VolumesNegativeTest-1937537599 tempest-VolumesNegativeTest-1937537599-project] Registering scheme swift+https with {'store': , 'location_class': , 'store_entry': 'swift'} {{(pid=117090) register_scheme_map /usr/local/lib/python3.8/dist-packages/glance_store/location.py:146}}
Nov 29 21:49:09.266160 dv-cinder-819722-1-iscsi devstack@g-api.service[117090]: DEBUG glance_store.location [None req-cb4e8f80-1b42-4010-aa33-31c9126e2d15 tempest-VolumesNegativeTest-1937537599 tempest-VolumesNegativeTest-1937537599-project] Registering scheme swift with {'store': , 'location_class': , 'store_entry': 'swift'} {{(pid=117090) register_scheme_map /usr/local/lib/python3.8/dist-packages/glance_store/location.py:146}}
Nov 29 21:49:09.266414 dv-cinder-819722-1-iscsi devstack@g-api.service[117090]: DEBUG glance_store.location [None req-cb4e8f80-1b42-4010-aa33-31c9126e2d15 tempest-VolumesNegativeTest-1937537599 tempest-VolumesNegativeTest-1937537599-project] Registering scheme swift+http with {'store': , 'location_class': , 'store_entry': 'swift'} {{(pid=117090) register_scheme_map /usr/local/lib/python3.8/dist-packages/glance_store/location.py:146}}
Nov 29 21:49:09.266665 dv-cinder-819722-1-iscsi devstack@g-api.service[117090]: DEBUG glance_store.location [None req-cb4e8f80-1b42-4010-aa33-31c9126e2d15 tempest-VolumesNegativeTest-1937537599 tempest-VolumesNegativeTest-1937537599-project] Registering scheme swift+config with {'store': , 'location_class': , 'store_entry': 'swift'} {{(pid=117090) register_scheme_map /usr/local/lib/python3.8/dist-packages/glance_store/location.py:146}}
Nov 29 21:49:09.266927 dv-cinder-819722-1-iscsi devstack@g-api.service[117090]: DEBUG glance_store.backend [None req-cb4e8f80-1b42-4010-aa33-31c9126e2d15 tempest-VolumesNegativeTest-1937537599 tempest-VolumesNegativeTest-1937537599-project] Skipping store.set_acls... not implemented. {{(pid=117090) set_acls /usr/local/lib/python3.8/dist-packages/glance_store/backend.py:509}}
Nov 29 21:49:09.269912 dv-cinder-819722-1-iscsi devstack@g-api.service[117090]: [pid: 117090|app: 0|req: 40/85] 127.0.0.1 () {38 vars in 796 bytes} [Mon Nov 29 21:49:09 2021] PUT /v2/images/b2225c42-4f0b-4992-8347-868513a87f2a/file => generated 0 bytes in 247 msecs (HTTP/1.1 204) 4 headers in 171 bytes (1 switches on core 0)
Nov 29 21:49:09.274412 dv-cinder-819722-1-iscsi devstack@g-api.service[117091]: DEBUG glance.api.middleware.version_negotiation [None req-f3a6e0b6-a89b-4743-b7bd-037383b15f26 tempest-VolumesNegativeTest-1937537599 tempest-VolumesNegativeTest-1937537599-project] Determining version of request: GET /v2/images/b2225c42-4f0b-4992-8347-868513a87f2a Accept: application/json {{(pid=117091) process_request /opt/stack/glance/glance/api/middleware/version_negotiation.py:44}}
Nov 29 21:49:09.274831 dv-cinder-819722-1-iscsi devstack@g-api.service[117090]: DEBUG glance.api.middleware.version_negotiation [None req-cb4e8f80-1b42-4010-aa33-31c9126e2d15 tempest-VolumesNegativeTest-1937537599 tempest-VolumesNegativeTest-1937537599-project] Determining version of request: GET /v2/images/21fd3027-17f5-4c04-9471-9a5209e2b3da Accept: */* {{(pid=117090) process_request /opt/stack/glance/glance/api/middleware/version_negotiation.py:44}}
Nov 29 21:49:09.275753 dv-cinder-819722-1-iscsi devstack@g-api.service[117090]: DEBUG glance.api.middleware.version_negotiation [None req-cb4e8f80-1b42-4010-aa33-31c9126e2d15 tempest-VolumesNegativeTest-1937537599 tempest-VolumesNegativeTest-1937537599-project] Using url versioning {{(pid=117090) process_request /opt/stack/glance/glance/api/middleware/version_negotiation.py:57}}
Nov 29 21:49:09.275954 dv-cinder-819722-1-iscsi devstack@g-api.service[117090]: DEBUG glance.api.middleware.version_negotiation [None req-cb4e8f80-1b42-4010-aa33-31c9126e2d15 tempest-VolumesNegativeTest-1937537599 tempest-VolumesNegativeTest-1937537599-project] Matched version: v2 {{(pid=117090) process_request /opt/stack/glance/glance/api/middleware/version_negotiation.py:69}}
Nov 29 21:49:09.276153 dv-cinder-819722-1-iscsi devstack@g-api.service[117091]: DEBUG glance.api.middleware.version_negotiation [None req-f3a6e0b6-a89b-4743-b7bd-037383b15f26 tempest-VolumesNegativeTest-1937537599 tempest-VolumesNegativeTest-1937537599-project] Using url versioning {{(pid=117091) process_request /opt/stack/glance/glance/api/middleware/version_negotiation.py:57}}
Nov 29 21:49:09.276539 dv-cinder-819722-1-iscsi devstack@g-api.service[117090]: DEBUG glance.api.middleware.version_negotiation [None req-cb4e8f80-1b42-4010-aa33-31c9126e2d15 tempest-VolumesNegativeTest-1937537599 tempest-VolumesNegativeTest-1937537599-project] new path /v2/images/21fd3027-17f5-4c04-9471-9a5209e2b3da {{(pid=117090) process_request /opt/stack/glance/glance/api/middleware/version_negotiation.py:70}}
Nov 29 21:49:09.277434 dv-cinder-819722-1-iscsi devstack@g-api.service[117091]: DEBUG glance.api.middleware.version_negotiation [None req-f3a6e0b6-a89b-4743-b7bd-037383b15f26 tempest-VolumesNegativeTest-1937537599 tempest-VolumesNegativeTest-1937537599-project] Matched version: v2 {{(pid=117091) process_request /opt/stack/glance/glance/api/middleware/version_negotiation.py:69}}
Nov 29 21:49:09.277904 dv-cinder-819722-1-iscsi devstack@g-api.service[117091]: DEBUG glance.api.middleware.version_negotiation [None req-f3a6e0b6-a89b-4743-b7bd-037383b15f26 tempest-VolumesNegativeTest-1937537599 tempest-VolumesNegativeTest-1937537599-project] new path /v2/images/b2225c42-4f0b-4992-8347-868513a87f2a {{(pid=117091) process_request /opt/stack/glance/glance/api/middleware/version_negotiation.py:70}}
Nov 29 21:49:09.293941 dv-cinder-819722-1-iscsi devstack@g-api.service[117090]: [pid: 117090|app: 0|req: 41/86] 127.0.0.1 () {40 vars in 856 bytes} [Mon Nov 29 21:49:09 2021] GET /v2/images/21fd3027-17f5-4c04-9471-9a5209e2b3da => generated 946 bytes in 19 msecs (HTTP/1.1 200) 4 headers in 157 bytes (1 switches on core 0)
Nov 29 21:49:09.294405 dv-cinder-819722-1-iscsi devstack@g-api.service[117091]: [pid: 117091|app: 0|req: 46/87] 127.0.0.1 () {38 vars in 787 bytes} [Mon Nov 29 21:49:09 2021] GET /v2/images/b2225c42-4f0b-4992-8347-868513a87f2a => generated 810 bytes in 21 msecs (HTTP/1.1 200) 4 headers in 157 bytes (1 switches on core 0)
Nov 29 21:49:09.308824 dv-cinder-819722-1-iscsi devstack@g-api.service[117090]: DEBUG glance.api.middleware.version_negotiation [None req-91aa23c9-28f9-4376-a9c4-99977d76cfb7 tempest-VolumesCloneTest-254203928 tempest-VolumesCloneTest-254203928-project] Determining version of request: GET /v2/images/b2225c42-4f0b-4992-8347-868513a87f2a Accept: */* {{(pid=117090) process_request /opt/stack/glance/glance/api/middleware/version_negotiation.py:44}}
Nov 29 21:49:09.308974 dv-cinder-819722-1-iscsi devstack@g-api.service[117091]: DEBUG glance.api.middleware.version_negotiation [None req-9f3ba228-6cc1-46b9-8c2f-4d75c1a238ff tempest-VolumesNegativeTest-1937537599 tempest-VolumesNegativeTest-1937537599-project] Determining version of request: GET /v2/schemas/image Accept: */* {{(pid=117091) process_request /opt/stack/glance/glance/api/middleware/version_negotiation.py:44}}
Nov 29 21:49:09.309224 dv-cinder-819722-1-iscsi devstack@g-api.service[117091]: DEBUG glance.api.middleware.version_negotiation [None req-9f3ba228-6cc1-46b9-8c2f-4d75c1a238ff tempest-VolumesNegativeTest-1937537599 tempest-VolumesNegativeTest-1937537599-project] Using url versioning {{(pid=117091) process_request /opt/stack/glance/glance/api/middleware/version_negotiation.py:57}}
Nov 29 21:49:09.309367 dv-cinder-819722-1-iscsi devstack@g-api.service[117090]: DEBUG glance.api.middleware.version_negotiation [None req-91aa23c9-28f9-4376-a9c4-99977d76cfb7 tempest-VolumesCloneTest-254203928 tempest-VolumesCloneTest-254203928-project] Using url versioning {{(pid=117090) process_request /opt/stack/glance/glance/api/middleware/version_negotiation.py:57}}
Nov 29 21:49:09.309545 dv-cinder-819722-1-iscsi devstack@g-api.service[117091]: DEBUG glance.api.middleware.version_negotiation [None req-9f3ba228-6cc1-46b9-8c2f-4d75c1a238ff tempest-VolumesNegativeTest-1937537599 tempest-VolumesNegativeTest-1937537599-project] Matched version: v2 {{(pid=117091) process_request /opt/stack/glance/glance/api/middleware/version_negotiation.py:69}}
Nov 29 21:49:09.309814 dv-cinder-819722-1-iscsi devstack@g-api.service[117090]: DEBUG glance.api.middleware.version_negotiation [None req-91aa23c9-28f9-4376-a9c4-99977d76cfb7 tempest-VolumesCloneTest-254203928 tempest-VolumesCloneTest-254203928-project] Matched version: v2 {{(pid=117090) process_request /opt/stack/glance/glance/api/middleware/version_negotiation.py:69}}
Nov 29 21:49:09.310048 dv-cinder-819722-1-iscsi devstack@g-api.service[117091]: DEBUG glance.api.middleware.version_negotiation [None req-9f3ba228-6cc1-46b9-8c2f-4d75c1a238ff tempest-VolumesNegativeTest-1937537599 tempest-VolumesNegativeTest-1937537599-project] new path /v2/schemas/image {{(pid=117091) process_request /opt/stack/glance/glance/api/middleware/version_negotiation.py:70}}
Nov 29 21:49:09.310213 dv-cinder-819722-1-iscsi devstack@g-api.service[117090]: DEBUG glance.api.middleware.version_negotiation [None req-91aa23c9-28f9-4376-a9c4-99977d76cfb7 tempest-VolumesCloneTest-254203928 tempest-VolumesCloneTest-254203928-project] new path /v2/images/b2225c42-4f0b-4992-8347-868513a87f2a {{(pid=117090) process_request /opt/stack/glance/glance/api/middleware/version_negotiation.py:70}}
Nov 29 21:49:09.314251 dv-cinder-819722-1-iscsi devstack@g-api.service[117091]: [pid: 117091|app: 0|req: 47/88] 127.0.0.1 () {40 vars in 796 bytes} [Mon Nov 29 21:49:09 2021] GET /v2/schemas/image => generated 6083 bytes in 6 msecs (HTTP/1.1 200) 4 headers in 158 bytes (1 switches on core 0)
Nov 29 21:49:09.328203 dv-cinder-819722-1-iscsi devstack@g-api.service[117090]: [pid: 117090|app: 0|req: 42/89] 127.0.0.1 () {40 vars in 856 bytes} [Mon Nov 29 21:49:09 2021] GET /v2/images/b2225c42-4f0b-4992-8347-868513a87f2a => generated 810 bytes in 20 msecs (HTTP/1.1 200) 4 headers in 157 bytes (1 switches on core 0)
Nov 29 21:49:09.333061 dv-cinder-819722-1-iscsi devstack@g-api.service[117091]: DEBUG glance.api.middleware.version_negotiation [None req-91aa23c9-28f9-4376-a9c4-99977d76cfb7 tempest-VolumesCloneTest-254203928 tempest-VolumesCloneTest-254203928-project] Determining version of request: GET /v2/schemas/image Accept: */* {{(pid=117091) process_request /opt/stack/glance/glance/api/middleware/version_negotiation.py:44}}
Nov 29 21:49:09.333540 dv-cinder-819722-1-iscsi devstack@g-api.service[117091]: DEBUG glance.api.middleware.version_negotiation [None req-91aa23c9-28f9-4376-a9c4-99977d76cfb7 tempest-VolumesCloneTest-254203928 tempest-VolumesCloneTest-254203928-project] Using url versioning {{(pid=117091) process_request /opt/stack/glance/glance/api/middleware/version_negotiation.py:57}}
Nov 29 21:49:09.333872 dv-cinder-819722-1-iscsi devstack@g-api.service[117091]: DEBUG glance.api.middleware.version_negotiation [None req-91aa23c9-28f9-4376-a9c4-99977d76cfb7 tempest-VolumesCloneTest-254203928 tempest-VolumesCloneTest-254203928-project] Matched version: v2 {{(pid=117091) process_request /opt/stack/glance/glance/api/middleware/version_negotiation.py:69}}
Nov 29 21:49:09.334154 dv-cinder-819722-1-iscsi devstack@g-api.service[117091]: DEBUG glance.api.middleware.version_negotiation [None req-91aa23c9-28f9-4376-a9c4-99977d76cfb7 tempest-VolumesCloneTest-254203928 tempest-VolumesCloneTest-254203928-project] new path /v2/schemas/image {{(pid=117091) process_request /opt/stack/glance/glance/api/middleware/version_negotiation.py:70}}
Nov 29 21:49:09.338097 dv-cinder-819722-1-iscsi devstack@g-api.service[117091]: [pid: 117091|app: 0|req: 48/90] 127.0.0.1 () {40 vars in 796 bytes} [Mon Nov 29 21:49:09 2021] GET /v2/schemas/image => generated 6083 bytes in 5 msecs (HTTP/1.1 200) 4 headers in 158 bytes (1 switches on core 0)
Nov 29 21:49:09.345250 dv-cinder-819722-1-iscsi devstack@g-api.service[117090]: DEBUG glance.api.middleware.version_negotiation [None req-fdac874d-3dee-4d67-955c-bf6c935be834 tempest-VolumesNegativeTest-1937537599 tempest-VolumesNegativeTest-1937537599-project] Determining version of request: GET /v2/schemas/image Accept: */* {{(pid=117090) process_request /opt/stack/glance/glance/api/middleware/version_negotiation.py:44}}
Nov 29 21:49:09.345551 dv-cinder-819722-1-iscsi devstack@g-api.service[117090]: DEBUG glance.api.middleware.version_negotiation [None req-fdac874d-3dee-4d67-955c-bf6c935be834 tempest-VolumesNegativeTest-1937537599 tempest-VolumesNegativeTest-1937537599-project] Using url versioning {{(pid=117090) process_request /opt/stack/glance/glance/api/middleware/version_negotiation.py:57}}
Nov 29 21:49:09.345992 dv-cinder-819722-1-iscsi devstack@g-api.service[117090]: DEBUG glance.api.middleware.version_negotiation [None req-fdac874d-3dee-4d67-955c-bf6c935be834 tempest-VolumesNegativeTest-1937537599 tempest-VolumesNegativeTest-1937537599-project] Matched version: v2 {{(pid=117090) process_request /opt/stack/glance/glance/api/middleware/version_negotiation.py:69}}
Nov 29 21:49:09.346372 dv-cinder-819722-1-iscsi devstack@g-api.service[117090]: DEBUG glance.api.middleware.version_negotiation [None req-fdac874d-3dee-4d67-955c-bf6c935be834 tempest-VolumesNegativeTest-1937537599 tempest-VolumesNegativeTest-1937537599-project] new path /v2/schemas/image {{(pid=117090) process_request /opt/stack/glance/glance/api/middleware/version_negotiation.py:70}}
Nov 29 21:49:09.350328 dv-cinder-819722-1-iscsi devstack@g-api.service[117090]: [pid: 117090|app: 0|req: 43/91] 127.0.0.1 () {40 vars in 796 bytes} [Mon Nov 29 21:49:09 2021] GET /v2/schemas/image => generated 6083 bytes in 5 msecs (HTTP/1.1 200) 4 headers in 158 bytes (1 switches on core 0)
Nov 29 21:49:09.355787 dv-cinder-819722-1-iscsi devstack@g-api.service[117091]: DEBUG glance.api.middleware.version_negotiation [None req-fdac874d-3dee-4d67-955c-bf6c935be834 tempest-VolumesNegativeTest-1937537599 tempest-VolumesNegativeTest-1937537599-project] Determining version of request: GET /v2/images/b2225c42-4f0b-4992-8347-868513a87f2a Accept: */* {{(pid=117091) process_request /opt/stack/glance/glance/api/middleware/version_negotiation.py:44}}
Nov 29 21:49:09.356166 dv-cinder-819722-1-iscsi devstack@g-api.service[117091]: DEBUG glance.api.middleware.version_negotiation [None req-fdac874d-3dee-4d67-955c-bf6c935be834 tempest-VolumesNegativeTest-1937537599 tempest-VolumesNegativeTest-1937537599-project] Using url versioning {{(pid=117091) process_request /opt/stack/glance/glance/api/middleware/version_negotiation.py:57}}
Nov 29 21:49:09.356548 dv-cinder-819722-1-iscsi devstack@g-api.service[117091]: DEBUG glance.api.middleware.version_negotiation [None req-fdac874d-3dee-4d67-955c-bf6c935be834 tempest-VolumesNegativeTest-1937537599 tempest-VolumesNegativeTest-1937537599-project] Matched version: v2 {{(pid=117091) process_request /opt/stack/glance/glance/api/middleware/version_negotiation.py:69}}
Nov 29 21:49:09.356854 dv-cinder-819722-1-iscsi devstack@g-api.service[117091]: DEBUG glance.api.middleware.version_negotiation [None req-fdac874d-3dee-4d67-955c-bf6c935be834 tempest-VolumesNegativeTest-1937537599 tempest-VolumesNegativeTest-1937537599-project] new path /v2/images/b2225c42-4f0b-4992-8347-868513a87f2a {{(pid=117091) process_request /opt/stack/glance/glance/api/middleware/version_negotiation.py:70}}
Nov 29 21:49:09.371582 dv-cinder-819722-1-iscsi devstack@g-api.service[117091]: [pid: 117091|app: 0|req: 49/92] 127.0.0.1 () {40 vars in 856 bytes} [Mon Nov 29 21:49:09 2021] GET /v2/images/b2225c42-4f0b-4992-8347-868513a87f2a => generated 810 bytes in 16 msecs (HTTP/1.1 200) 4 headers in 157 bytes (1 switches on core 0)
Nov 29 21:49:09.376701 dv-cinder-819722-1-iscsi devstack@g-api.service[117090]: DEBUG glance.api.middleware.version_negotiation [None req-fdac874d-3dee-4d67-955c-bf6c935be834 tempest-VolumesNegativeTest-1937537599 tempest-VolumesNegativeTest-1937537599-project] Determining version of request: GET /v2/schemas/image Accept: */* {{(pid=117090) process_request /opt/stack/glance/glance/api/middleware/version_negotiation.py:44}}
Nov 29 21:49:09.377044 dv-cinder-819722-1-iscsi devstack@g-api.service[117090]: DEBUG glance.api.middleware.version_negotiation [None req-fdac874d-3dee-4d67-955c-bf6c935be834 tempest-VolumesNegativeTest-1937537599 tempest-VolumesNegativeTest-1937537599-project] Using url versioning {{(pid=117090) process_request /opt/stack/glance/glance/api/middleware/version_negotiation.py:57}}
Nov 29 21:49:09.377366 dv-cinder-819722-1-iscsi devstack@g-api.service[117090]: DEBUG glance.api.middleware.version_negotiation [None req-fdac874d-3dee-4d67-955c-bf6c935be834 tempest-VolumesNegativeTest-1937537599 tempest-VolumesNegativeTest-1937537599-project] Matched version: v2 {{(pid=117090) process_request /opt/stack/glance/glance/api/middleware/version_negotiation.py:69}}
Nov 29 21:49:09.377651 dv-cinder-819722-1-iscsi devstack@g-api.service[117090]: DEBUG glance.api.middleware.version_negotiation [None req-fdac874d-3dee-4d67-955c-bf6c935be834 tempest-VolumesNegativeTest-1937537599 tempest-VolumesNegativeTest-1937537599-project] new path /v2/schemas/image {{(pid=117090) process_request /opt/stack/glance/glance/api/middleware/version_negotiation.py:70}}
Nov 29 21:49:09.381911 dv-cinder-819722-1-iscsi devstack@g-api.service[117090]: [pid: 117090|app: 0|req: 44/93] 127.0.0.1 () {40 vars in 796 bytes} [Mon Nov 29 21:49:09 2021] GET /v2/schemas/image => generated 6083 bytes in 5 msecs (HTTP/1.1 200) 4 headers in 158 bytes (1 switches on core 0)
Nov 29 21:49:09.387978 dv-cinder-819722-1-iscsi devstack@g-api.service[117091]: DEBUG glance.api.middleware.version_negotiation [None req-fdac874d-3dee-4d67-955c-bf6c935be834 tempest-VolumesNegativeTest-1937537599 tempest-VolumesNegativeTest-1937537599-project] Determining version of request: GET /v2/schemas/image Accept: */* {{(pid=117091) process_request /opt/stack/glance/glance/api/middleware/version_negotiation.py:44}}
Nov 29 21:49:09.388317 dv-cinder-819722-1-iscsi devstack@g-api.service[117091]: DEBUG glance.api.middleware.version_negotiation [None req-fdac874d-3dee-4d67-955c-bf6c935be834 tempest-VolumesNegativeTest-1937537599 tempest-VolumesNegativeTest-1937537599-project] Using url versioning {{(pid=117091) process_request /opt/stack/glance/glance/api/middleware/version_negotiation.py:57}}
Nov 29 21:49:09.388640 dv-cinder-819722-1-iscsi devstack@g-api.service[117091]: DEBUG glance.api.middleware.version_negotiation [None req-fdac874d-3dee-4d67-955c-bf6c935be834 tempest-VolumesNegativeTest-1937537599 tempest-VolumesNegativeTest-1937537599-project] Matched version: v2 {{(pid=117091) process_request /opt/stack/glance/glance/api/middleware/version_negotiation.py:69}}
Nov 29 21:49:09.388932 dv-cinder-819722-1-iscsi devstack@g-api.service[117091]: DEBUG glance.api.middleware.version_negotiation [None req-fdac874d-3dee-4d67-955c-bf6c935be834 tempest-VolumesNegativeTest-1937537599 tempest-VolumesNegativeTest-1937537599-project] new path /v2/schemas/image {{(pid=117091) process_request /opt/stack/glance/glance/api/middleware/version_negotiation.py:70}}
Nov 29 21:49:09.392744 dv-cinder-819722-1-iscsi devstack@g-api.service[117091]: [pid: 117091|app: 0|req: 50/94] 127.0.0.1 () {40 vars in 796 bytes} [Mon Nov 29 21:49:09 2021] GET /v2/schemas/image => generated 6083 bytes in 5 msecs (HTTP/1.1 200) 4 headers in 158 bytes (1 switches on core 0)
Nov 29 21:49:09.430567 dv-cinder-819722-1-iscsi devstack@g-api.service[117090]: DEBUG glance.api.middleware.version_negotiation [None req-fdac874d-3dee-4d67-955c-bf6c935be834 tempest-VolumesNegativeTest-1937537599 tempest-VolumesNegativeTest-1937537599-project] Determining version of request: GET /v2/images/b2225c42-4f0b-4992-8347-868513a87f2a Accept: */* {{(pid=117090) process_request /opt/stack/glance/glance/api/middleware/version_negotiation.py:44}}
Nov 29 21:49:09.430913 dv-cinder-819722-1-iscsi devstack@g-api.service[117090]: DEBUG glance.api.middleware.version_negotiation [None req-fdac874d-3dee-4d67-955c-bf6c935be834 tempest-VolumesNegativeTest-1937537599 tempest-VolumesNegativeTest-1937537599-project] Using url versioning {{(pid=117090) process_request /opt/stack/glance/glance/api/middleware/version_negotiation.py:57}}
Nov 29 21:49:09.431271 dv-cinder-819722-1-iscsi devstack@g-api.service[117090]: DEBUG glance.api.middleware.version_negotiation [None req-fdac874d-3dee-4d67-955c-bf6c935be834 tempest-VolumesNegativeTest-1937537599 tempest-VolumesNegativeTest-1937537599-project] Matched version: v2 {{(pid=117090) process_request /opt/stack/glance/glance/api/middleware/version_negotiation.py:69}}
Nov 29 21:49:09.431561 dv-cinder-819722-1-iscsi devstack@g-api.service[117090]: DEBUG glance.api.middleware.version_negotiation [None req-fdac874d-3dee-4d67-955c-bf6c935be834 tempest-VolumesNegativeTest-1937537599 tempest-VolumesNegativeTest-1937537599-project] new path /v2/images/b2225c42-4f0b-4992-8347-868513a87f2a {{(pid=117090) process_request /opt/stack/glance/glance/api/middleware/version_negotiation.py:70}}
Nov 29 21:49:09.445750 dv-cinder-819722-1-iscsi devstack@g-api.service[117090]: [pid: 117090|app: 0|req: 45/95] 127.0.0.1 () {40 vars in 856 bytes} [Mon Nov 29 21:49:09 2021] GET /v2/images/b2225c42-4f0b-4992-8347-868513a87f2a => generated 810 bytes in 15 msecs (HTTP/1.1 200) 4 headers in 157 bytes (1 switches on core 0)
Nov 29 21:49:09.450895 dv-cinder-819722-1-iscsi devstack@g-api.service[117091]: DEBUG glance.api.middleware.version_negotiation [None req-fdac874d-3dee-4d67-955c-bf6c935be834 tempest-VolumesNegativeTest-1937537599 tempest-VolumesNegativeTest-1937537599-project] Determining version of request: GET /v2/schemas/image Accept: */* {{(pid=117091) process_request /opt/stack/glance/glance/api/middleware/version_negotiation.py:44}}
Nov 29 21:49:09.451270 dv-cinder-819722-1-iscsi devstack@g-api.service[117091]: DEBUG glance.api.middleware.version_negotiation [None req-fdac874d-3dee-4d67-955c-bf6c935be834 tempest-VolumesNegativeTest-1937537599 tempest-VolumesNegativeTest-1937537599-project] Using url versioning {{(pid=117091) process_request /opt/stack/glance/glance/api/middleware/version_negotiation.py:57}}
Nov 29 21:49:09.452110 dv-cinder-819722-1-iscsi devstack@g-api.service[117091]: DEBUG glance.api.middleware.version_negotiation [None req-fdac874d-3dee-4d67-955c-bf6c935be834 tempest-VolumesNegativeTest-1937537599 tempest-VolumesNegativeTest-1937537599-project] Matched version: v2 {{(pid=117091) process_request /opt/stack/glance/glance/api/middleware/version_negotiation.py:69}}
Nov 29 21:49:09.452390 dv-cinder-819722-1-iscsi devstack@g-api.service[117091]: DEBUG glance.api.middleware.version_negotiation [None req-fdac874d-3dee-4d67-955c-bf6c935be834 tempest-VolumesNegativeTest-1937537599 tempest-VolumesNegativeTest-1937537599-project] new path /v2/schemas/image {{(pid=117091) process_request /opt/stack/glance/glance/api/middleware/version_negotiation.py:70}}
Nov 29 21:49:09.456470 dv-cinder-819722-1-iscsi devstack@g-api.service[117091]: [pid: 117091|app: 0|req: 51/96] 127.0.0.1 () {40 vars in 796 bytes} [Mon Nov 29 21:49:09 2021] GET /v2/schemas/image => generated 6083 bytes in 6 msecs (HTTP/1.1 200) 4 headers in 158 bytes (1 switches on core 0)
Nov 29 21:49:09.476002 dv-cinder-819722-1-iscsi devstack@g-api.service[117090]: DEBUG glance.api.middleware.version_negotiation [None req-fdac874d-3dee-4d67-955c-bf6c935be834 tempest-VolumesNegativeTest-1937537599 tempest-VolumesNegativeTest-1937537599-project] Determining version of request: DELETE /v2/images/b2225c42-4f0b-4992-8347-868513a87f2a Accept: application/json {{(pid=117090) process_request /opt/stack/glance/glance/api/middleware/version_negotiation.py:44}}
Nov 29 21:49:09.476341 dv-cinder-819722-1-iscsi devstack@g-api.service[117090]: DEBUG glance.api.middleware.version_negotiation [None req-fdac874d-3dee-4d67-955c-bf6c935be834 tempest-VolumesNegativeTest-1937537599 tempest-VolumesNegativeTest-1937537599-project] Using url versioning {{(pid=117090) process_request /opt/stack/glance/glance/api/middleware/version_negotiation.py:57}}
Nov 29 21:49:09.476662 dv-cinder-819722-1-iscsi devstack@g-api.service[117090]: DEBUG glance.api.middleware.version_negotiation [None req-fdac874d-3dee-4d67-955c-bf6c935be834 tempest-VolumesNegativeTest-1937537599 tempest-VolumesNegativeTest-1937537599-project] Matched version: v2 {{(pid=117090) process_request /opt/stack/glance/glance/api/middleware/version_negotiation.py:69}}
Nov 29 21:49:09.476946 dv-cinder-819722-1-iscsi devstack@g-api.service[117090]: DEBUG glance.api.middleware.version_negotiation [None req-fdac874d-3dee-4d67-955c-bf6c935be834 tempest-VolumesNegativeTest-1937537599 tempest-VolumesNegativeTest-1937537599-project] new path /v2/images/b2225c42-4f0b-4992-8347-868513a87f2a {{(pid=117090) process_request /opt/stack/glance/glance/api/middleware/version_negotiation.py:70}}
Nov 29 21:49:09.491453 dv-cinder-819722-1-iscsi devstack@g-api.service[117090]: WARNING glance.api.v2.images [None req-0b4bcdc7-fb47-4d28-be3a-60cf88f475c8 tempest-VolumesNegativeTest-1937537599 tempest-VolumesNegativeTest-1937537599-project] After upload to backend, deletion of staged image data has failed because it cannot be found at /tmp/staging//b2225c42-4f0b-4992-8347-868513a87f2a
Nov 29 21:49:09.492532 dv-cinder-819722-1-iscsi devstack@g-api.service[117090]: DEBUG glance_store.backend [None req-0b4bcdc7-fb47-4d28-be3a-60cf88f475c8 tempest-VolumesNegativeTest-1937537599 tempest-VolumesNegativeTest-1937537599-project] Attempting to import store swift {{(pid=117090) _load_store /usr/local/lib/python3.8/dist-packages/glance_store/backend.py:217}}
Nov 29 21:49:09.496576 dv-cinder-819722-1-iscsi devstack@g-api.service[117090]: DEBUG glance_store.capabilities [None req-0b4bcdc7-fb47-4d28-be3a-60cf88f475c8 tempest-VolumesNegativeTest-1937537599 tempest-VolumesNegativeTest-1937537599-project] Store glance_store._drivers.swift.store.SingleTenantStore doesn't support updating dynamic storage capabilities. Please overwrite 'update_capabilities' method of the store to implement updating logics if needed. {{(pid=117090) update_capabilities /usr/local/lib/python3.8/dist-packages/glance_store/capabilities.py:91}}
Nov 29 21:49:09.496845 dv-cinder-819722-1-iscsi devstack@g-api.service[117090]: DEBUG glance_store.driver [None req-0b4bcdc7-fb47-4d28-be3a-60cf88f475c8 tempest-VolumesNegativeTest-1937537599 tempest-VolumesNegativeTest-1937537599-project] Late loading location class glance_store._drivers.swift.store.StoreLocation {{(pid=117090) get_store_location_class /usr/local/lib/python3.8/dist-packages/glance_store/driver.py:117}}
Nov 29 21:49:09.497124 dv-cinder-819722-1-iscsi devstack@g-api.service[117090]: DEBUG glance_store.location [None req-0b4bcdc7-fb47-4d28-be3a-60cf88f475c8 tempest-VolumesNegativeTest-1937537599 tempest-VolumesNegativeTest-1937537599-project] Registering scheme swift+https with {'store': , 'location_class': , 'store_entry': 'swift'} {{(pid=117090) register_scheme_map /usr/local/lib/python3.8/dist-packages/glance_store/location.py:146}}
Nov 29 21:49:09.497374 dv-cinder-819722-1-iscsi devstack@g-api.service[117090]: DEBUG glance_store.location [None req-0b4bcdc7-fb47-4d28-be3a-60cf88f475c8 tempest-VolumesNegativeTest-1937537599 tempest-VolumesNegativeTest-1937537599-project] Registering scheme swift+https with {'store': , 'location_class': , 'store_entry': 'swift'} {{(pid=117090) register_scheme_map /usr/local/lib/python3.8/dist-packages/glance_store/location.py:146}}
Nov 29 21:49:09.497618 dv-cinder-819722-1-iscsi devstack@g-api.service[117090]: DEBUG glance_store.location [None req-0b4bcdc7-fb47-4d28-be3a-60cf88f475c8 tempest-VolumesNegativeTest-1937537599 tempest-VolumesNegativeTest-1937537599-project] Registering scheme swift with {'store': , 'location_class': , 'store_entry': 'swift'} {{(pid=117090) register_scheme_map /usr/local/lib/python3.8/dist-packages/glance_store/location.py:146}}
Nov 29 21:49:09.497861 dv-cinder-819722-1-iscsi devstack@g-api.service[117090]: DEBUG glance_store.location [None req-0b4bcdc7-fb47-4d28-be3a-60cf88f475c8 tempest-VolumesNegativeTest-1937537599 tempest-VolumesNegativeTest-1937537599-project] Registering scheme swift+https with {'store': , 'location_class': , 'store_entry': 'swift'} {{(pid=117090) register_scheme_map /usr/local/lib/python3.8/dist-packages/glance_store/location.py:146}}
Nov 29 21:49:09.498101 dv-cinder-819722-1-iscsi devstack@g-api.service[117090]: DEBUG glance_store.location [None req-0b4bcdc7-fb47-4d28-be3a-60cf88f475c8 tempest-VolumesNegativeTest-1937537599 tempest-VolumesNegativeTest-1937537599-project] Registering scheme swift with {'store': , 'location_class': , 'store_entry': 'swift'} {{(pid=117090) register_scheme_map /usr/local/lib/python3.8/dist-packages/glance_store/location.py:146}}
Nov 29 21:49:09.498338 dv-cinder-819722-1-iscsi devstack@g-api.service[117090]: DEBUG glance_store.location [None req-0b4bcdc7-fb47-4d28-be3a-60cf88f475c8 tempest-VolumesNegativeTest-1937537599 tempest-VolumesNegativeTest-1937537599-project] Registering scheme swift+http with {'store': , 'location_class': , 'store_entry': 'swift'} {{(pid=117090) register_scheme_map /usr/local/lib/python3.8/dist-packages/glance_store/location.py:146}}
Nov 29 21:49:09.498604 dv-cinder-819722-1-iscsi devstack@g-api.service[117090]: DEBUG glance_store.location [None req-0b4bcdc7-fb47-4d28-be3a-60cf88f475c8 tempest-VolumesNegativeTest-1937537599 tempest-VolumesNegativeTest-1937537599-project] Registering scheme swift+https with {'store': , 'location_class': , 'store_entry': 'swift'} {{(pid=117090) register_scheme_map /usr/local/lib/python3.8/dist-packages/glance_store/location.py:146}}
Nov 29 21:49:09.498840 dv-cinder-819722-1-iscsi devstack@g-api.service[117090]: DEBUG glance_store.location [None req-0b4bcdc7-fb47-4d28-be3a-60cf88f475c8 tempest-VolumesNegativeTest-1937537599 tempest-VolumesNegativeTest-1937537599-project] Registering scheme swift with {'store': , 'location_class': , 'store_entry': 'swift'} {{(pid=117090) register_scheme_map /usr/local/lib/python3.8/dist-packages/glance_store/location.py:146}}
Nov 29 21:49:09.499075 dv-cinder-819722-1-iscsi devstack@g-api.service[117090]: DEBUG glance_store.location [None req-0b4bcdc7-fb47-4d28-be3a-60cf88f475c8 tempest-VolumesNegativeTest-1937537599 tempest-VolumesNegativeTest-1937537599-project] Registering scheme swift+http with {'store': , 'location_class': , 'store_entry': 'swift'} {{(pid=117090) register_scheme_map /usr/local/lib/python3.8/dist-packages/glance_store/location.py:146}}
Nov 29 21:49:09.499338 dv-cinder-819722-1-iscsi devstack@g-api.service[117090]: DEBUG glance_store.location [None req-0b4bcdc7-fb47-4d28-be3a-60cf88f475c8 tempest-VolumesNegativeTest-1937537599 tempest-VolumesNegativeTest-1937537599-project] Registering scheme swift+config with {'store': , 'location_class': , 'store_entry': 'swift'} {{(pid=117090) register_scheme_map /usr/local/lib/python3.8/dist-packages/glance_store/location.py:146}}
Nov 29 21:49:09.500273 dv-cinder-819722-1-iscsi devstack@g-api.service[117090]: DEBUG keystoneclient.auth.identity.v3.base [None req-0b4bcdc7-fb47-4d28-be3a-60cf88f475c8 tempest-VolumesNegativeTest-1937537599 tempest-VolumesNegativeTest-1937537599-project] Making authentication request to http://10.222.0.62/identity/v3/auth/tokens {{(pid=117090) get_auth_ref /usr/local/lib/python3.8/dist-packages/keystoneclient/auth/identity/v3/base.py:187}}
