Dec 09 14:40:36.218949 dv-cinder-819691-8-smb neutron-server[108997]: DEBUG neutron.api.rpc.handlers.resources_rpc [None req-3bccdf13-ac05-4420-86d6-7f7e727c25cf admin admin] Pushing event deleted for resources: {'SecurityGroup': ['ID=a3b131c7-a456-4d65-ba5e-8b0a795fcec3,revision_number=None']} {{(pid=108997) push /opt/stack/neutron/neutron/api/rpc/handlers/resources_rpc.py:237}}
Dec 09 14:40:36.560280 dv-cinder-819691-8-smb neutron-server[108996]: DEBUG neutron.pecan_wsgi.hooks.policy_enforcement [req-95042a60-1cf7-40df-b15b-4d51e32d8d47 req-7f9785a7-42be-473f-9e58-9d7a847e43a0 tempest-AttachVolumeTestJSON-633267219 tempest-AttachVolumeTestJSON-633267219-project] Attributes excluded by policy engine: ['standard_attr_id', 'binding:profile', 'binding:host_id', 'binding:vif_type', 'binding:vif_details'] {{(pid=108996) _exclude_attributes_by_policy /opt/stack/neutron/neutron/pecan_wsgi/hooks/policy_enforcement.py:255}}
Dec 09 14:40:36.563010 dv-cinder-819691-8-smb neutron-server[108996]: INFO neutron.wsgi [req-95042a60-1cf7-40df-b15b-4d51e32d8d47 req-7f9785a7-42be-473f-9e58-9d7a847e43a0 tempest-AttachVolumeTestJSON-633267219 tempest-AttachVolumeTestJSON-633267219-project] 10.222.0.16 "GET /v2.0/ports?device_id=0f65f84a-0229-4d3b-a994-091b376e4b24 HTTP/1.1" status: 200 len: 944 time: 0.0943868
Dec 09 14:40:36.570894 dv-cinder-819691-8-smb neutron-server[108996]: DEBUG neutron.pecan_wsgi.hooks.policy_enforcement [req-504d2c17-615a-44d8-884b-682dd227ba06 req-bce56c48-0dda-40c3-b84a-511a5b94bd2e tempest-DeleteServersTestJSON-1320533699 tempest-DeleteServersTestJSON-1320533699-project] Attributes excluded by policy engine: ['standard_attr_id', 'binding:profile', 'binding:host_id', 'binding:vif_type', 'binding:vif_details'] {{(pid=108996) _exclude_attributes_by_policy /opt/stack/neutron/neutron/pecan_wsgi/hooks/policy_enforcement.py:255}}
Dec 09 14:40:36.572329 dv-cinder-819691-8-smb neutron-server[108996]: INFO neutron.wsgi [req-504d2c17-615a-44d8-884b-682dd227ba06 req-bce56c48-0dda-40c3-b84a-511a5b94bd2e tempest-DeleteServersTestJSON-1320533699 tempest-DeleteServersTestJSON-1320533699-project] 10.222.0.16 "GET /v2.0/ports?device_id=01b81349-702c-4261-a110-1995a643e22b HTTP/1.1" status: 200 len: 945 time: 0.0901148
Dec 09 14:40:36.654215 dv-cinder-819691-8-smb neutron-server[108996]: INFO neutron.wsgi [req-95042a60-1cf7-40df-b15b-4d51e32d8d47 req-1cc21b3b-dbf3-483f-bb65-fc5254f83dc0 tempest-AttachVolumeTestJSON-633267219 tempest-AttachVolumeTestJSON-633267219-project] 10.222.0.16 "GET /v2.0/security-groups?id=50fc8956-4158-4ad5-b725-705b40d0b7d5&fields=id&fields=name HTTP/1.1" status: 200 len: 312 time: 0.0753314
Dec 09 14:40:36.658608 dv-cinder-819691-8-smb neutron-server[108996]: INFO neutron.wsgi [req-504d2c17-615a-44d8-884b-682dd227ba06 req-85bbbce4-8e7f-4034-99a4-fe96ff0f7ae6 tempest-DeleteServersTestJSON-1320533699 tempest-DeleteServersTestJSON-1320533699-project] 10.222.0.16 "GET /v2.0/security-groups?id=5a1e817c-e0fb-4f78-9814-54b335022c8c&fields=id&fields=name HTTP/1.1" status: 200 len: 286 time: 0.0778315
Dec 09 14:40:36.779930 dv-cinder-819691-8-smb neutron-server[108996]: DEBUG neutron.pecan_wsgi.hooks.policy_enforcement [req-00a07806-21af-4514-9c8c-c844049e6bbc req-394f0110-48ce-4271-b6a7-3c817f850d49 tempest-ServerRescueNegativeTestJSON-1351844839 tempest-ServerRescueNegativeTestJSON-1351844839-project] Attributes excluded by policy engine: ['standard_attr_id', 'binding:profile', 'binding:host_id', 'binding:vif_type', 'binding:vif_details'] {{(pid=108996) _exclude_attributes_by_policy /opt/stack/neutron/neutron/pecan_wsgi/hooks/policy_enforcement.py:255}}
Dec 09 14:40:36.781480 dv-cinder-819691-8-smb neutron-server[108996]: INFO neutron.wsgi [req-00a07806-21af-4514-9c8c-c844049e6bbc req-394f0110-48ce-4271-b6a7-3c817f850d49 tempest-ServerRescueNegativeTestJSON-1351844839 tempest-ServerRescueNegativeTestJSON-1351844839-project] 10.222.0.16 "GET /v2.0/ports?device_id=34b71613-c603-4e49-a59c-4bc27426622f HTTP/1.1" status: 200 len: 945 time: 0.0528939
Dec 09 14:40:36.832377 dv-cinder-819691-8-smb neutron-server[108996]: INFO neutron.wsgi [req-00a07806-21af-4514-9c8c-c844049e6bbc req-e48a1d02-e62e-4f2a-adcd-34b31591edda tempest-ServerRescueNegativeTestJSON-1351844839 tempest-ServerRescueNegativeTestJSON-1351844839-project] 10.222.0.16 "GET /v2.0/security-groups?id=bd5022ae-82a7-47b4-86a0-24aef11710ec&fields=id&fields=name HTTP/1.1" status: 200 len: 286 time: 0.0447180
Dec 09 14:40:36.901313 dv-cinder-819691-8-smb neutron-server[108996]: DEBUG neutron.pecan_wsgi.hooks.policy_enforcement [req-7f9128b7-8df8-456b-b43d-4c75c80553e3 req-1f703c7b-da26-4142-8f6d-13925b166e3d tempest-AttachVolumeShelveTestJSON-2123360649 tempest-AttachVolumeShelveTestJSON-2123360649-project] Attributes excluded by policy engine: ['standard_attr_id', 'binding:profile', 'binding:host_id', 'binding:vif_type', 'binding:vif_details'] {{(pid=108996) _exclude_attributes_by_policy /opt/stack/neutron/neutron/pecan_wsgi/hooks/policy_enforcement.py:255}}
Dec 09 14:40:36.903191 dv-cinder-819691-8-smb neutron-server[108996]: INFO neutron.wsgi [req-7f9128b7-8df8-456b-b43d-4c75c80553e3 req-1f703c7b-da26-4142-8f6d-13925b166e3d tempest-AttachVolumeShelveTestJSON-2123360649 tempest-AttachVolumeShelveTestJSON-2123360649-project] 10.222.0.16 "GET /v2.0/ports?device_id=acf20b4d-e6d6-4d3b-b08b-d13618ea6bd4 HTTP/1.1" status: 200 len: 946 time: 0.0564198
Dec 09 14:40:36.955385 dv-cinder-819691-8-smb neutron-server[108996]: INFO neutron.wsgi [req-7f9128b7-8df8-456b-b43d-4c75c80553e3 req-10a06a4a-18bc-4b54-bcd4-162f567e644e tempest-AttachVolumeShelveTestJSON-2123360649 tempest-AttachVolumeShelveTestJSON-2123360649-project] 10.222.0.16 "GET /v2.0/security-groups?id=e2c1f632-4c75-43ab-880b-f7332d71c929&fields=id&fields=name HTTP/1.1" status: 200 len: 313 time: 0.0459540
Dec 09 14:40:36.986916 dv-cinder-819691-8-smb neutron-server[108997]: DEBUG neutron.wsgi [-] (108997) accepted ('10.222.0.16', 39706) {{(pid=108997) server /usr/local/lib/python3.8/dist-packages/eventlet/wsgi.py:1004}}
Dec 09 14:40:37.085223 dv-cinder-819691-8-smb neutron-server[108996]: DEBUG neutron.pecan_wsgi.hooks.policy_enforcement [req-2283295d-b8f8-4d2a-8878-98950651753a req-0d7d17f5-77dc-4252-9242-9441c31516ed tempest-AttachVolumeShelveTestJSON-2123360649 tempest-AttachVolumeShelveTestJSON-2123360649-project] Attributes excluded by policy engine: ['standard_attr_id', 'binding:profile', 'binding:host_id', 'binding:vif_type', 'binding:vif_details'] {{(pid=108996) _exclude_attributes_by_policy /opt/stack/neutron/neutron/pecan_wsgi/hooks/policy_enforcement.py:255}}
Dec 09 14:40:37.086941 dv-cinder-819691-8-smb neutron-server[108996]: INFO neutron.wsgi [req-2283295d-b8f8-4d2a-8878-98950651753a req-0d7d17f5-77dc-4252-9242-9441c31516ed tempest-AttachVolumeShelveTestJSON-2123360649 tempest-AttachVolumeShelveTestJSON-2123360649-project] 10.222.0.16 "GET /v2.0/ports?device_id=acf20b4d-e6d6-4d3b-b08b-d13618ea6bd4 HTTP/1.1" status: 200 len: 946 time: 0.0505054
Dec 09 14:40:37.096846 dv-cinder-819691-8-smb neutron-server[108996]: DEBUG neutron.wsgi [-] (108996) accepted ('10.222.0.16', 39714) {{(pid=108996) server /usr/local/lib/python3.8/dist-packages/eventlet/wsgi.py:1004}}
Dec 09 14:40:37.102141 dv-cinder-819691-8-smb neutron-server[108996]: DEBUG neutron.api.v2.base [None req-aaf7914e-290f-48e4-953c-16f6613bbe0e tempest-AttachVolumeShelveTestJSON-2123360649 tempest-AttachVolumeShelveTestJSON-2123360649-project] Request body: {'floatingip': {'port_id': '8a0680a8-00bc-4fb5-aaa8-12880ce3d8e6'}} {{(pid=108996) prepare_request_body /opt/stack/neutron/neutron/api/v2/base.py:729}}
Dec 09 14:40:37.155832 dv-cinder-819691-8-smb neutron-server[108997]: DEBUG neutron_lib.callbacks.manager [None req-ed57385b-5197-4252-a294-ecfbe33ac03e admin admin] Publish callbacks [] for security_group, before_create {{(pid=108997) _notify_loop /usr/local/lib/python3.8/dist-packages/neutron_lib/callbacks/manager.py:175}}
Dec 09 14:40:37.194406 dv-cinder-819691-8-smb neutron-server[108996]: DEBUG neutron_lib.callbacks.manager [None req-aaf7914e-290f-48e4-953c-16f6613bbe0e tempest-AttachVolumeShelveTestJSON-2123360649 tempest-AttachVolumeShelveTestJSON-2123360649-project] Publish callbacks [] for floatingip, before_update {{(pid=108996) _notify_loop /usr/local/lib/python3.8/dist-packages/neutron_lib/callbacks/manager.py:175}}
Dec 09 14:40:37.270690 dv-cinder-819691-8-smb neutron-server[108997]: DEBUG neutron_lib.callbacks.manager [None req-ed57385b-5197-4252-a294-ecfbe33ac03e admin admin] Publish callbacks [] for security_group, precommit_create {{(pid=108997) _notify_loop /usr/local/lib/python3.8/dist-packages/neutron_lib/callbacks/manager.py:175}}
Dec 09 14:40:37.276250 dv-cinder-819691-8-smb neutron-server[108997]: DEBUG neutron_lib.callbacks.manager [None req-ed57385b-5197-4252-a294-ecfbe33ac03e admin admin] Publish callbacks ['neutron.plugins.ml2.ovo_rpc._ObjectChangeHandler.handle_event-568435'] for security_group, after_create {{(pid=108997) _notify_loop /usr/local/lib/python3.8/dist-packages/neutron_lib/callbacks/manager.py:175}}
Dec 09 14:40:37.329159 dv-cinder-819691-8-smb neutron-server[108997]: DEBUG neutron.api.rpc.handlers.resources_rpc [None req-ed57385b-5197-4252-a294-ecfbe33ac03e admin admin] Pushing event updated for resources: {'SecurityGroup': ['ID=dfccfd74-fcec-45d5-86b8-bfc33ac3c550,revision_number=1']} {{(pid=108997) push /opt/stack/neutron/neutron/api/rpc/handlers/resources_rpc.py:237}}
Dec 09 14:40:37.336425 dv-cinder-819691-8-smb neutron-server[108997]: INFO neutron.wsgi [None req-ed57385b-5197-4252-a294-ecfbe33ac03e admin admin] 10.222.0.16 "GET /v2.0/security-groups?tenant_id=01354eddf2c24a3ba70f3e1b6ca81a53&name=default HTTP/1.1" status: 200 len: 2996 time: 0.3459201
Dec 09 14:40:37.337404 dv-cinder-819691-8-smb neutron-server[108997]: DEBUG neutron.wsgi [-] (108997) accepted ('10.222.0.16', 39728) {{(pid=108997) server /usr/local/lib/python3.8/dist-packages/eventlet/wsgi.py:1004}}
Dec 09 14:40:37.342100 dv-cinder-819691-8-smb neutron-server[108998]: DEBUG neutron.plugins.ml2.rpc [None req-664f7045-18b5-41ef-b09c-445a8a3695fb None None] Device 33a79d2a-13c2-42d1-9471-bbabcdff3793 up at agent hyperv_hv-cinder-81969 {{(pid=108998) update_device_up /opt/stack/neutron/neutron/plugins/ml2/rpc.py:296}}
Dec 09 14:40:37.410364 dv-cinder-819691-8-smb neutron-server[108997]: DEBUG neutron_lib.callbacks.manager [None req-e81d9942-6814-4d04-8c73-45183aab3ef0 admin admin] Publish callbacks [] for security_group, before_delete {{(pid=108997) _notify_loop /usr/local/lib/python3.8/dist-packages/neutron_lib/callbacks/manager.py:175}}
Dec 09 14:40:37.435687 dv-cinder-819691-8-smb neutron-server[108997]: DEBUG neutron_lib.callbacks.manager [None req-e81d9942-6814-4d04-8c73-45183aab3ef0 admin admin] Publish callbacks [] for security_group, precommit_delete {{(pid=108997) _notify_loop /usr/local/lib/python3.8/dist-packages/neutron_lib/callbacks/manager.py:175}}
Dec 09 14:40:37.448998 dv-cinder-819691-8-smb neutron-server[108998]: DEBUG neutron.db.provisioning_blocks [None req-664f7045-18b5-41ef-b09c-445a8a3695fb None None] Provisioning for port 33a79d2a-13c2-42d1-9471-bbabcdff3793 completed by entity L2. {{(pid=108998) provisioning_complete /opt/stack/neutron/neutron/db/provisioning_blocks.py:133}}
Dec 09 14:40:37.463922 dv-cinder-819691-8-smb neutron-server[108998]: DEBUG neutron.db.provisioning_blocks [None req-664f7045-18b5-41ef-b09c-445a8a3695fb None None] Provisioning complete for port 33a79d2a-13c2-42d1-9471-bbabcdff3793 triggered by entity L2. {{(pid=108998) provisioning_complete /opt/stack/neutron/neutron/db/provisioning_blocks.py:139}}
Dec 09 14:40:37.466091 dv-cinder-819691-8-smb neutron-server[108998]: DEBUG neutron_lib.callbacks.manager [None req-664f7045-18b5-41ef-b09c-445a8a3695fb None None] Publish callbacks ['neutron.plugins.ml2.plugin.Ml2Plugin._port_provisioned-32956708'] for port, provisioning_complete {{(pid=108998) _notify_loop /usr/local/lib/python3.8/dist-packages/neutron_lib/callbacks/manager.py:175}}
Dec 09 14:40:37.495488 dv-cinder-819691-8-smb neutron-server[108997]: DEBUG neutron_lib.callbacks.manager [None req-e81d9942-6814-4d04-8c73-45183aab3ef0 admin admin] Publish callbacks ['neutron.plugins.ml2.ovo_rpc._ObjectChangeHandler.handle_event-568435'] for security_group, after_delete {{(pid=108997) _notify_loop /usr/local/lib/python3.8/dist-packages/neutron_lib/callbacks/manager.py:175}}
Dec 09 14:40:37.501252 dv-cinder-819691-8-smb neutron-server[108997]: DEBUG neutron_lib.callbacks.manager [None req-e81d9942-6814-4d04-8c73-45183aab3ef0 admin admin] Publish callbacks [] for security_group, before_response {{(pid=108997) _notify_loop /usr/local/lib/python3.8/dist-packages/neutron_lib/callbacks/manager.py:175}}
Dec 09 14:40:37.502912 dv-cinder-819691-8-smb neutron-server[108997]: INFO neutron.wsgi [None req-e81d9942-6814-4d04-8c73-45183aab3ef0 admin admin] 10.222.0.16 "DELETE /v2.0/security-groups/dfccfd74-fcec-45d5-86b8-bfc33ac3c550 HTTP/1.1" status: 204 len: 168 time: 0.1644847
Dec 09 14:40:37.526269 dv-cinder-819691-8-smb neutron-server[108997]: DEBUG neutron.api.rpc.handlers.resources_rpc [None req-e81d9942-6814-4d04-8c73-45183aab3ef0 admin admin] Pushing event deleted for resources: {'SecurityGroup': ['ID=dfccfd74-fcec-45d5-86b8-bfc33ac3c550,revision_number=None']} {{(pid=108997) push /opt/stack/neutron/neutron/api/rpc/handlers/resources_rpc.py:237}}
Dec 09 14:40:37.666049 dv-cinder-819691-8-smb neutron-server[108996]: DEBUG neutron.pecan_wsgi.hooks.policy_enforcement [req-26d0b283-fdcd-49ce-9304-152e8ca3b094 req-4800ccad-6836-415e-bc10-c8716a6ed110 tempest-DeleteServersTestJSON-1320533699 tempest-DeleteServersTestJSON-1320533699-project] Attributes excluded by policy engine: ['standard_attr_id', 'binding:profile', 'binding:host_id', 'binding:vif_type', 'binding:vif_details'] {{(pid=108996) _exclude_attributes_by_policy /opt/stack/neutron/neutron/pecan_wsgi/hooks/policy_enforcement.py:255}}
Dec 09 14:40:37.667823 dv-cinder-819691-8-smb neutron-server[108996]: INFO neutron.wsgi [req-26d0b283-fdcd-49ce-9304-152e8ca3b094 req-4800ccad-6836-415e-bc10-c8716a6ed110 tempest-DeleteServersTestJSON-1320533699 tempest-DeleteServersTestJSON-1320533699-project] 10.222.0.45 "GET /v2.0/ports?device_id=01b81349-702c-4261-a110-1995a643e22b HTTP/1.1" status: 200 len: 945 time: 0.1437147
Dec 09 14:40:37.742732 dv-cinder-819691-8-smb neutron-server[108998]: DEBUG neutron_lib.callbacks.manager [None req-664f7045-18b5-41ef-b09c-445a8a3695fb None None] Publish callbacks ['neutron.plugins.ml2.plugin.SecurityGroupDbMixin._ensure_default_security_group_handler-32955257'] for port, before_update {{(pid=108998) _notify_loop /usr/local/lib/python3.8/dist-packages/neutron_lib/callbacks/manager.py:175}}
Dec 09 14:40:37.782156 dv-cinder-819691-8-smb neutron-server[108998]: DEBUG neutron.notifiers.nova [-] Sending events: [{'server_uuid': '0f65f84a-0229-4d3b-a994-091b376e4b24', 'name': 'network-vif-plugged', 'status': 'completed', 'tag': '33a79d2a-13c2-42d1-9471-bbabcdff3793'}] {{(pid=108998) send_events /opt/stack/neutron/neutron/notifiers/nova.py:262}}
Dec 09 14:40:37.786760 dv-cinder-819691-8-smb neutron-server[108998]: DEBUG novaclient.v2.client [-] REQ: curl -g -i --cacert "/opt/stack/data/ca-bundle.pem" -X POST http://10.222.0.16/compute/v2.1/os-server-external-events -H "Accept: application/json" -H "Content-Type: application/json" -H "User-Agent: python-novaclient" -H "X-Auth-Token: {SHA256}a1745c59b6df4bba03fae8f06eded03dccc3be968300e64395189eb8afb9b273" -H "X-OpenStack-Nova-API-Version: 2.1" -H "X-OpenStack-Request-ID: req-fd4afe92-fa8f-4dae-9ee1-689afe46cb1b" -d '{"events": [{"server_uuid": "0f65f84a-0229-4d3b-a994-091b376e4b24", "name": "network-vif-plugged", "status": "completed", "tag": "33a79d2a-13c2-42d1-9471-bbabcdff3793"}]}' {{(pid=108998) _http_log_request /usr/local/lib/python3.8/dist-packages/keystoneauth1/session.py:519}}
Dec 09 14:40:37.806673 dv-cinder-819691-8-smb neutron-server[108998]: DEBUG neutron.plugins.ml2.db [None req-664f7045-18b5-41ef-b09c-445a8a3695fb None None] For port 33a79d2a-13c2-42d1-9471-bbabcdff3793, host hv-cinder-81969, got binding levels [PortBindingLevel(driver='hyperv',host='hv-cinder-81969',level=0,port_id=33a79d2a-13c2-42d1-9471-bbabcdff3793,segment=NetworkSegment(cc1ec578-90bb-45c2-ae03-3069ce06ed48),segment_id=cc1ec578-90bb-45c2-ae03-3069ce06ed48)] {{(pid=108998) get_binding_level_objs /opt/stack/neutron/neutron/plugins/ml2/db.py:74}}
Dec 09 14:40:37.812751 dv-cinder-819691-8-smb neutron-server[108998]: DEBUG neutron_lib.callbacks.manager [None req-664f7045-18b5-41ef-b09c-445a8a3695fb None None] Publish callbacks ['neutron.plugins.ml2.plugin.SecurityGroupServerNotifierRpcMixin._notify_sg_on_port_change-32955194', 'neutron.plugins.ml2.ovo_rpc._ObjectChangeHandler.handle_event-126050', 'neutron.api.rpc.agentnotifiers.dhcp_rpc_agent_api.DhcpAgentNotifyAPI._native_event_send_dhcp_notification-33060968', 'neutron.db.l3_db.L3RpcNotifierMixin._notify_gateway_port_ip_changed-8742590489393', 'neutron.db.l3_dvrscheduler_db._notify_l3_agent_port_update-8742589941270', 'neutron.db.l3_hascheduler_db._notify_l3_agent_ha_port_update-8742589941288'] for port, after_update {{(pid=108998) _notify_loop /usr/local/lib/python3.8/dist-packages/neutron_lib/callbacks/manager.py:175}}
Dec 09 14:40:37.896821 dv-cinder-819691-8-smb neutron-server[108998]: DEBUG neutron.api.rpc.handlers.resources_rpc [None req-664f7045-18b5-41ef-b09c-445a8a3695fb None None] Pushing event updated for resources: {'Port': ['ID=33a79d2a-13c2-42d1-9471-bbabcdff3793,revision_number=5']} {{(pid=108998) push /opt/stack/neutron/neutron/api/rpc/handlers/resources_rpc.py:237}}
Dec 09 14:40:37.985310 dv-cinder-819691-8-smb neutron-server[108996]: DEBUG neutron.pecan_wsgi.hooks.policy_enforcement [req-f8837fc5-0e7b-4c34-857a-b8be754d14f7 req-85f7317c-e022-4d73-93f0-298487ba607a tempest-DeleteServersTestJSON-1320533699 tempest-DeleteServersTestJSON-1320533699-project] Attributes excluded by policy engine: ['standard_attr_id', 'binding:profile', 'binding:host_id', 'binding:vif_type', 'binding:vif_details'] {{(pid=108996) _exclude_attributes_by_policy /opt/stack/neutron/neutron/pecan_wsgi/hooks/policy_enforcement.py:255}}
Dec 09 14:40:37.992503 dv-cinder-819691-8-smb neutron-server[108996]: INFO neutron.wsgi [req-f8837fc5-0e7b-4c34-857a-b8be754d14f7 req-85f7317c-e022-4d73-93f0-298487ba607a tempest-DeleteServersTestJSON-1320533699 tempest-DeleteServersTestJSON-1320533699-project] 10.222.0.16 "GET /v2.0/ports?device_id=01b81349-702c-4261-a110-1995a643e22b HTTP/1.1" status: 200 len: 945 time: 0.2370610
Dec 09 14:40:38.161756 dv-cinder-819691-8-smb neutron-server[108996]: DEBUG neutron.pecan_wsgi.hooks.policy_enforcement [req-4f2857bd-4eec-49e5-a2fe-35491f0ca7b3 req-ed23d47f-dbb7-4bb7-b98e-80395397b693 tempest-AttachVolumeTestJSON-633267219 tempest-AttachVolumeTestJSON-633267219-project] Attributes excluded by policy engine: ['standard_attr_id', 'binding:profile', 'binding:host_id', 'binding:vif_type', 'binding:vif_details'] {{(pid=108996) _exclude_attributes_by_policy /opt/stack/neutron/neutron/pecan_wsgi/hooks/policy_enforcement.py:255}}
Dec 09 14:40:38.177734 dv-cinder-819691-8-smb neutron-server[108996]: INFO neutron.wsgi [req-4f2857bd-4eec-49e5-a2fe-35491f0ca7b3 req-ed23d47f-dbb7-4bb7-b98e-80395397b693 tempest-AttachVolumeTestJSON-633267219 tempest-AttachVolumeTestJSON-633267219-project] 10.222.0.16 "GET /v2.0/ports?device_id=0f65f84a-0229-4d3b-a994-091b376e4b24 HTTP/1.1" status: 200 len: 945 time: 0.3338809
Dec 09 14:40:38.311281 dv-cinder-819691-8-smb neutron-server[108996]: DEBUG neutron.plugins.ml2.plugin [req-26d0b283-fdcd-49ce-9304-152e8ca3b094 req-7305f133-6d09-4758-874d-7463d4ed2cd2 tempest-DeleteServersTestJSON-1320533699 tempest-DeleteServersTestJSON-1320533699-project] Deleting port b9df7dea-e4cd-4374-b6bb-48c12e923314 {{(pid=108996) _pre_delete_port /opt/stack/neutron/neutron/plugins/ml2/plugin.py:1936}}
Dec 09 14:40:38.311616 dv-cinder-819691-8-smb neutron-server[108996]: DEBUG neutron_lib.callbacks.manager [req-26d0b283-fdcd-49ce-9304-152e8ca3b094 req-7305f133-6d09-4758-874d-7463d4ed2cd2 tempest-DeleteServersTestJSON-1320533699 tempest-DeleteServersTestJSON-1320533699-project] Publish callbacks ['neutron.db.l3_db.L3_NAT_dbonly_mixin._prevent_l3_port_delete_callback-8742590482360'] for port, before_delete {{(pid=108996) _notify_loop /usr/local/lib/python3.8/dist-packages/neutron_lib/callbacks/manager.py:175}}
Dec 09 14:40:38.367085 dv-cinder-819691-8-smb neutron-server[108996]: INFO neutron.wsgi [req-f8837fc5-0e7b-4c34-857a-b8be754d14f7 req-27fdbdaf-84a3-40b8-9d80-5aabcc905a69 tempest-DeleteServersTestJSON-1320533699 tempest-DeleteServersTestJSON-1320533699-project] 10.222.0.16 "GET /v2.0/security-groups?id=5a1e817c-e0fb-4f78-9814-54b335022c8c&fields=id&fields=name HTTP/1.1" status: 200 len: 286 time: 0.3735919
Dec 09 14:40:38.423904 dv-cinder-819691-8-smb neutron-server[108996]: INFO neutron.wsgi [req-4f2857bd-4eec-49e5-a2fe-35491f0ca7b3 req-001090d0-c9d7-4e4d-a34b-ebf0107d1f19 tempest-AttachVolumeTestJSON-633267219 tempest-AttachVolumeTestJSON-633267219-project] 10.222.0.16 "GET /v2.0/security-groups?id=50fc8956-4158-4ad5-b725-705b40d0b7d5&fields=id&fields=name HTTP/1.1" status: 200 len: 312 time: 0.2523656
Dec 09 14:40:38.457350 dv-cinder-819691-8-smb neutron-server[108998]: DEBUG novaclient.v2.client [-] RESP: [200] Connection: close Content-Length: 183 Content-Type: application/json Date: Thu, 09 Dec 2021 14:40:37 GMT OpenStack-API-Version: compute 2.1 Server: Apache/2.4.41 (Ubuntu) Vary: OpenStack-API-Version,X-OpenStack-Nova-API-Version X-OpenStack-Nova-API-Version: 2.1 x-compute-request-id: req-3bc56652-1d7e-4e79-900a-731675211c4c x-openstack-request-id: req-3bc56652-1d7e-4e79-900a-731675211c4c {{(pid=108998) _http_log_response /usr/local/lib/python3.8/dist-packages/keystoneauth1/session.py:550}}
Dec 09 14:40:38.458298 dv-cinder-819691-8-smb neutron-server[108998]: DEBUG novaclient.v2.client [-] RESP BODY: {"events": [{"server_uuid": "0f65f84a-0229-4d3b-a994-091b376e4b24", "name": "network-vif-plugged", "status": "completed", "tag": "33a79d2a-13c2-42d1-9471-bbabcdff3793", "code": 200}]} {{(pid=108998) _http_log_response /usr/local/lib/python3.8/dist-packages/keystoneauth1/session.py:582}}
Dec 09 14:40:38.458734 dv-cinder-819691-8-smb neutron-server[108998]: DEBUG novaclient.v2.client [-] POST call to compute for http://10.222.0.16/compute/v2.1/os-server-external-events used request id req-3bc56652-1d7e-4e79-900a-731675211c4c {{(pid=108998) request /usr/local/lib/python3.8/dist-packages/keystoneauth1/session.py:954}}
Dec 09 14:40:38.459879 dv-cinder-819691-8-smb neutron-server[108998]: INFO neutron.notifiers.nova [-] Nova event response: {'server_uuid': '0f65f84a-0229-4d3b-a994-091b376e4b24', 'name': 'network-vif-plugged', 'status': 'completed', 'tag': '33a79d2a-13c2-42d1-9471-bbabcdff3793', 'code': 200}
Dec 09 14:40:38.623324 dv-cinder-819691-8-smb neutron-server[108996]: DEBUG neutron.plugins.ml2.db [req-26d0b283-fdcd-49ce-9304-152e8ca3b094 req-7305f133-6d09-4758-874d-7463d4ed2cd2 tempest-DeleteServersTestJSON-1320533699 tempest-DeleteServersTestJSON-1320533699-project] For port b9df7dea-e4cd-4374-b6bb-48c12e923314, host hv-cinder-81969, got binding levels [PortBindingLevel(driver='hyperv',host='hv-cinder-81969',level=0,port_id=b9df7dea-e4cd-4374-b6bb-48c12e923314,segment=NetworkSegment(b70b86dc-2095-4b5b-be69-4668bc477a21),segment_id=b70b86dc-2095-4b5b-be69-4668bc477a21)] {{(pid=108996) get_binding_level_objs /opt/stack/neutron/neutron/plugins/ml2/db.py:74}}
Dec 09 14:40:38.623696 dv-cinder-819691-8-smb neutron-server[108996]: DEBUG neutron_lib.callbacks.manager [req-26d0b283-fdcd-49ce-9304-152e8ca3b094 req-7305f133-6d09-4758-874d-7463d4ed2cd2 tempest-DeleteServersTestJSON-1320533699 tempest-DeleteServersTestJSON-1320533699-project] Publish callbacks ['neutron.services.l3_router.l3_router_plugin.L3_NAT_dbonly_mixin._precommit_delete_port_callback-33036525'] for port, precommit_delete {{(pid=108996) _notify_loop /usr/local/lib/python3.8/dist-packages/neutron_lib/callbacks/manager.py:175}}
Dec 09 14:40:38.647644 dv-cinder-819691-8-smb neutron-server[108996]: DEBUG neutron_lib.db.resource_extend [None req-aaf7914e-290f-48e4-953c-16f6613bbe0e tempest-AttachVolumeShelveTestJSON-2123360649 tempest-AttachVolumeShelveTestJSON-2123360649-project] It took 0.12 seconds to run function 'neutron_lib.db.resource_extend.apply_funcs' {{(pid=108996) wrapper /usr/local/lib/python3.8/dist-packages/oslo_utils/timeutils.py:386}}
Dec 09 14:40:38.698818 dv-cinder-819691-8-smb neutron-server[108996]: DEBUG neutron.plugins.ml2.plugin [req-26d0b283-fdcd-49ce-9304-152e8ca3b094 req-7305f133-6d09-4758-874d-7463d4ed2cd2 tempest-DeleteServersTestJSON-1320533699 tempest-DeleteServersTestJSON-1320533699-project] Calling delete_port for b9df7dea-e4cd-4374-b6bb-48c12e923314 owned by compute:nova {{(pid=108996) delete_port /opt/stack/neutron/neutron/plugins/ml2/plugin.py:2014}}
Dec 09 14:40:38.718050 dv-cinder-819691-8-smb neutron-server[108997]: DEBUG neutron.pecan_wsgi.hooks.policy_enforcement [req-f7a31cf1-47f9-4385-85e3-b41faa475bcb req-0b4960c9-2037-46c2-a101-f68871e01412 service neutron] Attributes excluded by policy engine: ['standard_attr_id'] {{(pid=108997) _exclude_attributes_by_policy /opt/stack/neutron/neutron/pecan_wsgi/hooks/policy_enforcement.py:255}}
Dec 09 14:40:38.720989 dv-cinder-819691-8-smb neutron-server[108997]: INFO neutron.wsgi [req-f7a31cf1-47f9-4385-85e3-b41faa475bcb req-0b4960c9-2037-46c2-a101-f68871e01412 service neutron] 10.222.0.45 "GET /v2.0/ports?device_id=0f65f84a-0229-4d3b-a994-091b376e4b24 HTTP/1.1" status: 200 len: 1098 time: 0.0526187
Dec 09 14:40:38.748962 dv-cinder-819691-8-smb neutron-server[108996]: DEBUG neutron.pecan_wsgi.hooks.policy_enforcement [req-0fddb385-7ff6-4c40-88cc-989886d34d7e req-b40fc3f6-aa4c-4fbc-920d-4beceb7670cb tempest-ServerRescueNegativeTestJSON-1351844839 tempest-ServerRescueNegativeTestJSON-1351844839-project] Attributes excluded by policy engine: ['standard_attr_id', 'binding:profile', 'binding:host_id', 'binding:vif_type', 'binding:vif_details'] {{(pid=108996) _exclude_attributes_by_policy /opt/stack/neutron/neutron/pecan_wsgi/hooks/policy_enforcement.py:255}}
Dec 09 14:40:38.751539 dv-cinder-819691-8-smb neutron-server[108996]: INFO neutron.wsgi [req-0fddb385-7ff6-4c40-88cc-989886d34d7e req-b40fc3f6-aa4c-4fbc-920d-4beceb7670cb tempest-ServerRescueNegativeTestJSON-1351844839 tempest-ServerRescueNegativeTestJSON-1351844839-project] 10.222.0.16 "GET /v2.0/ports?device_id=34b71613-c603-4e49-a59c-4bc27426622f HTTP/1.1" status: 200 len: 945 time: 0.2113080
Dec 09 14:40:38.784252 dv-cinder-819691-8-smb neutron-server[108997]: INFO neutron.wsgi [req-f7a31cf1-47f9-4385-85e3-b41faa475bcb req-4a1b01e3-f697-4882-80f7-42546d234d59 service neutron] 10.222.0.45 "GET /v2.0/security-groups?id=50fc8956-4158-4ad5-b725-705b40d0b7d5&fields=id&fields=name HTTP/1.1" status: 200 len: 312 time: 0.0504549
Dec 09 14:40:38.861345 dv-cinder-819691-8-smb neutron-server[108996]: DEBUG neutron_lib.callbacks.manager [None req-aaf7914e-290f-48e4-953c-16f6613bbe0e tempest-AttachVolumeShelveTestJSON-2123360649 tempest-AttachVolumeShelveTestJSON-2123360649-project] Publish callbacks [] for floatingip, precommit_update {{(pid=108996) _notify_loop /usr/local/lib/python3.8/dist-packages/neutron_lib/callbacks/manager.py:175}}
Dec 09 14:40:38.869375 dv-cinder-819691-8-smb neutron-server[108996]: DEBUG neutron_lib.callbacks.manager [None req-aaf7914e-290f-48e4-953c-16f6613bbe0e tempest-AttachVolumeShelveTestJSON-2123360649 tempest-AttachVolumeShelveTestJSON-2123360649-project] Publish callbacks ['neutron.services.l3_router.l3_router_plugin.DVRResourceOperationHandler._create_dvr_floating_gw_port-524126'] for floatingip, after_update {{(pid=108996) _notify_loop /usr/local/lib/python3.8/dist-packages/neutron_lib/callbacks/manager.py:175}}
Dec 09 14:40:38.956303 dv-cinder-819691-8-smb neutron-server[108996]: INFO neutron.wsgi [req-0fddb385-7ff6-4c40-88cc-989886d34d7e req-a8cdb072-d76d-4304-a8d0-acdd8d1089a5 tempest-ServerRescueNegativeTestJSON-1351844839 tempest-ServerRescueNegativeTestJSON-1351844839-project] 10.222.0.16 "GET /v2.0/security-groups?id=bd5022ae-82a7-47b4-86a0-24aef11710ec&fields=id&fields=name HTTP/1.1" status: 200 len: 286 time: 0.1292305
Dec 09 14:40:39.044312 dv-cinder-819691-8-smb neutron-server[108996]: INFO neutron.db.l3_db [None req-aaf7914e-290f-48e4-953c-16f6613bbe0e tempest-AttachVolumeShelveTestJSON-2123360649 tempest-AttachVolumeShelveTestJSON-2123360649-project] Floating IP e274571c-7e9c-48f2-9efc-b6df9cd12d73 associated. External IP: 172.28.2.39, port: 8a0680a8-00bc-4fb5-aaa8-12880ce3d8e6.
Dec 09 14:40:39.335100 dv-cinder-819691-8-smb neutron-server[108996]: DEBUG neutron_lib.callbacks.manager [req-26d0b283-fdcd-49ce-9304-152e8ca3b094 req-7305f133-6d09-4758-874d-7463d4ed2cd2 tempest-DeleteServersTestJSON-1320533699 tempest-DeleteServersTestJSON-1320533699-project] Publish callbacks ['neutron.plugins.ml2.plugin.SecurityGroupServerNotifierRpcMixin._notify_sg_on_port_change-32955194', 'neutron.plugins.ml2.ovo_rpc._ObjectChangeHandler.handle_event-126050', 'neutron.api.rpc.agentnotifiers.dhcp_rpc_agent_api.DhcpAgentNotifyAPI._native_event_send_dhcp_notification-33060968', 'neutron.db.l3_db.L3RpcNotifierMixin._notify_routers_callback-8742590489375', 'neutron.db.l3_dvrscheduler_db._notify_port_delete-8742589941261'] for port, after_delete {{(pid=108996) _notify_loop /usr/local/lib/python3.8/dist-packages/neutron_lib/callbacks/manager.py:175}}
Dec 09 14:40:39.366182 dv-cinder-819691-8-smb neutron-server[108998]: DEBUG neutron.plugins.ml2.db [None req-664f7045-18b5-41ef-b09c-445a8a3695fb None None] get_ports_and_sgs() called for port_ids ['b9df7dea-e4cd-4374-b6bb-48c12e923314'] {{(pid=108998) get_ports_and_sgs /opt/stack/neutron/neutron/plugins/ml2/db.py:156}}
Dec 09 14:40:39.368761 dv-cinder-819691-8-smb neutron-server[108996]: DEBUG neutron.api.rpc.handlers.resources_rpc [None req-7305f133-6d09-4758-874d-7463d4ed2cd2 tempest-DeleteServersTestJSON-1320533699 tempest-DeleteServersTestJSON-1320533699-project] Pushing event deleted for resources: {'Port': ['ID=b9df7dea-e4cd-4374-b6bb-48c12e923314,revision_number=None']} {{(pid=108996) push /opt/stack/neutron/neutron/api/rpc/handlers/resources_rpc.py:237}}
Dec 09 14:40:39.514727 dv-cinder-819691-8-smb neutron-server[108997]: DEBUG neutron.wsgi [-] (108997) accepted ('10.222.0.16', 39842) {{(pid=108997) server /usr/local/lib/python3.8/dist-packages/eventlet/wsgi.py:1004}}
Dec 09 14:40:39.528662 dv-cinder-819691-8-smb neutron-server[108996]: DEBUG neutron.db.l3_dvrscheduler_db [req-26d0b283-fdcd-49ce-9304-152e8ca3b094 req-7305f133-6d09-4758-874d-7463d4ed2cd2 tempest-DeleteServersTestJSON-1320533699 tempest-DeleteServersTestJSON-1320533699-project] No DVR routers for this DVR port b9df7dea-e4cd-4374-b6bb-48c12e923314 on host hv-cinder-81969 {{(pid=108996) get_dvr_routers_to_remove /opt/stack/neutron/neutron/db/l3_dvrscheduler_db.py:214}}
Dec 09 14:40:39.532118 dv-cinder-819691-8-smb neutron-server[108996]: DEBUG neutron_lib.callbacks.manager [req-26d0b283-fdcd-49ce-9304-152e8ca3b094 req-7305f133-6d09-4758-874d-7463d4ed2cd2 tempest-DeleteServersTestJSON-1320533699 tempest-DeleteServersTestJSON-1320533699-project] Publish callbacks ['neutron.notifiers.nova.Notifier._send_nova_notification-216730'] for port, before_response {{(pid=108996) _notify_loop /usr/local/lib/python3.8/dist-packages/neutron_lib/callbacks/manager.py:175}}
Dec 09 14:40:39.535719 dv-cinder-819691-8-smb neutron-server[108996]: INFO neutron.wsgi [req-26d0b283-fdcd-49ce-9304-152e8ca3b094 req-7305f133-6d09-4758-874d-7463d4ed2cd2 tempest-DeleteServersTestJSON-1320533699 tempest-DeleteServersTestJSON-1320533699-project] 10.222.0.45 "DELETE /v2.0/ports/b9df7dea-e4cd-4374-b6bb-48c12e923314 HTTP/1.1" status: 204 len: 173 time: 1.8151159
Dec 09 14:40:39.546435 dv-cinder-819691-8-smb neutron-server[108996]: DEBUG neutron.notifiers.nova [-] Sending events: [{'server_uuid': '01b81349-702c-4261-a110-1995a643e22b', 'name': 'network-vif-deleted', 'tag': 'b9df7dea-e4cd-4374-b6bb-48c12e923314'}] {{(pid=108996) send_events /opt/stack/neutron/neutron/notifiers/nova.py:262}}
Dec 09 14:40:39.548911 dv-cinder-819691-8-smb neutron-server[108996]: DEBUG novaclient.v2.client [-] REQ: curl -g -i --cacert "/opt/stack/data/ca-bundle.pem" -X POST http://10.222.0.16/compute/v2.1/os-server-external-events -H "Accept: application/json" -H "Content-Type: application/json" -H "User-Agent: python-novaclient" -H "X-Auth-Token: {SHA256}0badf692d3b254ea7348b9eefc4d2a5d6e9dc8d1ebf0d97e050ff0f2e88718c5" -H "X-OpenStack-Nova-API-Version: 2.1" -H "X-OpenStack-Request-ID: req-e98ca1db-d0a7-4723-bf34-1a16293b8570" -d '{"events": [{"server_uuid": "01b81349-702c-4261-a110-1995a643e22b", "name": "network-vif-deleted", "tag": "b9df7dea-e4cd-4374-b6bb-48c12e923314"}]}' {{(pid=108996) _http_log_request /usr/local/lib/python3.8/dist-packages/keystoneauth1/session.py:519}}
Dec 09 14:40:39.559310 dv-cinder-819691-8-smb neutron-server[108997]: DEBUG neutron.wsgi [-] (108997) accepted ('10.222.0.16', 39848) {{(pid=108997) server /usr/local/lib/python3.8/dist-packages/eventlet/wsgi.py:1004}}
Dec 09 14:40:39.594527 dv-cinder-819691-8-smb neutron-server[108996]: INFO neutron.wsgi [req-cf419880-55be-4e55-96d8-3801b43f5d99 req-31bdd90b-4037-4a99-86bc-02e221e6416b tempest-DeleteServersTestJSON-1320533699 tempest-DeleteServersTestJSON-1320533699-project] 10.222.0.16 "GET /v2.0/ports?device_id=01b81349-702c-4261-a110-1995a643e22b HTTP/1.1" status: 200 len: 210 time: 0.0825691
Dec 09 14:40:39.682190 dv-cinder-819691-8-smb neutron-server[108996]: DEBUG novaclient.v2.client [-] RESP: [200] Connection: close Content-Length: 183 Content-Type: application/json Date: Thu, 09 Dec 2021 14:40:39 GMT OpenStack-API-Version: compute 2.1 Server: Apache/2.4.41 (Ubuntu) Vary: OpenStack-API-Version,X-OpenStack-Nova-API-Version X-OpenStack-Nova-API-Version: 2.1 x-compute-request-id: req-a3521ceb-3503-4c86-b9a4-bc7bfced3847 x-openstack-request-id: req-a3521ceb-3503-4c86-b9a4-bc7bfced3847 {{(pid=108996) _http_log_response /usr/local/lib/python3.8/dist-packages/keystoneauth1/session.py:550}}
Dec 09 14:40:39.682482 dv-cinder-819691-8-smb neutron-server[108996]: DEBUG novaclient.v2.client [-] RESP BODY: {"events": [{"server_uuid": "01b81349-702c-4261-a110-1995a643e22b", "name": "network-vif-deleted", "tag": "b9df7dea-e4cd-4374-b6bb-48c12e923314", "status": "completed", "code": 200}]} {{(pid=108996) _http_log_response /usr/local/lib/python3.8/dist-packages/keystoneauth1/session.py:582}}
Dec 09 14:40:39.682718 dv-cinder-819691-8-smb neutron-server[108997]: DEBUG neutron_lib.callbacks.manager [None req-20716290-4e2c-4f7b-9963-e72c2fa75e54 admin admin] Publish callbacks [] for security_group, before_create {{(pid=108997) _notify_loop /usr/local/lib/python3.8/dist-packages/neutron_lib/callbacks/manager.py:175}}
Dec 09 14:40:39.682816 dv-cinder-819691-8-smb neutron-server[108996]: DEBUG novaclient.v2.client [-] POST call to compute for http://10.222.0.16/compute/v2.1/os-server-external-events used request id req-a3521ceb-3503-4c86-b9a4-bc7bfced3847 {{(pid=108996) request /usr/local/lib/python3.8/dist-packages/keystoneauth1/session.py:954}}
Dec 09 14:40:39.683105 dv-cinder-819691-8-smb neutron-server[108996]: INFO neutron.notifiers.nova [-] Nova event response: {'server_uuid': '01b81349-702c-4261-a110-1995a643e22b', 'name': 'network-vif-deleted', 'tag': 'b9df7dea-e4cd-4374-b6bb-48c12e923314', 'status': 'completed', 'code': 200}
Dec 09 14:40:39.719746 dv-cinder-819691-8-smb neutron-server[108996]: DEBUG neutron.pecan_wsgi.hooks.policy_enforcement [req-6763a3f1-1399-4629-a20d-823331d0d313 req-74de476d-f1cf-424a-943d-624ca9913bec tempest-AttachVolumeTestJSON-633267219 tempest-AttachVolumeTestJSON-633267219-project] Attributes excluded by policy engine: ['standard_attr_id', 'binding:profile', 'binding:host_id', 'binding:vif_type', 'binding:vif_details'] {{(pid=108996) _exclude_attributes_by_policy /opt/stack/neutron/neutron/pecan_wsgi/hooks/policy_enforcement.py:255}}
Dec 09 14:40:39.726989 dv-cinder-819691-8-smb neutron-server[108996]: INFO neutron.wsgi [req-6763a3f1-1399-4629-a20d-823331d0d313 req-74de476d-f1cf-424a-943d-624ca9913bec tempest-AttachVolumeTestJSON-633267219 tempest-AttachVolumeTestJSON-633267219-project] 10.222.0.16 "GET /v2.0/ports?device_id=0f65f84a-0229-4d3b-a994-091b376e4b24 HTTP/1.1" status: 200 len: 945 time: 0.2005749
Dec 09 14:40:39.776551 dv-cinder-819691-8-smb neutron-server[108997]: DEBUG neutron_lib.callbacks.manager [None req-84a39bf7-323a-4f08-aa8c-01431c9164ca admin admin] Publish callbacks [] for security_group, before_create {{(pid=108997) _notify_loop /usr/local/lib/python3.8/dist-packages/neutron_lib/callbacks/manager.py:175}}
Dec 09 14:40:39.788702 dv-cinder-819691-8-smb neutron-server[108997]: DEBUG neutron_lib.callbacks.manager [None req-20716290-4e2c-4f7b-9963-e72c2fa75e54 admin admin] Publish callbacks [] for security_group, precommit_create {{(pid=108997) _notify_loop /usr/local/lib/python3.8/dist-packages/neutron_lib/callbacks/manager.py:175}}
Dec 09 14:40:39.797330 dv-cinder-819691-8-smb neutron-server[108997]: DEBUG neutron_lib.callbacks.manager [None req-20716290-4e2c-4f7b-9963-e72c2fa75e54 admin admin] Publish callbacks ['neutron.plugins.ml2.ovo_rpc._ObjectChangeHandler.handle_event-568435'] for security_group, after_create {{(pid=108997) _notify_loop /usr/local/lib/python3.8/dist-packages/neutron_lib/callbacks/manager.py:175}}
Dec 09 14:40:39.822516 dv-cinder-819691-8-smb neutron-server[108996]: INFO neutron.wsgi [req-6763a3f1-1399-4629-a20d-823331d0d313 req-58ec5aa7-c7ef-4cf8-ba44-c3dc62906bbe tempest-AttachVolumeTestJSON-633267219 tempest-AttachVolumeTestJSON-633267219-project] 10.222.0.16 "GET /v2.0/security-groups?id=50fc8956-4158-4ad5-b725-705b40d0b7d5&fields=id&fields=name HTTP/1.1" status: 200 len: 312 time: 0.0643978
Dec 09 14:40:39.824894 dv-cinder-819691-8-smb neutron-server[108996]: DEBUG neutron.scheduler.l3_agent_scheduler [None req-aaf7914e-290f-48e4-953c-16f6613bbe0e tempest-AttachVolumeShelveTestJSON-2123360649 tempest-AttachVolumeShelveTestJSON-2123360649-project] Router f49c06c8-5df1-4dd4-8aec-d946e2d85b98 has already been hosted by L3 agent ea4ca234-e98e-4a3f-b768-de1a014a3935 {{(pid=108996) _get_candidates /opt/stack/neutron/neutron/scheduler/l3_agent_scheduler.py:126}}
Dec 09 14:40:39.851536 dv-cinder-819691-8-smb neutron-server[108997]: DEBUG neutron.api.rpc.handlers.resources_rpc [None req-20716290-4e2c-4f7b-9963-e72c2fa75e54 admin admin] Pushing event updated for resources: {'SecurityGroup': ['ID=159c40ad-bbce-4b9c-820e-c46eb0ad8c03,revision_number=1']} {{(pid=108997) push /opt/stack/neutron/neutron/api/rpc/handlers/resources_rpc.py:237}}
Dec 09 14:40:39.857455 dv-cinder-819691-8-smb neutron-server[108997]: INFO neutron.wsgi [None req-20716290-4e2c-4f7b-9963-e72c2fa75e54 admin admin] 10.222.0.16 "GET /v2.0/security-groups?tenant_id=58ff1807e65840ecad63201e01145c6c&name=default HTTP/1.1" status: 200 len: 2996 time: 0.2969718
Dec 09 14:40:39.860040 dv-cinder-819691-8-smb neutron-server[108997]: DEBUG neutron.wsgi [-] (108997) accepted ('10.222.0.16', 39852) {{(pid=108997) server /usr/local/lib/python3.8/dist-packages/eventlet/wsgi.py:1004}}
Dec 09 14:40:39.948504 dv-cinder-819691-8-smb neutron-server[108997]: DEBUG neutron_lib.callbacks.manager [None req-84a39bf7-323a-4f08-aa8c-01431c9164ca admin admin] Publish callbacks [] for security_group, precommit_create {{(pid=108997) _notify_loop /usr/local/lib/python3.8/dist-packages/neutron_lib/callbacks/manager.py:175}}
Dec 09 14:40:39.954571 dv-cinder-819691-8-smb neutron-server[108997]: DEBUG neutron_lib.callbacks.manager [None req-ff4502d6-c525-4d7a-81f9-a8051009f126 admin admin] Publish callbacks [] for security_group, before_delete {{(pid=108997) _notify_loop /usr/local/lib/python3.8/dist-packages/neutron_lib/callbacks/manager.py:175}}
Dec 09 14:40:39.956066 dv-cinder-819691-8-smb neutron-server[108997]: DEBUG neutron_lib.callbacks.manager [None req-84a39bf7-323a-4f08-aa8c-01431c9164ca admin admin] Publish callbacks ['neutron.plugins.ml2.ovo_rpc._ObjectChangeHandler.handle_event-568435'] for security_group, after_create {{(pid=108997) _notify_loop /usr/local/lib/python3.8/dist-packages/neutron_lib/callbacks/manager.py:175}}
Dec 09 14:40:39.965662 dv-cinder-819691-8-smb neutron-server[108996]: DEBUG neutron.api.rpc.agentnotifiers.l3_rpc_agent_api [None req-aaf7914e-290f-48e4-953c-16f6613bbe0e tempest-AttachVolumeShelveTestJSON-2123360649 tempest-AttachVolumeShelveTestJSON-2123360649-project] Notify agent at l3_agent.dv-cinder-819691-8-smb the message routers_updated {{(pid=108996) _agent_notification /opt/stack/neutron/neutron/api/rpc/agentnotifiers/l3_rpc_agent_api.py:65}}
Dec 09 14:40:39.971419 dv-cinder-819691-8-smb neutron-server[108996]: DEBUG neutron_lib.callbacks.manager [None req-aaf7914e-290f-48e4-953c-16f6613bbe0e tempest-AttachVolumeShelveTestJSON-2123360649 tempest-AttachVolumeShelveTestJSON-2123360649-project] Publish callbacks ['neutron.notifiers.nova.Notifier._send_nova_notification-216730'] for floatingip, before_response {{(pid=108996) _notify_loop /usr/local/lib/python3.8/dist-packages/neutron_lib/callbacks/manager.py:175}}
Dec 09 14:40:39.993858 dv-cinder-819691-8-smb neutron-server[108999]: DEBUG neutron.api.rpc.handlers.l3_rpc [None req-1ff35a9b-a4af-44f3-af42-903cb78d33d2 None None] Sync routers for ids ['f49c06c8-5df1-4dd4-8aec-d946e2d85b98'] in dv-cinder-819691-8-smb {{(pid=108999) sync_routers /opt/stack/neutron/neutron/api/rpc/handlers/l3_rpc.py:125}}
Dec 09 14:40:40.005132 dv-cinder-819691-8-smb neutron-server[108996]: INFO neutron.wsgi [None req-aaf7914e-290f-48e4-953c-16f6613bbe0e tempest-AttachVolumeShelveTestJSON-2123360649 tempest-AttachVolumeShelveTestJSON-2123360649-project] 10.222.0.16 "PUT /v2.0/floatingips/e274571c-7e9c-48f2-9efc-b6df9cd12d73 HTTP/1.1" status: 200 len: 991 time: 2.9072008
Dec 09 14:40:40.008402 dv-cinder-819691-8-smb neutron-server[108999]: DEBUG neutron.db.l3_dvrscheduler_db [None req-1ff35a9b-a4af-44f3-af42-903cb78d33d2 None None] Routers {'f49c06c8-5df1-4dd4-8aec-d946e2d85b98'} bound to L3 agent in host dv-cinder-819691-8-smb {{(pid=108999) _get_router_ids_for_agent /opt/stack/neutron/neutron/db/l3_dvrscheduler_db.py:420}}
Dec 09 14:40:40.009050 dv-cinder-819691-8-smb neutron-server[108999]: DEBUG neutron.db.l3_hamode_db [None req-1ff35a9b-a4af-44f3-af42-903cb78d33d2 None None] neutron.services.l3_router.l3_router_plugin.L3RouterPlugin method get_ha_sync_data_for_host called with arguments (, 'dv-cinder-819691-8-smb', Agent(admin_state_up=True,agent_type='L3 agent',availability_zone='nova',binary='neutron-l3-agent',configurations={"agent_mode": "legacy", "ex_gw_ports": 4, "extensions": [], "floating_ips": 0, "handle_internal_only_routers": true, "interface_driver": "openvswitch", "interfaces": 4, "log_agent_heartbeats": false, "routers": 4},created_at=2021-12-09T14:31:48Z,description=,heartbeat_timestamp=2021-12-09T14:40:18Z,host='dv-cinder-819691-8-smb',id=ea4ca234-e98e-4a3f-b768-de1a014a3935,load=0,resource_versions=,resources_synced=,started_at=2021-12-09T14:31:48Z,topic='l3_agent')) {'router_ids': ['f49c06c8-5df1-4dd4-8aec-d946e2d85b98'], 'active': True} {{(pid=108999) wrapper /usr/local/lib/python3.8/dist-packages/oslo_log/helpers.py:65}}
Dec 09 14:40:40.038537 dv-cinder-819691-8-smb neutron-server[108997]: DEBUG neutron_lib.callbacks.manager [None req-ff4502d6-c525-4d7a-81f9-a8051009f126 admin admin] Publish callbacks [] for security_group, precommit_delete {{(pid=108997) _notify_loop /usr/local/lib/python3.8/dist-packages/neutron_lib/callbacks/manager.py:175}}
Dec 09 14:40:40.042452 dv-cinder-819691-8-smb neutron-server[108997]: INFO neutron.wsgi [None req-84a39bf7-323a-4f08-aa8c-01431c9164ca admin admin] 10.222.0.16 "GET /v2.0/security-groups?tenant_id=c95953e072654d3c93abf9edf0968f36&name=default HTTP/1.1" status: 200 len: 2996 time: 0.5264733
Dec 09 14:40:40.048824 dv-cinder-819691-8-smb neutron-server[108997]: DEBUG neutron.api.rpc.handlers.resources_rpc [None req-84a39bf7-323a-4f08-aa8c-01431c9164ca admin admin] Pushing event updated for resources: {'SecurityGroup': ['ID=b8119a3c-557b-43d0-8441-fd081e6bd098,revision_number=1']} {{(pid=108997) push /opt/stack/neutron/neutron/api/rpc/handlers/resources_rpc.py:237}}
Dec 09 14:40:40.049296 dv-cinder-819691-8-smb neutron-server[108996]: DEBUG neutron.wsgi [-] (108996) accepted ('10.222.0.16', 39858) {{(pid=108996) server /usr/local/lib/python3.8/dist-packages/eventlet/wsgi.py:1004}}
Dec 09 14:40:40.113202 dv-cinder-819691-8-smb neutron-server[108997]: DEBUG neutron_lib.callbacks.manager [None req-ff4502d6-c525-4d7a-81f9-a8051009f126 admin admin] Publish callbacks ['neutron.plugins.ml2.ovo_rpc._ObjectChangeHandler.handle_event-568435'] for security_group, after_delete {{(pid=108997) _notify_loop /usr/local/lib/python3.8/dist-packages/neutron_lib/callbacks/manager.py:175}}
Dec 09 14:40:40.115659 dv-cinder-819691-8-smb neutron-server[108997]: DEBUG neutron_lib.callbacks.manager [None req-ff4502d6-c525-4d7a-81f9-a8051009f126 admin admin] Publish callbacks [] for security_group, before_response {{(pid=108997) _notify_loop /usr/local/lib/python3.8/dist-packages/neutron_lib/callbacks/manager.py:175}}
Dec 09 14:40:40.116803 dv-cinder-819691-8-smb neutron-server[108997]: INFO neutron.wsgi [None req-ff4502d6-c525-4d7a-81f9-a8051009f126 admin admin] 10.222.0.16 "DELETE /v2.0/security-groups/159c40ad-bbce-4b9c-820e-c46eb0ad8c03 HTTP/1.1" status: 204 len: 168 time: 0.2556109
Dec 09 14:40:40.129269 dv-cinder-819691-8-smb neutron-server[108997]: DEBUG neutron.api.rpc.handlers.resources_rpc [None req-ff4502d6-c525-4d7a-81f9-a8051009f126 admin admin] Pushing event deleted for resources: {'SecurityGroup': ['ID=159c40ad-bbce-4b9c-820e-c46eb0ad8c03,revision_number=None']} {{(pid=108997) push /opt/stack/neutron/neutron/api/rpc/handlers/resources_rpc.py:237}}
Dec 09 14:40:40.135386 dv-cinder-819691-8-smb neutron-server[108999]: DEBUG neutron.db.l3_dvr_db [None req-1ff35a9b-a4af-44f3-af42-903cb78d33d2 None None] Set router f49c06c8-5df1-4dd4-8aec-d946e2d85b98 gateway port host: dv-cinder-819691-8-smb {{(pid=108999) _build_routers_list /opt/stack/neutron/neutron/db/l3_dvr_db.py:906}}
Dec 09 14:40:40.144498 dv-cinder-819691-8-smb neutron-server[108996]: DEBUG neutron.pecan_wsgi.hooks.policy_enforcement [req-907dc24c-dad3-473b-867f-5af5d2dc9f3e req-3b892de6-b69a-44a4-8a84-ad648847243f tempest-ServerRescueNegativeTestJSON-1351844839 tempest-ServerRescueNegativeTestJSON-1351844839-project] Attributes excluded by policy engine: ['standard_attr_id', 'binding:profile', 'binding:host_id', 'binding:vif_type', 'binding:vif_details'] {{(pid=108996) _exclude_attributes_by_policy /opt/stack/neutron/neutron/pecan_wsgi/hooks/policy_enforcement.py:255}}
Dec 09 14:40:40.146522 dv-cinder-819691-8-smb neutron-server[108996]: INFO neutron.wsgi [req-907dc24c-dad3-473b-867f-5af5d2dc9f3e req-3b892de6-b69a-44a4-8a84-ad648847243f tempest-ServerRescueNegativeTestJSON-1351844839 tempest-ServerRescueNegativeTestJSON-1351844839-project] 10.222.0.16 "GET /v2.0/ports?device_id=34b71613-c603-4e49-a59c-4bc27426622f HTTP/1.1" status: 200 len: 945 time: 0.1114333
Dec 09 14:40:40.201436 dv-cinder-819691-8-smb neutron-server[108996]: DEBUG neutron_lib.callbacks.manager [None req-f8b0210c-9e8d-41f6-9f79-4b69d2d09701 admin admin] Publish callbacks [] for security_group, before_delete {{(pid=108996) _notify_loop /usr/local/lib/python3.8/dist-packages/neutron_lib/callbacks/manager.py:175}}
Dec 09 14:40:40.226005 dv-cinder-819691-8-smb neutron-server[108996]: INFO neutron.wsgi [req-907dc24c-dad3-473b-867f-5af5d2dc9f3e req-22a703a7-6f4a-4eaa-a51f-d13f23ceb197 tempest-ServerRescueNegativeTestJSON-1351844839 tempest-ServerRescueNegativeTestJSON-1351844839-project] 10.222.0.16 "GET /v2.0/security-groups?id=bd5022ae-82a7-47b4-86a0-24aef11710ec&fields=id&fields=name HTTP/1.1" status: 200 len: 286 time: 0.0722859
Dec 09 14:40:40.238235 dv-cinder-819691-8-smb neutron-server[108996]: DEBUG neutron_lib.callbacks.manager [None req-f8b0210c-9e8d-41f6-9f79-4b69d2d09701 admin admin] Publish callbacks [] for security_group, precommit_delete {{(pid=108996) _notify_loop /usr/local/lib/python3.8/dist-packages/neutron_lib/callbacks/manager.py:175}}
Dec 09 14:40:40.301263 dv-cinder-819691-8-smb neutron-server[108996]: DEBUG neutron_lib.callbacks.manager [None req-f8b0210c-9e8d-41f6-9f79-4b69d2d09701 admin admin] Publish callbacks ['neutron.plugins.ml2.ovo_rpc._ObjectChangeHandler.handle_event-568435'] for security_group, after_delete {{(pid=108996) _notify_loop /usr/local/lib/python3.8/dist-packages/neutron_lib/callbacks/manager.py:175}}
Dec 09 14:40:40.304559 dv-cinder-819691-8-smb neutron-server[108996]: DEBUG neutron_lib.callbacks.manager [None req-f8b0210c-9e8d-41f6-9f79-4b69d2d09701 admin admin] Publish callbacks [] for security_group, before_response {{(pid=108996) _notify_loop /usr/local/lib/python3.8/dist-packages/neutron_lib/callbacks/manager.py:175}}
Dec 09 14:40:40.309894 dv-cinder-819691-8-smb neutron-server[108996]: INFO neutron.wsgi [None req-f8b0210c-9e8d-41f6-9f79-4b69d2d09701 admin admin] 10.222.0.16 "DELETE /v2.0/security-groups/b8119a3c-557b-43d0-8441-fd081e6bd098 HTTP/1.1" status: 204 len: 168 time: 0.2323813
Dec 09 14:40:40.320247 dv-cinder-819691-8-smb neutron-server[108996]: DEBUG neutron.api.rpc.handlers.resources_rpc [None req-f8b0210c-9e8d-41f6-9f79-4b69d2d09701 admin admin] Pushing event deleted for resources: {'SecurityGroup': ['ID=b8119a3c-557b-43d0-8441-fd081e6bd098,revision_number=None']} {{(pid=108996) push /opt/stack/neutron/neutron/api/rpc/handlers/resources_rpc.py:237}}
