Nov 29 20:24:11.952178 dv-cinder-819690-1-smb devstack@placement-api.service[103106]: DEBUG placement.objects.research_context [req-48281a65-f726-4713-bfd2-37672e906f50 req-bc1ae044-d88e-48c8-970f-9c82ff908318 service placement] found 1 providers with available 1 VCPU {{(pid=103106) get_provider_ids_matching /opt/stack/placement/placement/objects/research_context.py:549}}
Nov 29 20:24:11.952627 dv-cinder-819690-1-smb devstack@placement-api.service[103106]: DEBUG placement.objects.research_context [req-48281a65-f726-4713-bfd2-37672e906f50 req-bc1ae044-d88e-48c8-970f-9c82ff908318 service placement] found 1 providers after filtering by previous result {{(pid=103106) get_provider_ids_matching /opt/stack/placement/placement/objects/research_context.py:580}}
Nov 29 20:24:11.964468 dv-cinder-819690-1-smb devstack@placement-api.service[103106]: DEBUG placement.objects.allocation_candidate [req-48281a65-f726-4713-bfd2-37672e906f50 req-bc1ae044-d88e-48c8-970f-9c82ff908318 service placement] RequestGroup(use_same_provider=False, resources={DISK_GB:1, MEMORY_MB:1024, VCPU:1}, traits=[], aggregates=[]) (suffix '') returned 1 matches {{(pid=103106) _get_by_requests /opt/stack/placement/placement/objects/allocation_candidate.py:145}}
Nov 29 20:24:11.964809 dv-cinder-819690-1-smb devstack@placement-api.service[103106]: DEBUG placement.objects.allocation_candidate [req-48281a65-f726-4713-bfd2-37672e906f50 req-bc1ae044-d88e-48c8-970f-9c82ff908318 service placement] Merging candidates yields 1 allocation requests and 1 provider summaries {{(pid=103106) _merge_candidates /opt/stack/placement/placement/objects/allocation_candidate.py:783}}
Nov 29 20:24:11.966814 dv-cinder-819690-1-smb devstack@placement-api.service[103106]: INFO placement.requestlog [req-48281a65-f726-4713-bfd2-37672e906f50 req-bc1ae044-d88e-48c8-970f-9c82ff908318 service placement] 10.222.0.60 "GET /placement/allocation_candidates?limit=1000&resources=DISK_GB%3A1%2CMEMORY_MB%3A1024%2CVCPU%3A1&root_required=%21COMPUTE_STATUS_DISABLED" status: 200 len: 767 microversion: 1.36
Nov 29 20:24:11.970130 dv-cinder-819690-1-smb devstack@placement-api.service[103106]: [pid: 103106|app: 0|req: 50/98] 10.222.0.60 () {60 vars in 1506 bytes} [Mon Nov 29 20:24:11 2021] GET /placement/allocation_candidates?limit=1000&resources=DISK_GB%3A1%2CMEMORY_MB%3A1024%2CVCPU%3A1&root_required=%21COMPUTE_STATUS_DISABLED => generated 767 bytes in 75 msecs (HTTP/1.1 200) 8 headers in 296 bytes (1 switches on core 0)
Nov 29 20:24:12.003919 dv-cinder-819690-1-smb devstack@placement-api.service[103107]: DEBUG placement.requestlog [req-48281a65-f726-4713-bfd2-37672e906f50 req-a020ec60-763f-4b6b-817b-c5e3194ae4b4 None None] Starting request: 10.222.0.60 "GET /placement/allocations/a6d67df3-e9ae-4c10-825b-0aca82e19a8d" {{(pid=103107) __call__ /opt/stack/placement/placement/requestlog.py:55}}
Nov 29 20:24:12.015682 dv-cinder-819690-1-smb devstack@placement-api.service[103107]: INFO placement.requestlog [req-48281a65-f726-4713-bfd2-37672e906f50 req-a020ec60-763f-4b6b-817b-c5e3194ae4b4 service placement] 10.222.0.60 "GET /placement/allocations/a6d67df3-e9ae-4c10-825b-0aca82e19a8d" status: 200 len: 19 microversion: 1.28
Nov 29 20:24:12.016077 dv-cinder-819690-1-smb devstack@placement-api.service[103107]: [pid: 103107|app: 0|req: 49/99] 10.222.0.60 () {60 vars in 1380 bytes} [Mon Nov 29 20:24:12 2021] GET /placement/allocations/a6d67df3-e9ae-4c10-825b-0aca82e19a8d => generated 19 bytes in 12 msecs (HTTP/1.1 200) 8 headers in 295 bytes (1 switches on core 0)
Nov 29 20:24:12.024257 dv-cinder-819690-1-smb devstack@placement-api.service[103106]: DEBUG placement.requestlog [req-48281a65-f726-4713-bfd2-37672e906f50 req-2b990092-99a4-4209-a75c-e6286d0a7bba None None] Starting request: 10.222.0.60 "PUT /placement/allocations/a6d67df3-e9ae-4c10-825b-0aca82e19a8d" {{(pid=103106) __call__ /opt/stack/placement/placement/requestlog.py:55}}
Nov 29 20:24:12.100265 dv-cinder-819690-1-smb devstack@placement-api.service[103106]: DEBUG placement.handlers.allocation [req-48281a65-f726-4713-bfd2-37672e906f50 req-2b990092-99a4-4209-a75c-e6286d0a7bba service placement] Successfully wrote allocations [, , ] {{(pid=103106) _update_consumers_and_create_allocations /opt/stack/placement/placement/handlers/allocation.py:462}}
Nov 29 20:24:12.110193 dv-cinder-819690-1-smb devstack@placement-api.service[103106]: INFO placement.requestlog [req-48281a65-f726-4713-bfd2-37672e906f50 req-2b990092-99a4-4209-a75c-e6286d0a7bba service placement] 10.222.0.60 "PUT /placement/allocations/a6d67df3-e9ae-4c10-825b-0aca82e19a8d" status: 204 len: 0 microversion: 1.36
Nov 29 20:24:12.110875 dv-cinder-819690-1-smb devstack@placement-api.service[103106]: [pid: 103106|app: 0|req: 51/100] 10.222.0.60 () {64 vars in 1433 bytes} [Mon Nov 29 20:24:12 2021] PUT /placement/allocations/a6d67df3-e9ae-4c10-825b-0aca82e19a8d => generated 0 bytes in 87 msecs (HTTP/1.1 204) 5 headers in 199 bytes (1 switches on core 0)
Nov 29 20:24:12.451780 dv-cinder-819690-1-smb devstack@placement-api.service[103107]: DEBUG placement.requestlog [req-48281a65-f726-4713-bfd2-37672e906f50 req-1f8d12af-9f7d-4d2d-9857-dbdcfd90f03f None None] Starting request: 10.222.0.53 "GET /placement/allocations/a6d67df3-e9ae-4c10-825b-0aca82e19a8d" {{(pid=103107) __call__ /opt/stack/placement/placement/requestlog.py:55}}
Nov 29 20:24:12.476194 dv-cinder-819690-1-smb devstack@placement-api.service[103107]: INFO placement.requestlog [req-48281a65-f726-4713-bfd2-37672e906f50 req-1f8d12af-9f7d-4d2d-9857-dbdcfd90f03f service placement] 10.222.0.53 "GET /placement/allocations/a6d67df3-e9ae-4c10-825b-0aca82e19a8d" status: 200 len: 259 microversion: 1.28
Nov 29 20:24:12.476920 dv-cinder-819690-1-smb devstack@placement-api.service[103107]: [pid: 103107|app: 0|req: 50/101] 10.222.0.53 () {60 vars in 1377 bytes} [Mon Nov 29 20:24:12 2021] GET /placement/allocations/a6d67df3-e9ae-4c10-825b-0aca82e19a8d => generated 259 bytes in 25 msecs (HTTP/1.1 200) 8 headers in 296 bytes (2 switches on core 0)
Nov 29 20:24:16.390389 dv-cinder-819690-1-smb devstack@placement-api.service[103106]: DEBUG placement.requestlog [req-17f65782-dede-4c8f-9f09-8b0dca8bf3e3 req-1d449766-7127-41a8-bea1-4647d70eca25 None None] Starting request: 10.222.0.53 "DELETE /placement/allocations/56a34a7a-8877-4e39-8ac1-68a6e6971cf6" {{(pid=103106) __call__ /opt/stack/placement/placement/requestlog.py:55}}
Nov 29 20:24:16.457552 dv-cinder-819690-1-smb devstack@placement-api.service[103106]: DEBUG placement.handlers.allocation [req-17f65782-dede-4c8f-9f09-8b0dca8bf3e3 req-1d449766-7127-41a8-bea1-4647d70eca25 service placement] Successfully deleted allocations [, , ] {{(pid=103106) delete_allocations /opt/stack/placement/placement/handlers/allocation.py:627}}
Nov 29 20:24:16.458744 dv-cinder-819690-1-smb devstack@placement-api.service[103106]: INFO placement.requestlog [req-17f65782-dede-4c8f-9f09-8b0dca8bf3e3 req-1d449766-7127-41a8-bea1-4647d70eca25 service placement] 10.222.0.53 "DELETE /placement/allocations/56a34a7a-8877-4e39-8ac1-68a6e6971cf6" status: 204 len: 0 microversion: 1.0
Nov 29 20:24:16.459304 dv-cinder-819690-1-smb devstack@placement-api.service[103106]: [pid: 103106|app: 0|req: 52/102] 10.222.0.53 () {60 vars in 1355 bytes} [Mon Nov 29 20:24:16 2021] DELETE /placement/allocations/56a34a7a-8877-4e39-8ac1-68a6e6971cf6 => generated 0 bytes in 69 msecs (HTTP/1.1 204) 5 headers in 198 bytes (1 switches on core 0)
Nov 29 20:24:26.248829 dv-cinder-819690-1-smb devstack@placement-api.service[103107]: DEBUG placement.requestlog [req-1f784c4a-d190-4658-bf85-29c801af07f6 req-797c8ffd-1fcb-4b00-bf17-e1ba66a6e787 None None] Starting request: 10.222.0.53 "DELETE /placement/allocations/403ee617-4d59-40ba-927f-aeb969fbf420" {{(pid=103107) __call__ /opt/stack/placement/placement/requestlog.py:55}}
Nov 29 20:24:26.280497 dv-cinder-819690-1-smb devstack@placement-api.service[103107]: DEBUG placement.handlers.allocation [req-1f784c4a-d190-4658-bf85-29c801af07f6 req-797c8ffd-1fcb-4b00-bf17-e1ba66a6e787 service placement] Successfully deleted allocations [, , ] {{(pid=103107) delete_allocations /opt/stack/placement/placement/handlers/allocation.py:627}}
Nov 29 20:24:26.282192 dv-cinder-819690-1-smb devstack@placement-api.service[103107]: INFO placement.requestlog [req-1f784c4a-d190-4658-bf85-29c801af07f6 req-797c8ffd-1fcb-4b00-bf17-e1ba66a6e787 service placement] 10.222.0.53 "DELETE /placement/allocations/403ee617-4d59-40ba-927f-aeb969fbf420" status: 204 len: 0 microversion: 1.0
Nov 29 20:24:26.282546 dv-cinder-819690-1-smb devstack@placement-api.service[103107]: [pid: 103107|app: 0|req: 51/103] 10.222.0.53 () {60 vars in 1355 bytes} [Mon Nov 29 20:24:26 2021] DELETE /placement/allocations/403ee617-4d59-40ba-927f-aeb969fbf420 => generated 0 bytes in 34 msecs (HTTP/1.1 204) 5 headers in 198 bytes (1 switches on core 0)
Nov 29 20:25:12.636321 dv-cinder-819690-1-smb devstack@placement-api.service[103106]: DEBUG placement.requestlog [req-7924dbf8-d5b6-48d2-85f1-330464f79754 req-395c00c1-46e8-4cf4-a430-0871d4609b0c None None] Starting request: 10.222.0.53 "GET /placement/resource_providers/290c8f28-99c8-493e-a098-3b31c0f7bc37/allocations" {{(pid=103106) __call__ /opt/stack/placement/placement/requestlog.py:55}}
Nov 29 20:25:12.657152 dv-cinder-819690-1-smb devstack@placement-api.service[103106]: INFO placement.requestlog [req-7924dbf8-d5b6-48d2-85f1-330464f79754 req-395c00c1-46e8-4cf4-a430-0871d4609b0c service placement] 10.222.0.53 "GET /placement/resource_providers/290c8f28-99c8-493e-a098-3b31c0f7bc37/allocations" status: 200 len: 356 microversion: 1.0
Nov 29 20:25:12.657509 dv-cinder-819690-1-smb devstack@placement-api.service[103106]: [pid: 103106|app: 0|req: 53/104] 10.222.0.53 () {58 vars in 1390 bytes} [Mon Nov 29 20:25:12 2021] GET /placement/resource_providers/290c8f28-99c8-493e-a098-3b31c0f7bc37/allocations => generated 356 bytes in 21 msecs (HTTP/1.1 200) 6 headers in 224 bytes (2 switches on core 0)
Nov 29 20:25:23.175791 dv-cinder-819690-1-smb devstack@placement-api.service[103107]: DEBUG placement.requestlog [req-46b7b904-44de-48c0-9b60-644044ff9ed1 req-5157b8a0-5d7c-476d-afe3-eb404094c015 None None] Starting request: 10.222.0.53 "DELETE /placement/allocations/a6d67df3-e9ae-4c10-825b-0aca82e19a8d" {{(pid=103107) __call__ /opt/stack/placement/placement/requestlog.py:55}}
Nov 29 20:25:23.210945 dv-cinder-819690-1-smb devstack@placement-api.service[103107]: DEBUG placement.handlers.allocation [req-46b7b904-44de-48c0-9b60-644044ff9ed1 req-5157b8a0-5d7c-476d-afe3-eb404094c015 service placement] Successfully deleted allocations [, , ] {{(pid=103107) delete_allocations /opt/stack/placement/placement/handlers/allocation.py:627}}
Nov 29 20:25:23.211813 dv-cinder-819690-1-smb devstack@placement-api.service[103107]: INFO placement.requestlog [req-46b7b904-44de-48c0-9b60-644044ff9ed1 req-5157b8a0-5d7c-476d-afe3-eb404094c015 service placement] 10.222.0.53 "DELETE /placement/allocations/a6d67df3-e9ae-4c10-825b-0aca82e19a8d" status: 204 len: 0 microversion: 1.0
Nov 29 20:25:23.212975 dv-cinder-819690-1-smb devstack@placement-api.service[103107]: [pid: 103107|app: 0|req: 52/105] 10.222.0.53 () {60 vars in 1355 bytes} [Mon Nov 29 20:25:23 2021] DELETE /placement/allocations/a6d67df3-e9ae-4c10-825b-0aca82e19a8d => generated 0 bytes in 37 msecs (HTTP/1.1 204) 5 headers in 198 bytes (1 switches on core 0)
Nov 29 20:25:35.346888 dv-cinder-819690-1-smb devstack@placement-api.service[103106]: DEBUG placement.requestlog [req-3ae77f43-1ea6-4d91-940b-bf2cf4b48f8e req-b956c726-a205-4c9b-8a4a-6c18b2b3c21e None None] Starting request: 10.222.0.53 "DELETE /placement/allocations/5a28f576-8d8d-412e-97b7-11f1e20f41f7" {{(pid=103106) __call__ /opt/stack/placement/placement/requestlog.py:55}}
Nov 29 20:25:35.378860 dv-cinder-819690-1-smb devstack@placement-api.service[103106]: DEBUG placement.handlers.allocation [req-3ae77f43-1ea6-4d91-940b-bf2cf4b48f8e req-b956c726-a205-4c9b-8a4a-6c18b2b3c21e service placement] Successfully deleted allocations [, , ] {{(pid=103106) delete_allocations /opt/stack/placement/placement/handlers/allocation.py:627}}
Nov 29 20:25:35.379448 dv-cinder-819690-1-smb devstack@placement-api.service[103106]: INFO placement.requestlog [req-3ae77f43-1ea6-4d91-940b-bf2cf4b48f8e req-b956c726-a205-4c9b-8a4a-6c18b2b3c21e service placement] 10.222.0.53 "DELETE /placement/allocations/5a28f576-8d8d-412e-97b7-11f1e20f41f7" status: 204 len: 0 microversion: 1.0
Nov 29 20:25:35.379979 dv-cinder-819690-1-smb devstack@placement-api.service[103106]: [pid: 103106|app: 0|req: 54/106] 10.222.0.53 () {60 vars in 1355 bytes} [Mon Nov 29 20:25:35 2021] DELETE /placement/allocations/5a28f576-8d8d-412e-97b7-11f1e20f41f7 => generated 0 bytes in 33 msecs (HTTP/1.1 204) 5 headers in 198 bytes (2 switches on core 0)
Nov 29 20:25:38.254390 dv-cinder-819690-1-smb devstack@placement-api.service[103107]: DEBUG placement.requestlog [req-975a9bbb-b1d3-4d6a-841c-2d1621ce5445 req-7cadb90f-f69e-405a-9de7-35a836a49c74 None None] Starting request: 10.222.0.60 "GET /placement/allocation_candidates?limit=1000&resources=DISK_GB%3A1%2CMEMORY_MB%3A1024%2CVCPU%3A1&root_required=%21COMPUTE_STATUS_DISABLED" {{(pid=103107) __call__ /opt/stack/placement/placement/requestlog.py:55}}
Nov 29 20:25:38.455661 dv-cinder-819690-1-smb devstack@placement-api.service[103107]: DEBUG placement.objects.research_context [req-975a9bbb-b1d3-4d6a-841c-2d1621ce5445 req-7cadb90f-f69e-405a-9de7-35a836a49c74 service placement] getting providers with 1 DISK_GB {{(pid=103107) __init__ /opt/stack/placement/placement/objects/research_context.py:126}}
Nov 29 20:25:38.460896 dv-cinder-819690-1-smb devstack@placement-api.service[103107]: DEBUG placement.objects.research_context [req-975a9bbb-b1d3-4d6a-841c-2d1621ce5445 req-7cadb90f-f69e-405a-9de7-35a836a49c74 service placement] getting providers with 1024 MEMORY_MB {{(pid=103107) __init__ /opt/stack/placement/placement/objects/research_context.py:126}}
Nov 29 20:25:38.466888 dv-cinder-819690-1-smb devstack@placement-api.service[103107]: DEBUG placement.objects.research_context [req-975a9bbb-b1d3-4d6a-841c-2d1621ce5445 req-7cadb90f-f69e-405a-9de7-35a836a49c74 service placement] getting providers with 1 VCPU {{(pid=103107) __init__ /opt/stack/placement/placement/objects/research_context.py:126}}
Nov 29 20:25:38.472016 dv-cinder-819690-1-smb devstack@placement-api.service[103107]: DEBUG placement.objects.research_context [req-975a9bbb-b1d3-4d6a-841c-2d1621ce5445 req-7cadb90f-f69e-405a-9de7-35a836a49c74 service placement] found 1 providers with available 1 DISK_GB {{(pid=103107) get_provider_ids_matching /opt/stack/placement/placement/objects/research_context.py:549}}
Nov 29 20:25:38.472294 dv-cinder-819690-1-smb devstack@placement-api.service[103107]: DEBUG placement.objects.research_context [req-975a9bbb-b1d3-4d6a-841c-2d1621ce5445 req-7cadb90f-f69e-405a-9de7-35a836a49c74 service placement] found 1 providers with available 1024 MEMORY_MB {{(pid=103107) get_provider_ids_matching /opt/stack/placement/placement/objects/research_context.py:549}}
Nov 29 20:25:38.472538 dv-cinder-819690-1-smb devstack@placement-api.service[103107]: DEBUG placement.objects.research_context [req-975a9bbb-b1d3-4d6a-841c-2d1621ce5445 req-7cadb90f-f69e-405a-9de7-35a836a49c74 service placement] found 1 providers after filtering by previous result {{(pid=103107) get_provider_ids_matching /opt/stack/placement/placement/objects/research_context.py:580}}
Nov 29 20:25:38.472784 dv-cinder-819690-1-smb devstack@placement-api.service[103107]: DEBUG placement.objects.research_context [req-975a9bbb-b1d3-4d6a-841c-2d1621ce5445 req-7cadb90f-f69e-405a-9de7-35a836a49c74 service placement] found 1 providers with available 1 VCPU {{(pid=103107) get_provider_ids_matching /opt/stack/placement/placement/objects/research_context.py:549}}
Nov 29 20:25:38.473033 dv-cinder-819690-1-smb devstack@placement-api.service[103107]: DEBUG placement.objects.research_context [req-975a9bbb-b1d3-4d6a-841c-2d1621ce5445 req-7cadb90f-f69e-405a-9de7-35a836a49c74 service placement] found 1 providers after filtering by previous result {{(pid=103107) get_provider_ids_matching /opt/stack/placement/placement/objects/research_context.py:580}}
Nov 29 20:25:38.484438 dv-cinder-819690-1-smb devstack@placement-api.service[103107]: DEBUG placement.objects.allocation_candidate [req-975a9bbb-b1d3-4d6a-841c-2d1621ce5445 req-7cadb90f-f69e-405a-9de7-35a836a49c74 service placement] RequestGroup(use_same_provider=False, resources={DISK_GB:1, MEMORY_MB:1024, VCPU:1}, traits=[], aggregates=[]) (suffix '') returned 1 matches {{(pid=103107) _get_by_requests /opt/stack/placement/placement/objects/allocation_candidate.py:145}}
Nov 29 20:25:38.484783 dv-cinder-819690-1-smb devstack@placement-api.service[103107]: DEBUG placement.objects.allocation_candidate [req-975a9bbb-b1d3-4d6a-841c-2d1621ce5445 req-7cadb90f-f69e-405a-9de7-35a836a49c74 service placement] Merging candidates yields 1 allocation requests and 1 provider summaries {{(pid=103107) _merge_candidates /opt/stack/placement/placement/objects/allocation_candidate.py:783}}
Nov 29 20:25:38.486238 dv-cinder-819690-1-smb devstack@placement-api.service[103107]: INFO placement.requestlog [req-975a9bbb-b1d3-4d6a-841c-2d1621ce5445 req-7cadb90f-f69e-405a-9de7-35a836a49c74 service placement] 10.222.0.60 "GET /placement/allocation_candidates?limit=1000&resources=DISK_GB%3A1%2CMEMORY_MB%3A1024%2CVCPU%3A1&root_required=%21COMPUTE_STATUS_DISABLED" status: 200 len: 767 microversion: 1.36
Nov 29 20:25:38.486547 dv-cinder-819690-1-smb devstack@placement-api.service[103107]: [pid: 103107|app: 0|req: 53/107] 10.222.0.60 () {60 vars in 1506 bytes} [Mon Nov 29 20:25:38 2021] GET /placement/allocation_candidates?limit=1000&resources=DISK_GB%3A1%2CMEMORY_MB%3A1024%2CVCPU%3A1&root_required=%21COMPUTE_STATUS_DISABLED => generated 767 bytes in 233 msecs (HTTP/1.1 200) 8 headers in 296 bytes (2 switches on core 0)
Nov 29 20:25:38.522601 dv-cinder-819690-1-smb devstack@placement-api.service[103106]: DEBUG placement.requestlog [req-975a9bbb-b1d3-4d6a-841c-2d1621ce5445 req-78581fbc-afdb-45e7-a164-748fca5c858b None None] Starting request: 10.222.0.60 "GET /placement/allocations/5a28f576-8d8d-412e-97b7-11f1e20f41f7" {{(pid=103106) __call__ /opt/stack/placement/placement/requestlog.py:55}}
Nov 29 20:25:38.533925 dv-cinder-819690-1-smb devstack@placement-api.service[103106]: INFO placement.requestlog [req-975a9bbb-b1d3-4d6a-841c-2d1621ce5445 req-78581fbc-afdb-45e7-a164-748fca5c858b service placement] 10.222.0.60 "GET /placement/allocations/5a28f576-8d8d-412e-97b7-11f1e20f41f7" status: 200 len: 19 microversion: 1.28
Nov 29 20:25:38.534308 dv-cinder-819690-1-smb devstack@placement-api.service[103106]: [pid: 103106|app: 0|req: 55/108] 10.222.0.60 () {60 vars in 1380 bytes} [Mon Nov 29 20:25:38 2021] GET /placement/allocations/5a28f576-8d8d-412e-97b7-11f1e20f41f7 => generated 19 bytes in 12 msecs (HTTP/1.1 200) 8 headers in 295 bytes (1 switches on core 0)
Nov 29 20:25:38.542162 dv-cinder-819690-1-smb devstack@placement-api.service[103107]: DEBUG placement.requestlog [req-975a9bbb-b1d3-4d6a-841c-2d1621ce5445 req-72166cda-c8b3-479a-a337-2013d685ad00 None None] Starting request: 10.222.0.60 "PUT /placement/allocations/5a28f576-8d8d-412e-97b7-11f1e20f41f7" {{(pid=103107) __call__ /opt/stack/placement/placement/requestlog.py:55}}
Nov 29 20:25:38.596346 dv-cinder-819690-1-smb devstack@placement-api.service[103107]: DEBUG placement.handlers.allocation [req-975a9bbb-b1d3-4d6a-841c-2d1621ce5445 req-72166cda-c8b3-479a-a337-2013d685ad00 service placement] Successfully wrote allocations [, , ] {{(pid=103107) _update_consumers_and_create_allocations /opt/stack/placement/placement/handlers/allocation.py:462}}
Nov 29 20:25:38.599610 dv-cinder-819690-1-smb devstack@placement-api.service[103107]: INFO placement.requestlog [req-975a9bbb-b1d3-4d6a-841c-2d1621ce5445 req-72166cda-c8b3-479a-a337-2013d685ad00 service placement] 10.222.0.60 "PUT /placement/allocations/5a28f576-8d8d-412e-97b7-11f1e20f41f7" status: 204 len: 0 microversion: 1.36
Nov 29 20:25:38.599996 dv-cinder-819690-1-smb devstack@placement-api.service[103107]: [pid: 103107|app: 0|req: 54/109] 10.222.0.60 () {64 vars in 1433 bytes} [Mon Nov 29 20:25:38 2021] PUT /placement/allocations/5a28f576-8d8d-412e-97b7-11f1e20f41f7 => generated 0 bytes in 58 msecs (HTTP/1.1 204) 5 headers in 199 bytes (1 switches on core 0)
Nov 29 20:25:38.799629 dv-cinder-819690-1-smb devstack@placement-api.service[103106]: DEBUG placement.requestlog [req-975a9bbb-b1d3-4d6a-841c-2d1621ce5445 req-6b538b4c-75e9-4703-8f32-18d52b770734 None None] Starting request: 10.222.0.53 "GET /placement/allocations/5a28f576-8d8d-412e-97b7-11f1e20f41f7" {{(pid=103106) __call__ /opt/stack/placement/placement/requestlog.py:55}}
Nov 29 20:25:38.824357 dv-cinder-819690-1-smb devstack@placement-api.service[103106]: INFO placement.requestlog [req-975a9bbb-b1d3-4d6a-841c-2d1621ce5445 req-6b538b4c-75e9-4703-8f32-18d52b770734 service placement] 10.222.0.53 "GET /placement/allocations/5a28f576-8d8d-412e-97b7-11f1e20f41f7" status: 200 len: 259 microversion: 1.28
Nov 29 20:25:38.824755 dv-cinder-819690-1-smb devstack@placement-api.service[103106]: [pid: 103106|app: 0|req: 56/110] 10.222.0.53 () {60 vars in 1377 bytes} [Mon Nov 29 20:25:38 2021] GET /placement/allocations/5a28f576-8d8d-412e-97b7-11f1e20f41f7 => generated 259 bytes in 25 msecs (HTTP/1.1 200) 8 headers in 296 bytes (2 switches on core 0)
Nov 29 20:25:39.597311 dv-cinder-819690-1-smb devstack@placement-api.service[103107]: DEBUG placement.requestlog [req-a3f6b337-1356-4d00-9b59-85964532b9e5 req-872fb58d-0a6c-47a3-9c73-ef27ba09412f None None] Starting request: 10.222.0.53 "DELETE /placement/allocations/39104ac9-ac3e-464e-a71c-55e3e38eefc2" {{(pid=103107) __call__ /opt/stack/placement/placement/requestlog.py:55}}
Nov 29 20:25:39.635230 dv-cinder-819690-1-smb devstack@placement-api.service[103107]: DEBUG placement.handlers.allocation [req-a3f6b337-1356-4d00-9b59-85964532b9e5 req-872fb58d-0a6c-47a3-9c73-ef27ba09412f service placement] Successfully deleted allocations [, , ] {{(pid=103107) delete_allocations /opt/stack/placement/placement/handlers/allocation.py:627}}
Nov 29 20:25:39.635640 dv-cinder-819690-1-smb devstack@placement-api.service[103107]: INFO placement.requestlog [req-a3f6b337-1356-4d00-9b59-85964532b9e5 req-872fb58d-0a6c-47a3-9c73-ef27ba09412f service placement] 10.222.0.53 "DELETE /placement/allocations/39104ac9-ac3e-464e-a71c-55e3e38eefc2" status: 204 len: 0 microversion: 1.0
Nov 29 20:25:39.637173 dv-cinder-819690-1-smb devstack@placement-api.service[103107]: [pid: 103107|app: 0|req: 55/111] 10.222.0.53 () {60 vars in 1355 bytes} [Mon Nov 29 20:25:39 2021] DELETE /placement/allocations/39104ac9-ac3e-464e-a71c-55e3e38eefc2 => generated 0 bytes in 39 msecs (HTTP/1.1 204) 5 headers in 198 bytes (2 switches on core 0)
Nov 29 20:26:13.651500 dv-cinder-819690-1-smb devstack@placement-api.service[103106]: DEBUG placement.requestlog [req-5817529d-8464-4cbc-ba94-729924e11c73 req-bf545d6b-30ad-4a44-8aee-2bb3fc1abc49 None None] Starting request: 10.222.0.53 "GET /placement/resource_providers/290c8f28-99c8-493e-a098-3b31c0f7bc37/allocations" {{(pid=103106) __call__ /opt/stack/placement/placement/requestlog.py:55}}
Nov 29 20:26:13.673296 dv-cinder-819690-1-smb devstack@placement-api.service[103106]: INFO placement.requestlog [req-5817529d-8464-4cbc-ba94-729924e11c73 req-bf545d6b-30ad-4a44-8aee-2bb3fc1abc49 service placement] 10.222.0.53 "GET /placement/resource_providers/290c8f28-99c8-493e-a098-3b31c0f7bc37/allocations" status: 200 len: 154 microversion: 1.0
Nov 29 20:26:13.673670 dv-cinder-819690-1-smb devstack@placement-api.service[103106]: [pid: 103106|app: 0|req: 57/112] 10.222.0.53 () {58 vars in 1390 bytes} [Mon Nov 29 20:26:13 2021] GET /placement/resource_providers/290c8f28-99c8-493e-a098-3b31c0f7bc37/allocations => generated 154 bytes in 22 msecs (HTTP/1.1 200) 6 headers in 224 bytes (1 switches on core 0)
Nov 29 20:26:34.783741 dv-cinder-819690-1-smb devstack@placement-api.service[103107]: DEBUG placement.requestlog [req-c7ee182b-d0f9-4d6c-93eb-63c8caaf72d7 req-b188f6a3-8824-4fda-a72d-ffe5be0dd81e None None] Starting request: 10.222.0.53 "DELETE /placement/allocations/5a28f576-8d8d-412e-97b7-11f1e20f41f7" {{(pid=103107) __call__ /opt/stack/placement/placement/requestlog.py:55}}
Nov 29 20:26:34.813062 dv-cinder-819690-1-smb devstack@placement-api.service[103107]: DEBUG placement.handlers.allocation [req-c7ee182b-d0f9-4d6c-93eb-63c8caaf72d7 req-b188f6a3-8824-4fda-a72d-ffe5be0dd81e service placement] Successfully deleted allocations [, , ] {{(pid=103107) delete_allocations /opt/stack/placement/placement/handlers/allocation.py:627}}
Nov 29 20:26:34.815174 dv-cinder-819690-1-smb devstack@placement-api.service[103107]: INFO placement.requestlog [req-c7ee182b-d0f9-4d6c-93eb-63c8caaf72d7 req-b188f6a3-8824-4fda-a72d-ffe5be0dd81e service placement] 10.222.0.53 "DELETE /placement/allocations/5a28f576-8d8d-412e-97b7-11f1e20f41f7" status: 204 len: 0 microversion: 1.0
Nov 29 20:26:34.815548 dv-cinder-819690-1-smb devstack@placement-api.service[103107]: [pid: 103107|app: 0|req: 56/113] 10.222.0.53 () {60 vars in 1355 bytes} [Mon Nov 29 20:26:34 2021] DELETE /placement/allocations/5a28f576-8d8d-412e-97b7-11f1e20f41f7 => generated 0 bytes in 32 msecs (HTTP/1.1 204) 5 headers in 198 bytes (2 switches on core 0)
Nov 29 20:27:13.593209 dv-cinder-819690-1-smb devstack@placement-api.service[103106]: DEBUG placement.requestlog [req-412dac30-ec9d-48b6-b157-db9c83bac7d4 req-cc431d2e-c663-4fa0-8799-808edf5e3544 None None] Starting request: 10.222.0.53 "GET /placement/resource_providers/290c8f28-99c8-493e-a098-3b31c0f7bc37/allocations" {{(pid=103106) __call__ /opt/stack/placement/placement/requestlog.py:55}}
Nov 29 20:27:13.608168 dv-cinder-819690-1-smb devstack@placement-api.service[103106]: INFO placement.requestlog [req-412dac30-ec9d-48b6-b157-db9c83bac7d4 req-cc431d2e-c663-4fa0-8799-808edf5e3544 service placement] 10.222.0.53 "GET /placement/resource_providers/290c8f28-99c8-493e-a098-3b31c0f7bc37/allocations" status: 200 len: 55 microversion: 1.0
Nov 29 20:27:13.608374 dv-cinder-819690-1-smb devstack@placement-api.service[103106]: [pid: 103106|app: 0|req: 58/114] 10.222.0.53 () {58 vars in 1390 bytes} [Mon Nov 29 20:27:13 2021] GET /placement/resource_providers/290c8f28-99c8-493e-a098-3b31c0f7bc37/allocations => generated 55 bytes in 15 msecs (HTTP/1.1 200) 6 headers in 223 bytes (1 switches on core 0)
Nov 29 20:27:24.121811 dv-cinder-819690-1-smb devstack@placement-api.service[103107]: DEBUG placement.requestlog [req-e29b3ebc-39f4-4ca6-b332-c92a6c7a5260 req-c7db7b1b-1be1-4627-80bd-56a1f929523d None None] Starting request: 10.222.0.60 "GET /placement/allocation_candidates?limit=1000&resources=DISK_GB%3A1%2CMEMORY_MB%3A1024%2CVCPU%3A1&root_required=%21COMPUTE_STATUS_DISABLED" {{(pid=103107) __call__ /opt/stack/placement/placement/requestlog.py:55}}
Nov 29 20:27:24.151880 dv-cinder-819690-1-smb devstack@placement-api.service[103107]: DEBUG placement.objects.research_context [req-e29b3ebc-39f4-4ca6-b332-c92a6c7a5260 req-c7db7b1b-1be1-4627-80bd-56a1f929523d service placement] getting providers with 1 DISK_GB {{(pid=103107) __init__ /opt/stack/placement/placement/objects/research_context.py:126}}
Nov 29 20:27:24.158296 dv-cinder-819690-1-smb devstack@placement-api.service[103107]: DEBUG placement.objects.research_context [req-e29b3ebc-39f4-4ca6-b332-c92a6c7a5260 req-c7db7b1b-1be1-4627-80bd-56a1f929523d service placement] getting providers with 1024 MEMORY_MB {{(pid=103107) __init__ /opt/stack/placement/placement/objects/research_context.py:126}}
Nov 29 20:27:24.164584 dv-cinder-819690-1-smb devstack@placement-api.service[103107]: DEBUG placement.objects.research_context [req-e29b3ebc-39f4-4ca6-b332-c92a6c7a5260 req-c7db7b1b-1be1-4627-80bd-56a1f929523d service placement] getting providers with 1 VCPU {{(pid=103107) __init__ /opt/stack/placement/placement/objects/research_context.py:126}}
Nov 29 20:27:24.177023 dv-cinder-819690-1-smb devstack@placement-api.service[103107]: DEBUG placement.objects.research_context [req-e29b3ebc-39f4-4ca6-b332-c92a6c7a5260 req-c7db7b1b-1be1-4627-80bd-56a1f929523d service placement] found 1 providers with available 1 DISK_GB {{(pid=103107) get_provider_ids_matching /opt/stack/placement/placement/objects/research_context.py:549}}
Nov 29 20:27:24.177326 dv-cinder-819690-1-smb devstack@placement-api.service[103107]: DEBUG placement.objects.research_context [req-e29b3ebc-39f4-4ca6-b332-c92a6c7a5260 req-c7db7b1b-1be1-4627-80bd-56a1f929523d service placement] found 1 providers with available 1024 MEMORY_MB {{(pid=103107) get_provider_ids_matching /opt/stack/placement/placement/objects/research_context.py:549}}
Nov 29 20:27:24.177619 dv-cinder-819690-1-smb devstack@placement-api.service[103107]: DEBUG placement.objects.research_context [req-e29b3ebc-39f4-4ca6-b332-c92a6c7a5260 req-c7db7b1b-1be1-4627-80bd-56a1f929523d service placement] found 1 providers after filtering by previous result {{(pid=103107) get_provider_ids_matching /opt/stack/placement/placement/objects/research_context.py:580}}
Nov 29 20:27:24.177879 dv-cinder-819690-1-smb devstack@placement-api.service[103107]: DEBUG placement.objects.research_context [req-e29b3ebc-39f4-4ca6-b332-c92a6c7a5260 req-c7db7b1b-1be1-4627-80bd-56a1f929523d service placement] found 1 providers with available 1 VCPU {{(pid=103107) get_provider_ids_matching /opt/stack/placement/placement/objects/research_context.py:549}}
Nov 29 20:27:24.178137 dv-cinder-819690-1-smb devstack@placement-api.service[103107]: DEBUG placement.objects.research_context [req-e29b3ebc-39f4-4ca6-b332-c92a6c7a5260 req-c7db7b1b-1be1-4627-80bd-56a1f929523d service placement] found 1 providers after filtering by previous result {{(pid=103107) get_provider_ids_matching /opt/stack/placement/placement/objects/research_context.py:580}}
Nov 29 20:27:24.187600 dv-cinder-819690-1-smb devstack@placement-api.service[103107]: DEBUG placement.objects.allocation_candidate [req-e29b3ebc-39f4-4ca6-b332-c92a6c7a5260 req-c7db7b1b-1be1-4627-80bd-56a1f929523d service placement] RequestGroup(use_same_provider=False, resources={DISK_GB:1, MEMORY_MB:1024, VCPU:1}, traits=[], aggregates=[]) (suffix '') returned 1 matches {{(pid=103107) _get_by_requests /opt/stack/placement/placement/objects/allocation_candidate.py:145}}
Nov 29 20:27:24.187942 dv-cinder-819690-1-smb devstack@placement-api.service[103107]: DEBUG placement.objects.allocation_candidate [req-e29b3ebc-39f4-4ca6-b332-c92a6c7a5260 req-c7db7b1b-1be1-4627-80bd-56a1f929523d service placement] Merging candidates yields 1 allocation requests and 1 provider summaries {{(pid=103107) _merge_candidates /opt/stack/placement/placement/objects/allocation_candidate.py:783}}
Nov 29 20:27:24.190160 dv-cinder-819690-1-smb devstack@placement-api.service[103107]: INFO placement.requestlog [req-e29b3ebc-39f4-4ca6-b332-c92a6c7a5260 req-c7db7b1b-1be1-4627-80bd-56a1f929523d service placement] 10.222.0.60 "GET /placement/allocation_candidates?limit=1000&resources=DISK_GB%3A1%2CMEMORY_MB%3A1024%2CVCPU%3A1&root_required=%21COMPUTE_STATUS_DISABLED" status: 200 len: 764 microversion: 1.36
Nov 29 20:27:24.190396 dv-cinder-819690-1-smb devstack@placement-api.service[103107]: [pid: 103107|app: 0|req: 57/115] 10.222.0.60 () {60 vars in 1506 bytes} [Mon Nov 29 20:27:24 2021] GET /placement/allocation_candidates?limit=1000&resources=DISK_GB%3A1%2CMEMORY_MB%3A1024%2CVCPU%3A1&root_required=%21COMPUTE_STATUS_DISABLED => generated 764 bytes in 69 msecs (HTTP/1.1 200) 8 headers in 296 bytes (1 switches on core 0)
Nov 29 20:27:24.226708 dv-cinder-819690-1-smb devstack@placement-api.service[103106]: DEBUG placement.requestlog [req-e29b3ebc-39f4-4ca6-b332-c92a6c7a5260 req-1e9ab2c4-71c7-4018-9049-857e12c6f01a None None] Starting request: 10.222.0.60 "GET /placement/allocations/bde2e134-8ebf-451c-a562-680856f1007f" {{(pid=103106) __call__ /opt/stack/placement/placement/requestlog.py:55}}
Nov 29 20:27:24.239203 dv-cinder-819690-1-smb devstack@placement-api.service[103106]: INFO placement.requestlog [req-e29b3ebc-39f4-4ca6-b332-c92a6c7a5260 req-1e9ab2c4-71c7-4018-9049-857e12c6f01a service placement] 10.222.0.60 "GET /placement/allocations/bde2e134-8ebf-451c-a562-680856f1007f" status: 200 len: 19 microversion: 1.28
Nov 29 20:27:24.239416 dv-cinder-819690-1-smb devstack@placement-api.service[103106]: [pid: 103106|app: 0|req: 59/116] 10.222.0.60 () {60 vars in 1380 bytes} [Mon Nov 29 20:27:24 2021] GET /placement/allocations/bde2e134-8ebf-451c-a562-680856f1007f => generated 19 bytes in 13 msecs (HTTP/1.1 200) 8 headers in 295 bytes (1 switches on core 0)
Nov 29 20:27:24.245677 dv-cinder-819690-1-smb devstack@placement-api.service[103107]: DEBUG placement.requestlog [req-e29b3ebc-39f4-4ca6-b332-c92a6c7a5260 req-634ea736-14a0-49a9-80b4-ad4226f6edfb None None] Starting request: 10.222.0.60 "PUT /placement/allocations/bde2e134-8ebf-451c-a562-680856f1007f" {{(pid=103107) __call__ /opt/stack/placement/placement/requestlog.py:55}}
Nov 29 20:27:24.305858 dv-cinder-819690-1-smb devstack@placement-api.service[103107]: DEBUG placement.handlers.allocation [req-e29b3ebc-39f4-4ca6-b332-c92a6c7a5260 req-634ea736-14a0-49a9-80b4-ad4226f6edfb service placement] Successfully wrote allocations [, , ] {{(pid=103107) _update_consumers_and_create_allocations /opt/stack/placement/placement/handlers/allocation.py:462}}
Nov 29 20:27:24.309163 dv-cinder-819690-1-smb devstack@placement-api.service[103107]: INFO placement.requestlog [req-e29b3ebc-39f4-4ca6-b332-c92a6c7a5260 req-634ea736-14a0-49a9-80b4-ad4226f6edfb service placement] 10.222.0.60 "PUT /placement/allocations/bde2e134-8ebf-451c-a562-680856f1007f" status: 204 len: 0 microversion: 1.36
Nov 29 20:27:24.309519 dv-cinder-819690-1-smb devstack@placement-api.service[103107]: [pid: 103107|app: 0|req: 58/117] 10.222.0.60 () {64 vars in 1433 bytes} [Mon Nov 29 20:27:24 2021] PUT /placement/allocations/bde2e134-8ebf-451c-a562-680856f1007f => generated 0 bytes in 64 msecs (HTTP/1.1 204) 5 headers in 199 bytes (2 switches on core 0)
Nov 29 20:27:24.566023 dv-cinder-819690-1-smb devstack@placement-api.service[103106]: DEBUG placement.requestlog [req-e29b3ebc-39f4-4ca6-b332-c92a6c7a5260 req-1980d47d-9d11-4358-b9f2-715717d3b740 None None] Starting request: 10.222.0.53 "GET /placement/allocations/bde2e134-8ebf-451c-a562-680856f1007f" {{(pid=103106) __call__ /opt/stack/placement/placement/requestlog.py:55}}
Nov 29 20:27:24.580889 dv-cinder-819690-1-smb devstack@placement-api.service[103106]: INFO placement.requestlog [req-e29b3ebc-39f4-4ca6-b332-c92a6c7a5260 req-1980d47d-9d11-4358-b9f2-715717d3b740 service placement] 10.222.0.53 "GET /placement/allocations/bde2e134-8ebf-451c-a562-680856f1007f" status: 200 len: 259 microversion: 1.28
Nov 29 20:27:24.581117 dv-cinder-819690-1-smb devstack@placement-api.service[103106]: [pid: 103106|app: 0|req: 60/118] 10.222.0.53 () {60 vars in 1377 bytes} [Mon Nov 29 20:27:24 2021] GET /placement/allocations/bde2e134-8ebf-451c-a562-680856f1007f => generated 259 bytes in 16 msecs (HTTP/1.1 200) 8 headers in 296 bytes (1 switches on core 0)
Nov 29 20:28:09.185574 dv-cinder-819690-1-smb devstack@placement-api.service[103107]: DEBUG placement.requestlog [req-2d970294-67fa-4721-8705-11bdf9a23909 req-ef44ed90-951f-44bf-b73c-d4f1e897c817 None None] Starting request: 10.222.0.53 "DELETE /placement/allocations/bde2e134-8ebf-451c-a562-680856f1007f" {{(pid=103107) __call__ /opt/stack/placement/placement/requestlog.py:55}}
Nov 29 20:28:09.210850 dv-cinder-819690-1-smb devstack@placement-api.service[103107]: DEBUG placement.handlers.allocation [req-2d970294-67fa-4721-8705-11bdf9a23909 req-ef44ed90-951f-44bf-b73c-d4f1e897c817 service placement] Successfully deleted allocations [, , ] {{(pid=103107) delete_allocations /opt/stack/placement/placement/handlers/allocation.py:627}}
Nov 29 20:28:09.211312 dv-cinder-819690-1-smb devstack@placement-api.service[103107]: INFO placement.requestlog [req-2d970294-67fa-4721-8705-11bdf9a23909 req-ef44ed90-951f-44bf-b73c-d4f1e897c817 service placement] 10.222.0.53 "DELETE /placement/allocations/bde2e134-8ebf-451c-a562-680856f1007f" status: 204 len: 0 microversion: 1.0
Nov 29 20:28:09.211518 dv-cinder-819690-1-smb devstack@placement-api.service[103107]: [pid: 103107|app: 0|req: 59/119] 10.222.0.53 () {60 vars in 1355 bytes} [Mon Nov 29 20:28:09 2021] DELETE /placement/allocations/bde2e134-8ebf-451c-a562-680856f1007f => generated 0 bytes in 26 msecs (HTTP/1.1 204) 5 headers in 198 bytes (2 switches on core 0)
Nov 29 20:28:13.575173 dv-cinder-819690-1-smb devstack@placement-api.service[103106]: DEBUG placement.requestlog [req-bdbad852-a3da-4391-b8a9-3fabe434c822 req-c28376a5-baef-44b7-b941-a46cb4c341e9 None None] Starting request: 10.222.0.53 "GET /placement/resource_providers/290c8f28-99c8-493e-a098-3b31c0f7bc37/allocations" {{(pid=103106) __call__ /opt/stack/placement/placement/requestlog.py:55}}
Nov 29 20:28:13.703582 dv-cinder-819690-1-smb devstack@placement-api.service[103106]: INFO placement.requestlog [req-bdbad852-a3da-4391-b8a9-3fabe434c822 req-c28376a5-baef-44b7-b941-a46cb4c341e9 service placement] 10.222.0.53 "GET /placement/resource_providers/290c8f28-99c8-493e-a098-3b31c0f7bc37/allocations" status: 200 len: 55 microversion: 1.0
Nov 29 20:28:13.704347 dv-cinder-819690-1-smb devstack@placement-api.service[103106]: [pid: 103106|app: 0|req: 61/120] 10.222.0.53 () {58 vars in 1390 bytes} [Mon Nov 29 20:28:13 2021] GET /placement/resource_providers/290c8f28-99c8-493e-a098-3b31c0f7bc37/allocations => generated 55 bytes in 129 msecs (HTTP/1.1 200) 6 headers in 223 bytes (1 switches on core 0)
Nov 29 20:28:13.741838 dv-cinder-819690-1-smb devstack@placement-api.service[103107]: DEBUG placement.requestlog [req-bdbad852-a3da-4391-b8a9-3fabe434c822 req-827af05d-f327-4f26-a26f-f50336f548b2 None None] Starting request: 10.222.0.53 "GET /placement/resource_providers?in_tree=290c8f28-99c8-493e-a098-3b31c0f7bc37" {{(pid=103107) __call__ /opt/stack/placement/placement/requestlog.py:55}}
Nov 29 20:28:13.758144 dv-cinder-819690-1-smb devstack@placement-api.service[103107]: INFO placement.requestlog [req-bdbad852-a3da-4391-b8a9-3fabe434c822 req-827af05d-f327-4f26-a26f-f50336f548b2 service placement] 10.222.0.53 "GET /placement/resource_providers?in_tree=290c8f28-99c8-493e-a098-3b31c0f7bc37" status: 200 len: 865 microversion: 1.14
Nov 29 20:28:13.758591 dv-cinder-819690-1-smb devstack@placement-api.service[103107]: [pid: 103107|app: 0|req: 60/121] 10.222.0.53 () {60 vars in 1376 bytes} [Mon Nov 29 20:28:13 2021] GET /placement/resource_providers?in_tree=290c8f28-99c8-493e-a098-3b31c0f7bc37 => generated 865 bytes in 17 msecs (HTTP/1.1 200) 6 headers in 225 bytes (1 switches on core 0)
Nov 29 20:28:13.768807 dv-cinder-819690-1-smb devstack@placement-api.service[103106]: DEBUG placement.requestlog [req-bdbad852-a3da-4391-b8a9-3fabe434c822 req-263a97e1-38db-4656-b391-9d8c4d482ee2 None None] Starting request: 10.222.0.53 "GET /placement/resource_providers/290c8f28-99c8-493e-a098-3b31c0f7bc37/inventories" {{(pid=103106) __call__ /opt/stack/placement/placement/requestlog.py:55}}
Nov 29 20:28:13.791651 dv-cinder-819690-1-smb devstack@placement-api.service[103106]: INFO placement.requestlog [req-bdbad852-a3da-4391-b8a9-3fabe434c822 req-263a97e1-38db-4656-b391-9d8c4d482ee2 service placement] 10.222.0.53 "GET /placement/resource_providers/290c8f28-99c8-493e-a098-3b31c0f7bc37/inventories" status: 200 len: 398 microversion: 1.0
Nov 29 20:28:13.792226 dv-cinder-819690-1-smb devstack@placement-api.service[103106]: [pid: 103106|app: 0|req: 62/122] 10.222.0.53 () {58 vars in 1390 bytes} [Mon Nov 29 20:28:13 2021] GET /placement/resource_providers/290c8f28-99c8-493e-a098-3b31c0f7bc37/inventories => generated 398 bytes in 24 msecs (HTTP/1.1 200) 6 headers in 224 bytes (1 switches on core 0)
Nov 29 20:28:13.800334 dv-cinder-819690-1-smb devstack@placement-api.service[103107]: DEBUG placement.requestlog [req-b803d51d-1b6b-4560-a460-2c563761d4ac req-afd45044-d932-4a72-8ec8-4c65776bece7 None None] Starting request: 10.222.0.60 "GET /placement/allocation_candidates?limit=1000&resources=DISK_GB%3A1%2CMEMORY_MB%3A1024%2CVCPU%3A1&root_required=%21COMPUTE_STATUS_DISABLED" {{(pid=103107) __call__ /opt/stack/placement/placement/requestlog.py:55}}
Nov 29 20:28:13.807409 dv-cinder-819690-1-smb devstack@placement-api.service[103106]: DEBUG placement.requestlog [req-bdbad852-a3da-4391-b8a9-3fabe434c822 req-bf516f8c-d410-41a8-b978-58e6101a719c None None] Starting request: 10.222.0.53 "GET /placement/resource_providers/290c8f28-99c8-493e-a098-3b31c0f7bc37/aggregates" {{(pid=103106) __call__ /opt/stack/placement/placement/requestlog.py:55}}
Nov 29 20:28:13.822171 dv-cinder-819690-1-smb devstack@placement-api.service[103106]: INFO placement.requestlog [req-bdbad852-a3da-4391-b8a9-3fabe434c822 req-bf516f8c-d410-41a8-b978-58e6101a719c service placement] 10.222.0.53 "GET /placement/resource_providers/290c8f28-99c8-493e-a098-3b31c0f7bc37/aggregates" status: 200 len: 54 microversion: 1.19
Nov 29 20:28:13.822683 dv-cinder-819690-1-smb devstack@placement-api.service[103106]: [pid: 103106|app: 0|req: 63/123] 10.222.0.53 () {60 vars in 1431 bytes} [Mon Nov 29 20:28:13 2021] GET /placement/resource_providers/290c8f28-99c8-493e-a098-3b31c0f7bc37/aggregates => generated 54 bytes in 21 msecs (HTTP/1.1 200) 8 headers in 295 bytes (2 switches on core 0)
Nov 29 20:28:13.830146 dv-cinder-819690-1-smb devstack@placement-api.service[103107]: DEBUG placement.objects.research_context [req-b803d51d-1b6b-4560-a460-2c563761d4ac req-afd45044-d932-4a72-8ec8-4c65776bece7 service placement] getting providers with 1 DISK_GB {{(pid=103107) __init__ /opt/stack/placement/placement/objects/research_context.py:126}}
Nov 29 20:28:13.831203 dv-cinder-819690-1-smb devstack@placement-api.service[103106]: DEBUG placement.requestlog [req-bdbad852-a3da-4391-b8a9-3fabe434c822 req-17ecfd83-0c1a-4976-ba8e-f8a7dc1a899b None None] Starting request: 10.222.0.53 "GET /placement/resource_providers/290c8f28-99c8-493e-a098-3b31c0f7bc37/traits" {{(pid=103106) __call__ /opt/stack/placement/placement/requestlog.py:55}}
Nov 29 20:28:13.835976 dv-cinder-819690-1-smb devstack@placement-api.service[103107]: DEBUG placement.objects.research_context [req-b803d51d-1b6b-4560-a460-2c563761d4ac req-afd45044-d932-4a72-8ec8-4c65776bece7 service placement] getting providers with 1024 MEMORY_MB {{(pid=103107) __init__ /opt/stack/placement/placement/objects/research_context.py:126}}
Nov 29 20:28:13.841673 dv-cinder-819690-1-smb devstack@placement-api.service[103107]: DEBUG placement.objects.research_context [req-b803d51d-1b6b-4560-a460-2c563761d4ac req-afd45044-d932-4a72-8ec8-4c65776bece7 service placement] getting providers with 1 VCPU {{(pid=103107) __init__ /opt/stack/placement/placement/objects/research_context.py:126}}
Nov 29 20:28:13.847889 dv-cinder-819690-1-smb devstack@placement-api.service[103107]: DEBUG placement.objects.research_context [req-b803d51d-1b6b-4560-a460-2c563761d4ac req-afd45044-d932-4a72-8ec8-4c65776bece7 service placement] found 1 providers with available 1 DISK_GB {{(pid=103107) get_provider_ids_matching /opt/stack/placement/placement/objects/research_context.py:549}}
Nov 29 20:28:13.857218 dv-cinder-819690-1-smb devstack@placement-api.service[103107]: DEBUG placement.objects.research_context [req-b803d51d-1b6b-4560-a460-2c563761d4ac req-afd45044-d932-4a72-8ec8-4c65776bece7 service placement] found 1 providers with available 1024 MEMORY_MB {{(pid=103107) get_provider_ids_matching /opt/stack/placement/placement/objects/research_context.py:549}}
Nov 29 20:28:13.857218 dv-cinder-819690-1-smb devstack@placement-api.service[103107]: DEBUG placement.objects.research_context [req-b803d51d-1b6b-4560-a460-2c563761d4ac req-afd45044-d932-4a72-8ec8-4c65776bece7 service placement] found 1 providers after filtering by previous result {{(pid=103107) get_provider_ids_matching /opt/stack/placement/placement/objects/research_context.py:580}}
Nov 29 20:28:13.857218 dv-cinder-819690-1-smb devstack@placement-api.service[103107]: DEBUG placement.objects.research_context [req-b803d51d-1b6b-4560-a460-2c563761d4ac req-afd45044-d932-4a72-8ec8-4c65776bece7 service placement] found 1 providers with available 1 VCPU {{(pid=103107) get_provider_ids_matching /opt/stack/placement/placement/objects/research_context.py:549}}
Nov 29 20:28:13.857218 dv-cinder-819690-1-smb devstack@placement-api.service[103107]: DEBUG placement.objects.research_context [req-b803d51d-1b6b-4560-a460-2c563761d4ac req-afd45044-d932-4a72-8ec8-4c65776bece7 service placement] found 1 providers after filtering by previous result {{(pid=103107) get_provider_ids_matching /opt/stack/placement/placement/objects/research_context.py:580}}
Nov 29 20:28:13.861455 dv-cinder-819690-1-smb devstack@placement-api.service[103106]: INFO placement.requestlog [req-bdbad852-a3da-4391-b8a9-3fabe434c822 req-17ecfd83-0c1a-4976-ba8e-f8a7dc1a899b service placement] 10.222.0.53 "GET /placement/resource_providers/290c8f28-99c8-493e-a098-3b31c0f7bc37/traits" status: 200 len: 300 microversion: 1.6
Nov 29 20:28:13.861742 dv-cinder-819690-1-smb devstack@placement-api.service[103106]: [pid: 103106|app: 0|req: 64/124] 10.222.0.53 () {60 vars in 1418 bytes} [Mon Nov 29 20:28:13 2021] GET /placement/resource_providers/290c8f28-99c8-493e-a098-3b31c0f7bc37/traits => generated 300 bytes in 31 msecs (HTTP/1.1 200) 6 headers in 224 bytes (2 switches on core 0)
Nov 29 20:28:13.863010 dv-cinder-819690-1-smb devstack@placement-api.service[103107]: DEBUG placement.objects.allocation_candidate [req-b803d51d-1b6b-4560-a460-2c563761d4ac req-afd45044-d932-4a72-8ec8-4c65776bece7 service placement] RequestGroup(use_same_provider=False, resources={DISK_GB:1, MEMORY_MB:1024, VCPU:1}, traits=[], aggregates=[]) (suffix '') returned 1 matches {{(pid=103107) _get_by_requests /opt/stack/placement/placement/objects/allocation_candidate.py:145}}
Nov 29 20:28:13.863437 dv-cinder-819690-1-smb devstack@placement-api.service[103107]: DEBUG placement.objects.allocation_candidate [req-b803d51d-1b6b-4560-a460-2c563761d4ac req-afd45044-d932-4a72-8ec8-4c65776bece7 service placement] Merging candidates yields 1 allocation requests and 1 provider summaries {{(pid=103107) _merge_candidates /opt/stack/placement/placement/objects/allocation_candidate.py:783}}
Nov 29 20:28:13.864983 dv-cinder-819690-1-smb devstack@placement-api.service[103107]: INFO placement.requestlog [req-b803d51d-1b6b-4560-a460-2c563761d4ac req-afd45044-d932-4a72-8ec8-4c65776bece7 service placement] 10.222.0.60 "GET /placement/allocation_candidates?limit=1000&resources=DISK_GB%3A1%2CMEMORY_MB%3A1024%2CVCPU%3A1&root_required=%21COMPUTE_STATUS_DISABLED" status: 200 len: 764 microversion: 1.36
Nov 29 20:28:13.865227 dv-cinder-819690-1-smb devstack@placement-api.service[103107]: [pid: 103107|app: 0|req: 61/125] 10.222.0.60 () {60 vars in 1506 bytes} [Mon Nov 29 20:28:13 2021] GET /placement/allocation_candidates?limit=1000&resources=DISK_GB%3A1%2CMEMORY_MB%3A1024%2CVCPU%3A1&root_required=%21COMPUTE_STATUS_DISABLED => generated 764 bytes in 65 msecs (HTTP/1.1 200) 8 headers in 296 bytes (2 switches on core 0)
Nov 29 20:28:13.906554 dv-cinder-819690-1-smb devstack@placement-api.service[103106]: DEBUG placement.requestlog [req-b803d51d-1b6b-4560-a460-2c563761d4ac req-ea6226ae-b0ca-4cba-ac00-4f575d77c0f2 None None] Starting request: 10.222.0.60 "GET /placement/allocations/5b5025bc-944a-477b-bb47-c35416620ac0" {{(pid=103106) __call__ /opt/stack/placement/placement/requestlog.py:55}}
Nov 29 20:28:13.917998 dv-cinder-819690-1-smb devstack@placement-api.service[103106]: INFO placement.requestlog [req-b803d51d-1b6b-4560-a460-2c563761d4ac req-ea6226ae-b0ca-4cba-ac00-4f575d77c0f2 service placement] 10.222.0.60 "GET /placement/allocations/5b5025bc-944a-477b-bb47-c35416620ac0" status: 200 len: 19 microversion: 1.28
Nov 29 20:28:13.918218 dv-cinder-819690-1-smb devstack@placement-api.service[103106]: [pid: 103106|app: 0|req: 65/126] 10.222.0.60 () {60 vars in 1380 bytes} [Mon Nov 29 20:28:13 2021] GET /placement/allocations/5b5025bc-944a-477b-bb47-c35416620ac0 => generated 19 bytes in 12 msecs (HTTP/1.1 200) 8 headers in 295 bytes (1 switches on core 0)
Nov 29 20:28:13.924279 dv-cinder-819690-1-smb devstack@placement-api.service[103107]: DEBUG placement.requestlog [req-b803d51d-1b6b-4560-a460-2c563761d4ac req-2a6b1f63-d481-4439-9ed9-7851fbd7a016 None None] Starting request: 10.222.0.60 "PUT /placement/allocations/5b5025bc-944a-477b-bb47-c35416620ac0" {{(pid=103107) __call__ /opt/stack/placement/placement/requestlog.py:55}}
Nov 29 20:28:13.975432 dv-cinder-819690-1-smb devstack@placement-api.service[103107]: DEBUG placement.handlers.allocation [req-b803d51d-1b6b-4560-a460-2c563761d4ac req-2a6b1f63-d481-4439-9ed9-7851fbd7a016 service placement] Successfully wrote allocations [, , ] {{(pid=103107) _update_consumers_and_create_allocations /opt/stack/placement/placement/handlers/allocation.py:462}}
Nov 29 20:28:13.978798 dv-cinder-819690-1-smb devstack@placement-api.service[103107]: INFO placement.requestlog [req-b803d51d-1b6b-4560-a460-2c563761d4ac req-2a6b1f63-d481-4439-9ed9-7851fbd7a016 service placement] 10.222.0.60 "PUT /placement/allocations/5b5025bc-944a-477b-bb47-c35416620ac0" status: 204 len: 0 microversion: 1.36
Nov 29 20:28:13.979074 dv-cinder-819690-1-smb devstack@placement-api.service[103107]: [pid: 103107|app: 0|req: 62/127] 10.222.0.60 () {64 vars in 1433 bytes} [Mon Nov 29 20:28:13 2021] PUT /placement/allocations/5b5025bc-944a-477b-bb47-c35416620ac0 => generated 0 bytes in 55 msecs (HTTP/1.1 204) 5 headers in 199 bytes (1 switches on core 0)
