May 26 13:45:32.924244 dv-cinder-819668-4-smb devstack@c-api.service[117393]: INFO cinder.api.openstack.wsgi [None req-a4fb9ef6-ceff-4423-927a-14c506958caf tempest-QosSpecsTestJSON-2021022176 tempest-QosSpecsTestJSON-2021022176-project-admin] http://10.222.0.84/volume/v3/5637c563bb7d42adb3c39d8853d75ad8/qos-specs/c3504672-0b81-4e71-b628-609ce90ba071 returned with HTTP 404
May 26 13:45:32.930560 dv-cinder-819668-4-smb devstack@c-api.service[117393]: [pid: 117393|app: 0|req: 72/129] 10.222.0.84 () {58 vars in 1330 bytes} [Thu May 26 13:45:32 2022] GET /volume/v3/5637c563bb7d42adb3c39d8853d75ad8/qos-specs/c3504672-0b81-4e71-b628-609ce90ba071 => generated 100 bytes in 32 msecs (HTTP/1.1 404) 7 headers in 292 bytes (1 switches on core 0)
May 26 13:45:32.935390 dv-cinder-819668-4-smb devstack@c-api.service[117392]: DEBUG cinder.api.middleware.request_id [None req-afa55a25-52a5-4c87-b78d-86787de9a85f None None] RequestId filter calling following filter/app {{(pid=117392) _context_setter /opt/stack/cinder/cinder/api/middleware/request_id.py:62}}
May 26 13:45:32.940638 dv-cinder-819668-4-smb devstack@c-api.service[117392]: INFO cinder.api.openstack.wsgi [None req-afa55a25-52a5-4c87-b78d-86787de9a85f tempest-QosSpecsTestJSON-2021022176 tempest-QosSpecsTestJSON-2021022176-project-admin] GET http://10.222.0.84/volume/v3/5637c563bb7d42adb3c39d8853d75ad8/qos-specs
May 26 13:45:32.941312 dv-cinder-819668-4-smb devstack@c-api.service[117392]: DEBUG cinder.api.openstack.wsgi [None req-afa55a25-52a5-4c87-b78d-86787de9a85f tempest-QosSpecsTestJSON-2021022176 tempest-QosSpecsTestJSON-2021022176-project-admin] Empty body provided in request {{(pid=117392) get_body /opt/stack/cinder/cinder/api/openstack/wsgi.py:715}}
May 26 13:45:32.941973 dv-cinder-819668-4-smb devstack@c-api.service[117392]: DEBUG cinder.api.openstack.wsgi [None req-afa55a25-52a5-4c87-b78d-86787de9a85f tempest-QosSpecsTestJSON-2021022176 tempest-QosSpecsTestJSON-2021022176-project-admin] Calling method 'index' {{(pid=117392) _process_stack /opt/stack/cinder/cinder/api/openstack/wsgi.py:868}}
May 26 13:45:32.942832 dv-cinder-819668-4-smb devstack@c-api.service[117392]: /usr/local/lib/python3.8/dist-packages/oslo_context/context.py:100: DeprecationWarning: Policy enforcement is depending on the value of is_admin. This key is deprecated. Please update your policy file to use the standard policy values.
May 26 13:45:32.942832 dv-cinder-819668-4-smb devstack@c-api.service[117392]: warnings.warn('Policy enforcement is depending on the value of '
May 26 13:45:32.954501 dv-cinder-819668-4-smb devstack@c-api.service[117392]: INFO cinder.api.openstack.wsgi [None req-afa55a25-52a5-4c87-b78d-86787de9a85f tempest-QosSpecsTestJSON-2021022176 tempest-QosSpecsTestJSON-2021022176-project-admin] http://10.222.0.84/volume/v3/5637c563bb7d42adb3c39d8853d75ad8/qos-specs returned with HTTP 200
May 26 13:45:32.956597 dv-cinder-819668-4-smb devstack@c-api.service[117392]: [pid: 117392|app: 0|req: 58/130] 10.222.0.84 () {58 vars in 1219 bytes} [Thu May 26 13:45:32 2022] GET /volume/v3/5637c563bb7d42adb3c39d8853d75ad8/qos-specs => generated 173 bytes in 22 msecs (HTTP/1.1 200) 7 headers in 285 bytes (1 switches on core 0)
May 26 13:45:32.965003 dv-cinder-819668-4-smb devstack@c-api.service[117393]: DEBUG cinder.api.middleware.request_id [None req-60c1fe3c-02c3-4e29-8dc5-92e4a2937741 None None] RequestId filter calling following filter/app {{(pid=117393) _context_setter /opt/stack/cinder/cinder/api/middleware/request_id.py:62}}
May 26 13:45:32.973004 dv-cinder-819668-4-smb devstack@c-api.service[117393]: INFO cinder.api.openstack.wsgi [None req-60c1fe3c-02c3-4e29-8dc5-92e4a2937741 tempest-QosSpecsTestJSON-2021022176 tempest-QosSpecsTestJSON-2021022176-project-admin] GET http://10.222.0.84/volume/v3/5637c563bb7d42adb3c39d8853d75ad8/qos-specs/e1ea39ea-01da-4ffc-9592-13b010168339
May 26 13:45:32.973641 dv-cinder-819668-4-smb devstack@c-api.service[117393]: DEBUG cinder.api.openstack.wsgi [None req-60c1fe3c-02c3-4e29-8dc5-92e4a2937741 tempest-QosSpecsTestJSON-2021022176 tempest-QosSpecsTestJSON-2021022176-project-admin] Empty body provided in request {{(pid=117393) get_body /opt/stack/cinder/cinder/api/openstack/wsgi.py:715}}
May 26 13:45:32.974738 dv-cinder-819668-4-smb devstack@c-api.service[117393]: DEBUG cinder.api.openstack.wsgi [None req-60c1fe3c-02c3-4e29-8dc5-92e4a2937741 tempest-QosSpecsTestJSON-2021022176 tempest-QosSpecsTestJSON-2021022176-project-admin] Calling method 'show' {{(pid=117393) _process_stack /opt/stack/cinder/cinder/api/openstack/wsgi.py:868}}
May 26 13:45:32.988307 dv-cinder-819668-4-smb devstack@c-api.service[117393]: INFO cinder.api.openstack.wsgi [None req-60c1fe3c-02c3-4e29-8dc5-92e4a2937741 tempest-QosSpecsTestJSON-2021022176 tempest-QosSpecsTestJSON-2021022176-project-admin] http://10.222.0.84/volume/v3/5637c563bb7d42adb3c39d8853d75ad8/qos-specs/e1ea39ea-01da-4ffc-9592-13b010168339 returned with HTTP 200
May 26 13:45:32.989291 dv-cinder-819668-4-smb devstack@c-api.service[117393]: [pid: 117393|app: 0|req: 73/131] 10.222.0.84 () {58 vars in 1330 bytes} [Thu May 26 13:45:32 2022] GET /volume/v3/5637c563bb7d42adb3c39d8853d75ad8/qos-specs/e1ea39ea-01da-4ffc-9592-13b010168339 => generated 457 bytes in 26 msecs (HTTP/1.1 200) 7 headers in 285 bytes (1 switches on core 0)
May 26 13:45:33.001015 dv-cinder-819668-4-smb devstack@c-api.service[117392]: DEBUG cinder.api.middleware.request_id [None req-5914ae74-b6c5-47e6-a61f-84ce96b3d989 None None] RequestId filter calling following filter/app {{(pid=117392) _context_setter /opt/stack/cinder/cinder/api/middleware/request_id.py:62}}
May 26 13:45:33.014117 dv-cinder-819668-4-smb devstack@c-api.service[117392]: INFO cinder.api.openstack.wsgi [None req-5914ae74-b6c5-47e6-a61f-84ce96b3d989 tempest-QosSpecsTestJSON-2021022176 tempest-QosSpecsTestJSON-2021022176-project-admin] GET http://10.222.0.84/volume/v3/5637c563bb7d42adb3c39d8853d75ad8/qos-specs
May 26 13:45:33.015113 dv-cinder-819668-4-smb devstack@c-api.service[117393]: DEBUG cinder.api.middleware.request_id [None req-628bb91b-57b3-4ca0-a169-badc7556b8bf None None] RequestId filter calling following filter/app {{(pid=117393) _context_setter /opt/stack/cinder/cinder/api/middleware/request_id.py:62}}
May 26 13:45:33.016364 dv-cinder-819668-4-smb devstack@c-api.service[117392]: DEBUG cinder.api.openstack.wsgi [None req-5914ae74-b6c5-47e6-a61f-84ce96b3d989 tempest-QosSpecsTestJSON-2021022176 tempest-QosSpecsTestJSON-2021022176-project-admin] Empty body provided in request {{(pid=117392) get_body /opt/stack/cinder/cinder/api/openstack/wsgi.py:715}}
May 26 13:45:33.016364 dv-cinder-819668-4-smb devstack@c-api.service[117392]: DEBUG cinder.api.openstack.wsgi [None req-5914ae74-b6c5-47e6-a61f-84ce96b3d989 tempest-QosSpecsTestJSON-2021022176 tempest-QosSpecsTestJSON-2021022176-project-admin] Calling method 'index' {{(pid=117392) _process_stack /opt/stack/cinder/cinder/api/openstack/wsgi.py:868}}
May 26 13:45:33.016926 dv-cinder-819668-4-smb devstack@c-api.service[117392]: /usr/local/lib/python3.8/dist-packages/oslo_context/context.py:100: DeprecationWarning: Policy enforcement is depending on the value of is_admin. This key is deprecated. Please update your policy file to use the standard policy values.
May 26 13:45:33.016926 dv-cinder-819668-4-smb devstack@c-api.service[117392]: warnings.warn('Policy enforcement is depending on the value of '
May 26 13:45:33.035242 dv-cinder-819668-4-smb devstack@c-api.service[117392]: INFO cinder.api.openstack.wsgi [None req-5914ae74-b6c5-47e6-a61f-84ce96b3d989 tempest-QosSpecsTestJSON-2021022176 tempest-QosSpecsTestJSON-2021022176-project-admin] http://10.222.0.84/volume/v3/5637c563bb7d42adb3c39d8853d75ad8/qos-specs returned with HTTP 200
May 26 13:45:33.036653 dv-cinder-819668-4-smb devstack@c-api.service[117392]: [pid: 117392|app: 0|req: 59/132] 10.222.0.84 () {58 vars in 1219 bytes} [Thu May 26 13:45:32 2022] GET /volume/v3/5637c563bb7d42adb3c39d8853d75ad8/qos-specs => generated 173 bytes in 39 msecs (HTTP/1.1 200) 7 headers in 285 bytes (1 switches on core 0)
May 26 13:45:33.046567 dv-cinder-819668-4-smb devstack@c-api.service[117392]: DEBUG cinder.api.middleware.request_id [None req-ae9c8b30-6d22-4b80-9487-bddb1f84ff7e None None] RequestId filter calling following filter/app {{(pid=117392) _context_setter /opt/stack/cinder/cinder/api/middleware/request_id.py:62}}
May 26 13:45:33.062470 dv-cinder-819668-4-smb devstack@c-api.service[117392]: INFO cinder.api.openstack.wsgi [None req-ae9c8b30-6d22-4b80-9487-bddb1f84ff7e tempest-QosSpecsTestJSON-2021022176 tempest-QosSpecsTestJSON-2021022176-project-admin] PUT http://10.222.0.84/volume/v3/5637c563bb7d42adb3c39d8853d75ad8/qos-specs/e1ea39ea-01da-4ffc-9592-13b010168339
May 26 13:45:33.063585 dv-cinder-819668-4-smb devstack@c-api.service[117392]: DEBUG cinder.api.openstack.wsgi [None req-ae9c8b30-6d22-4b80-9487-bddb1f84ff7e tempest-QosSpecsTestJSON-2021022176 tempest-QosSpecsTestJSON-2021022176-project-admin] Action: 'update', calling method: update, body: {"qos_specs": {"iops_bytes": "500"}} {{(pid=117392) _process_stack /opt/stack/cinder/cinder/api/openstack/wsgi.py:866}}
May 26 13:45:33.065871 dv-cinder-819668-4-smb devstack@c-api.service[117392]: /usr/local/lib/python3.8/dist-packages/oslo_context/context.py:100: DeprecationWarning: Policy enforcement is depending on the value of is_admin. This key is deprecated. Please update your policy file to use the standard policy values.
May 26 13:45:33.065871 dv-cinder-819668-4-smb devstack@c-api.service[117392]: warnings.warn('Policy enforcement is depending on the value of '
May 26 13:45:33.085543 dv-cinder-819668-4-smb devstack@c-api.service[117392]: DEBUG cinder.volume.qos_specs [None req-ae9c8b30-6d22-4b80-9487-bddb1f84ff7e tempest-QosSpecsTestJSON-2021022176 tempest-QosSpecsTestJSON-2021022176-project-admin] qos_specs.update(): specs {'iops_bytes': '500'} {{(pid=117392) update /opt/stack/cinder/cinder/volume/qos_specs.py:79}}
May 26 13:45:33.110260 dv-cinder-819668-4-smb devstack@c-api.service[117392]: DEBUG cinder.db.sqlalchemy.api [None req-ae9c8b30-6d22-4b80-9487-bddb1f84ff7e tempest-QosSpecsTestJSON-2021022176 tempest-QosSpecsTestJSON-2021022176-project-admin] qos_specs_update() value: {'id': '4336bb87-b7c2-47c8-9bbc-91fcc2442d67', 'key': 'iops_bytes', 'value': '500', 'specs_id': 'e1ea39ea-01da-4ffc-9592-13b010168339', 'deleted': False} {{(pid=117392) qos_specs_update /opt/stack/cinder/cinder/db/sqlalchemy/api.py:5715}}
May 26 13:45:33.128417 dv-cinder-819668-4-smb devstack@c-api.service[117392]: INFO cinder.api.openstack.wsgi [None req-ae9c8b30-6d22-4b80-9487-bddb1f84ff7e tempest-QosSpecsTestJSON-2021022176 tempest-QosSpecsTestJSON-2021022176-project-admin] http://10.222.0.84/volume/v3/5637c563bb7d42adb3c39d8853d75ad8/qos-specs/e1ea39ea-01da-4ffc-9592-13b010168339 returned with HTTP 200
May 26 13:45:33.133888 dv-cinder-819668-4-smb devstack@c-api.service[117392]: [pid: 117392|app: 0|req: 60/133] 10.222.0.84 () {60 vars in 1350 bytes} [Thu May 26 13:45:33 2022] PUT /volume/v3/5637c563bb7d42adb3c39d8853d75ad8/qos-specs/e1ea39ea-01da-4ffc-9592-13b010168339 => generated 36 bytes in 90 msecs (HTTP/1.1 200) 7 headers in 284 bytes (1 switches on core 0)
May 26 13:45:33.139192 dv-cinder-819668-4-smb devstack@c-api.service[117392]: DEBUG cinder.api.middleware.request_id [None req-423a0c9c-169d-4278-b655-53ee68d8a7bc None None] RequestId filter calling following filter/app {{(pid=117392) _context_setter /opt/stack/cinder/cinder/api/middleware/request_id.py:62}}
May 26 13:45:33.159178 dv-cinder-819668-4-smb devstack@c-api.service[117392]: INFO cinder.api.openstack.wsgi [None req-423a0c9c-169d-4278-b655-53ee68d8a7bc tempest-QosSpecsTestJSON-2021022176 tempest-QosSpecsTestJSON-2021022176-project-admin] GET http://10.222.0.84/volume/v3/5637c563bb7d42adb3c39d8853d75ad8/qos-specs/e1ea39ea-01da-4ffc-9592-13b010168339
May 26 13:45:33.159653 dv-cinder-819668-4-smb devstack@c-api.service[117392]: DEBUG cinder.api.openstack.wsgi [None req-423a0c9c-169d-4278-b655-53ee68d8a7bc tempest-QosSpecsTestJSON-2021022176 tempest-QosSpecsTestJSON-2021022176-project-admin] Empty body provided in request {{(pid=117392) get_body /opt/stack/cinder/cinder/api/openstack/wsgi.py:715}}
May 26 13:45:33.162033 dv-cinder-819668-4-smb devstack@c-api.service[117392]: DEBUG cinder.api.openstack.wsgi [None req-423a0c9c-169d-4278-b655-53ee68d8a7bc tempest-QosSpecsTestJSON-2021022176 tempest-QosSpecsTestJSON-2021022176-project-admin] Calling method 'show' {{(pid=117392) _process_stack /opt/stack/cinder/cinder/api/openstack/wsgi.py:868}}
May 26 13:45:33.162742 dv-cinder-819668-4-smb devstack@c-api.service[117392]: /usr/local/lib/python3.8/dist-packages/oslo_context/context.py:100: DeprecationWarning: Policy enforcement is depending on the value of is_admin. This key is deprecated. Please update your policy file to use the standard policy values.
May 26 13:45:33.162742 dv-cinder-819668-4-smb devstack@c-api.service[117392]: warnings.warn('Policy enforcement is depending on the value of '
May 26 13:45:33.184782 dv-cinder-819668-4-smb devstack@c-api.service[117392]: INFO cinder.api.openstack.wsgi [None req-423a0c9c-169d-4278-b655-53ee68d8a7bc tempest-QosSpecsTestJSON-2021022176 tempest-QosSpecsTestJSON-2021022176-project-admin] http://10.222.0.84/volume/v3/5637c563bb7d42adb3c39d8853d75ad8/qos-specs/e1ea39ea-01da-4ffc-9592-13b010168339 returned with HTTP 200
May 26 13:45:33.198979 dv-cinder-819668-4-smb devstack@c-api.service[117392]: [pid: 117392|app: 0|req: 61/134] 10.222.0.84 () {58 vars in 1330 bytes} [Thu May 26 13:45:33 2022] GET /volume/v3/5637c563bb7d42adb3c39d8853d75ad8/qos-specs/e1ea39ea-01da-4ffc-9592-13b010168339 => generated 478 bytes in 55 msecs (HTTP/1.1 200) 7 headers in 285 bytes (1 switches on core 0)
May 26 13:45:33.203169 dv-cinder-819668-4-smb devstack@c-api.service[117392]: DEBUG cinder.api.middleware.request_id [None req-6a9fb408-394d-4ef8-8890-8a84d67aa7c3 None None] RequestId filter calling following filter/app {{(pid=117392) _context_setter /opt/stack/cinder/cinder/api/middleware/request_id.py:62}}
May 26 13:45:33.220022 dv-cinder-819668-4-smb devstack@c-api.service[117392]: INFO cinder.api.openstack.wsgi [None req-6a9fb408-394d-4ef8-8890-8a84d67aa7c3 tempest-QosSpecsTestJSON-2021022176 tempest-QosSpecsTestJSON-2021022176-project-admin] PUT http://10.222.0.84/volume/v3/5637c563bb7d42adb3c39d8853d75ad8/qos-specs/e1ea39ea-01da-4ffc-9592-13b010168339/delete_keys
May 26 13:45:33.221734 dv-cinder-819668-4-smb devstack@c-api.service[117392]: DEBUG cinder.api.openstack.wsgi [None req-6a9fb408-394d-4ef8-8890-8a84d67aa7c3 tempest-QosSpecsTestJSON-2021022176 tempest-QosSpecsTestJSON-2021022176-project-admin] Action: 'delete_keys', calling method: delete_keys, body: {"keys": ["iops_bytes"]} {{(pid=117392) _process_stack /opt/stack/cinder/cinder/api/openstack/wsgi.py:866}}
May 26 13:45:33.240979 dv-cinder-819668-4-smb devstack@c-api.service[117392]: /usr/local/lib/python3.8/dist-packages/oslo_context/context.py:100: DeprecationWarning: Policy enforcement is depending on the value of is_admin. This key is deprecated. Please update your policy file to use the standard policy values.
May 26 13:45:33.240979 dv-cinder-819668-4-smb devstack@c-api.service[117392]: warnings.warn('Policy enforcement is depending on the value of '
May 26 13:45:33.244761 dv-cinder-819668-4-smb devstack@c-api.service[117392]: DEBUG cinder.api.contrib.qos_specs_manage [None req-6a9fb408-394d-4ef8-8890-8a84d67aa7c3 tempest-QosSpecsTestJSON-2021022176 tempest-QosSpecsTestJSON-2021022176-project-admin] Delete_key spec: e1ea39ea-01da-4ffc-9592-13b010168339, keys: ['iops_bytes'] {{(pid=117392) delete_keys /opt/stack/cinder/cinder/api/contrib/qos_specs_manage.py:207}}
May 26 13:45:33.306224 dv-cinder-819668-4-smb devstack@c-api.service[117392]: DEBUG dbcounter [-] [117392] Writing DB stats cinder:SELECT=92,cinder:INSERT=3,cinder:UPDATE=5 {{(pid=117392) stat_writer /usr/local/lib/python3.8/dist-packages/dbcounter.py:114}}
May 26 13:45:33.332196 dv-cinder-819668-4-smb devstack@c-api.service[117392]: INFO cinder.api.openstack.wsgi [None req-6a9fb408-394d-4ef8-8890-8a84d67aa7c3 tempest-QosSpecsTestJSON-2021022176 tempest-QosSpecsTestJSON-2021022176-project-admin] http://10.222.0.84/volume/v3/5637c563bb7d42adb3c39d8853d75ad8/qos-specs/e1ea39ea-01da-4ffc-9592-13b010168339/delete_keys returned with HTTP 202
May 26 13:45:33.339747 dv-cinder-819668-4-smb devstack@c-api.service[117392]: [pid: 117392|app: 0|req: 62/135] 10.222.0.84 () {60 vars in 1386 bytes} [Thu May 26 13:45:33 2022] PUT /volume/v3/5637c563bb7d42adb3c39d8853d75ad8/qos-specs/e1ea39ea-01da-4ffc-9592-13b010168339/delete_keys => generated 0 bytes in 138 msecs (HTTP/1.1 202) 6 headers in 233 bytes (1 switches on core 0)
May 26 13:45:33.347084 dv-cinder-819668-4-smb devstack@c-api.service[117392]: DEBUG cinder.api.middleware.request_id [None req-40bc72b8-4a7c-4354-96c9-6ab7be067c57 None None] RequestId filter calling following filter/app {{(pid=117392) _context_setter /opt/stack/cinder/cinder/api/middleware/request_id.py:62}}
May 26 13:45:33.370132 dv-cinder-819668-4-smb devstack@c-api.service[117392]: INFO cinder.api.openstack.wsgi [None req-40bc72b8-4a7c-4354-96c9-6ab7be067c57 tempest-QosSpecsTestJSON-2021022176 tempest-QosSpecsTestJSON-2021022176-project-admin] GET http://10.222.0.84/volume/v3/5637c563bb7d42adb3c39d8853d75ad8/qos-specs/e1ea39ea-01da-4ffc-9592-13b010168339
May 26 13:45:33.370599 dv-cinder-819668-4-smb devstack@c-api.service[117392]: DEBUG cinder.api.openstack.wsgi [None req-40bc72b8-4a7c-4354-96c9-6ab7be067c57 tempest-QosSpecsTestJSON-2021022176 tempest-QosSpecsTestJSON-2021022176-project-admin] Empty body provided in request {{(pid=117392) get_body /opt/stack/cinder/cinder/api/openstack/wsgi.py:715}}
May 26 13:45:33.371072 dv-cinder-819668-4-smb devstack@c-api.service[117392]: DEBUG cinder.api.openstack.wsgi [None req-40bc72b8-4a7c-4354-96c9-6ab7be067c57 tempest-QosSpecsTestJSON-2021022176 tempest-QosSpecsTestJSON-2021022176-project-admin] Calling method 'show' {{(pid=117392) _process_stack /opt/stack/cinder/cinder/api/openstack/wsgi.py:868}}
May 26 13:45:33.371797 dv-cinder-819668-4-smb devstack@c-api.service[117392]: /usr/local/lib/python3.8/dist-packages/oslo_context/context.py:100: DeprecationWarning: Policy enforcement is depending on the value of is_admin. This key is deprecated. Please update your policy file to use the standard policy values.
May 26 13:45:33.371797 dv-cinder-819668-4-smb devstack@c-api.service[117392]: warnings.warn('Policy enforcement is depending on the value of '
May 26 13:45:33.400749 dv-cinder-819668-4-smb devstack@c-api.service[117392]: INFO cinder.api.openstack.wsgi [None req-40bc72b8-4a7c-4354-96c9-6ab7be067c57 tempest-QosSpecsTestJSON-2021022176 tempest-QosSpecsTestJSON-2021022176-project-admin] http://10.222.0.84/volume/v3/5637c563bb7d42adb3c39d8853d75ad8/qos-specs/e1ea39ea-01da-4ffc-9592-13b010168339 returned with HTTP 200
May 26 13:45:33.404394 dv-cinder-819668-4-smb devstack@c-api.service[117392]: [pid: 117392|app: 0|req: 63/136] 10.222.0.84 () {58 vars in 1330 bytes} [Thu May 26 13:45:33 2022] GET /volume/v3/5637c563bb7d42adb3c39d8853d75ad8/qos-specs/e1ea39ea-01da-4ffc-9592-13b010168339 => generated 457 bytes in 59 msecs (HTTP/1.1 200) 7 headers in 285 bytes (1 switches on core 0)
May 26 13:45:33.433137 dv-cinder-819668-4-smb devstack@c-api.service[117393]: INFO cinder.api.openstack.wsgi [None req-628bb91b-57b3-4ca0-a169-badc7556b8bf tempest-GroupTypeSpecsTest-1491835012 tempest-GroupTypeSpecsTest-1491835012-project-admin] POST http://10.222.0.84/volume/v3/3a783c3ed99b4cfb8349c452928cb38f/group_types
May 26 13:45:33.434809 dv-cinder-819668-4-smb devstack@c-api.service[117393]: DEBUG cinder.api.openstack.wsgi [None req-628bb91b-57b3-4ca0-a169-badc7556b8bf tempest-GroupTypeSpecsTest-1491835012 tempest-GroupTypeSpecsTest-1491835012-project-admin] Action: 'create', calling method: version_select, body: {"group_type": {"name": "tempest-GroupTypeSpecsTest-group-type-418743230"}} {{(pid=117393) _process_stack /opt/stack/cinder/cinder/api/openstack/wsgi.py:866}}
May 26 13:45:33.436384 dv-cinder-819668-4-smb devstack@c-api.service[117393]: /usr/local/lib/python3.8/dist-packages/oslo_context/context.py:100: DeprecationWarning: Policy enforcement is depending on the value of is_admin. This key is deprecated. Please update your policy file to use the standard policy values.
May 26 13:45:33.436384 dv-cinder-819668-4-smb devstack@c-api.service[117393]: warnings.warn('Policy enforcement is depending on the value of '
May 26 13:45:33.440881 dv-cinder-819668-4-smb devstack@c-api.service[117392]: DEBUG cinder.api.middleware.request_id [None req-c1405b7b-ea3b-4b91-a403-736968361bd4 None None] RequestId filter calling following filter/app {{(pid=117392) _context_setter /opt/stack/cinder/cinder/api/middleware/request_id.py:62}}
May 26 13:45:33.460144 dv-cinder-819668-4-smb devstack@c-api.service[117392]: INFO cinder.api.openstack.wsgi [None req-c1405b7b-ea3b-4b91-a403-736968361bd4 tempest-QosSpecsTestJSON-2021022176 tempest-QosSpecsTestJSON-2021022176-project-admin] GET http://10.222.0.84/volume/v3/5637c563bb7d42adb3c39d8853d75ad8/qos-specs/e1ea39ea-01da-4ffc-9592-13b010168339
May 26 13:45:33.462787 dv-cinder-819668-4-smb devstack@c-api.service[117392]: DEBUG cinder.api.openstack.wsgi [None req-c1405b7b-ea3b-4b91-a403-736968361bd4 tempest-QosSpecsTestJSON-2021022176 tempest-QosSpecsTestJSON-2021022176-project-admin] Empty body provided in request {{(pid=117392) get_body /opt/stack/cinder/cinder/api/openstack/wsgi.py:715}}
May 26 13:45:33.462787 dv-cinder-819668-4-smb devstack@c-api.service[117392]: DEBUG cinder.api.openstack.wsgi [None req-c1405b7b-ea3b-4b91-a403-736968361bd4 tempest-QosSpecsTestJSON-2021022176 tempest-QosSpecsTestJSON-2021022176-project-admin] Calling method 'show' {{(pid=117392) _process_stack /opt/stack/cinder/cinder/api/openstack/wsgi.py:868}}
May 26 13:45:33.463945 dv-cinder-819668-4-smb devstack@c-api.service[117392]: /usr/local/lib/python3.8/dist-packages/oslo_context/context.py:100: DeprecationWarning: Policy enforcement is depending on the value of is_admin. This key is deprecated. Please update your policy file to use the standard policy values.
May 26 13:45:33.463945 dv-cinder-819668-4-smb devstack@c-api.service[117392]: warnings.warn('Policy enforcement is depending on the value of '
May 26 13:45:33.479115 dv-cinder-819668-4-smb devstack@c-api.service[117393]: INFO cinder.api.openstack.wsgi [None req-628bb91b-57b3-4ca0-a169-badc7556b8bf tempest-GroupTypeSpecsTest-1491835012 tempest-GroupTypeSpecsTest-1491835012-project-admin] http://10.222.0.84/volume/v3/3a783c3ed99b4cfb8349c452928cb38f/group_types returned with HTTP 202
May 26 13:45:33.481152 dv-cinder-819668-4-smb devstack@c-api.service[117392]: INFO cinder.api.openstack.wsgi [None req-c1405b7b-ea3b-4b91-a403-736968361bd4 tempest-QosSpecsTestJSON-2021022176 tempest-QosSpecsTestJSON-2021022176-project-admin] http://10.222.0.84/volume/v3/5637c563bb7d42adb3c39d8853d75ad8/qos-specs/e1ea39ea-01da-4ffc-9592-13b010168339 returned with HTTP 200
May 26 13:45:33.487977 dv-cinder-819668-4-smb devstack@c-api.service[117393]: [pid: 117393|app: 0|req: 74/137] 10.222.0.84 () {62 vars in 1287 bytes} [Thu May 26 13:45:33 2022] POST /volume/v3/3a783c3ed99b4cfb8349c452928cb38f/group_types => generated 180 bytes in 485 msecs (HTTP/1.1 202) 7 headers in 292 bytes (1 switches on core 0)
May 26 13:45:33.489733 dv-cinder-819668-4-smb devstack@c-api.service[117393]: DEBUG cinder.api.middleware.request_id [None req-4e0889b7-7630-4c5a-8b54-8d1ae3fcc283 None None] RequestId filter calling following filter/app {{(pid=117393) _context_setter /opt/stack/cinder/cinder/api/middleware/request_id.py:62}}
May 26 13:45:33.491312 dv-cinder-819668-4-smb devstack@c-api.service[117392]: [pid: 117392|app: 0|req: 64/138] 10.222.0.84 () {58 vars in 1330 bytes} [Thu May 26 13:45:33 2022] GET /volume/v3/5637c563bb7d42adb3c39d8853d75ad8/qos-specs/e1ea39ea-01da-4ffc-9592-13b010168339 => generated 457 bytes in 52 msecs (HTTP/1.1 200) 7 headers in 285 bytes (1 switches on core 0)
May 26 13:45:33.496701 dv-cinder-819668-4-smb devstack@c-api.service[117393]: INFO cinder.api.openstack.wsgi [None req-4e0889b7-7630-4c5a-8b54-8d1ae3fcc283 tempest-GroupTypeSpecsTest-1491835012 tempest-GroupTypeSpecsTest-1491835012-project-admin] POST http://10.222.0.84/volume/v3/3a783c3ed99b4cfb8349c452928cb38f/group_types/6f13d267-d243-4735-94f5-156fc9de623c/group_specs
May 26 13:45:33.499459 dv-cinder-819668-4-smb devstack@c-api.service[117392]: DEBUG cinder.api.middleware.request_id [None req-98f77157-ec33-49c4-9798-e0e35328078d None None] RequestId filter calling following filter/app {{(pid=117392) _context_setter /opt/stack/cinder/cinder/api/middleware/request_id.py:62}}
May 26 13:45:33.505921 dv-cinder-819668-4-smb devstack@c-api.service[117392]: INFO cinder.api.openstack.wsgi [None req-98f77157-ec33-49c4-9798-e0e35328078d tempest-QosSpecsTestJSON-2021022176 tempest-QosSpecsTestJSON-2021022176-project-admin] DELETE http://10.222.0.84/volume/v3/5637c563bb7d42adb3c39d8853d75ad8/qos-specs/c3504672-0b81-4e71-b628-609ce90ba071?force=False
May 26 13:45:33.506390 dv-cinder-819668-4-smb devstack@c-api.service[117393]: DEBUG cinder.api.openstack.wsgi [None req-4e0889b7-7630-4c5a-8b54-8d1ae3fcc283 tempest-GroupTypeSpecsTest-1491835012 tempest-GroupTypeSpecsTest-1491835012-project-admin] Action: 'create', calling method: version_select, body: {"group_specs": {"key1": "value1", "key2": "value2"}} {{(pid=117393) _process_stack /opt/stack/cinder/cinder/api/openstack/wsgi.py:866}}
May 26 13:45:33.511120 dv-cinder-819668-4-smb devstack@c-api.service[117392]: DEBUG cinder.api.openstack.wsgi [None req-98f77157-ec33-49c4-9798-e0e35328078d tempest-QosSpecsTestJSON-2021022176 tempest-QosSpecsTestJSON-2021022176-project-admin] Empty body provided in request {{(pid=117392) get_body /opt/stack/cinder/cinder/api/openstack/wsgi.py:715}}
May 26 13:45:33.511720 dv-cinder-819668-4-smb devstack@c-api.service[117392]: DEBUG cinder.api.openstack.wsgi [None req-98f77157-ec33-49c4-9798-e0e35328078d tempest-QosSpecsTestJSON-2021022176 tempest-QosSpecsTestJSON-2021022176-project-admin] Calling method 'delete' {{(pid=117392) _process_stack /opt/stack/cinder/cinder/api/openstack/wsgi.py:868}}
May 26 13:45:33.512792 dv-cinder-819668-4-smb devstack@c-api.service[117392]: /usr/local/lib/python3.8/dist-packages/oslo_context/context.py:100: DeprecationWarning: Policy enforcement is depending on the value of is_admin. This key is deprecated. Please update your policy file to use the standard policy values.
May 26 13:45:33.512792 dv-cinder-819668-4-smb devstack@c-api.service[117392]: warnings.warn('Policy enforcement is depending on the value of '
May 26 13:45:33.514259 dv-cinder-819668-4-smb devstack@c-api.service[117392]: DEBUG cinder.api.contrib.qos_specs_manage [None req-98f77157-ec33-49c4-9798-e0e35328078d tempest-QosSpecsTestJSON-2021022176 tempest-QosSpecsTestJSON-2021022176-project-admin] Delete qos_spec: c3504672-0b81-4e71-b628-609ce90ba071, force: False {{(pid=117392) delete /opt/stack/cinder/cinder/api/contrib/qos_specs_manage.py:168}}
May 26 13:45:33.521810 dv-cinder-819668-4-smb devstack@c-api.service[117392]: INFO cinder.api.openstack.wsgi [None req-98f77157-ec33-49c4-9798-e0e35328078d tempest-QosSpecsTestJSON-2021022176 tempest-QosSpecsTestJSON-2021022176-project-admin] http://10.222.0.84/volume/v3/5637c563bb7d42adb3c39d8853d75ad8/qos-specs/c3504672-0b81-4e71-b628-609ce90ba071?force=False returned with HTTP 404
May 26 13:45:33.523532 dv-cinder-819668-4-smb devstack@c-api.service[117392]: [pid: 117392|app: 0|req: 65/139] 10.222.0.84 () {58 vars in 1356 bytes} [Thu May 26 13:45:33 2022] DELETE /volume/v3/5637c563bb7d42adb3c39d8853d75ad8/qos-specs/c3504672-0b81-4e71-b628-609ce90ba071?force=False => generated 100 bytes in 25 msecs (HTTP/1.1 404) 7 headers in 292 bytes (1 switches on core 0)
May 26 13:45:33.534749 dv-cinder-819668-4-smb devstack@c-api.service[117392]: DEBUG cinder.api.middleware.request_id [None req-e4c91f99-51c8-4eaa-9059-7fd9f33c5cd9 None None] RequestId filter calling following filter/app {{(pid=117392) _context_setter /opt/stack/cinder/cinder/api/middleware/request_id.py:62}}
May 26 13:45:33.554896 dv-cinder-819668-4-smb devstack@c-api.service[117392]: INFO cinder.api.openstack.wsgi [None req-e4c91f99-51c8-4eaa-9059-7fd9f33c5cd9 tempest-QosSpecsTestJSON-2021022176 tempest-QosSpecsTestJSON-2021022176-project-admin] GET http://10.222.0.84/volume/v3/5637c563bb7d42adb3c39d8853d75ad8/qos-specs/c3504672-0b81-4e71-b628-609ce90ba071
May 26 13:45:33.555460 dv-cinder-819668-4-smb devstack@c-api.service[117392]: DEBUG cinder.api.openstack.wsgi [None req-e4c91f99-51c8-4eaa-9059-7fd9f33c5cd9 tempest-QosSpecsTestJSON-2021022176 tempest-QosSpecsTestJSON-2021022176-project-admin] Empty body provided in request {{(pid=117392) get_body /opt/stack/cinder/cinder/api/openstack/wsgi.py:715}}
May 26 13:45:33.558251 dv-cinder-819668-4-smb devstack@c-api.service[117392]: DEBUG cinder.api.openstack.wsgi [None req-e4c91f99-51c8-4eaa-9059-7fd9f33c5cd9 tempest-QosSpecsTestJSON-2021022176 tempest-QosSpecsTestJSON-2021022176-project-admin] Calling method 'show' {{(pid=117392) _process_stack /opt/stack/cinder/cinder/api/openstack/wsgi.py:868}}
May 26 13:45:33.595591 dv-cinder-819668-4-smb devstack@c-api.service[117392]: INFO cinder.api.openstack.wsgi [None req-e4c91f99-51c8-4eaa-9059-7fd9f33c5cd9 tempest-QosSpecsTestJSON-2021022176 tempest-QosSpecsTestJSON-2021022176-project-admin] http://10.222.0.84/volume/v3/5637c563bb7d42adb3c39d8853d75ad8/qos-specs/c3504672-0b81-4e71-b628-609ce90ba071 returned with HTTP 404
May 26 13:45:33.599978 dv-cinder-819668-4-smb devstack@c-api.service[117392]: [pid: 117392|app: 0|req: 66/140] 10.222.0.84 () {58 vars in 1330 bytes} [Thu May 26 13:45:33 2022] GET /volume/v3/5637c563bb7d42adb3c39d8853d75ad8/qos-specs/c3504672-0b81-4e71-b628-609ce90ba071 => generated 100 bytes in 72 msecs (HTTP/1.1 404) 7 headers in 292 bytes (1 switches on core 0)
May 26 13:45:33.607198 dv-cinder-819668-4-smb devstack@c-api.service[117392]: DEBUG cinder.api.middleware.request_id [None req-41d1be7b-23e6-42dd-ae7e-de1774258584 None None] RequestId filter calling following filter/app {{(pid=117392) _context_setter /opt/stack/cinder/cinder/api/middleware/request_id.py:62}}
May 26 13:45:33.619584 dv-cinder-819668-4-smb devstack@c-api.service[117393]: INFO cinder.api.openstack.wsgi [None req-4e0889b7-7630-4c5a-8b54-8d1ae3fcc283 tempest-GroupTypeSpecsTest-1491835012 tempest-GroupTypeSpecsTest-1491835012-project-admin] http://10.222.0.84/volume/v3/3a783c3ed99b4cfb8349c452928cb38f/group_types/6f13d267-d243-4735-94f5-156fc9de623c/group_specs returned with HTTP 202
May 26 13:45:33.620870 dv-cinder-819668-4-smb devstack@c-api.service[117393]: [pid: 117393|app: 0|req: 75/141] 10.222.0.84 () {62 vars in 1434 bytes} [Thu May 26 13:45:33 2022] POST /volume/v3/3a783c3ed99b4cfb8349c452928cb38f/group_types/6f13d267-d243-4735-94f5-156fc9de623c/group_specs => generated 53 bytes in 132 msecs (HTTP/1.1 202) 7 headers in 291 bytes (1 switches on core 0)
May 26 13:45:33.629604 dv-cinder-819668-4-smb devstack@c-api.service[117392]: INFO cinder.api.openstack.wsgi [None req-41d1be7b-23e6-42dd-ae7e-de1774258584 tempest-QosSpecsTestJSON-2021022176 tempest-QosSpecsTestJSON-2021022176-project-admin] DELETE http://10.222.0.84/volume/v3/5637c563bb7d42adb3c39d8853d75ad8/qos-specs/633429c9-cd80-4d40-bc2b-c5f001112137?force=False
May 26 13:45:33.630070 dv-cinder-819668-4-smb devstack@c-api.service[117392]: DEBUG cinder.api.openstack.wsgi [None req-41d1be7b-23e6-42dd-ae7e-de1774258584 tempest-QosSpecsTestJSON-2021022176 tempest-QosSpecsTestJSON-2021022176-project-admin] Empty body provided in request {{(pid=117392) get_body /opt/stack/cinder/cinder/api/openstack/wsgi.py:715}}
May 26 13:45:33.630533 dv-cinder-819668-4-smb devstack@c-api.service[117392]: DEBUG cinder.api.openstack.wsgi [None req-41d1be7b-23e6-42dd-ae7e-de1774258584 tempest-QosSpecsTestJSON-2021022176 tempest-QosSpecsTestJSON-2021022176-project-admin] Calling method 'delete' {{(pid=117392) _process_stack /opt/stack/cinder/cinder/api/openstack/wsgi.py:868}}
May 26 13:45:33.635779 dv-cinder-819668-4-smb devstack@c-api.service[117393]: DEBUG cinder.api.middleware.request_id [None req-4b0761bf-d7e3-45dd-ab8f-7802644090ce None None] RequestId filter calling following filter/app {{(pid=117393) _context_setter /opt/stack/cinder/cinder/api/middleware/request_id.py:62}}
May 26 13:45:33.643785 dv-cinder-819668-4-smb devstack@c-api.service[117392]: DEBUG cinder.api.contrib.qos_specs_manage [None req-41d1be7b-23e6-42dd-ae7e-de1774258584 tempest-QosSpecsTestJSON-2021022176 tempest-QosSpecsTestJSON-2021022176-project-admin] Delete qos_spec: 633429c9-cd80-4d40-bc2b-c5f001112137, force: False {{(pid=117392) delete /opt/stack/cinder/cinder/api/contrib/qos_specs_manage.py:168}}
May 26 13:45:33.651949 dv-cinder-819668-4-smb devstack@c-api.service[117393]: INFO cinder.api.openstack.wsgi [None req-4b0761bf-d7e3-45dd-ab8f-7802644090ce tempest-GroupTypeSpecsTest-1491835012 tempest-GroupTypeSpecsTest-1491835012-project-admin] POST http://10.222.0.84/volume/v3/3a783c3ed99b4cfb8349c452928cb38f/group_types/6f13d267-d243-4735-94f5-156fc9de623c/group_specs
May 26 13:45:33.656335 dv-cinder-819668-4-smb devstack@c-api.service[117393]: DEBUG cinder.api.openstack.wsgi [None req-4b0761bf-d7e3-45dd-ab8f-7802644090ce tempest-GroupTypeSpecsTest-1491835012 tempest-GroupTypeSpecsTest-1491835012-project-admin] Action: 'create', calling method: version_select, body: {"group_specs": {"key2": "value2-updated", "key3": "value3"}} {{(pid=117393) _process_stack /opt/stack/cinder/cinder/api/openstack/wsgi.py:866}}
May 26 13:45:33.665517 dv-cinder-819668-4-smb devstack@c-api.service[117392]: INFO cinder.api.openstack.wsgi [None req-41d1be7b-23e6-42dd-ae7e-de1774258584 tempest-QosSpecsTestJSON-2021022176 tempest-QosSpecsTestJSON-2021022176-project-admin] http://10.222.0.84/volume/v3/5637c563bb7d42adb3c39d8853d75ad8/qos-specs/633429c9-cd80-4d40-bc2b-c5f001112137?force=False returned with HTTP 404
May 26 13:45:33.669516 dv-cinder-819668-4-smb devstack@c-api.service[117392]: [pid: 117392|app: 0|req: 67/142] 10.222.0.84 () {58 vars in 1356 bytes} [Thu May 26 13:45:33 2022] DELETE /volume/v3/5637c563bb7d42adb3c39d8853d75ad8/qos-specs/633429c9-cd80-4d40-bc2b-c5f001112137?force=False => generated 100 bytes in 68 msecs (HTTP/1.1 404) 7 headers in 292 bytes (1 switches on core 0)
May 26 13:45:33.670910 dv-cinder-819668-4-smb devstack@c-api.service[117392]: DEBUG cinder.api.middleware.request_id [None req-774ef291-337d-4c3b-9128-8fe555156871 None None] RequestId filter calling following filter/app {{(pid=117392) _context_setter /opt/stack/cinder/cinder/api/middleware/request_id.py:62}}
May 26 13:45:33.681815 dv-cinder-819668-4-smb devstack@c-api.service[117392]: INFO cinder.api.openstack.wsgi [None req-774ef291-337d-4c3b-9128-8fe555156871 tempest-QosSpecsTestJSON-2021022176 tempest-QosSpecsTestJSON-2021022176-project-admin] GET http://10.222.0.84/volume/v3/5637c563bb7d42adb3c39d8853d75ad8/qos-specs/633429c9-cd80-4d40-bc2b-c5f001112137
May 26 13:45:33.696043 dv-cinder-819668-4-smb devstack@c-api.service[117392]: DEBUG cinder.api.openstack.wsgi [None req-774ef291-337d-4c3b-9128-8fe555156871 tempest-QosSpecsTestJSON-2021022176 tempest-QosSpecsTestJSON-2021022176-project-admin] Empty body provided in request {{(pid=117392) get_body /opt/stack/cinder/cinder/api/openstack/wsgi.py:715}}
May 26 13:45:33.696805 dv-cinder-819668-4-smb devstack@c-api.service[117392]: DEBUG cinder.api.openstack.wsgi [None req-774ef291-337d-4c3b-9128-8fe555156871 tempest-QosSpecsTestJSON-2021022176 tempest-QosSpecsTestJSON-2021022176-project-admin] Calling method 'show' {{(pid=117392) _process_stack /opt/stack/cinder/cinder/api/openstack/wsgi.py:868}}
May 26 13:45:33.716777 dv-cinder-819668-4-smb devstack@c-api.service[117392]: INFO cinder.api.openstack.wsgi [None req-774ef291-337d-4c3b-9128-8fe555156871 tempest-QosSpecsTestJSON-2021022176 tempest-QosSpecsTestJSON-2021022176-project-admin] http://10.222.0.84/volume/v3/5637c563bb7d42adb3c39d8853d75ad8/qos-specs/633429c9-cd80-4d40-bc2b-c5f001112137 returned with HTTP 404
May 26 13:45:33.718282 dv-cinder-819668-4-smb devstack@c-api.service[117392]: [pid: 117392|app: 0|req: 68/143] 10.222.0.84 () {58 vars in 1330 bytes} [Thu May 26 13:45:33 2022] GET /volume/v3/5637c563bb7d42adb3c39d8853d75ad8/qos-specs/633429c9-cd80-4d40-bc2b-c5f001112137 => generated 100 bytes in 48 msecs (HTTP/1.1 404) 7 headers in 292 bytes (1 switches on core 0)
May 26 13:45:33.724584 dv-cinder-819668-4-smb devstack@c-api.service[117392]: DEBUG cinder.api.middleware.request_id [None req-74b8fe37-42d4-4292-ac43-2fbdb1f4d39d None None] RequestId filter calling following filter/app {{(pid=117392) _context_setter /opt/stack/cinder/cinder/api/middleware/request_id.py:62}}
May 26 13:45:33.742024 dv-cinder-819668-4-smb devstack@c-api.service[117392]: INFO cinder.api.openstack.wsgi [None req-74b8fe37-42d4-4292-ac43-2fbdb1f4d39d tempest-QosSpecsTestJSON-2021022176 tempest-QosSpecsTestJSON-2021022176-project-admin] DELETE http://10.222.0.84/volume/v3/5637c563bb7d42adb3c39d8853d75ad8/qos-specs/9fb3c447-b8fd-4d52-aeb9-53eb94fa4b29?force=False
May 26 13:45:33.743013 dv-cinder-819668-4-smb devstack@c-api.service[117393]: INFO cinder.api.openstack.wsgi [None req-4b0761bf-d7e3-45dd-ab8f-7802644090ce tempest-GroupTypeSpecsTest-1491835012 tempest-GroupTypeSpecsTest-1491835012-project-admin] http://10.222.0.84/volume/v3/3a783c3ed99b4cfb8349c452928cb38f/group_types/6f13d267-d243-4735-94f5-156fc9de623c/group_specs returned with HTTP 202
May 26 13:45:33.747750 dv-cinder-819668-4-smb devstack@c-api.service[117392]: DEBUG cinder.api.openstack.wsgi [None req-74b8fe37-42d4-4292-ac43-2fbdb1f4d39d tempest-QosSpecsTestJSON-2021022176 tempest-QosSpecsTestJSON-2021022176-project-admin] Empty body provided in request {{(pid=117392) get_body /opt/stack/cinder/cinder/api/openstack/wsgi.py:715}}
May 26 13:45:33.747922 dv-cinder-819668-4-smb devstack@c-api.service[117393]: [pid: 117393|app: 0|req: 76/144] 10.222.0.84 () {62 vars in 1434 bytes} [Thu May 26 13:45:33 2022] POST /volume/v3/3a783c3ed99b4cfb8349c452928cb38f/group_types/6f13d267-d243-4735-94f5-156fc9de623c/group_specs => generated 61 bytes in 116 msecs (HTTP/1.1 202) 7 headers in 291 bytes (1 switches on core 0)
May 26 13:45:33.750303 dv-cinder-819668-4-smb devstack@c-api.service[117393]: DEBUG cinder.api.middleware.request_id [None req-c476ff88-42de-464c-978a-23b0a570922c None None] RequestId filter calling following filter/app {{(pid=117393) _context_setter /opt/stack/cinder/cinder/api/middleware/request_id.py:62}}
May 26 13:45:33.750954 dv-cinder-819668-4-smb devstack@c-api.service[117392]: DEBUG cinder.api.openstack.wsgi [None req-74b8fe37-42d4-4292-ac43-2fbdb1f4d39d tempest-QosSpecsTestJSON-2021022176 tempest-QosSpecsTestJSON-2021022176-project-admin] Calling method 'delete' {{(pid=117392) _process_stack /opt/stack/cinder/cinder/api/openstack/wsgi.py:868}}
May 26 13:45:33.754665 dv-cinder-819668-4-smb devstack@c-api.service[117392]: DEBUG cinder.api.contrib.qos_specs_manage [None req-74b8fe37-42d4-4292-ac43-2fbdb1f4d39d tempest-QosSpecsTestJSON-2021022176 tempest-QosSpecsTestJSON-2021022176-project-admin] Delete qos_spec: 9fb3c447-b8fd-4d52-aeb9-53eb94fa4b29, force: False {{(pid=117392) delete /opt/stack/cinder/cinder/api/contrib/qos_specs_manage.py:168}}
May 26 13:45:33.764127 dv-cinder-819668-4-smb devstack@c-api.service[117393]: INFO cinder.api.openstack.wsgi [None req-c476ff88-42de-464c-978a-23b0a570922c tempest-GroupTypeSpecsTest-1491835012 tempest-GroupTypeSpecsTest-1491835012-project-admin] GET http://10.222.0.84/volume/v3/3a783c3ed99b4cfb8349c452928cb38f/group_types/6f13d267-d243-4735-94f5-156fc9de623c/group_specs/key2
May 26 13:45:33.764820 dv-cinder-819668-4-smb devstack@c-api.service[117393]: DEBUG cinder.api.openstack.wsgi [None req-c476ff88-42de-464c-978a-23b0a570922c tempest-GroupTypeSpecsTest-1491835012 tempest-GroupTypeSpecsTest-1491835012-project-admin] Empty body provided in request {{(pid=117393) get_body /opt/stack/cinder/cinder/api/openstack/wsgi.py:715}}
May 26 13:45:33.765288 dv-cinder-819668-4-smb devstack@c-api.service[117393]: DEBUG cinder.api.openstack.wsgi [None req-c476ff88-42de-464c-978a-23b0a570922c tempest-GroupTypeSpecsTest-1491835012 tempest-GroupTypeSpecsTest-1491835012-project-admin] Calling method 'version_select' {{(pid=117393) _process_stack /opt/stack/cinder/cinder/api/openstack/wsgi.py:868}}
May 26 13:45:33.781430 dv-cinder-819668-4-smb devstack@c-api.service[117392]: INFO cinder.api.openstack.wsgi [None req-74b8fe37-42d4-4292-ac43-2fbdb1f4d39d tempest-QosSpecsTestJSON-2021022176 tempest-QosSpecsTestJSON-2021022176-project-admin] http://10.222.0.84/volume/v3/5637c563bb7d42adb3c39d8853d75ad8/qos-specs/9fb3c447-b8fd-4d52-aeb9-53eb94fa4b29?force=False returned with HTTP 404
May 26 13:45:33.789183 dv-cinder-819668-4-smb devstack@c-api.service[117392]: [pid: 117392|app: 0|req: 69/145] 10.222.0.84 () {58 vars in 1356 bytes} [Thu May 26 13:45:33 2022] DELETE /volume/v3/5637c563bb7d42adb3c39d8853d75ad8/qos-specs/9fb3c447-b8fd-4d52-aeb9-53eb94fa4b29?force=False => generated 100 bytes in 66 msecs (HTTP/1.1 404) 7 headers in 292 bytes (1 switches on core 0)
May 26 13:45:33.793862 dv-cinder-819668-4-smb devstack@c-api.service[117392]: DEBUG cinder.api.middleware.request_id [None req-c5706db7-90a1-4867-90cf-603ed6b5d01c None None] RequestId filter calling following filter/app {{(pid=117392) _context_setter /opt/stack/cinder/cinder/api/middleware/request_id.py:62}}
May 26 13:45:33.801862 dv-cinder-819668-4-smb devstack@c-api.service[117393]: INFO cinder.api.openstack.wsgi [None req-c476ff88-42de-464c-978a-23b0a570922c tempest-GroupTypeSpecsTest-1491835012 tempest-GroupTypeSpecsTest-1491835012-project-admin] http://10.222.0.84/volume/v3/3a783c3ed99b4cfb8349c452928cb38f/group_types/6f13d267-d243-4735-94f5-156fc9de623c/group_specs/key2 returned with HTTP 200
May 26 13:45:33.802500 dv-cinder-819668-4-smb devstack@c-api.service[117393]: [pid: 117393|app: 0|req: 77/146] 10.222.0.84 () {60 vars in 1428 bytes} [Thu May 26 13:45:33 2022] GET /volume/v3/3a783c3ed99b4cfb8349c452928cb38f/group_types/6f13d267-d243-4735-94f5-156fc9de623c/group_specs/key2 => generated 26 bytes in 54 msecs (HTTP/1.1 200) 7 headers in 285 bytes (2 switches on core 0)
May 26 13:45:33.808133 dv-cinder-819668-4-smb devstack@c-api.service[117393]: DEBUG cinder.api.middleware.request_id [None req-1f3b31a8-9688-4e18-a0cf-a851ebd24414 None None] RequestId filter calling following filter/app {{(pid=117393) _context_setter /opt/stack/cinder/cinder/api/middleware/request_id.py:62}}
May 26 13:45:33.816583 dv-cinder-819668-4-smb devstack@c-api.service[117393]: INFO cinder.api.openstack.wsgi [None req-1f3b31a8-9688-4e18-a0cf-a851ebd24414 tempest-GroupTypeSpecsTest-1491835012 tempest-GroupTypeSpecsTest-1491835012-project-admin] GET http://10.222.0.84/volume/v3/3a783c3ed99b4cfb8349c452928cb38f/group_types/6f13d267-d243-4735-94f5-156fc9de623c/group_specs/key3
May 26 13:45:33.821338 dv-cinder-819668-4-smb devstack@c-api.service[117392]: INFO cinder.api.openstack.wsgi [None req-c5706db7-90a1-4867-90cf-603ed6b5d01c tempest-QosSpecsTestJSON-2021022176 tempest-QosSpecsTestJSON-2021022176-project-admin] GET http://10.222.0.84/volume/v3/5637c563bb7d42adb3c39d8853d75ad8/qos-specs/9fb3c447-b8fd-4d52-aeb9-53eb94fa4b29
May 26 13:45:33.823193 dv-cinder-819668-4-smb devstack@c-api.service[117393]: DEBUG cinder.api.openstack.wsgi [None req-1f3b31a8-9688-4e18-a0cf-a851ebd24414 tempest-GroupTypeSpecsTest-1491835012 tempest-GroupTypeSpecsTest-1491835012-project-admin] Empty body provided in request {{(pid=117393) get_body /opt/stack/cinder/cinder/api/openstack/wsgi.py:715}}
May 26 13:45:33.823948 dv-cinder-819668-4-smb devstack@c-api.service[117392]: DEBUG cinder.api.openstack.wsgi [None req-c5706db7-90a1-4867-90cf-603ed6b5d01c tempest-QosSpecsTestJSON-2021022176 tempest-QosSpecsTestJSON-2021022176-project-admin] Empty body provided in request {{(pid=117392) get_body /opt/stack/cinder/cinder/api/openstack/wsgi.py:715}}
May 26 13:45:33.824667 dv-cinder-819668-4-smb devstack@c-api.service[117392]: DEBUG cinder.api.openstack.wsgi [None req-c5706db7-90a1-4867-90cf-603ed6b5d01c tempest-QosSpecsTestJSON-2021022176 tempest-QosSpecsTestJSON-2021022176-project-admin] Calling method 'show' {{(pid=117392) _process_stack /opt/stack/cinder/cinder/api/openstack/wsgi.py:868}}
May 26 13:45:33.825868 dv-cinder-819668-4-smb devstack@c-api.service[117393]: DEBUG cinder.api.openstack.wsgi [None req-1f3b31a8-9688-4e18-a0cf-a851ebd24414 tempest-GroupTypeSpecsTest-1491835012 tempest-GroupTypeSpecsTest-1491835012-project-admin] Calling method 'version_select' {{(pid=117393) _process_stack /opt/stack/cinder/cinder/api/openstack/wsgi.py:868}}
May 26 13:45:33.841914 dv-cinder-819668-4-smb devstack@c-api.service[117392]: INFO cinder.api.openstack.wsgi [None req-c5706db7-90a1-4867-90cf-603ed6b5d01c tempest-QosSpecsTestJSON-2021022176 tempest-QosSpecsTestJSON-2021022176-project-admin] http://10.222.0.84/volume/v3/5637c563bb7d42adb3c39d8853d75ad8/qos-specs/9fb3c447-b8fd-4d52-aeb9-53eb94fa4b29 returned with HTTP 404
May 26 13:45:33.844139 dv-cinder-819668-4-smb devstack@c-api.service[117392]: [pid: 117392|app: 0|req: 70/147] 10.222.0.84 () {58 vars in 1330 bytes} [Thu May 26 13:45:33 2022] GET /volume/v3/5637c563bb7d42adb3c39d8853d75ad8/qos-specs/9fb3c447-b8fd-4d52-aeb9-53eb94fa4b29 => generated 100 bytes in 51 msecs (HTTP/1.1 404) 7 headers in 292 bytes (1 switches on core 0)
May 26 13:45:33.849270 dv-cinder-819668-4-smb devstack@c-api.service[117392]: DEBUG cinder.api.middleware.request_id [None req-d6e33e8a-6add-4f0b-a7a6-531df4381d85 None None] RequestId filter calling following filter/app {{(pid=117392) _context_setter /opt/stack/cinder/cinder/api/middleware/request_id.py:62}}
May 26 13:45:33.854752 dv-cinder-819668-4-smb devstack@c-api.service[117392]: INFO cinder.api.openstack.wsgi [None req-d6e33e8a-6add-4f0b-a7a6-531df4381d85 tempest-QosSpecsTestJSON-2021022176 tempest-QosSpecsTestJSON-2021022176-project-admin] DELETE http://10.222.0.84/volume/v3/5637c563bb7d42adb3c39d8853d75ad8/types/4410f7b9-549d-4b97-8c74-497e0b43ac23
May 26 13:45:33.856391 dv-cinder-819668-4-smb devstack@c-api.service[117392]: DEBUG cinder.api.openstack.wsgi [None req-d6e33e8a-6add-4f0b-a7a6-531df4381d85 tempest-QosSpecsTestJSON-2021022176 tempest-QosSpecsTestJSON-2021022176-project-admin] Empty body provided in request {{(pid=117392) get_body /opt/stack/cinder/cinder/api/openstack/wsgi.py:715}}
May 26 13:45:33.856531 dv-cinder-819668-4-smb devstack@c-api.service[117393]: INFO cinder.api.openstack.wsgi [None req-1f3b31a8-9688-4e18-a0cf-a851ebd24414 tempest-GroupTypeSpecsTest-1491835012 tempest-GroupTypeSpecsTest-1491835012-project-admin] http://10.222.0.84/volume/v3/3a783c3ed99b4cfb8349c452928cb38f/group_types/6f13d267-d243-4735-94f5-156fc9de623c/group_specs/key3 returned with HTTP 200
May 26 13:45:33.857207 dv-cinder-819668-4-smb devstack@c-api.service[117392]: DEBUG cinder.api.openstack.wsgi [None req-d6e33e8a-6add-4f0b-a7a6-531df4381d85 tempest-QosSpecsTestJSON-2021022176 tempest-QosSpecsTestJSON-2021022176-project-admin] Calling method '_delete' {{(pid=117392) _process_stack /opt/stack/cinder/cinder/api/openstack/wsgi.py:868}}
May 26 13:45:33.860584 dv-cinder-819668-4-smb devstack@c-api.service[117393]: [pid: 117393|app: 0|req: 78/148] 10.222.0.84 () {60 vars in 1428 bytes} [Thu May 26 13:45:33 2022] GET /volume/v3/3a783c3ed99b4cfb8349c452928cb38f/group_types/6f13d267-d243-4735-94f5-156fc9de623c/group_specs/key3 => generated 18 bytes in 53 msecs (HTTP/1.1 200) 7 headers in 285 bytes (1 switches on core 0)
May 26 13:45:33.867658 dv-cinder-819668-4-smb devstack@c-api.service[117393]: DEBUG cinder.api.middleware.request_id [None req-1cbe1f3c-64c2-4710-8c92-1e8d869a341f None None] RequestId filter calling following filter/app {{(pid=117393) _context_setter /opt/stack/cinder/cinder/api/middleware/request_id.py:62}}
May 26 13:45:33.877994 dv-cinder-819668-4-smb devstack@c-api.service[117393]: INFO cinder.api.openstack.wsgi [None req-1cbe1f3c-64c2-4710-8c92-1e8d869a341f tempest-GroupTypeSpecsTest-1491835012 tempest-GroupTypeSpecsTest-1491835012-project-admin] PUT http://10.222.0.84/volume/v3/3a783c3ed99b4cfb8349c452928cb38f/group_types/6f13d267-d243-4735-94f5-156fc9de623c/group_specs/key3
May 26 13:45:33.879706 dv-cinder-819668-4-smb devstack@c-api.service[117393]: DEBUG cinder.api.openstack.wsgi [None req-1cbe1f3c-64c2-4710-8c92-1e8d869a341f tempest-GroupTypeSpecsTest-1491835012 tempest-GroupTypeSpecsTest-1491835012-project-admin] Action: 'update', calling method: version_select, body: {"key3": "value3-updated"} {{(pid=117393) _process_stack /opt/stack/cinder/cinder/api/openstack/wsgi.py:866}}
May 26 13:45:33.917992 dv-cinder-819668-4-smb devstack@c-api.service[117393]: INFO cinder.api.openstack.wsgi [None req-1cbe1f3c-64c2-4710-8c92-1e8d869a341f tempest-GroupTypeSpecsTest-1491835012 tempest-GroupTypeSpecsTest-1491835012-project-admin] http://10.222.0.84/volume/v3/3a783c3ed99b4cfb8349c452928cb38f/group_types/6f13d267-d243-4735-94f5-156fc9de623c/group_specs/key3 returned with HTTP 200
May 26 13:45:33.918998 dv-cinder-819668-4-smb devstack@c-api.service[117393]: [pid: 117393|app: 0|req: 79/149] 10.222.0.84 () {62 vars in 1448 bytes} [Thu May 26 13:45:33 2022] PUT /volume/v3/3a783c3ed99b4cfb8349c452928cb38f/group_types/6f13d267-d243-4735-94f5-156fc9de623c/group_specs/key3 => generated 26 bytes in 53 msecs (HTTP/1.1 200) 7 headers in 285 bytes (2 switches on core 0)
