May 26 13:45:55.023557 dv-cinder-819668-4-smb devstack@c-api.service[117393]: DEBUG cinder.api.middleware.request_id [None req-29de48a2-d3dc-4e54-9a7b-1fb85f91c9c3 None None] RequestId filter calling following filter/app {{(pid=117393) _context_setter /opt/stack/cinder/cinder/api/middleware/request_id.py:62}}
May 26 13:45:55.028746 dv-cinder-819668-4-smb devstack@c-api.service[117393]: INFO cinder.api.openstack.wsgi [None req-29de48a2-d3dc-4e54-9a7b-1fb85f91c9c3 tempest-ExtraSpecsNegativeTest-1339134220 tempest-ExtraSpecsNegativeTest-1339134220-project-admin] GET http://10.222.0.84/volume/v3/8cfa99616a674b458df14e56bdc8b81c/types/4c490589-ab24-4e45-9c91-548bd617fd2b/extra_specs/spec1
May 26 13:45:55.208883 dv-cinder-819668-4-smb devstack@c-api.service[117392]: DEBUG cinder.quota [None req-06cf44a5-5155-4192-95db-37a3c5f212a3 tempest-DeleteServersTestJSON-1922219095 tempest-DeleteServersTestJSON-1922219095-project] Created reservations ['e721e3bf-942c-4ab3-baee-5abd766cd863', '1d4d0b26-491c-4880-b853-150db1d19d2a', '8d57fa07-f27e-4337-ba9a-ff7e7b668692', '91a05733-907a-401a-bcef-018b47359f9f'] {{(pid=117392) reserve /opt/stack/cinder/cinder/quota.py:755}}
May 26 13:45:55.210653 dv-cinder-819668-4-smb devstack@c-api.service[117392]: DEBUG cinder.volume.api [None req-06cf44a5-5155-4192-95db-37a3c5f212a3 tempest-DeleteServersTestJSON-1922219095 tempest-DeleteServersTestJSON-1922219095-project] Task 'cinder.volume.flows.api.create_volume.QuotaReserveTask;volume:create' (f8cbf562-7357-446e-88ae-31665c858132) transitioned into state 'SUCCESS' from state 'RUNNING' with result '{'reservations': ['e721e3bf-942c-4ab3-baee-5abd766cd863', '1d4d0b26-491c-4880-b853-150db1d19d2a', '8d57fa07-f27e-4337-ba9a-ff7e7b668692', '91a05733-907a-401a-bcef-018b47359f9f']}' {{(pid=117392) _task_receiver /usr/local/lib/python3.8/dist-packages/taskflow/listeners/logging.py:178}}
May 26 13:45:55.212659 dv-cinder-819668-4-smb devstack@c-api.service[117392]: DEBUG cinder.volume.api [None req-06cf44a5-5155-4192-95db-37a3c5f212a3 tempest-DeleteServersTestJSON-1922219095 tempest-DeleteServersTestJSON-1922219095-project] Task 'cinder.volume.flows.api.create_volume.EntryCreateTask;volume:create' (b755b048-58ab-413b-920c-9bdef2d87380) transitioned into state 'RUNNING' from state 'PENDING' {{(pid=117392) _task_receiver /usr/local/lib/python3.8/dist-packages/taskflow/listeners/logging.py:190}}
May 26 13:45:55.225737 dv-cinder-819668-4-smb devstack@c-api.service[117393]: DEBUG cinder.api.openstack.wsgi [None req-29de48a2-d3dc-4e54-9a7b-1fb85f91c9c3 tempest-ExtraSpecsNegativeTest-1339134220 tempest-ExtraSpecsNegativeTest-1339134220-project-admin] Empty body provided in request {{(pid=117393) get_body /opt/stack/cinder/cinder/api/openstack/wsgi.py:715}}
May 26 13:45:55.226244 dv-cinder-819668-4-smb devstack@c-api.service[117393]: DEBUG cinder.api.openstack.wsgi [None req-29de48a2-d3dc-4e54-9a7b-1fb85f91c9c3 tempest-ExtraSpecsNegativeTest-1339134220 tempest-ExtraSpecsNegativeTest-1339134220-project-admin] Calling method 'show' {{(pid=117393) _process_stack /opt/stack/cinder/cinder/api/openstack/wsgi.py:868}}
May 26 13:45:55.232292 dv-cinder-819668-4-smb devstack@c-api.service[117393]: INFO cinder.api.openstack.wsgi [None req-29de48a2-d3dc-4e54-9a7b-1fb85f91c9c3 tempest-ExtraSpecsNegativeTest-1339134220 tempest-ExtraSpecsNegativeTest-1339134220-project-admin] http://10.222.0.84/volume/v3/8cfa99616a674b458df14e56bdc8b81c/types/4c490589-ab24-4e45-9c91-548bd617fd2b/extra_specs/spec1 returned with HTTP 404
May 26 13:45:55.233522 dv-cinder-819668-4-smb devstack@c-api.service[117393]: [pid: 117393|app: 0|req: 143/263] 10.222.0.84 () {58 vars in 1372 bytes} [Thu May 26 13:45:55 2022] GET /volume/v3/8cfa99616a674b458df14e56bdc8b81c/types/4c490589-ab24-4e45-9c91-548bd617fd2b/extra_specs/spec1 => generated 114 bytes in 211 msecs (HTTP/1.1 404) 7 headers in 292 bytes (1 switches on core 0)
May 26 13:45:55.239688 dv-cinder-819668-4-smb devstack@c-api.service[117393]: DEBUG cinder.api.middleware.request_id [None req-1b7cdd14-06cd-4572-9daf-76f9f70f01dc None None] RequestId filter calling following filter/app {{(pid=117393) _context_setter /opt/stack/cinder/cinder/api/middleware/request_id.py:62}}
May 26 13:45:55.244455 dv-cinder-819668-4-smb devstack@c-api.service[117393]: INFO cinder.api.openstack.wsgi [None req-1b7cdd14-06cd-4572-9daf-76f9f70f01dc tempest-ExtraSpecsNegativeTest-1339134220 tempest-ExtraSpecsNegativeTest-1339134220-project-admin] GET http://10.222.0.84/volume/v3/8cfa99616a674b458df14e56bdc8b81c/types/9b6d9de7-ceac-44a7-a243-7b549f890b7e/extra_specs
May 26 13:45:55.244902 dv-cinder-819668-4-smb devstack@c-api.service[117393]: DEBUG cinder.api.openstack.wsgi [None req-1b7cdd14-06cd-4572-9daf-76f9f70f01dc tempest-ExtraSpecsNegativeTest-1339134220 tempest-ExtraSpecsNegativeTest-1339134220-project-admin] Empty body provided in request {{(pid=117393) get_body /opt/stack/cinder/cinder/api/openstack/wsgi.py:715}}
May 26 13:45:55.245449 dv-cinder-819668-4-smb devstack@c-api.service[117393]: DEBUG cinder.api.openstack.wsgi [None req-1b7cdd14-06cd-4572-9daf-76f9f70f01dc tempest-ExtraSpecsNegativeTest-1339134220 tempest-ExtraSpecsNegativeTest-1339134220-project-admin] Calling method 'index' {{(pid=117393) _process_stack /opt/stack/cinder/cinder/api/openstack/wsgi.py:868}}
May 26 13:45:55.251672 dv-cinder-819668-4-smb devstack@c-api.service[117393]: INFO cinder.api.openstack.wsgi [None req-1b7cdd14-06cd-4572-9daf-76f9f70f01dc tempest-ExtraSpecsNegativeTest-1339134220 tempest-ExtraSpecsNegativeTest-1339134220-project-admin] http://10.222.0.84/volume/v3/8cfa99616a674b458df14e56bdc8b81c/types/9b6d9de7-ceac-44a7-a243-7b549f890b7e/extra_specs returned with HTTP 404
May 26 13:45:55.257051 dv-cinder-819668-4-smb devstack@c-api.service[117393]: [pid: 117393|app: 0|req: 144/264] 10.222.0.84 () {58 vars in 1354 bytes} [Thu May 26 13:45:55 2022] GET /volume/v3/8cfa99616a674b458df14e56bdc8b81c/types/9b6d9de7-ceac-44a7-a243-7b549f890b7e/extra_specs => generated 114 bytes in 18 msecs (HTTP/1.1 404) 7 headers in 292 bytes (2 switches on core 0)
May 26 13:45:55.258670 dv-cinder-819668-4-smb devstack@c-api.service[117393]: DEBUG cinder.api.middleware.request_id [None req-adb52095-bf7d-4ea0-96a3-8df5824ff705 None None] RequestId filter calling following filter/app {{(pid=117393) _context_setter /opt/stack/cinder/cinder/api/middleware/request_id.py:62}}
May 26 13:45:55.263718 dv-cinder-819668-4-smb devstack@c-api.service[117393]: INFO cinder.api.openstack.wsgi [None req-adb52095-bf7d-4ea0-96a3-8df5824ff705 tempest-ExtraSpecsNegativeTest-1339134220 tempest-ExtraSpecsNegativeTest-1339134220-project-admin] PUT http://10.222.0.84/volume/v3/8cfa99616a674b458df14e56bdc8b81c/types/aa422c4c-f68c-4bd9-988e-63244c4e9577/extra_specs/spec1
May 26 13:45:55.271125 dv-cinder-819668-4-smb devstack@c-api.service[117393]: DEBUG cinder.api.openstack.wsgi [None req-adb52095-bf7d-4ea0-96a3-8df5824ff705 tempest-ExtraSpecsNegativeTest-1339134220 tempest-ExtraSpecsNegativeTest-1339134220-project-admin] Action: 'update', calling method: update, body: {"spec1": "val2", "spec2": "val1"} {{(pid=117393) _process_stack /opt/stack/cinder/cinder/api/openstack/wsgi.py:866}}
May 26 13:45:55.272593 dv-cinder-819668-4-smb devstack@c-api.service[117393]: INFO cinder.api.openstack.wsgi [None req-adb52095-bf7d-4ea0-96a3-8df5824ff705 tempest-ExtraSpecsNegativeTest-1339134220 tempest-ExtraSpecsNegativeTest-1339134220-project-admin] http://10.222.0.84/volume/v3/8cfa99616a674b458df14e56bdc8b81c/types/aa422c4c-f68c-4bd9-988e-63244c4e9577/extra_specs/spec1 returned with HTTP 400
May 26 13:45:55.284612 dv-cinder-819668-4-smb devstack@c-api.service[117393]: [pid: 117393|app: 0|req: 145/265] 10.222.0.84 () {60 vars in 1392 bytes} [Thu May 26 13:45:55 2022] PUT /volume/v3/8cfa99616a674b458df14e56bdc8b81c/types/aa422c4c-f68c-4bd9-988e-63244c4e9577/extra_specs/spec1 => generated 102 bytes in 27 msecs (HTTP/1.1 400) 7 headers in 294 bytes (1 switches on core 0)
May 26 13:45:55.286329 dv-cinder-819668-4-smb devstack@c-api.service[117393]: DEBUG cinder.api.middleware.request_id [None req-0ee1ae91-00d7-4de5-8ef0-427ab0a90c24 None None] RequestId filter calling following filter/app {{(pid=117393) _context_setter /opt/stack/cinder/cinder/api/middleware/request_id.py:62}}
May 26 13:45:55.291427 dv-cinder-819668-4-smb devstack@c-api.service[117392]: DEBUG cinder.volume.api [None req-06cf44a5-5155-4192-95db-37a3c5f212a3 tempest-DeleteServersTestJSON-1922219095 tempest-DeleteServersTestJSON-1922219095-project] Task 'cinder.volume.flows.api.create_volume.EntryCreateTask;volume:create' (b755b048-58ab-413b-920c-9bdef2d87380) transitioned into state 'SUCCESS' from state 'RUNNING' with result '{'volume_id': '025ad9a4-f985-44eb-88e2-fe7b79108205', 'volume_properties': VolumeProperties(attach_status='detached',availability_zone='nova',cgsnapshot_id=None,consistencygroup_id=None,display_description=None,display_name='tempest-DeleteServersTestJSON-volume-1818627183',encryption_key_id=None,group_id=None,group_type_id=,metadata={},multiattach=False,project_id='6a74d6f785a14a2a857c48cf39b7cb62',qos_specs=None,replication_status=,reservations=['e721e3bf-942c-4ab3-baee-5abd766cd863','1d4d0b26-491c-4880-b853-150db1d19d2a','8d57fa07-f27e-4337-ba9a-ff7e7b668692','91a05733-907a-401a-bcef-018b47359f9f'],size=1,snapshot_id=None,source_replicaid=,source_volid=None,status='creating',user_id='0dcd4d7364024ee4b5e4d4a77f6aee68',volume_type_id=b6f26224-07de-4b20-b268-d6a8f7902c29), 'volume': Volume(_name_id=None,admin_metadata=,attach_status='detached',availability_zone='nova',bootable=False,cluster=,cluster_name=None,consistencygroup=,consistencygroup_id=None,created_at=2022-05-26T13:45:55Z,deleted=False,deleted_at=None,display_description=None,display_name='tempest-DeleteServersTestJSON-volume-1818627183',ec2_id=None,encryption_key_id=None,glance_metadata=,group=,group_id=None,host=None,id=025ad9a4-f985-44eb-88e2-fe7b79108205,launched_at=None,metadata={},migration_status=None,multiattach=False,previous_status=None,project_id='6a74d6f785a14a2a857c48cf39b7cb62',provider_auth=None,provider_geometry=None,provider_id=None,provider_location=None,replication_driver_data=None,replication_extended_status=None,replication_status=None,scheduled_at=None,service_uuid=None,shared_targets=True,size=1,snapshot_id=None,snapshots=,source_volid=None,status='creating',terminated_at=None,updated_at=None,use_quota=True,user_id='0dcd4d7364024ee4b5e4d4a77f6aee68',volume_attachment=VolumeAttachmentList,volume_type=VolumeType(b6f26224-07de-4b20-b268-d6a8f7902c29),volume_type_id=b6f26224-07de-4b20-b268-d6a8f7902c29)}' {{(pid=117392) _task_receiver /usr/local/lib/python3.8/dist-packages/taskflow/listeners/logging.py:178}}
May 26 13:45:55.294767 dv-cinder-819668-4-smb devstack@c-api.service[117393]: INFO cinder.api.openstack.wsgi [None req-0ee1ae91-00d7-4de5-8ef0-427ab0a90c24 tempest-ExtraSpecsNegativeTest-1339134220 tempest-ExtraSpecsNegativeTest-1339134220-project-admin] PUT http://10.222.0.84/volume/v3/8cfa99616a674b458df14e56bdc8b81c/types/aa422c4c-f68c-4bd9-988e-63244c4e9577/extra_specs/spec1
May 26 13:45:55.295569 dv-cinder-819668-4-smb devstack@c-api.service[117393]: DEBUG cinder.api.openstack.wsgi [None req-0ee1ae91-00d7-4de5-8ef0-427ab0a90c24 tempest-ExtraSpecsNegativeTest-1339134220 tempest-ExtraSpecsNegativeTest-1339134220-project-admin] Action: 'update', calling method: update, body: null {{(pid=117393) _process_stack /opt/stack/cinder/cinder/api/openstack/wsgi.py:866}}
May 26 13:45:55.296913 dv-cinder-819668-4-smb devstack@c-api.service[117393]: INFO cinder.api.openstack.wsgi [None req-0ee1ae91-00d7-4de5-8ef0-427ab0a90c24 tempest-ExtraSpecsNegativeTest-1339134220 tempest-ExtraSpecsNegativeTest-1339134220-project-admin] http://10.222.0.84/volume/v3/8cfa99616a674b458df14e56bdc8b81c/types/aa422c4c-f68c-4bd9-988e-63244c4e9577/extra_specs/spec1 returned with HTTP 400
May 26 13:45:55.301341 dv-cinder-819668-4-smb devstack@c-api.service[117393]: [pid: 117393|app: 0|req: 146/266] 10.222.0.84 () {60 vars in 1391 bytes} [Thu May 26 13:45:55 2022] PUT /volume/v3/8cfa99616a674b458df14e56bdc8b81c/types/aa422c4c-f68c-4bd9-988e-63244c4e9577/extra_specs/spec1 => generated 72 bytes in 16 msecs (HTTP/1.1 400) 7 headers in 293 bytes (1 switches on core 0)
May 26 13:45:55.305278 dv-cinder-819668-4-smb devstack@c-api.service[117392]: DEBUG cinder.volume.api [None req-06cf44a5-5155-4192-95db-37a3c5f212a3 tempest-DeleteServersTestJSON-1922219095 tempest-DeleteServersTestJSON-1922219095-project] Task 'cinder.volume.flows.api.create_volume.QuotaCommitTask;volume:create' (659db0ab-13ea-4bb7-b95c-2c82eb6e03bf) transitioned into state 'RUNNING' from state 'PENDING' {{(pid=117392) _task_receiver /usr/local/lib/python3.8/dist-packages/taskflow/listeners/logging.py:190}}
May 26 13:45:55.306425 dv-cinder-819668-4-smb devstack@c-api.service[117393]: DEBUG cinder.api.middleware.request_id [None req-7fe18fd5-99ab-4ef9-b113-20c50c5e29c5 None None] RequestId filter calling following filter/app {{(pid=117393) _context_setter /opt/stack/cinder/cinder/api/middleware/request_id.py:62}}
May 26 13:45:55.316065 dv-cinder-819668-4-smb devstack@c-api.service[117393]: INFO cinder.api.openstack.wsgi [None req-7fe18fd5-99ab-4ef9-b113-20c50c5e29c5 tempest-ExtraSpecsNegativeTest-1339134220 tempest-ExtraSpecsNegativeTest-1339134220-project-admin] PUT http://10.222.0.84/volume/v3/8cfa99616a674b458df14e56bdc8b81c/types/aa422c4c-f68c-4bd9-988e-63244c4e9577/extra_specs/None
May 26 13:45:55.316915 dv-cinder-819668-4-smb devstack@c-api.service[117393]: DEBUG cinder.api.openstack.wsgi [None req-7fe18fd5-99ab-4ef9-b113-20c50c5e29c5 tempest-ExtraSpecsNegativeTest-1339134220 tempest-ExtraSpecsNegativeTest-1339134220-project-admin] Action: 'update', calling method: update, body: {"spec1": "val2"} {{(pid=117393) _process_stack /opt/stack/cinder/cinder/api/openstack/wsgi.py:866}}
May 26 13:45:55.353360 dv-cinder-819668-4-smb devstack@c-api.service[117393]: INFO cinder.api.openstack.wsgi [None req-7fe18fd5-99ab-4ef9-b113-20c50c5e29c5 tempest-ExtraSpecsNegativeTest-1339134220 tempest-ExtraSpecsNegativeTest-1339134220-project-admin] HTTP exception thrown: Request body and URI mismatch
May 26 13:45:55.353360 dv-cinder-819668-4-smb devstack@c-api.service[117393]: INFO cinder.api.openstack.wsgi [None req-7fe18fd5-99ab-4ef9-b113-20c50c5e29c5 tempest-ExtraSpecsNegativeTest-1339134220 tempest-ExtraSpecsNegativeTest-1339134220-project-admin] http://10.222.0.84/volume/v3/8cfa99616a674b458df14e56bdc8b81c/types/aa422c4c-f68c-4bd9-988e-63244c4e9577/extra_specs/None returned with HTTP 400
May 26 13:45:55.358839 dv-cinder-819668-4-smb devstack@c-api.service[117393]: [pid: 117393|app: 0|req: 147/267] 10.222.0.84 () {60 vars in 1389 bytes} [Thu May 26 13:45:55 2022] PUT /volume/v3/8cfa99616a674b458df14e56bdc8b81c/types/aa422c4c-f68c-4bd9-988e-63244c4e9577/extra_specs/None => generated 73 bytes in 54 msecs (HTTP/1.1 400) 7 headers in 293 bytes (1 switches on core 0)
May 26 13:45:55.366322 dv-cinder-819668-4-smb devstack@c-api.service[117393]: DEBUG cinder.api.middleware.request_id [None req-dec1f4f5-eb70-412b-b412-85c4db544292 None None] RequestId filter calling following filter/app {{(pid=117393) _context_setter /opt/stack/cinder/cinder/api/middleware/request_id.py:62}}
May 26 13:45:55.373623 dv-cinder-819668-4-smb devstack@c-api.service[117393]: INFO cinder.api.openstack.wsgi [None req-dec1f4f5-eb70-412b-b412-85c4db544292 tempest-ExtraSpecsNegativeTest-1339134220 tempest-ExtraSpecsNegativeTest-1339134220-project-admin] PUT http://10.222.0.84/volume/v3/8cfa99616a674b458df14e56bdc8b81c/types/aa422c4c-f68c-4bd9-988e-63244c4e9577/extra_specs/371bd9b2-038b-4ed4-aa96-51061cad7598
May 26 13:45:55.374832 dv-cinder-819668-4-smb devstack@c-api.service[117393]: DEBUG cinder.api.openstack.wsgi [None req-dec1f4f5-eb70-412b-b412-85c4db544292 tempest-ExtraSpecsNegativeTest-1339134220 tempest-ExtraSpecsNegativeTest-1339134220-project-admin] Action: 'update', calling method: update, body: {"spec1": "val2"} {{(pid=117393) _process_stack /opt/stack/cinder/cinder/api/openstack/wsgi.py:866}}
May 26 13:45:55.380789 dv-cinder-819668-4-smb devstack@c-api.service[117392]: DEBUG cinder.volume.api [None req-06cf44a5-5155-4192-95db-37a3c5f212a3 tempest-DeleteServersTestJSON-1922219095 tempest-DeleteServersTestJSON-1922219095-project] Task 'cinder.volume.flows.api.create_volume.QuotaCommitTask;volume:create' (659db0ab-13ea-4bb7-b95c-2c82eb6e03bf) transitioned into state 'SUCCESS' from state 'RUNNING' with result '{'volume_properties': VolumeProperties(attach_status='detached',availability_zone='nova',cgsnapshot_id=None,consistencygroup_id=None,display_description=None,display_name='tempest-DeleteServersTestJSON-volume-1818627183',encryption_key_id=None,group_id=None,group_type_id=,metadata={},multiattach=False,project_id='6a74d6f785a14a2a857c48cf39b7cb62',qos_specs=None,replication_status=,reservations=['e721e3bf-942c-4ab3-baee-5abd766cd863','1d4d0b26-491c-4880-b853-150db1d19d2a','8d57fa07-f27e-4337-ba9a-ff7e7b668692','91a05733-907a-401a-bcef-018b47359f9f'],size=1,snapshot_id=None,source_replicaid=,source_volid=None,status='creating',user_id='0dcd4d7364024ee4b5e4d4a77f6aee68',volume_type_id=b6f26224-07de-4b20-b268-d6a8f7902c29)}' {{(pid=117392) _task_receiver /usr/local/lib/python3.8/dist-packages/taskflow/listeners/logging.py:178}}
May 26 13:45:55.382570 dv-cinder-819668-4-smb devstack@c-api.service[117392]: DEBUG cinder.volume.api [None req-06cf44a5-5155-4192-95db-37a3c5f212a3 tempest-DeleteServersTestJSON-1922219095 tempest-DeleteServersTestJSON-1922219095-project] Task 'cinder.volume.flows.api.create_volume.VolumeCastTask;volume:create' (03cb35b4-74f2-4235-9dbb-486bebde3214) transitioned into state 'RUNNING' from state 'PENDING' {{(pid=117392) _task_receiver /usr/local/lib/python3.8/dist-packages/taskflow/listeners/logging.py:190}}
May 26 13:45:55.409181 dv-cinder-819668-4-smb devstack@c-api.service[117393]: INFO cinder.api.openstack.wsgi [None req-dec1f4f5-eb70-412b-b412-85c4db544292 tempest-ExtraSpecsNegativeTest-1339134220 tempest-ExtraSpecsNegativeTest-1339134220-project-admin] HTTP exception thrown: Request body and URI mismatch
May 26 13:45:55.410807 dv-cinder-819668-4-smb devstack@c-api.service[117393]: INFO cinder.api.openstack.wsgi [None req-dec1f4f5-eb70-412b-b412-85c4db544292 tempest-ExtraSpecsNegativeTest-1339134220 tempest-ExtraSpecsNegativeTest-1339134220-project-admin] http://10.222.0.84/volume/v3/8cfa99616a674b458df14e56bdc8b81c/types/aa422c4c-f68c-4bd9-988e-63244c4e9577/extra_specs/371bd9b2-038b-4ed4-aa96-51061cad7598 returned with HTTP 400
May 26 13:45:55.412717 dv-cinder-819668-4-smb devstack@c-api.service[117393]: [pid: 117393|app: 0|req: 148/268] 10.222.0.84 () {60 vars in 1485 bytes} [Thu May 26 13:45:55 2022] PUT /volume/v3/8cfa99616a674b458df14e56bdc8b81c/types/aa422c4c-f68c-4bd9-988e-63244c4e9577/extra_specs/371bd9b2-038b-4ed4-aa96-51061cad7598 => generated 73 bytes in 48 msecs (HTTP/1.1 400) 7 headers in 293 bytes (2 switches on core 0)
May 26 13:45:55.419324 dv-cinder-819668-4-smb devstack@c-api.service[117393]: DEBUG cinder.api.middleware.request_id [None req-7271d6f1-62f0-4b68-982a-8f0211f3af0b None None] RequestId filter calling following filter/app {{(pid=117393) _context_setter /opt/stack/cinder/cinder/api/middleware/request_id.py:62}}
May 26 13:45:55.431060 dv-cinder-819668-4-smb devstack@c-api.service[117392]: DEBUG cinder.volume.api [None req-06cf44a5-5155-4192-95db-37a3c5f212a3 tempest-DeleteServersTestJSON-1922219095 tempest-DeleteServersTestJSON-1922219095-project] Task 'cinder.volume.flows.api.create_volume.VolumeCastTask;volume:create' (03cb35b4-74f2-4235-9dbb-486bebde3214) transitioned into state 'SUCCESS' from state 'RUNNING' with result 'None' {{(pid=117392) _task_receiver /usr/local/lib/python3.8/dist-packages/taskflow/listeners/logging.py:178}}
May 26 13:45:55.433221 dv-cinder-819668-4-smb devstack@c-api.service[117393]: INFO cinder.api.openstack.wsgi [None req-7271d6f1-62f0-4b68-982a-8f0211f3af0b tempest-ExtraSpecsNegativeTest-1339134220 tempest-ExtraSpecsNegativeTest-1339134220-project-admin] PUT http://10.222.0.84/volume/v3/8cfa99616a674b458df14e56bdc8b81c/types/0b921265-0b45-482a-b4dc-3bc52fb640d2/extra_specs/spec1
May 26 13:45:55.438334 dv-cinder-819668-4-smb devstack@c-api.service[117393]: DEBUG cinder.api.openstack.wsgi [None req-7271d6f1-62f0-4b68-982a-8f0211f3af0b tempest-ExtraSpecsNegativeTest-1339134220 tempest-ExtraSpecsNegativeTest-1339134220-project-admin] Action: 'update', calling method: update, body: {"spec1": "val5"} {{(pid=117393) _process_stack /opt/stack/cinder/cinder/api/openstack/wsgi.py:866}}
May 26 13:45:55.451141 dv-cinder-819668-4-smb devstack@c-api.service[117392]: DEBUG cinder.volume.api [None req-06cf44a5-5155-4192-95db-37a3c5f212a3 tempest-DeleteServersTestJSON-1922219095 tempest-DeleteServersTestJSON-1922219095-project] Flow 'volume_create_api' (6297eee3-4fca-455c-92d1-aadc9466048b) transitioned into state 'SUCCESS' from state 'RUNNING' {{(pid=117392) _flow_receiver /usr/local/lib/python3.8/dist-packages/taskflow/listeners/logging.py:141}}
May 26 13:45:55.451913 dv-cinder-819668-4-smb devstack@c-api.service[117392]: INFO cinder.volume.api [None req-06cf44a5-5155-4192-95db-37a3c5f212a3 tempest-DeleteServersTestJSON-1922219095 tempest-DeleteServersTestJSON-1922219095-project] Create volume request issued successfully.
May 26 13:45:55.453286 dv-cinder-819668-4-smb devstack@c-api.service[117392]: INFO cinder.api.openstack.wsgi [None req-06cf44a5-5155-4192-95db-37a3c5f212a3 tempest-DeleteServersTestJSON-1922219095 tempest-DeleteServersTestJSON-1922219095-project] http://10.222.0.84/volume/v3/6a74d6f785a14a2a857c48cf39b7cb62/volumes returned with HTTP 202
May 26 13:45:55.458691 dv-cinder-819668-4-smb devstack@c-api.service[117392]: [pid: 117392|app: 0|req: 121/269] 10.222.0.84 () {60 vars in 1234 bytes} [Thu May 26 13:45:54 2022] POST /volume/v3/6a74d6f785a14a2a857c48cf39b7cb62/volumes => generated 821 bytes in 665 msecs (HTTP/1.1 202) 7 headers in 291 bytes (1 switches on core 0)
May 26 13:45:55.471265 dv-cinder-819668-4-smb devstack@c-api.service[117392]: DEBUG cinder.api.middleware.request_id [None req-318be871-cf08-4fc7-a90d-6b3e281e6300 None None] RequestId filter calling following filter/app {{(pid=117392) _context_setter /opt/stack/cinder/cinder/api/middleware/request_id.py:62}}
May 26 13:45:55.486334 dv-cinder-819668-4-smb devstack@c-api.service[117392]: INFO cinder.api.openstack.wsgi [None req-318be871-cf08-4fc7-a90d-6b3e281e6300 tempest-DeleteServersTestJSON-1922219095 tempest-DeleteServersTestJSON-1922219095-project] GET http://10.222.0.84/volume/v3/6a74d6f785a14a2a857c48cf39b7cb62/volumes/025ad9a4-f985-44eb-88e2-fe7b79108205
May 26 13:45:55.490129 dv-cinder-819668-4-smb devstack@c-api.service[117392]: DEBUG cinder.api.openstack.wsgi [None req-318be871-cf08-4fc7-a90d-6b3e281e6300 tempest-DeleteServersTestJSON-1922219095 tempest-DeleteServersTestJSON-1922219095-project] Empty body provided in request {{(pid=117392) get_body /opt/stack/cinder/cinder/api/openstack/wsgi.py:715}}
May 26 13:45:55.490863 dv-cinder-819668-4-smb devstack@c-api.service[117392]: DEBUG cinder.api.openstack.wsgi [None req-318be871-cf08-4fc7-a90d-6b3e281e6300 tempest-DeleteServersTestJSON-1922219095 tempest-DeleteServersTestJSON-1922219095-project] Calling method 'show' {{(pid=117392) _process_stack /opt/stack/cinder/cinder/api/openstack/wsgi.py:868}}
May 26 13:45:55.495014 dv-cinder-819668-4-smb devstack@c-api.service[117393]: INFO cinder.api.openstack.wsgi [None req-7271d6f1-62f0-4b68-982a-8f0211f3af0b tempest-ExtraSpecsNegativeTest-1339134220 tempest-ExtraSpecsNegativeTest-1339134220-project-admin] http://10.222.0.84/volume/v3/8cfa99616a674b458df14e56bdc8b81c/types/0b921265-0b45-482a-b4dc-3bc52fb640d2/extra_specs/spec1 returned with HTTP 404
May 26 13:45:55.499550 dv-cinder-819668-4-smb devstack@c-api.service[117393]: [pid: 117393|app: 0|req: 149/270] 10.222.0.84 () {60 vars in 1392 bytes} [Thu May 26 13:45:55 2022] PUT /volume/v3/8cfa99616a674b458df14e56bdc8b81c/types/0b921265-0b45-482a-b4dc-3bc52fb640d2/extra_specs/spec1 => generated 114 bytes in 81 msecs (HTTP/1.1 404) 7 headers in 292 bytes (1 switches on core 0)
May 26 13:45:55.505366 dv-cinder-819668-4-smb devstack@c-api.service[117393]: DEBUG cinder.api.middleware.request_id [None req-b521a4a2-e480-4ae4-aff4-aef000326de7 None None] RequestId filter calling following filter/app {{(pid=117393) _context_setter /opt/stack/cinder/cinder/api/middleware/request_id.py:62}}
May 26 13:45:55.513087 dv-cinder-819668-4-smb devstack@c-api.service[117393]: INFO cinder.api.openstack.wsgi [None req-b521a4a2-e480-4ae4-aff4-aef000326de7 tempest-ExtraSpecsNegativeTest-1339134220 tempest-ExtraSpecsNegativeTest-1339134220-project-admin] DELETE http://10.222.0.84/volume/v3/8cfa99616a674b458df14e56bdc8b81c/types/aa422c4c-f68c-4bd9-988e-63244c4e9577
May 26 13:45:55.514965 dv-cinder-819668-4-smb devstack@c-api.service[117392]: /usr/local/lib/python3.8/dist-packages/oslo_context/context.py:100: DeprecationWarning: Policy enforcement is depending on the value of is_admin. This key is deprecated. Please update your policy file to use the standard policy values.
May 26 13:45:55.514965 dv-cinder-819668-4-smb devstack@c-api.service[117392]: warnings.warn('Policy enforcement is depending on the value of '
May 26 13:45:55.517694 dv-cinder-819668-4-smb devstack@c-api.service[117393]: DEBUG cinder.api.openstack.wsgi [None req-b521a4a2-e480-4ae4-aff4-aef000326de7 tempest-ExtraSpecsNegativeTest-1339134220 tempest-ExtraSpecsNegativeTest-1339134220-project-admin] Empty body provided in request {{(pid=117393) get_body /opt/stack/cinder/cinder/api/openstack/wsgi.py:715}}
May 26 13:45:55.519489 dv-cinder-819668-4-smb devstack@c-api.service[117393]: DEBUG cinder.api.openstack.wsgi [None req-b521a4a2-e480-4ae4-aff4-aef000326de7 tempest-ExtraSpecsNegativeTest-1339134220 tempest-ExtraSpecsNegativeTest-1339134220-project-admin] Calling method '_delete' {{(pid=117393) _process_stack /opt/stack/cinder/cinder/api/openstack/wsgi.py:868}}
May 26 13:45:55.537683 dv-cinder-819668-4-smb devstack@c-api.service[117392]: INFO cinder.volume.api [None req-318be871-cf08-4fc7-a90d-6b3e281e6300 tempest-DeleteServersTestJSON-1922219095 tempest-DeleteServersTestJSON-1922219095-project] Volume info retrieved successfully.
May 26 13:45:55.561228 dv-cinder-819668-4-smb devstack@c-api.service[117392]: INFO cinder.api.openstack.wsgi [None req-318be871-cf08-4fc7-a90d-6b3e281e6300 tempest-DeleteServersTestJSON-1922219095 tempest-DeleteServersTestJSON-1922219095-project] http://10.222.0.84/volume/v3/6a74d6f785a14a2a857c48cf39b7cb62/volumes/025ad9a4-f985-44eb-88e2-fe7b79108205 returned with HTTP 200
May 26 13:45:55.564137 dv-cinder-819668-4-smb devstack@c-api.service[117392]: [pid: 117392|app: 0|req: 122/271] 10.222.0.84 () {58 vars in 1324 bytes} [Thu May 26 13:45:55 2022] GET /volume/v3/6a74d6f785a14a2a857c48cf39b7cb62/volumes/025ad9a4-f985-44eb-88e2-fe7b79108205 => generated 889 bytes in 96 msecs (HTTP/1.1 200) 7 headers in 285 bytes (1 switches on core 0)
May 26 13:45:55.647649 dv-cinder-819668-4-smb devstack@c-api.service[117393]: INFO cinder.api.openstack.wsgi [None req-b521a4a2-e480-4ae4-aff4-aef000326de7 tempest-ExtraSpecsNegativeTest-1339134220 tempest-ExtraSpecsNegativeTest-1339134220-project-admin] http://10.222.0.84/volume/v3/8cfa99616a674b458df14e56bdc8b81c/types/aa422c4c-f68c-4bd9-988e-63244c4e9577 returned with HTTP 202
May 26 13:45:55.648554 dv-cinder-819668-4-smb devstack@c-api.service[117393]: [pid: 117393|app: 0|req: 150/272] 10.222.0.84 () {58 vars in 1321 bytes} [Thu May 26 13:45:55 2022] DELETE /volume/v3/8cfa99616a674b458df14e56bdc8b81c/types/aa422c4c-f68c-4bd9-988e-63244c4e9577 => generated 0 bytes in 144 msecs (HTTP/1.1 202) 6 headers in 233 bytes (1 switches on core 0)
May 26 13:45:55.654563 dv-cinder-819668-4-smb devstack@c-api.service[117392]: DEBUG cinder.api.middleware.request_id [None req-c52784bf-f4c5-40dd-b250-3ad131b992f5 None None] RequestId filter calling following filter/app {{(pid=117392) _context_setter /opt/stack/cinder/cinder/api/middleware/request_id.py:62}}
May 26 13:45:55.659671 dv-cinder-819668-4-smb devstack@c-api.service[117392]: INFO cinder.api.openstack.wsgi [None req-c52784bf-f4c5-40dd-b250-3ad131b992f5 tempest-ExtraSpecsNegativeTest-1339134220 tempest-ExtraSpecsNegativeTest-1339134220-project-admin] GET http://10.222.0.84/volume/v3/8cfa99616a674b458df14e56bdc8b81c/types/aa422c4c-f68c-4bd9-988e-63244c4e9577
May 26 13:45:55.660126 dv-cinder-819668-4-smb devstack@c-api.service[117392]: DEBUG cinder.api.openstack.wsgi [None req-c52784bf-f4c5-40dd-b250-3ad131b992f5 tempest-ExtraSpecsNegativeTest-1339134220 tempest-ExtraSpecsNegativeTest-1339134220-project-admin] Empty body provided in request {{(pid=117392) get_body /opt/stack/cinder/cinder/api/openstack/wsgi.py:715}}
May 26 13:45:55.660649 dv-cinder-819668-4-smb devstack@c-api.service[117392]: DEBUG cinder.api.openstack.wsgi [None req-c52784bf-f4c5-40dd-b250-3ad131b992f5 tempest-ExtraSpecsNegativeTest-1339134220 tempest-ExtraSpecsNegativeTest-1339134220-project-admin] Calling method 'show' {{(pid=117392) _process_stack /opt/stack/cinder/cinder/api/openstack/wsgi.py:868}}
May 26 13:45:55.671771 dv-cinder-819668-4-smb devstack@c-api.service[117392]: INFO cinder.api.openstack.wsgi [None req-c52784bf-f4c5-40dd-b250-3ad131b992f5 tempest-ExtraSpecsNegativeTest-1339134220 tempest-ExtraSpecsNegativeTest-1339134220-project-admin] http://10.222.0.84/volume/v3/8cfa99616a674b458df14e56bdc8b81c/types/aa422c4c-f68c-4bd9-988e-63244c4e9577 returned with HTTP 404
May 26 13:45:55.675346 dv-cinder-819668-4-smb devstack@c-api.service[117392]: [pid: 117392|app: 0|req: 123/273] 10.222.0.84 () {58 vars in 1318 bytes} [Thu May 26 13:45:55 2022] GET /volume/v3/8cfa99616a674b458df14e56bdc8b81c/types/aa422c4c-f68c-4bd9-988e-63244c4e9577 => generated 114 bytes in 22 msecs (HTTP/1.1 404) 7 headers in 292 bytes (1 switches on core 0)
May 26 13:45:56.079643 dv-cinder-819668-4-smb devstack@c-api.service[117393]: DEBUG cinder.api.middleware.request_id [None req-056db94b-e204-4098-9d23-241c11736b26 None None] RequestId filter calling following filter/app {{(pid=117393) _context_setter /opt/stack/cinder/cinder/api/middleware/request_id.py:62}}
May 26 13:45:56.427749 dv-cinder-819668-4-smb devstack@c-api.service[117393]: INFO cinder.api.openstack.wsgi [None req-056db94b-e204-4098-9d23-241c11736b26 tempest-VolumesListAdminTestJSON-1456084660 tempest-VolumesListAdminTestJSON-1456084660-project] GET http://10.222.0.84/volume/v3/b4c09d0a2ec245dd91ef75dca0b78516/volumes
May 26 13:45:56.428422 dv-cinder-819668-4-smb devstack@c-api.service[117393]: DEBUG cinder.api.openstack.wsgi [None req-056db94b-e204-4098-9d23-241c11736b26 tempest-VolumesListAdminTestJSON-1456084660 tempest-VolumesListAdminTestJSON-1456084660-project] Empty body provided in request {{(pid=117393) get_body /opt/stack/cinder/cinder/api/openstack/wsgi.py:715}}
May 26 13:45:56.429047 dv-cinder-819668-4-smb devstack@c-api.service[117393]: DEBUG cinder.api.openstack.wsgi [None req-056db94b-e204-4098-9d23-241c11736b26 tempest-VolumesListAdminTestJSON-1456084660 tempest-VolumesListAdminTestJSON-1456084660-project] Calling method 'index' {{(pid=117393) _process_stack /opt/stack/cinder/cinder/api/openstack/wsgi.py:868}}
May 26 13:45:56.433381 dv-cinder-819668-4-smb devstack@c-api.service[117393]: DEBUG cinder.api.api_utils [None req-056db94b-e204-4098-9d23-241c11736b26 tempest-VolumesListAdminTestJSON-1456084660 tempest-VolumesListAdminTestJSON-1456084660-project] Removing options '' from query. {{(pid=117393) remove_invalid_filter_options /opt/stack/cinder/cinder/api/api_utils.py:73}}
May 26 13:45:56.439949 dv-cinder-819668-4-smb devstack@c-api.service[117393]: DEBUG cinder.volume.api [None req-056db94b-e204-4098-9d23-241c11736b26 tempest-VolumesListAdminTestJSON-1456084660 tempest-VolumesListAdminTestJSON-1456084660-project] Searching by: MultiDict([('no_migration_targets', True)]). {{(pid=117393) get_all /opt/stack/cinder/cinder/volume/api.py:664}}
May 26 13:45:56.541607 dv-cinder-819668-4-smb devstack@c-api.service[117393]: INFO cinder.volume.api [None req-056db94b-e204-4098-9d23-241c11736b26 tempest-VolumesListAdminTestJSON-1456084660 tempest-VolumesListAdminTestJSON-1456084660-project] Get all volumes completed successfully.
May 26 13:45:56.542658 dv-cinder-819668-4-smb devstack@c-api.service[117393]: INFO cinder.api.openstack.wsgi [None req-056db94b-e204-4098-9d23-241c11736b26 tempest-VolumesListAdminTestJSON-1456084660 tempest-VolumesListAdminTestJSON-1456084660-project] http://10.222.0.84/volume/v3/b4c09d0a2ec245dd91ef75dca0b78516/volumes returned with HTTP 200
May 26 13:45:56.543996 dv-cinder-819668-4-smb devstack@c-api.service[117393]: [pid: 117393|app: 0|req: 151/274] 10.222.0.84 () {58 vars in 1213 bytes} [Thu May 26 13:45:56 2022] GET /volume/v3/b4c09d0a2ec245dd91ef75dca0b78516/volumes => generated 15 bytes in 466 msecs (HTTP/1.1 200) 7 headers in 284 bytes (1 switches on core 0)
May 26 13:45:56.551180 dv-cinder-819668-4-smb devstack@c-api.service[117392]: DEBUG cinder.api.middleware.request_id [None req-a2dadbd3-123b-4669-b718-bf7ef1539ed6 None None] RequestId filter calling following filter/app {{(pid=117392) _context_setter /opt/stack/cinder/cinder/api/middleware/request_id.py:62}}
May 26 13:45:56.560565 dv-cinder-819668-4-smb devstack@c-api.service[117392]: INFO cinder.api.openstack.wsgi [None req-a2dadbd3-123b-4669-b718-bf7ef1539ed6 tempest-VolumesListAdminTestJSON-1456084660 tempest-VolumesListAdminTestJSON-1456084660-project] POST http://10.222.0.84/volume/v3/b4c09d0a2ec245dd91ef75dca0b78516/volumes
May 26 13:45:56.564403 dv-cinder-819668-4-smb devstack@c-api.service[117392]: DEBUG cinder.api.openstack.wsgi [None req-a2dadbd3-123b-4669-b718-bf7ef1539ed6 tempest-VolumesListAdminTestJSON-1456084660 tempest-VolumesListAdminTestJSON-1456084660-project] Action: 'create', calling method: create, body: {"volume": {"size": 1, "name": "tempest-VolumesListAdminTestJSON-Volume-244640108"}} {{(pid=117392) _process_stack /opt/stack/cinder/cinder/api/openstack/wsgi.py:866}}
May 26 13:45:56.566154 dv-cinder-819668-4-smb devstack@c-api.service[117392]: DEBUG cinder.api.v3.volumes [None req-a2dadbd3-123b-4669-b718-bf7ef1539ed6 tempest-VolumesListAdminTestJSON-1456084660 tempest-VolumesListAdminTestJSON-1456084660-project] Create volume request body: {'volume': {'size': 1, 'name': 'tempest-VolumesListAdminTestJSON-Volume-244640108'}} {{(pid=117392) create /opt/stack/cinder/cinder/api/v3/volumes.py:298}}
May 26 13:45:56.566700 dv-cinder-819668-4-smb devstack@c-api.service[117392]: INFO cinder.api.v3.volumes [None req-a2dadbd3-123b-4669-b718-bf7ef1539ed6 tempest-VolumesListAdminTestJSON-1456084660 tempest-VolumesListAdminTestJSON-1456084660-project] Create volume of 1 GB
May 26 13:45:56.578800 dv-cinder-819668-4-smb devstack@c-api.service[117393]: DEBUG cinder.api.middleware.request_id [None req-1dde3ef5-b663-43c3-8ac8-a1bff8826f8d None None] RequestId filter calling following filter/app {{(pid=117393) _context_setter /opt/stack/cinder/cinder/api/middleware/request_id.py:62}}
May 26 13:45:56.594210 dv-cinder-819668-4-smb devstack@c-api.service[117393]: INFO cinder.api.openstack.wsgi [None req-1dde3ef5-b663-43c3-8ac8-a1bff8826f8d tempest-DeleteServersTestJSON-1922219095 tempest-DeleteServersTestJSON-1922219095-project] GET http://10.222.0.84/volume/v3/6a74d6f785a14a2a857c48cf39b7cb62/volumes/025ad9a4-f985-44eb-88e2-fe7b79108205
May 26 13:45:56.598897 dv-cinder-819668-4-smb devstack@c-api.service[117393]: DEBUG cinder.api.openstack.wsgi [None req-1dde3ef5-b663-43c3-8ac8-a1bff8826f8d tempest-DeleteServersTestJSON-1922219095 tempest-DeleteServersTestJSON-1922219095-project] Empty body provided in request {{(pid=117393) get_body /opt/stack/cinder/cinder/api/openstack/wsgi.py:715}}
May 26 13:45:56.600141 dv-cinder-819668-4-smb devstack@c-api.service[117392]: INFO cinder.volume.api [None req-a2dadbd3-123b-4669-b718-bf7ef1539ed6 tempest-VolumesListAdminTestJSON-1456084660 tempest-VolumesListAdminTestJSON-1456084660-project] Availability Zones retrieved successfully.
May 26 13:45:56.601327 dv-cinder-819668-4-smb devstack@c-api.service[117393]: DEBUG cinder.api.openstack.wsgi [None req-1dde3ef5-b663-43c3-8ac8-a1bff8826f8d tempest-DeleteServersTestJSON-1922219095 tempest-DeleteServersTestJSON-1922219095-project] Calling method 'show' {{(pid=117393) _process_stack /opt/stack/cinder/cinder/api/openstack/wsgi.py:868}}
May 26 13:45:56.634903 dv-cinder-819668-4-smb devstack@c-api.service[117392]: DEBUG cinder.volume.api [None req-a2dadbd3-123b-4669-b718-bf7ef1539ed6 tempest-VolumesListAdminTestJSON-1456084660 tempest-VolumesListAdminTestJSON-1456084660-project] Flow 'volume_create_api' (16bf3cb0-d8d6-472a-a86e-7851d98fe10f) transitioned into state 'RUNNING' from state 'PENDING' {{(pid=117392) _flow_receiver /usr/local/lib/python3.8/dist-packages/taskflow/listeners/logging.py:141}}
May 26 13:45:56.638133 dv-cinder-819668-4-smb devstack@c-api.service[117393]: /usr/local/lib/python3.8/dist-packages/oslo_context/context.py:100: DeprecationWarning: Policy enforcement is depending on the value of is_admin. This key is deprecated. Please update your policy file to use the standard policy values.
May 26 13:45:56.638133 dv-cinder-819668-4-smb devstack@c-api.service[117393]: warnings.warn('Policy enforcement is depending on the value of '
May 26 13:45:56.646134 dv-cinder-819668-4-smb devstack@c-api.service[117392]: DEBUG cinder.volume.api [None req-a2dadbd3-123b-4669-b718-bf7ef1539ed6 tempest-VolumesListAdminTestJSON-1456084660 tempest-VolumesListAdminTestJSON-1456084660-project] Task 'cinder.volume.flows.api.create_volume.ExtractVolumeRequestTask;volume:create' (bd8d357e-aac1-4140-92e9-31847ac18fea) transitioned into state 'RUNNING' from state 'PENDING' {{(pid=117392) _task_receiver /usr/local/lib/python3.8/dist-packages/taskflow/listeners/logging.py:190}}
May 26 13:45:56.651207 dv-cinder-819668-4-smb devstack@c-api.service[117392]: DEBUG cinder.volume.flows.api.create_volume [None req-a2dadbd3-123b-4669-b718-bf7ef1539ed6 tempest-VolumesListAdminTestJSON-1456084660 tempest-VolumesListAdminTestJSON-1456084660-project] Validating volume size '1' using validate_int {{(pid=117392) _extract_size /opt/stack/cinder/cinder/volume/flows/api/create_volume.py:228}}
May 26 13:45:56.655299 dv-cinder-819668-4-smb devstack@c-api.service[117393]: INFO cinder.volume.api [None req-1dde3ef5-b663-43c3-8ac8-a1bff8826f8d tempest-DeleteServersTestJSON-1922219095 tempest-DeleteServersTestJSON-1922219095-project] Volume info retrieved successfully.
May 26 13:45:56.669859 dv-cinder-819668-4-smb devstack@c-api.service[117393]: INFO cinder.api.openstack.wsgi [None req-1dde3ef5-b663-43c3-8ac8-a1bff8826f8d tempest-DeleteServersTestJSON-1922219095 tempest-DeleteServersTestJSON-1922219095-project] http://10.222.0.84/volume/v3/6a74d6f785a14a2a857c48cf39b7cb62/volumes/025ad9a4-f985-44eb-88e2-fe7b79108205 returned with HTTP 200
May 26 13:45:56.674336 dv-cinder-819668-4-smb devstack@c-api.service[117393]: [pid: 117393|app: 0|req: 152/275] 10.222.0.84 () {58 vars in 1324 bytes} [Thu May 26 13:45:56 2022] GET /volume/v3/6a74d6f785a14a2a857c48cf39b7cb62/volumes/025ad9a4-f985-44eb-88e2-fe7b79108205 => generated 914 bytes in 97 msecs (HTTP/1.1 200) 7 headers in 285 bytes (2 switches on core 0)
May 26 13:45:56.687329 dv-cinder-819668-4-smb devstack@c-api.service[117392]: DEBUG dbcounter [-] [117392] Writing DB stats cinder:INSERT=12,cinder:SELECT=76,cinder:UPDATE=12 {{(pid=117392) stat_writer /usr/local/lib/python3.8/dist-packages/dbcounter.py:114}}
May 26 13:45:56.722240 dv-cinder-819668-4-smb devstack@c-api.service[117392]: DEBUG cinder.volume.api [None req-a2dadbd3-123b-4669-b718-bf7ef1539ed6 tempest-VolumesListAdminTestJSON-1456084660 tempest-VolumesListAdminTestJSON-1456084660-project] Task 'cinder.volume.flows.api.create_volume.ExtractVolumeRequestTask;volume:create' (bd8d357e-aac1-4140-92e9-31847ac18fea) transitioned into state 'SUCCESS' from state 'RUNNING' with result '{'size': 1, 'snapshot_id': None, 'source_volid': None, 'volume_type': VolumeType(created_at=2022-05-26T13:34:16Z,deleted=False,deleted_at=None,description='Default Volume Type',extra_specs={},id=b6f26224-07de-4b20-b268-d6a8f7902c29,is_public=True,name='__DEFAULT__',projects=[],qos_specs=,qos_specs_id=None,updated_at=2022-05-26T13:34:16Z), 'volume_type_id': 'b6f26224-07de-4b20-b268-d6a8f7902c29', 'encryption_key_id': None, 'qos_specs': None, 'consistencygroup_id': None, 'cgsnapshot_id': None, 'group_id': None, 'replication_status': 'disabled', 'refresh_az': False, 'backup_id': None, 'multiattach': False, 'availability_zones': ['nova']}' {{(pid=117392) _task_receiver /usr/local/lib/python3.8/dist-packages/taskflow/listeners/logging.py:178}}
May 26 13:45:56.725386 dv-cinder-819668-4-smb devstack@c-api.service[117392]: DEBUG cinder.volume.api [None req-a2dadbd3-123b-4669-b718-bf7ef1539ed6 tempest-VolumesListAdminTestJSON-1456084660 tempest-VolumesListAdminTestJSON-1456084660-project] Task 'cinder.volume.flows.api.create_volume.QuotaReserveTask;volume:create' (6774e742-5c72-4c86-a9ca-a3641144ff70) transitioned into state 'RUNNING' from state 'PENDING' {{(pid=117392) _task_receiver /usr/local/lib/python3.8/dist-packages/taskflow/listeners/logging.py:190}}
May 26 13:45:56.786139 dv-cinder-819668-4-smb devstack@c-api.service[117393]: DEBUG cinder.api.middleware.request_id [req-7b28649f-068f-4225-9f59-b1639e1e4814 req-6ddbaa40-2f5c-4349-ad5e-763f70b53932 None None] RequestId filter calling following filter/app {{(pid=117393) _context_setter /opt/stack/cinder/cinder/api/middleware/request_id.py:62}}
May 26 13:45:56.789313 dv-cinder-819668-4-smb devstack@c-api.service[117393]: WARNING keystonemiddleware.auth_token [req-7b28649f-068f-4225-9f59-b1639e1e4814 req-6ddbaa40-2f5c-4349-ad5e-763f70b53932 None None] A valid token was submitted as a service token, but it was not a valid service token. This is incorrect but backwards compatible behaviour. This will be removed in future releases.
May 26 13:45:56.793730 dv-cinder-819668-4-smb devstack@c-api.service[117393]: INFO cinder.api.openstack.wsgi [req-7b28649f-068f-4225-9f59-b1639e1e4814 req-6ddbaa40-2f5c-4349-ad5e-763f70b53932 tempest-DeleteServersTestJSON-1922219095 tempest-DeleteServersTestJSON-1922219095-project] GET http://10.222.0.84/volume/v3/6a74d6f785a14a2a857c48cf39b7cb62/volumes/025ad9a4-f985-44eb-88e2-fe7b79108205
May 26 13:45:56.794546 dv-cinder-819668-4-smb devstack@c-api.service[117393]: DEBUG cinder.api.openstack.wsgi [req-7b28649f-068f-4225-9f59-b1639e1e4814 req-6ddbaa40-2f5c-4349-ad5e-763f70b53932 tempest-DeleteServersTestJSON-1922219095 tempest-DeleteServersTestJSON-1922219095-project] Empty body provided in request {{(pid=117393) get_body /opt/stack/cinder/cinder/api/openstack/wsgi.py:715}}
May 26 13:45:56.796280 dv-cinder-819668-4-smb devstack@c-api.service[117393]: DEBUG cinder.api.openstack.wsgi [req-7b28649f-068f-4225-9f59-b1639e1e4814 req-6ddbaa40-2f5c-4349-ad5e-763f70b53932 tempest-DeleteServersTestJSON-1922219095 tempest-DeleteServersTestJSON-1922219095-project] Calling method 'show' {{(pid=117393) _process_stack /opt/stack/cinder/cinder/api/openstack/wsgi.py:868}}
May 26 13:45:56.826459 dv-cinder-819668-4-smb devstack@c-api.service[117393]: /usr/local/lib/python3.8/dist-packages/oslo_context/context.py:100: DeprecationWarning: Policy enforcement is depending on the value of is_admin. This key is deprecated. Please update your policy file to use the standard policy values.
May 26 13:45:56.826459 dv-cinder-819668-4-smb devstack@c-api.service[117393]: warnings.warn('Policy enforcement is depending on the value of '
May 26 13:45:56.837227 dv-cinder-819668-4-smb devstack@c-api.service[117393]: INFO cinder.volume.api [req-7b28649f-068f-4225-9f59-b1639e1e4814 req-6ddbaa40-2f5c-4349-ad5e-763f70b53932 tempest-DeleteServersTestJSON-1922219095 tempest-DeleteServersTestJSON-1922219095-project] Volume info retrieved successfully.
May 26 13:45:56.854089 dv-cinder-819668-4-smb devstack@c-api.service[117393]: INFO cinder.api.openstack.wsgi [req-7b28649f-068f-4225-9f59-b1639e1e4814 req-6ddbaa40-2f5c-4349-ad5e-763f70b53932 tempest-DeleteServersTestJSON-1922219095 tempest-DeleteServersTestJSON-1922219095-project] http://10.222.0.84/volume/v3/6a74d6f785a14a2a857c48cf39b7cb62/volumes/025ad9a4-f985-44eb-88e2-fe7b79108205 returned with HTTP 200
May 26 13:45:56.855228 dv-cinder-819668-4-smb devstack@c-api.service[117393]: [pid: 117393|app: 0|req: 153/276] 10.222.0.84 () {60 vars in 1578 bytes} [Thu May 26 13:45:56 2022] GET /volume/v3/6a74d6f785a14a2a857c48cf39b7cb62/volumes/025ad9a4-f985-44eb-88e2-fe7b79108205 => generated 914 bytes in 70 msecs (HTTP/1.1 200) 7 headers in 285 bytes (2 switches on core 0)
May 26 13:45:56.870536 dv-cinder-819668-4-smb devstack@c-api.service[117392]: DEBUG cinder.quota [None req-a2dadbd3-123b-4669-b718-bf7ef1539ed6 tempest-VolumesListAdminTestJSON-1456084660 tempest-VolumesListAdminTestJSON-1456084660-project] Created reservations ['ce0533c5-8353-4728-a0bf-c5931cf44953', '309d0a7f-6e31-4eea-80e2-3d0b8a9e5529', 'd226ecba-0f65-403c-a914-cfc148beb5e0', '86e52b73-dd62-4367-8f08-171369125217'] {{(pid=117392) reserve /opt/stack/cinder/cinder/quota.py:755}}
May 26 13:45:56.891153 dv-cinder-819668-4-smb devstack@c-api.service[117392]: DEBUG cinder.volume.api [None req-a2dadbd3-123b-4669-b718-bf7ef1539ed6 tempest-VolumesListAdminTestJSON-1456084660 tempest-VolumesListAdminTestJSON-1456084660-project] Task 'cinder.volume.flows.api.create_volume.QuotaReserveTask;volume:create' (6774e742-5c72-4c86-a9ca-a3641144ff70) transitioned into state 'SUCCESS' from state 'RUNNING' with result '{'reservations': ['ce0533c5-8353-4728-a0bf-c5931cf44953', '309d0a7f-6e31-4eea-80e2-3d0b8a9e5529', 'd226ecba-0f65-403c-a914-cfc148beb5e0', '86e52b73-dd62-4367-8f08-171369125217']}' {{(pid=117392) _task_receiver /usr/local/lib/python3.8/dist-packages/taskflow/listeners/logging.py:178}}
May 26 13:45:56.897249 dv-cinder-819668-4-smb devstack@c-api.service[117392]: DEBUG cinder.volume.api [None req-a2dadbd3-123b-4669-b718-bf7ef1539ed6 tempest-VolumesListAdminTestJSON-1456084660 tempest-VolumesListAdminTestJSON-1456084660-project] Task 'cinder.volume.flows.api.create_volume.EntryCreateTask;volume:create' (e271a993-19fe-455b-887d-21434aafe074) transitioned into state 'RUNNING' from state 'PENDING' {{(pid=117392) _task_receiver /usr/local/lib/python3.8/dist-packages/taskflow/listeners/logging.py:190}}
May 26 13:45:56.968874 dv-cinder-819668-4-smb devstack@c-api.service[117392]: DEBUG cinder.volume.api [None req-a2dadbd3-123b-4669-b718-bf7ef1539ed6 tempest-VolumesListAdminTestJSON-1456084660 tempest-VolumesListAdminTestJSON-1456084660-project] Task 'cinder.volume.flows.api.create_volume.EntryCreateTask;volume:create' (e271a993-19fe-455b-887d-21434aafe074) transitioned into state 'SUCCESS' from state 'RUNNING' with result '{'volume_id': '8f5ec5b0-fe90-4831-98de-ec8b727b8eed', 'volume_properties': VolumeProperties(attach_status='detached',availability_zone='nova',cgsnapshot_id=None,consistencygroup_id=None,display_description=None,display_name='tempest-VolumesListAdminTestJSON-Volume-244640108',encryption_key_id=None,group_id=None,group_type_id=,metadata={},multiattach=False,project_id='b4c09d0a2ec245dd91ef75dca0b78516',qos_specs=None,replication_status=,reservations=['ce0533c5-8353-4728-a0bf-c5931cf44953','309d0a7f-6e31-4eea-80e2-3d0b8a9e5529','d226ecba-0f65-403c-a914-cfc148beb5e0','86e52b73-dd62-4367-8f08-171369125217'],size=1,snapshot_id=None,source_replicaid=,source_volid=None,status='creating',user_id='a4ca19f8ad7542748e8a2e9a8d3f0688',volume_type_id=b6f26224-07de-4b20-b268-d6a8f7902c29), 'volume': Volume(_name_id=None,admin_metadata=,attach_status='detached',availability_zone='nova',bootable=False,cluster=,cluster_name=None,consistencygroup=,consistencygroup_id=None,created_at=2022-05-26T13:45:56Z,deleted=False,deleted_at=None,display_description=None,display_name='tempest-VolumesListAdminTestJSON-Volume-244640108',ec2_id=None,encryption_key_id=None,glance_metadata=,group=,group_id=None,host=None,id=8f5ec5b0-fe90-4831-98de-ec8b727b8eed,launched_at=None,metadata={},migration_status=None,multiattach=False,previous_status=None,project_id='b4c09d0a2ec245dd91ef75dca0b78516',provider_auth=None,provider_geometry=None,provider_id=None,provider_location=None,replication_driver_data=None,replication_extended_status=None,replication_status=None,scheduled_at=None,service_uuid=None,shared_targets=True,size=1,snapshot_id=None,snapshots=,source_volid=None,status='creating',terminated_at=None,updated_at=None,use_quota=True,user_id='a4ca19f8ad7542748e8a2e9a8d3f0688',volume_attachment=VolumeAttachmentList,volume_type=VolumeType(b6f26224-07de-4b20-b268-d6a8f7902c29),volume_type_id=b6f26224-07de-4b20-b268-d6a8f7902c29)}' {{(pid=117392) _task_receiver /usr/local/lib/python3.8/dist-packages/taskflow/listeners/logging.py:178}}
May 26 13:45:56.973408 dv-cinder-819668-4-smb devstack@c-api.service[117392]: DEBUG cinder.volume.api [None req-a2dadbd3-123b-4669-b718-bf7ef1539ed6 tempest-VolumesListAdminTestJSON-1456084660 tempest-VolumesListAdminTestJSON-1456084660-project] Task 'cinder.volume.flows.api.create_volume.QuotaCommitTask;volume:create' (7ce7c415-d6eb-4e90-ad15-120e8e0eeeb6) transitioned into state 'RUNNING' from state 'PENDING' {{(pid=117392) _task_receiver /usr/local/lib/python3.8/dist-packages/taskflow/listeners/logging.py:190}}
