May 26 13:46:14.059900 dv-cinder-819668-4-smb devstack@c-api.service[117393]: [pid: 117393|app: 0|req: 208/381] 10.222.0.48 () {62 vars in 1446 bytes} [Thu May 26 13:46:13 2022] DELETE /volume/v3/6a74d6f785a14a2a857c48cf39b7cb62/attachments/e5a25ed9-5f93-4d12-8695-6de68a5b0afe => generated 19 bytes in 239 msecs (HTTP/1.1 200) 7 headers in 285 bytes (1 switches on core 0)
May 26 13:46:14.060720 dv-cinder-819668-4-smb devstack@c-api.service[117392]: INFO cinder.api.openstack.wsgi [None req-66e99b20-145b-4329-94f5-71d6e4dd1533 tempest-VolumesActionsTest-2127208413 tempest-VolumesActionsTest-2127208413-project] GET http://10.222.0.84/volume/v3/7e1b775630e84e20bc88b4ed9c4bb5b0/volumes/9aeb2fb2-9e5d-484a-9421-3272565b6456
May 26 13:46:14.061227 dv-cinder-819668-4-smb devstack@c-api.service[117392]: DEBUG cinder.api.openstack.wsgi [None req-66e99b20-145b-4329-94f5-71d6e4dd1533 tempest-VolumesActionsTest-2127208413 tempest-VolumesActionsTest-2127208413-project] Empty body provided in request {{(pid=117392) get_body /opt/stack/cinder/cinder/api/openstack/wsgi.py:715}}
May 26 13:46:14.061652 dv-cinder-819668-4-smb devstack@c-api.service[117392]: DEBUG cinder.api.openstack.wsgi [None req-66e99b20-145b-4329-94f5-71d6e4dd1533 tempest-VolumesActionsTest-2127208413 tempest-VolumesActionsTest-2127208413-project] Calling method 'show' {{(pid=117392) _process_stack /opt/stack/cinder/cinder/api/openstack/wsgi.py:868}}
May 26 13:46:14.086612 dv-cinder-819668-4-smb devstack@c-api.service[117392]: /usr/local/lib/python3.8/dist-packages/oslo_context/context.py:100: DeprecationWarning: Policy enforcement is depending on the value of is_admin. This key is deprecated. Please update your policy file to use the standard policy values.
May 26 13:46:14.086612 dv-cinder-819668-4-smb devstack@c-api.service[117392]: warnings.warn('Policy enforcement is depending on the value of '
May 26 13:46:14.096183 dv-cinder-819668-4-smb devstack@c-api.service[117392]: INFO cinder.volume.api [None req-66e99b20-145b-4329-94f5-71d6e4dd1533 tempest-VolumesActionsTest-2127208413 tempest-VolumesActionsTest-2127208413-project] Volume info retrieved successfully.
May 26 13:46:14.106875 dv-cinder-819668-4-smb devstack@c-api.service[117392]: INFO cinder.api.openstack.wsgi [None req-66e99b20-145b-4329-94f5-71d6e4dd1533 tempest-VolumesActionsTest-2127208413 tempest-VolumesActionsTest-2127208413-project] http://10.222.0.84/volume/v3/7e1b775630e84e20bc88b4ed9c4bb5b0/volumes/9aeb2fb2-9e5d-484a-9421-3272565b6456 returned with HTTP 200
May 26 13:46:14.107602 dv-cinder-819668-4-smb devstack@c-api.service[117392]: [pid: 117392|app: 0|req: 174/382] 10.222.0.84 () {58 vars in 1324 bytes} [Thu May 26 13:46:14 2022] GET /volume/v3/7e1b775630e84e20bc88b4ed9c4bb5b0/volumes/9aeb2fb2-9e5d-484a-9421-3272565b6456 => generated 1244 bytes in 55 msecs (HTTP/1.1 200) 7 headers in 286 bytes (1 switches on core 0)
May 26 13:46:14.120602 dv-cinder-819668-4-smb devstack@c-api.service[117393]: DEBUG cinder.api.middleware.request_id [None req-7a6854d9-dc44-4572-9137-ebb6cfb5bf8d None None] RequestId filter calling following filter/app {{(pid=117393) _context_setter /opt/stack/cinder/cinder/api/middleware/request_id.py:62}}
May 26 13:46:14.382217 dv-cinder-819668-4-smb devstack@c-api.service[117392]: DEBUG cinder.api.middleware.request_id [None req-fe71711f-4fb9-444c-9c89-3399aa42ceb7 None None] RequestId filter calling following filter/app {{(pid=117392) _context_setter /opt/stack/cinder/cinder/api/middleware/request_id.py:62}}
May 26 13:46:14.386930 dv-cinder-819668-4-smb devstack@c-api.service[117392]: INFO cinder.api.openstack.wsgi [None req-fe71711f-4fb9-444c-9c89-3399aa42ceb7 tempest-VolumesSnapshotNegativeTestJSON-295951829 tempest-VolumesSnapshotNegativeTestJSON-295951829-project] GET http://10.222.0.84/volume/v3/5370f6b497f240739537cf0a7f9c5ba2/snapshots/5748b2a6-6552-4a21-8477-bc8ce8287cf9
May 26 13:46:14.387427 dv-cinder-819668-4-smb devstack@c-api.service[117392]: DEBUG cinder.api.openstack.wsgi [None req-fe71711f-4fb9-444c-9c89-3399aa42ceb7 tempest-VolumesSnapshotNegativeTestJSON-295951829 tempest-VolumesSnapshotNegativeTestJSON-295951829-project] Empty body provided in request {{(pid=117392) get_body /opt/stack/cinder/cinder/api/openstack/wsgi.py:715}}
May 26 13:46:14.387884 dv-cinder-819668-4-smb devstack@c-api.service[117392]: DEBUG cinder.api.openstack.wsgi [None req-fe71711f-4fb9-444c-9c89-3399aa42ceb7 tempest-VolumesSnapshotNegativeTestJSON-295951829 tempest-VolumesSnapshotNegativeTestJSON-295951829-project] Calling method 'show' {{(pid=117392) _process_stack /opt/stack/cinder/cinder/api/openstack/wsgi.py:868}}
May 26 13:46:14.408517 dv-cinder-819668-4-smb devstack@c-api.service[117392]: /usr/local/lib/python3.8/dist-packages/oslo_context/context.py:100: DeprecationWarning: Policy enforcement is depending on the value of is_admin. This key is deprecated. Please update your policy file to use the standard policy values.
May 26 13:46:14.408517 dv-cinder-819668-4-smb devstack@c-api.service[117392]: warnings.warn('Policy enforcement is depending on the value of '
May 26 13:46:14.409684 dv-cinder-819668-4-smb devstack@c-api.service[117392]: INFO cinder.volume.api [None req-fe71711f-4fb9-444c-9c89-3399aa42ceb7 tempest-VolumesSnapshotNegativeTestJSON-295951829 tempest-VolumesSnapshotNegativeTestJSON-295951829-project] Snapshot retrieved successfully.
May 26 13:46:14.427210 dv-cinder-819668-4-smb devstack@c-api.service[117393]: INFO cinder.api.openstack.wsgi [None req-7a6854d9-dc44-4572-9137-ebb6cfb5bf8d tempest-VolumesActionsTest-142938926 tempest-VolumesActionsTest-142938926-project-admin] POST http://10.222.0.84/volume/v3/2fa4678d39364a24b2251feae8d18ab2/volumes/9aeb2fb2-9e5d-484a-9421-3272565b6456/action
May 26 13:46:14.428208 dv-cinder-819668-4-smb devstack@c-api.service[117393]: DEBUG cinder.api.openstack.wsgi [None req-7a6854d9-dc44-4572-9137-ebb6cfb5bf8d tempest-VolumesActionsTest-142938926 tempest-VolumesActionsTest-142938926-project-admin] Action body: b'{"os-reset_status": {"status": "error"}}' {{(pid=117393) get_method /opt/stack/cinder/cinder/api/openstack/wsgi.py:983}}
May 26 13:46:14.428833 dv-cinder-819668-4-smb devstack@c-api.service[117393]: DEBUG cinder.api.openstack.wsgi [None req-7a6854d9-dc44-4572-9137-ebb6cfb5bf8d tempest-VolumesActionsTest-142938926 tempest-VolumesActionsTest-142938926-project-admin] Action: 'action', calling method: _reset_status, body: {"os-reset_status": {"status": "error"}} {{(pid=117393) _process_stack /opt/stack/cinder/cinder/api/openstack/wsgi.py:866}}
May 26 13:46:14.430198 dv-cinder-819668-4-smb devstack@c-api.service[117392]: INFO cinder.api.openstack.wsgi [None req-fe71711f-4fb9-444c-9c89-3399aa42ceb7 tempest-VolumesSnapshotNegativeTestJSON-295951829 tempest-VolumesSnapshotNegativeTestJSON-295951829-project] http://10.222.0.84/volume/v3/5370f6b497f240739537cf0a7f9c5ba2/snapshots/5748b2a6-6552-4a21-8477-bc8ce8287cf9 returned with HTTP 200
May 26 13:46:14.430962 dv-cinder-819668-4-smb devstack@c-api.service[117392]: [pid: 117392|app: 0|req: 175/383] 10.222.0.84 () {58 vars in 1330 bytes} [Thu May 26 13:46:14 2022] GET /volume/v3/5370f6b497f240739537cf0a7f9c5ba2/snapshots/5748b2a6-6552-4a21-8477-bc8ce8287cf9 => generated 543 bytes in 50 msecs (HTTP/1.1 200) 7 headers in 285 bytes (1 switches on core 0)
May 26 13:46:14.439540 dv-cinder-819668-4-smb devstack@c-api.service[117392]: DEBUG cinder.api.middleware.request_id [None req-445811f8-37c9-4fc7-83f4-88ef20ef4962 None None] RequestId filter calling following filter/app {{(pid=117392) _context_setter /opt/stack/cinder/cinder/api/middleware/request_id.py:62}}
May 26 13:46:14.443639 dv-cinder-819668-4-smb devstack@c-api.service[117392]: INFO cinder.api.openstack.wsgi [None req-445811f8-37c9-4fc7-83f4-88ef20ef4962 tempest-VolumesSnapshotNegativeTestJSON-295951829 tempest-VolumesSnapshotNegativeTestJSON-295951829-project] POST http://10.222.0.84/volume/v3/5370f6b497f240739537cf0a7f9c5ba2/volumes
May 26 13:46:14.445367 dv-cinder-819668-4-smb devstack@c-api.service[117392]: DEBUG cinder.api.openstack.wsgi [None req-445811f8-37c9-4fc7-83f4-88ef20ef4962 tempest-VolumesSnapshotNegativeTestJSON-295951829 tempest-VolumesSnapshotNegativeTestJSON-295951829-project] Action: 'create', calling method: create, body: {"volume": {"size": 1, "snapshot_id": "5748b2a6-6552-4a21-8477-bc8ce8287cf9"}} {{(pid=117392) _process_stack /opt/stack/cinder/cinder/api/openstack/wsgi.py:866}}
May 26 13:46:14.446666 dv-cinder-819668-4-smb devstack@c-api.service[117392]: DEBUG cinder.api.v3.volumes [None req-445811f8-37c9-4fc7-83f4-88ef20ef4962 tempest-VolumesSnapshotNegativeTestJSON-295951829 tempest-VolumesSnapshotNegativeTestJSON-295951829-project] Create volume request body: {'volume': {'size': 1, 'snapshot_id': '5748b2a6-6552-4a21-8477-bc8ce8287cf9'}} {{(pid=117392) create /opt/stack/cinder/cinder/api/v3/volumes.py:298}}
May 26 13:46:14.456376 dv-cinder-819668-4-smb devstack@c-api.service[117393]: /usr/local/lib/python3.8/dist-packages/oslo_context/context.py:100: DeprecationWarning: Policy enforcement is depending on the value of is_admin. This key is deprecated. Please update your policy file to use the standard policy values.
May 26 13:46:14.456376 dv-cinder-819668-4-smb devstack@c-api.service[117393]: warnings.warn('Policy enforcement is depending on the value of '
May 26 13:46:14.457337 dv-cinder-819668-4-smb devstack@c-api.service[117393]: DEBUG cinder.api.contrib.admin_actions [None req-7a6854d9-dc44-4572-9137-ebb6cfb5bf8d tempest-VolumesActionsTest-142938926 tempest-VolumesActionsTest-142938926-project-admin] Updating volume '9aeb2fb2-9e5d-484a-9421-3272565b6456' with '{'status': 'error'}' {{(pid=117393) _reset_status /opt/stack/cinder/cinder/api/contrib/admin_actions.py:200}}
May 26 13:46:14.465353 dv-cinder-819668-4-smb devstack@c-api.service[117392]: /usr/local/lib/python3.8/dist-packages/oslo_context/context.py:100: DeprecationWarning: Policy enforcement is depending on the value of is_admin. This key is deprecated. Please update your policy file to use the standard policy values.
May 26 13:46:14.465353 dv-cinder-819668-4-smb devstack@c-api.service[117392]: warnings.warn('Policy enforcement is depending on the value of '
May 26 13:46:14.466759 dv-cinder-819668-4-smb devstack@c-api.service[117392]: INFO cinder.volume.api [None req-445811f8-37c9-4fc7-83f4-88ef20ef4962 tempest-VolumesSnapshotNegativeTestJSON-295951829 tempest-VolumesSnapshotNegativeTestJSON-295951829-project] Snapshot retrieved successfully.
May 26 13:46:14.467209 dv-cinder-819668-4-smb devstack@c-api.service[117392]: INFO cinder.api.v3.volumes [None req-445811f8-37c9-4fc7-83f4-88ef20ef4962 tempest-VolumesSnapshotNegativeTestJSON-295951829 tempest-VolumesSnapshotNegativeTestJSON-295951829-project] Create volume of 1 GB
May 26 13:46:14.475327 dv-cinder-819668-4-smb devstack@c-api.service[117392]: INFO cinder.volume.api [None req-445811f8-37c9-4fc7-83f4-88ef20ef4962 tempest-VolumesSnapshotNegativeTestJSON-295951829 tempest-VolumesSnapshotNegativeTestJSON-295951829-project] Availability Zones retrieved successfully.
May 26 13:46:14.494064 dv-cinder-819668-4-smb devstack@c-api.service[117392]: DEBUG cinder.volume.api [None req-445811f8-37c9-4fc7-83f4-88ef20ef4962 tempest-VolumesSnapshotNegativeTestJSON-295951829 tempest-VolumesSnapshotNegativeTestJSON-295951829-project] Flow 'volume_create_api' (bd7df534-5fff-45ab-85ce-012649059e00) transitioned into state 'RUNNING' from state 'PENDING' {{(pid=117392) _flow_receiver /usr/local/lib/python3.8/dist-packages/taskflow/listeners/logging.py:141}}
May 26 13:46:14.496928 dv-cinder-819668-4-smb devstack@c-api.service[117392]: DEBUG cinder.volume.api [None req-445811f8-37c9-4fc7-83f4-88ef20ef4962 tempest-VolumesSnapshotNegativeTestJSON-295951829 tempest-VolumesSnapshotNegativeTestJSON-295951829-project] Task 'cinder.volume.flows.api.create_volume.ExtractVolumeRequestTask;volume:create' (bad08c29-f0d4-4631-9bc7-80f5e7bae63a) transitioned into state 'RUNNING' from state 'PENDING' {{(pid=117392) _task_receiver /usr/local/lib/python3.8/dist-packages/taskflow/listeners/logging.py:190}}
May 26 13:46:14.499704 dv-cinder-819668-4-smb devstack@c-api.service[117392]: DEBUG cinder.volume.flows.api.create_volume [None req-445811f8-37c9-4fc7-83f4-88ef20ef4962 tempest-VolumesSnapshotNegativeTestJSON-295951829 tempest-VolumesSnapshotNegativeTestJSON-295951829-project] Validating volume size '1' using validate_int, validate_snap_size {{(pid=117392) _extract_size /opt/stack/cinder/cinder/volume/flows/api/create_volume.py:228}}
May 26 13:46:14.503042 dv-cinder-819668-4-smb devstack@c-api.service[117392]: WARNING cinder.volume.api [None req-445811f8-37c9-4fc7-83f4-88ef20ef4962 tempest-VolumesSnapshotNegativeTestJSON-295951829 tempest-VolumesSnapshotNegativeTestJSON-295951829-project] Task 'cinder.volume.flows.api.create_volume.ExtractVolumeRequestTask;volume:create' (bad08c29-f0d4-4631-9bc7-80f5e7bae63a) transitioned into state 'FAILURE' from state 'RUNNING'
May 26 13:46:14.503042 dv-cinder-819668-4-smb devstack@c-api.service[117392]: Failure: cinder.exception.InvalidInput: Invalid input received: Volume size '1'GB cannot be smaller than the snapshot size 2GB. They must be >= original snapshot size.
May 26 13:46:14.508365 dv-cinder-819668-4-smb devstack@c-api.service[117392]: DEBUG cinder.volume.api [None req-445811f8-37c9-4fc7-83f4-88ef20ef4962 tempest-VolumesSnapshotNegativeTestJSON-295951829 tempest-VolumesSnapshotNegativeTestJSON-295951829-project] Task 'cinder.volume.flows.api.create_volume.ExtractVolumeRequestTask;volume:create' (bad08c29-f0d4-4631-9bc7-80f5e7bae63a) transitioned into state 'REVERTING' from state 'FAILURE' {{(pid=117392) _task_receiver /usr/local/lib/python3.8/dist-packages/taskflow/listeners/logging.py:190}}
May 26 13:46:14.511317 dv-cinder-819668-4-smb devstack@c-api.service[117392]: WARNING cinder.volume.api [None req-445811f8-37c9-4fc7-83f4-88ef20ef4962 tempest-VolumesSnapshotNegativeTestJSON-295951829 tempest-VolumesSnapshotNegativeTestJSON-295951829-project] Task 'cinder.volume.flows.api.create_volume.ExtractVolumeRequestTask;volume:create' (bad08c29-f0d4-4631-9bc7-80f5e7bae63a) transitioned into state 'REVERTED' from state 'REVERTING' with result 'None'
May 26 13:46:14.514603 dv-cinder-819668-4-smb devstack@c-api.service[117392]: WARNING cinder.volume.api [None req-445811f8-37c9-4fc7-83f4-88ef20ef4962 tempest-VolumesSnapshotNegativeTestJSON-295951829 tempest-VolumesSnapshotNegativeTestJSON-295951829-project] Flow 'volume_create_api' (bd7df534-5fff-45ab-85ce-012649059e00) transitioned into state 'REVERTED' from state 'RUNNING'
May 26 13:46:14.515466 dv-cinder-819668-4-smb devstack@c-api.service[117392]: INFO cinder.api.openstack.wsgi [None req-445811f8-37c9-4fc7-83f4-88ef20ef4962 tempest-VolumesSnapshotNegativeTestJSON-295951829 tempest-VolumesSnapshotNegativeTestJSON-295951829-project] http://10.222.0.84/volume/v3/5370f6b497f240739537cf0a7f9c5ba2/volumes returned with HTTP 400
May 26 13:46:14.517699 dv-cinder-819668-4-smb devstack@c-api.service[117392]: [pid: 117392|app: 0|req: 176/384] 10.222.0.84 () {60 vars in 1234 bytes} [Thu May 26 13:46:14 2022] POST /volume/v3/5370f6b497f240739537cf0a7f9c5ba2/volumes => generated 171 bytes in 80 msecs (HTTP/1.1 400) 7 headers in 294 bytes (1 switches on core 0)
May 26 13:46:14.520918 dv-cinder-819668-4-smb devstack@c-api.service[117393]: INFO cinder.api.openstack.wsgi [None req-7a6854d9-dc44-4572-9137-ebb6cfb5bf8d tempest-VolumesActionsTest-142938926 tempest-VolumesActionsTest-142938926-project-admin] http://10.222.0.84/volume/v3/2fa4678d39364a24b2251feae8d18ab2/volumes/9aeb2fb2-9e5d-484a-9421-3272565b6456/action returned with HTTP 202
May 26 13:46:14.523334 dv-cinder-819668-4-smb devstack@c-api.service[117392]: DEBUG cinder.api.middleware.request_id [None req-9fc66197-81d0-4f16-93b5-1865b15dbf57 None None] RequestId filter calling following filter/app {{(pid=117392) _context_setter /opt/stack/cinder/cinder/api/middleware/request_id.py:62}}
May 26 13:46:14.524728 dv-cinder-819668-4-smb devstack@c-api.service[117393]: [pid: 117393|app: 0|req: 209/385] 10.222.0.84 () {60 vars in 1366 bytes} [Thu May 26 13:46:14 2022] POST /volume/v3/2fa4678d39364a24b2251feae8d18ab2/volumes/9aeb2fb2-9e5d-484a-9421-3272565b6456/action => generated 0 bytes in 405 msecs (HTTP/1.1 202) 7 headers in 289 bytes (1 switches on core 0)
May 26 13:46:14.526565 dv-cinder-819668-4-smb devstack@c-api.service[117393]: DEBUG cinder.api.middleware.request_id [None req-f2ff7f27-13d6-4c56-9684-60b1ce26408d None None] RequestId filter calling following filter/app {{(pid=117393) _context_setter /opt/stack/cinder/cinder/api/middleware/request_id.py:62}}
May 26 13:46:14.528459 dv-cinder-819668-4-smb devstack@c-api.service[117392]: INFO cinder.api.openstack.wsgi [None req-9fc66197-81d0-4f16-93b5-1865b15dbf57 tempest-VolumesSnapshotNegativeTestJSON-295951829 tempest-VolumesSnapshotNegativeTestJSON-295951829-project] DELETE http://10.222.0.84/volume/v3/5370f6b497f240739537cf0a7f9c5ba2/snapshots/5748b2a6-6552-4a21-8477-bc8ce8287cf9
May 26 13:46:14.529098 dv-cinder-819668-4-smb devstack@c-api.service[117392]: DEBUG cinder.api.openstack.wsgi [None req-9fc66197-81d0-4f16-93b5-1865b15dbf57 tempest-VolumesSnapshotNegativeTestJSON-295951829 tempest-VolumesSnapshotNegativeTestJSON-295951829-project] Empty body provided in request {{(pid=117392) get_body /opt/stack/cinder/cinder/api/openstack/wsgi.py:715}}
May 26 13:46:14.529981 dv-cinder-819668-4-smb devstack@c-api.service[117392]: DEBUG cinder.api.openstack.wsgi [None req-9fc66197-81d0-4f16-93b5-1865b15dbf57 tempest-VolumesSnapshotNegativeTestJSON-295951829 tempest-VolumesSnapshotNegativeTestJSON-295951829-project] Calling method 'delete' {{(pid=117392) _process_stack /opt/stack/cinder/cinder/api/openstack/wsgi.py:868}}
May 26 13:46:14.531745 dv-cinder-819668-4-smb devstack@c-api.service[117392]: INFO cinder.api.v2.snapshots [None req-9fc66197-81d0-4f16-93b5-1865b15dbf57 tempest-VolumesSnapshotNegativeTestJSON-295951829 tempest-VolumesSnapshotNegativeTestJSON-295951829-project] Delete snapshot with id: 5748b2a6-6552-4a21-8477-bc8ce8287cf9
May 26 13:46:14.531845 dv-cinder-819668-4-smb devstack@c-api.service[117393]: INFO cinder.api.openstack.wsgi [None req-f2ff7f27-13d6-4c56-9684-60b1ce26408d tempest-VolumesActionsTest-2127208413 tempest-VolumesActionsTest-2127208413-project] GET http://10.222.0.84/volume/v3/7e1b775630e84e20bc88b4ed9c4bb5b0/volumes/9aeb2fb2-9e5d-484a-9421-3272565b6456
May 26 13:46:14.531845 dv-cinder-819668-4-smb devstack@c-api.service[117393]: DEBUG cinder.api.openstack.wsgi [None req-f2ff7f27-13d6-4c56-9684-60b1ce26408d tempest-VolumesActionsTest-2127208413 tempest-VolumesActionsTest-2127208413-project] Empty body provided in request {{(pid=117393) get_body /opt/stack/cinder/cinder/api/openstack/wsgi.py:715}}
May 26 13:46:14.532087 dv-cinder-819668-4-smb devstack@c-api.service[117393]: DEBUG cinder.api.openstack.wsgi [None req-f2ff7f27-13d6-4c56-9684-60b1ce26408d tempest-VolumesActionsTest-2127208413 tempest-VolumesActionsTest-2127208413-project] Calling method 'show' {{(pid=117393) _process_stack /opt/stack/cinder/cinder/api/openstack/wsgi.py:868}}
May 26 13:46:14.543594 dv-cinder-819668-4-smb devstack@c-api.service[117392]: /usr/local/lib/python3.8/dist-packages/oslo_context/context.py:100: DeprecationWarning: Policy enforcement is depending on the value of is_admin. This key is deprecated. Please update your policy file to use the standard policy values.
May 26 13:46:14.543594 dv-cinder-819668-4-smb devstack@c-api.service[117392]: warnings.warn('Policy enforcement is depending on the value of '
May 26 13:46:14.545126 dv-cinder-819668-4-smb devstack@c-api.service[117392]: INFO cinder.volume.api [None req-9fc66197-81d0-4f16-93b5-1865b15dbf57 tempest-VolumesSnapshotNegativeTestJSON-295951829 tempest-VolumesSnapshotNegativeTestJSON-295951829-project] Snapshot retrieved successfully.
May 26 13:46:14.556261 dv-cinder-819668-4-smb devstack@c-api.service[117393]: /usr/local/lib/python3.8/dist-packages/oslo_context/context.py:100: DeprecationWarning: Policy enforcement is depending on the value of is_admin. This key is deprecated. Please update your policy file to use the standard policy values.
May 26 13:46:14.556261 dv-cinder-819668-4-smb devstack@c-api.service[117393]: warnings.warn('Policy enforcement is depending on the value of '
May 26 13:46:14.566126 dv-cinder-819668-4-smb devstack@c-api.service[117393]: INFO cinder.volume.api [None req-f2ff7f27-13d6-4c56-9684-60b1ce26408d tempest-VolumesActionsTest-2127208413 tempest-VolumesActionsTest-2127208413-project] Volume info retrieved successfully.
May 26 13:46:14.578265 dv-cinder-819668-4-smb devstack@c-api.service[117393]: INFO cinder.api.openstack.wsgi [None req-f2ff7f27-13d6-4c56-9684-60b1ce26408d tempest-VolumesActionsTest-2127208413 tempest-VolumesActionsTest-2127208413-project] http://10.222.0.84/volume/v3/7e1b775630e84e20bc88b4ed9c4bb5b0/volumes/9aeb2fb2-9e5d-484a-9421-3272565b6456 returned with HTTP 200
May 26 13:46:14.588381 dv-cinder-819668-4-smb devstack@c-api.service[117393]: [pid: 117393|app: 0|req: 210/386] 10.222.0.84 () {58 vars in 1324 bytes} [Thu May 26 13:46:14 2022] GET /volume/v3/7e1b775630e84e20bc88b4ed9c4bb5b0/volumes/9aeb2fb2-9e5d-484a-9421-3272565b6456 => generated 1243 bytes in 63 msecs (HTTP/1.1 200) 7 headers in 286 bytes (1 switches on core 0)
May 26 13:46:14.598696 dv-cinder-819668-4-smb devstack@c-api.service[117392]: INFO cinder.volume.api [None req-9fc66197-81d0-4f16-93b5-1865b15dbf57 tempest-VolumesSnapshotNegativeTestJSON-295951829 tempest-VolumesSnapshotNegativeTestJSON-295951829-project] Snapshot delete request issued successfully.
May 26 13:46:14.599387 dv-cinder-819668-4-smb devstack@c-api.service[117392]: INFO cinder.api.openstack.wsgi [None req-9fc66197-81d0-4f16-93b5-1865b15dbf57 tempest-VolumesSnapshotNegativeTestJSON-295951829 tempest-VolumesSnapshotNegativeTestJSON-295951829-project] http://10.222.0.84/volume/v3/5370f6b497f240739537cf0a7f9c5ba2/snapshots/5748b2a6-6552-4a21-8477-bc8ce8287cf9 returned with HTTP 202
May 26 13:46:14.601542 dv-cinder-819668-4-smb devstack@c-api.service[117392]: [pid: 117392|app: 0|req: 177/387] 10.222.0.84 () {58 vars in 1333 bytes} [Thu May 26 13:46:14 2022] DELETE /volume/v3/5370f6b497f240739537cf0a7f9c5ba2/snapshots/5748b2a6-6552-4a21-8477-bc8ce8287cf9 => generated 0 bytes in 79 msecs (HTTP/1.1 202) 6 headers in 233 bytes (2 switches on core 0)
May 26 13:46:14.601668 dv-cinder-819668-4-smb devstack@c-api.service[117393]: DEBUG cinder.api.middleware.request_id [None req-b5380dce-1b13-41f2-8593-dc4df682d37a None None] RequestId filter calling following filter/app {{(pid=117393) _context_setter /opt/stack/cinder/cinder/api/middleware/request_id.py:62}}
May 26 13:46:14.606425 dv-cinder-819668-4-smb devstack@c-api.service[117392]: DEBUG cinder.api.middleware.request_id [None req-650420d7-b64a-4226-9373-d021c7e1bc73 None None] RequestId filter calling following filter/app {{(pid=117392) _context_setter /opt/stack/cinder/cinder/api/middleware/request_id.py:62}}
May 26 13:46:14.613966 dv-cinder-819668-4-smb devstack@c-api.service[117392]: INFO cinder.api.openstack.wsgi [None req-650420d7-b64a-4226-9373-d021c7e1bc73 tempest-VolumesSnapshotNegativeTestJSON-295951829 tempest-VolumesSnapshotNegativeTestJSON-295951829-project] GET http://10.222.0.84/volume/v3/5370f6b497f240739537cf0a7f9c5ba2/snapshots/5748b2a6-6552-4a21-8477-bc8ce8287cf9
May 26 13:46:14.616286 dv-cinder-819668-4-smb devstack@c-api.service[117393]: INFO cinder.api.openstack.wsgi [None req-b5380dce-1b13-41f2-8593-dc4df682d37a tempest-VolumesActionsTest-142938926 tempest-VolumesActionsTest-142938926-project-admin] POST http://10.222.0.84/volume/v3/2fa4678d39364a24b2251feae8d18ab2/volumes/9aeb2fb2-9e5d-484a-9421-3272565b6456/action
May 26 13:46:14.617032 dv-cinder-819668-4-smb devstack@c-api.service[117392]: DEBUG cinder.api.openstack.wsgi [None req-650420d7-b64a-4226-9373-d021c7e1bc73 tempest-VolumesSnapshotNegativeTestJSON-295951829 tempest-VolumesSnapshotNegativeTestJSON-295951829-project] Empty body provided in request {{(pid=117392) get_body /opt/stack/cinder/cinder/api/openstack/wsgi.py:715}}
May 26 13:46:14.617209 dv-cinder-819668-4-smb devstack@c-api.service[117393]: DEBUG cinder.api.openstack.wsgi [None req-b5380dce-1b13-41f2-8593-dc4df682d37a tempest-VolumesActionsTest-142938926 tempest-VolumesActionsTest-142938926-project-admin] Action body: b'{"os-force_detach": {"connector": null, "attachment_id": "4b376c75-ef32-4584-8494-f9484fe184b9"}}' {{(pid=117393) get_method /opt/stack/cinder/cinder/api/openstack/wsgi.py:983}}
May 26 13:46:14.617359 dv-cinder-819668-4-smb devstack@c-api.service[117393]: DEBUG cinder.api.openstack.wsgi [None req-b5380dce-1b13-41f2-8593-dc4df682d37a tempest-VolumesActionsTest-142938926 tempest-VolumesActionsTest-142938926-project-admin] Action: 'action', calling method: _force_detach, body: {"os-force_detach": {"connector": null, "attachment_id": "4b376c75-ef32-4584-8494-f9484fe184b9"}} {{(pid=117393) _process_stack /opt/stack/cinder/cinder/api/openstack/wsgi.py:866}}
May 26 13:46:14.618467 dv-cinder-819668-4-smb devstack@c-api.service[117392]: DEBUG cinder.api.openstack.wsgi [None req-650420d7-b64a-4226-9373-d021c7e1bc73 tempest-VolumesSnapshotNegativeTestJSON-295951829 tempest-VolumesSnapshotNegativeTestJSON-295951829-project] Calling method 'show' {{(pid=117392) _process_stack /opt/stack/cinder/cinder/api/openstack/wsgi.py:868}}
May 26 13:46:14.633357 dv-cinder-819668-4-smb devstack@c-api.service[117392]: /usr/local/lib/python3.8/dist-packages/oslo_context/context.py:100: DeprecationWarning: Policy enforcement is depending on the value of is_admin. This key is deprecated. Please update your policy file to use the standard policy values.
May 26 13:46:14.633357 dv-cinder-819668-4-smb devstack@c-api.service[117392]: warnings.warn('Policy enforcement is depending on the value of '
May 26 13:46:14.635203 dv-cinder-819668-4-smb devstack@c-api.service[117392]: INFO cinder.volume.api [None req-650420d7-b64a-4226-9373-d021c7e1bc73 tempest-VolumesSnapshotNegativeTestJSON-295951829 tempest-VolumesSnapshotNegativeTestJSON-295951829-project] Snapshot retrieved successfully.
May 26 13:46:14.637286 dv-cinder-819668-4-smb devstack@c-api.service[117392]: INFO cinder.api.openstack.wsgi [None req-650420d7-b64a-4226-9373-d021c7e1bc73 tempest-VolumesSnapshotNegativeTestJSON-295951829 tempest-VolumesSnapshotNegativeTestJSON-295951829-project] http://10.222.0.84/volume/v3/5370f6b497f240739537cf0a7f9c5ba2/snapshots/5748b2a6-6552-4a21-8477-bc8ce8287cf9 returned with HTTP 200
May 26 13:46:14.643144 dv-cinder-819668-4-smb devstack@c-api.service[117392]: [pid: 117392|app: 0|req: 178/388] 10.222.0.84 () {58 vars in 1330 bytes} [Thu May 26 13:46:14 2022] GET /volume/v3/5370f6b497f240739537cf0a7f9c5ba2/snapshots/5748b2a6-6552-4a21-8477-bc8ce8287cf9 => generated 542 bytes in 38 msecs (HTTP/1.1 200) 7 headers in 285 bytes (2 switches on core 0)
May 26 13:46:14.646629 dv-cinder-819668-4-smb devstack@c-api.service[117393]: /usr/local/lib/python3.8/dist-packages/oslo_context/context.py:100: DeprecationWarning: Policy enforcement is depending on the value of is_admin. This key is deprecated. Please update your policy file to use the standard policy values.
May 26 13:46:14.646629 dv-cinder-819668-4-smb devstack@c-api.service[117393]: warnings.warn('Policy enforcement is depending on the value of '
May 26 13:46:14.648441 dv-cinder-819668-4-smb devstack@c-api.service[117393]: INFO cinder.volume.api [None req-b5380dce-1b13-41f2-8593-dc4df682d37a tempest-VolumesActionsTest-142938926 tempest-VolumesActionsTest-142938926-project-admin] Volume info retrieved successfully.
May 26 13:46:14.702513 dv-cinder-819668-4-smb devstack@c-api.service[117393]: INFO cinder.volume.api [None req-b5380dce-1b13-41f2-8593-dc4df682d37a tempest-VolumesActionsTest-142938926 tempest-VolumesActionsTest-142938926-project-admin] Terminate volume connection completed successfully.
May 26 13:46:14.714911 dv-cinder-819668-4-smb devstack@c-api.service[117393]: DEBUG cinder.volume.api [None req-b5380dce-1b13-41f2-8593-dc4df682d37a tempest-VolumesActionsTest-142938926 tempest-VolumesActionsTest-142938926-project-admin] Attempted to unreserve volume that was not reserved, nothing to do. {{(pid=117393) unreserve_volume /opt/stack/cinder/cinder/volume/api.py:785}}
May 26 13:46:14.844850 dv-cinder-819668-4-smb devstack@c-api.service[117393]: INFO cinder.volume.api [None req-b5380dce-1b13-41f2-8593-dc4df682d37a tempest-VolumesActionsTest-142938926 tempest-VolumesActionsTest-142938926-project-admin] Detach volume completed successfully.
May 26 13:46:14.846193 dv-cinder-819668-4-smb devstack@c-api.service[117393]: INFO cinder.api.openstack.wsgi [None req-b5380dce-1b13-41f2-8593-dc4df682d37a tempest-VolumesActionsTest-142938926 tempest-VolumesActionsTest-142938926-project-admin] http://10.222.0.84/volume/v3/2fa4678d39364a24b2251feae8d18ab2/volumes/9aeb2fb2-9e5d-484a-9421-3272565b6456/action returned with HTTP 202
May 26 13:46:14.847839 dv-cinder-819668-4-smb devstack@c-api.service[117393]: [pid: 117393|app: 0|req: 211/389] 10.222.0.84 () {60 vars in 1366 bytes} [Thu May 26 13:46:14 2022] POST /volume/v3/2fa4678d39364a24b2251feae8d18ab2/volumes/9aeb2fb2-9e5d-484a-9421-3272565b6456/action => generated 0 bytes in 256 msecs (HTTP/1.1 202) 7 headers in 289 bytes (1 switches on core 0)
May 26 13:46:14.852499 dv-cinder-819668-4-smb devstack@c-api.service[117392]: DEBUG cinder.api.middleware.request_id [None req-40610a97-89e9-464a-93cd-3ca3d22ea1ac None None] RequestId filter calling following filter/app {{(pid=117392) _context_setter /opt/stack/cinder/cinder/api/middleware/request_id.py:62}}
May 26 13:46:14.856855 dv-cinder-819668-4-smb devstack@c-api.service[117392]: INFO cinder.api.openstack.wsgi [None req-40610a97-89e9-464a-93cd-3ca3d22ea1ac tempest-VolumesActionsTest-2127208413 tempest-VolumesActionsTest-2127208413-project] GET http://10.222.0.84/volume/v3/7e1b775630e84e20bc88b4ed9c4bb5b0/volumes/9aeb2fb2-9e5d-484a-9421-3272565b6456
May 26 13:46:14.857755 dv-cinder-819668-4-smb devstack@c-api.service[117392]: DEBUG cinder.api.openstack.wsgi [None req-40610a97-89e9-464a-93cd-3ca3d22ea1ac tempest-VolumesActionsTest-2127208413 tempest-VolumesActionsTest-2127208413-project] Empty body provided in request {{(pid=117392) get_body /opt/stack/cinder/cinder/api/openstack/wsgi.py:715}}
May 26 13:46:14.858402 dv-cinder-819668-4-smb devstack@c-api.service[117392]: DEBUG cinder.api.openstack.wsgi [None req-40610a97-89e9-464a-93cd-3ca3d22ea1ac tempest-VolumesActionsTest-2127208413 tempest-VolumesActionsTest-2127208413-project] Calling method 'show' {{(pid=117392) _process_stack /opt/stack/cinder/cinder/api/openstack/wsgi.py:868}}
May 26 13:46:14.881319 dv-cinder-819668-4-smb devstack@c-api.service[117392]: /usr/local/lib/python3.8/dist-packages/oslo_context/context.py:100: DeprecationWarning: Policy enforcement is depending on the value of is_admin. This key is deprecated. Please update your policy file to use the standard policy values.
May 26 13:46:14.881319 dv-cinder-819668-4-smb devstack@c-api.service[117392]: warnings.warn('Policy enforcement is depending on the value of '
May 26 13:46:14.892341 dv-cinder-819668-4-smb devstack@c-api.service[117392]: INFO cinder.volume.api [None req-40610a97-89e9-464a-93cd-3ca3d22ea1ac tempest-VolumesActionsTest-2127208413 tempest-VolumesActionsTest-2127208413-project] Volume info retrieved successfully.
May 26 13:46:14.908423 dv-cinder-819668-4-smb devstack@c-api.service[117392]: INFO cinder.api.openstack.wsgi [None req-40610a97-89e9-464a-93cd-3ca3d22ea1ac tempest-VolumesActionsTest-2127208413 tempest-VolumesActionsTest-2127208413-project] http://10.222.0.84/volume/v3/7e1b775630e84e20bc88b4ed9c4bb5b0/volumes/9aeb2fb2-9e5d-484a-9421-3272565b6456 returned with HTTP 200
May 26 13:46:14.909477 dv-cinder-819668-4-smb devstack@c-api.service[117392]: [pid: 117392|app: 0|req: 179/390] 10.222.0.84 () {58 vars in 1324 bytes} [Thu May 26 13:46:14 2022] GET /volume/v3/7e1b775630e84e20bc88b4ed9c4bb5b0/volumes/9aeb2fb2-9e5d-484a-9421-3272565b6456 => generated 929 bytes in 58 msecs (HTTP/1.1 200) 7 headers in 285 bytes (1 switches on core 0)
May 26 13:46:14.921677 dv-cinder-819668-4-smb devstack@c-api.service[117393]: DEBUG cinder.api.middleware.request_id [None req-9d798fce-861e-4014-94e9-6eac9b42cff8 None None] RequestId filter calling following filter/app {{(pid=117393) _context_setter /opt/stack/cinder/cinder/api/middleware/request_id.py:62}}
May 26 13:46:14.927358 dv-cinder-819668-4-smb devstack@c-api.service[117393]: INFO cinder.api.openstack.wsgi [None req-9d798fce-861e-4014-94e9-6eac9b42cff8 tempest-VolumesActionsTest-2127208413 tempest-VolumesActionsTest-2127208413-project] GET http://10.222.0.84/volume/v3/7e1b775630e84e20bc88b4ed9c4bb5b0/volumes/9aeb2fb2-9e5d-484a-9421-3272565b6456
May 26 13:46:14.929144 dv-cinder-819668-4-smb devstack@c-api.service[117393]: DEBUG cinder.api.openstack.wsgi [None req-9d798fce-861e-4014-94e9-6eac9b42cff8 tempest-VolumesActionsTest-2127208413 tempest-VolumesActionsTest-2127208413-project] Empty body provided in request {{(pid=117393) get_body /opt/stack/cinder/cinder/api/openstack/wsgi.py:715}}
May 26 13:46:14.929144 dv-cinder-819668-4-smb devstack@c-api.service[117393]: DEBUG cinder.api.openstack.wsgi [None req-9d798fce-861e-4014-94e9-6eac9b42cff8 tempest-VolumesActionsTest-2127208413 tempest-VolumesActionsTest-2127208413-project] Calling method 'show' {{(pid=117393) _process_stack /opt/stack/cinder/cinder/api/openstack/wsgi.py:868}}
May 26 13:46:14.946876 dv-cinder-819668-4-smb devstack@c-api.service[117393]: /usr/local/lib/python3.8/dist-packages/oslo_context/context.py:100: DeprecationWarning: Policy enforcement is depending on the value of is_admin. This key is deprecated. Please update your policy file to use the standard policy values.
May 26 13:46:14.946876 dv-cinder-819668-4-smb devstack@c-api.service[117393]: warnings.warn('Policy enforcement is depending on the value of '
May 26 13:46:14.956689 dv-cinder-819668-4-smb devstack@c-api.service[117393]: INFO cinder.volume.api [None req-9d798fce-861e-4014-94e9-6eac9b42cff8 tempest-VolumesActionsTest-2127208413 tempest-VolumesActionsTest-2127208413-project] Volume info retrieved successfully.
May 26 13:46:14.968085 dv-cinder-819668-4-smb devstack@c-api.service[117393]: INFO cinder.api.openstack.wsgi [None req-9d798fce-861e-4014-94e9-6eac9b42cff8 tempest-VolumesActionsTest-2127208413 tempest-VolumesActionsTest-2127208413-project] http://10.222.0.84/volume/v3/7e1b775630e84e20bc88b4ed9c4bb5b0/volumes/9aeb2fb2-9e5d-484a-9421-3272565b6456 returned with HTTP 200
May 26 13:46:14.981405 dv-cinder-819668-4-smb devstack@c-api.service[117393]: [pid: 117393|app: 0|req: 212/391] 10.222.0.84 () {58 vars in 1324 bytes} [Thu May 26 13:46:14 2022] GET /volume/v3/7e1b775630e84e20bc88b4ed9c4bb5b0/volumes/9aeb2fb2-9e5d-484a-9421-3272565b6456 => generated 929 bytes in 61 msecs (HTTP/1.1 200) 7 headers in 285 bytes (1 switches on core 0)
May 26 13:46:14.986807 dv-cinder-819668-4-smb devstack@c-api.service[117392]: DEBUG cinder.api.middleware.request_id [None req-1d4fdcf5-d723-485d-a718-e3e21a165037 None None] RequestId filter calling following filter/app {{(pid=117392) _context_setter /opt/stack/cinder/cinder/api/middleware/request_id.py:62}}
May 26 13:46:14.991055 dv-cinder-819668-4-smb devstack@c-api.service[117392]: INFO cinder.api.openstack.wsgi [None req-1d4fdcf5-d723-485d-a718-e3e21a165037 tempest-VolumesActionsTest-2127208413 tempest-VolumesActionsTest-2127208413-project] POST http://10.222.0.84/volume/v3/7e1b775630e84e20bc88b4ed9c4bb5b0/volumes/9aeb2fb2-9e5d-484a-9421-3272565b6456/action
May 26 13:46:14.992003 dv-cinder-819668-4-smb devstack@c-api.service[117392]: DEBUG cinder.api.openstack.wsgi [None req-1d4fdcf5-d723-485d-a718-e3e21a165037 tempest-VolumesActionsTest-2127208413 tempest-VolumesActionsTest-2127208413-project] Action body: b'{"os-detach": {}}' {{(pid=117392) get_method /opt/stack/cinder/cinder/api/openstack/wsgi.py:983}}
May 26 13:46:14.992569 dv-cinder-819668-4-smb devstack@c-api.service[117392]: DEBUG cinder.api.openstack.wsgi [None req-1d4fdcf5-d723-485d-a718-e3e21a165037 tempest-VolumesActionsTest-2127208413 tempest-VolumesActionsTest-2127208413-project] Action: 'action', calling method: _detach, body: {"os-detach": {}} {{(pid=117392) _process_stack /opt/stack/cinder/cinder/api/openstack/wsgi.py:866}}
May 26 13:46:14.997750 dv-cinder-819668-4-smb devstack@c-api.service[117393]: DEBUG cinder.api.middleware.request_id [None req-e9f254f4-9896-4441-ba1c-f781d5f762de None None] RequestId filter calling following filter/app {{(pid=117393) _context_setter /opt/stack/cinder/cinder/api/middleware/request_id.py:62}}
May 26 13:46:15.009446 dv-cinder-819668-4-smb devstack@c-api.service[117393]: INFO cinder.api.openstack.wsgi [None req-e9f254f4-9896-4441-ba1c-f781d5f762de tempest-VolumesDeleteCascade-2020535542 tempest-VolumesDeleteCascade-2020535542-project] GET http://10.222.0.84/volume/v3/0bb868b3b2144f09a3b14c13582a2d7e/volumes/af042af8-ba9e-4d37-8e61-3cda11e240fc
May 26 13:46:15.010218 dv-cinder-819668-4-smb devstack@c-api.service[117393]: DEBUG cinder.api.openstack.wsgi [None req-e9f254f4-9896-4441-ba1c-f781d5f762de tempest-VolumesDeleteCascade-2020535542 tempest-VolumesDeleteCascade-2020535542-project] Empty body provided in request {{(pid=117393) get_body /opt/stack/cinder/cinder/api/openstack/wsgi.py:715}}
May 26 13:46:15.010961 dv-cinder-819668-4-smb devstack@c-api.service[117393]: DEBUG cinder.api.openstack.wsgi [None req-e9f254f4-9896-4441-ba1c-f781d5f762de tempest-VolumesDeleteCascade-2020535542 tempest-VolumesDeleteCascade-2020535542-project] Calling method 'show' {{(pid=117393) _process_stack /opt/stack/cinder/cinder/api/openstack/wsgi.py:868}}
May 26 13:46:15.023253 dv-cinder-819668-4-smb devstack@c-api.service[117392]: /usr/local/lib/python3.8/dist-packages/oslo_context/context.py:100: DeprecationWarning: Policy enforcement is depending on the value of is_admin. This key is deprecated. Please update your policy file to use the standard policy values.
May 26 13:46:15.023253 dv-cinder-819668-4-smb devstack@c-api.service[117392]: warnings.warn('Policy enforcement is depending on the value of '
May 26 13:46:15.024863 dv-cinder-819668-4-smb devstack@c-api.service[117392]: INFO cinder.volume.api [None req-1d4fdcf5-d723-485d-a718-e3e21a165037 tempest-VolumesActionsTest-2127208413 tempest-VolumesActionsTest-2127208413-project] Volume info retrieved successfully.
May 26 13:46:15.033346 dv-cinder-819668-4-smb devstack@c-api.service[117393]: INFO cinder.api.openstack.wsgi [None req-e9f254f4-9896-4441-ba1c-f781d5f762de tempest-VolumesDeleteCascade-2020535542 tempest-VolumesDeleteCascade-2020535542-project] http://10.222.0.84/volume/v3/0bb868b3b2144f09a3b14c13582a2d7e/volumes/af042af8-ba9e-4d37-8e61-3cda11e240fc returned with HTTP 404
May 26 13:46:15.035253 dv-cinder-819668-4-smb devstack@c-api.service[117393]: [pid: 117393|app: 0|req: 213/392] 10.222.0.84 () {58 vars in 1324 bytes} [Thu May 26 13:46:14 2022] GET /volume/v3/0bb868b3b2144f09a3b14c13582a2d7e/volumes/af042af8-ba9e-4d37-8e61-3cda11e240fc => generated 109 bytes in 47 msecs (HTTP/1.1 404) 7 headers in 292 bytes (1 switches on core 0)
May 26 13:46:15.039875 dv-cinder-819668-4-smb devstack@c-api.service[117393]: DEBUG cinder.api.middleware.request_id [None req-c91650b0-c03b-4732-bc8a-632ca8587c56 None None] RequestId filter calling following filter/app {{(pid=117393) _context_setter /opt/stack/cinder/cinder/api/middleware/request_id.py:62}}
May 26 13:46:15.043656 dv-cinder-819668-4-smb devstack@c-api.service[117393]: INFO cinder.api.openstack.wsgi [None req-c91650b0-c03b-4732-bc8a-632ca8587c56 tempest-VolumesDeleteCascade-2020535542 tempest-VolumesDeleteCascade-2020535542-project] GET http://10.222.0.84/volume/v3/0bb868b3b2144f09a3b14c13582a2d7e/volumes
May 26 13:46:15.044374 dv-cinder-819668-4-smb devstack@c-api.service[117393]: DEBUG cinder.api.openstack.wsgi [None req-c91650b0-c03b-4732-bc8a-632ca8587c56 tempest-VolumesDeleteCascade-2020535542 tempest-VolumesDeleteCascade-2020535542-project] Empty body provided in request {{(pid=117393) get_body /opt/stack/cinder/cinder/api/openstack/wsgi.py:715}}
May 26 13:46:15.045201 dv-cinder-819668-4-smb devstack@c-api.service[117393]: DEBUG cinder.api.openstack.wsgi [None req-c91650b0-c03b-4732-bc8a-632ca8587c56 tempest-VolumesDeleteCascade-2020535542 tempest-VolumesDeleteCascade-2020535542-project] Calling method 'index' {{(pid=117393) _process_stack /opt/stack/cinder/cinder/api/openstack/wsgi.py:868}}
May 26 13:46:15.046204 dv-cinder-819668-4-smb devstack@c-api.service[117393]: DEBUG cinder.api.api_utils [None req-c91650b0-c03b-4732-bc8a-632ca8587c56 tempest-VolumesDeleteCascade-2020535542 tempest-VolumesDeleteCascade-2020535542-project] Removing options '' from query. {{(pid=117393) remove_invalid_filter_options /opt/stack/cinder/cinder/api/api_utils.py:73}}
May 26 13:46:15.048415 dv-cinder-819668-4-smb devstack@c-api.service[117393]: DEBUG cinder.volume.api [None req-c91650b0-c03b-4732-bc8a-632ca8587c56 tempest-VolumesDeleteCascade-2020535542 tempest-VolumesDeleteCascade-2020535542-project] Searching by: MultiDict([('no_migration_targets', True)]). {{(pid=117393) get_all /opt/stack/cinder/cinder/volume/api.py:664}}
May 26 13:46:15.090566 dv-cinder-819668-4-smb devstack@c-api.service[117392]: INFO cinder.volume.api [None req-1d4fdcf5-d723-485d-a718-e3e21a165037 tempest-VolumesActionsTest-2127208413 tempest-VolumesActionsTest-2127208413-project] Detach volume completed successfully.
May 26 13:46:15.091376 dv-cinder-819668-4-smb devstack@c-api.service[117392]: INFO cinder.api.openstack.wsgi [None req-1d4fdcf5-d723-485d-a718-e3e21a165037 tempest-VolumesActionsTest-2127208413 tempest-VolumesActionsTest-2127208413-project] http://10.222.0.84/volume/v3/7e1b775630e84e20bc88b4ed9c4bb5b0/volumes/9aeb2fb2-9e5d-484a-9421-3272565b6456/action returned with HTTP 202
May 26 13:46:15.097903 dv-cinder-819668-4-smb devstack@c-api.service[117392]: [pid: 117392|app: 0|req: 180/393] 10.222.0.84 () {60 vars in 1366 bytes} [Thu May 26 13:46:14 2022] POST /volume/v3/7e1b775630e84e20bc88b4ed9c4bb5b0/volumes/9aeb2fb2-9e5d-484a-9421-3272565b6456/action => generated 0 bytes in 112 msecs (HTTP/1.1 202) 7 headers in 289 bytes (1 switches on core 0)
May 26 13:46:15.099700 dv-cinder-819668-4-smb devstack@c-api.service[117392]: DEBUG cinder.api.middleware.request_id [None req-30948f4e-105c-4449-a66b-a59f6501ddb3 None None] RequestId filter calling following filter/app {{(pid=117392) _context_setter /opt/stack/cinder/cinder/api/middleware/request_id.py:62}}
May 26 13:46:15.104195 dv-cinder-819668-4-smb devstack@c-api.service[117392]: INFO cinder.api.openstack.wsgi [None req-30948f4e-105c-4449-a66b-a59f6501ddb3 tempest-VolumesActionsTest-2127208413 tempest-VolumesActionsTest-2127208413-project] GET http://10.222.0.84/volume/v3/7e1b775630e84e20bc88b4ed9c4bb5b0/volumes/9aeb2fb2-9e5d-484a-9421-3272565b6456
May 26 13:46:15.109514 dv-cinder-819668-4-smb devstack@c-api.service[117392]: DEBUG cinder.api.openstack.wsgi [None req-30948f4e-105c-4449-a66b-a59f6501ddb3 tempest-VolumesActionsTest-2127208413 tempest-VolumesActionsTest-2127208413-project] Empty body provided in request {{(pid=117392) get_body /opt/stack/cinder/cinder/api/openstack/wsgi.py:715}}
May 26 13:46:15.110441 dv-cinder-819668-4-smb devstack@c-api.service[117392]: DEBUG cinder.api.openstack.wsgi [None req-30948f4e-105c-4449-a66b-a59f6501ddb3 tempest-VolumesActionsTest-2127208413 tempest-VolumesActionsTest-2127208413-project] Calling method 'show' {{(pid=117392) _process_stack /opt/stack/cinder/cinder/api/openstack/wsgi.py:868}}
May 26 13:46:15.140005 dv-cinder-819668-4-smb devstack@c-api.service[117393]: INFO cinder.volume.api [None req-c91650b0-c03b-4732-bc8a-632ca8587c56 tempest-VolumesDeleteCascade-2020535542 tempest-VolumesDeleteCascade-2020535542-project] Get all volumes completed successfully.
May 26 13:46:15.141007 dv-cinder-819668-4-smb devstack@c-api.service[117393]: INFO cinder.api.openstack.wsgi [None req-c91650b0-c03b-4732-bc8a-632ca8587c56 tempest-VolumesDeleteCascade-2020535542 tempest-VolumesDeleteCascade-2020535542-project] http://10.222.0.84/volume/v3/0bb868b3b2144f09a3b14c13582a2d7e/volumes returned with HTTP 200
May 26 13:46:15.141828 dv-cinder-819668-4-smb devstack@c-api.service[117393]: [pid: 117393|app: 0|req: 214/394] 10.222.0.84 () {58 vars in 1213 bytes} [Thu May 26 13:46:15 2022] GET /volume/v3/0bb868b3b2144f09a3b14c13582a2d7e/volumes => generated 401 bytes in 103 msecs (HTTP/1.1 200) 7 headers in 285 bytes (2 switches on core 0)
May 26 13:46:15.142465 dv-cinder-819668-4-smb devstack@c-api.service[117392]: /usr/local/lib/python3.8/dist-packages/oslo_context/context.py:100: DeprecationWarning: Policy enforcement is depending on the value of is_admin. This key is deprecated. Please update your policy file to use the standard policy values.
May 26 13:46:15.142465 dv-cinder-819668-4-smb devstack@c-api.service[117392]: warnings.warn('Policy enforcement is depending on the value of '
May 26 13:46:15.152764 dv-cinder-819668-4-smb devstack@c-api.service[117393]: DEBUG cinder.api.middleware.request_id [None req-ce223868-b3e0-4781-aa19-e99954c642c2 None None] RequestId filter calling following filter/app {{(pid=117393) _context_setter /opt/stack/cinder/cinder/api/middleware/request_id.py:62}}
May 26 13:46:15.159044 dv-cinder-819668-4-smb devstack@c-api.service[117393]: INFO cinder.api.openstack.wsgi [None req-ce223868-b3e0-4781-aa19-e99954c642c2 tempest-VolumesDeleteCascade-2020535542 tempest-VolumesDeleteCascade-2020535542-project] GET http://10.222.0.84/volume/v3/0bb868b3b2144f09a3b14c13582a2d7e/snapshots
May 26 13:46:15.159507 dv-cinder-819668-4-smb devstack@c-api.service[117393]: DEBUG cinder.api.openstack.wsgi [None req-ce223868-b3e0-4781-aa19-e99954c642c2 tempest-VolumesDeleteCascade-2020535542 tempest-VolumesDeleteCascade-2020535542-project] Empty body provided in request {{(pid=117393) get_body /opt/stack/cinder/cinder/api/openstack/wsgi.py:715}}
May 26 13:46:15.159964 dv-cinder-819668-4-smb devstack@c-api.service[117393]: DEBUG cinder.api.openstack.wsgi [None req-ce223868-b3e0-4781-aa19-e99954c642c2 tempest-VolumesDeleteCascade-2020535542 tempest-VolumesDeleteCascade-2020535542-project] Calling method 'index' {{(pid=117393) _process_stack /opt/stack/cinder/cinder/api/openstack/wsgi.py:868}}
May 26 13:46:15.160480 dv-cinder-819668-4-smb devstack@c-api.service[117393]: DEBUG cinder.api.api_utils [None req-ce223868-b3e0-4781-aa19-e99954c642c2 tempest-VolumesDeleteCascade-2020535542 tempest-VolumesDeleteCascade-2020535542-project] Removing options '' from query. {{(pid=117393) remove_invalid_filter_options /opt/stack/cinder/cinder/api/api_utils.py:73}}
May 26 13:46:15.161164 dv-cinder-819668-4-smb devstack@c-api.service[117393]: /usr/local/lib/python3.8/dist-packages/oslo_context/context.py:100: DeprecationWarning: Policy enforcement is depending on the value of is_admin. This key is deprecated. Please update your policy file to use the standard policy values.
May 26 13:46:15.161164 dv-cinder-819668-4-smb devstack@c-api.service[117393]: warnings.warn('Policy enforcement is depending on the value of '
May 26 13:46:15.163565 dv-cinder-819668-4-smb devstack@c-api.service[117393]: DEBUG cinder.db.sqlalchemy.api [None req-ce223868-b3e0-4781-aa19-e99954c642c2 tempest-VolumesDeleteCascade-2020535542 tempest-VolumesDeleteCascade-2020535542-project] Building query based on filter {{(pid=117393) _process_snaps_filters /opt/stack/cinder/cinder/db/sqlalchemy/api.py:3846}}
May 26 13:46:15.170317 dv-cinder-819668-4-smb devstack@c-api.service[117393]: INFO cinder.volume.api [None req-ce223868-b3e0-4781-aa19-e99954c642c2 tempest-VolumesDeleteCascade-2020535542 tempest-VolumesDeleteCascade-2020535542-project] Get all snapshots completed successfully.
May 26 13:46:15.171206 dv-cinder-819668-4-smb devstack@c-api.service[117393]: INFO cinder.api.openstack.wsgi [None req-ce223868-b3e0-4781-aa19-e99954c642c2 tempest-VolumesDeleteCascade-2020535542 tempest-VolumesDeleteCascade-2020535542-project] http://10.222.0.84/volume/v3/0bb868b3b2144f09a3b14c13582a2d7e/snapshots returned with HTTP 200
May 26 13:46:15.173610 dv-cinder-819668-4-smb devstack@c-api.service[117392]: INFO cinder.volume.api [None req-30948f4e-105c-4449-a66b-a59f6501ddb3 tempest-VolumesActionsTest-2127208413 tempest-VolumesActionsTest-2127208413-project] Volume info retrieved successfully.
May 26 13:46:15.179878 dv-cinder-819668-4-smb devstack@c-api.service[117393]: [pid: 117393|app: 0|req: 215/395] 10.222.0.84 () {58 vars in 1219 bytes} [Thu May 26 13:46:15 2022] GET /volume/v3/0bb868b3b2144f09a3b14c13582a2d7e/snapshots => generated 17 bytes in 28 msecs (HTTP/1.1 200) 7 headers in 284 bytes (1 switches on core 0)
May 26 13:46:15.181514 dv-cinder-819668-4-smb devstack@c-api.service[117393]: DEBUG cinder.api.middleware.request_id [None req-46008830-f0a0-427d-bb57-8814096f41ef None None] RequestId filter calling following filter/app {{(pid=117393) _context_setter /opt/stack/cinder/cinder/api/middleware/request_id.py:62}}
May 26 13:46:15.186979 dv-cinder-819668-4-smb devstack@c-api.service[117392]: INFO cinder.api.openstack.wsgi [None req-30948f4e-105c-4449-a66b-a59f6501ddb3 tempest-VolumesActionsTest-2127208413 tempest-VolumesActionsTest-2127208413-project] http://10.222.0.84/volume/v3/7e1b775630e84e20bc88b4ed9c4bb5b0/volumes/9aeb2fb2-9e5d-484a-9421-3272565b6456 returned with HTTP 200
