May 26 12:38:18.527243 dv-cinder-819667-4-iscsi devstack@n-api.service[129322]: DEBUG nova.policy [None req-4aee0f70-b407-4239-9e3b-dfb87ef568d8 tempest-AttachVolumeShelveTestJSON-777401856 tempest-AttachVolumeShelveTestJSON-777401856-project] Policy check for os_compute_api:os-extended-server-attributes failed with credentials {'is_admin': False, 'user_id': 'e811736979c44b02b14fecb74c6bd7ab', 'user_domain_id': 'default', 'system_scope': None, 'domain_id': None, 'project_id': '2675272fb40d4847819f83ec04afecef', 'project_domain_id': 'default', 'roles': ['member', 'reader'], 'is_admin_project': True, 'service_user_id': None, 'service_user_domain_id': None, 'service_project_id': None, 'service_project_domain_id': None, 'service_roles': []} {{(pid=129322) authorize /opt/stack/nova/nova/policy.py:199}}
May 26 12:38:18.528659 dv-cinder-819667-4-iscsi devstack@n-api.service[129321]: DEBUG nova.virt.hardware [None req-fa36b20f-a618-4391-be32-7fd2a8c30a20 tempest-ServerRescueNegativeTestJSON-547315860 tempest-ServerRescueNegativeTestJSON-547315860-project] Flavor limits 0:0:0 {{(pid=129321) get_cpu_topology_constraints /opt/stack/nova/nova/virt/hardware.py:343}}
May 26 12:38:18.529185 dv-cinder-819667-4-iscsi devstack@n-api.service[129321]: DEBUG nova.virt.hardware [None req-fa36b20f-a618-4391-be32-7fd2a8c30a20 tempest-ServerRescueNegativeTestJSON-547315860 tempest-ServerRescueNegativeTestJSON-547315860-project] Image limits 0:0:0 {{(pid=129321) get_cpu_topology_constraints /opt/stack/nova/nova/virt/hardware.py:347}}
May 26 12:38:18.529539 dv-cinder-819667-4-iscsi devstack@n-api.service[129321]: DEBUG nova.virt.hardware [None req-fa36b20f-a618-4391-be32-7fd2a8c30a20 tempest-ServerRescueNegativeTestJSON-547315860 tempest-ServerRescueNegativeTestJSON-547315860-project] Flavor pref 0:0:0 {{(pid=129321) get_cpu_topology_constraints /opt/stack/nova/nova/virt/hardware.py:383}}
May 26 12:38:18.530114 dv-cinder-819667-4-iscsi devstack@n-api.service[129321]: DEBUG nova.virt.hardware [None req-fa36b20f-a618-4391-be32-7fd2a8c30a20 tempest-ServerRescueNegativeTestJSON-547315860 tempest-ServerRescueNegativeTestJSON-547315860-project] Image pref 0:0:0 {{(pid=129321) get_cpu_topology_constraints /opt/stack/nova/nova/virt/hardware.py:387}}
May 26 12:38:18.530689 dv-cinder-819667-4-iscsi devstack@n-api.service[129321]: DEBUG nova.virt.hardware [None req-fa36b20f-a618-4391-be32-7fd2a8c30a20 tempest-ServerRescueNegativeTestJSON-547315860 tempest-ServerRescueNegativeTestJSON-547315860-project] Chose sockets=0, cores=0, threads=0; limits were sockets=65536, cores=65536, threads=65536 {{(pid=129321) get_cpu_topology_constraints /opt/stack/nova/nova/virt/hardware.py:425}}
May 26 12:38:18.536777 dv-cinder-819667-4-iscsi devstack@n-api.service[129322]: DEBUG nova.policy [None req-4aee0f70-b407-4239-9e3b-dfb87ef568d8 tempest-AttachVolumeShelveTestJSON-777401856 tempest-AttachVolumeShelveTestJSON-777401856-project] Policy check for os_compute_api:servers:show:host_status failed with credentials {'is_admin': False, 'user_id': 'e811736979c44b02b14fecb74c6bd7ab', 'user_domain_id': 'default', 'system_scope': None, 'domain_id': None, 'project_id': '2675272fb40d4847819f83ec04afecef', 'project_domain_id': 'default', 'roles': ['member', 'reader'], 'is_admin_project': True, 'service_user_id': None, 'service_user_domain_id': None, 'service_project_id': None, 'service_project_domain_id': None, 'service_roles': []} {{(pid=129322) authorize /opt/stack/nova/nova/policy.py:199}}
May 26 12:38:18.538396 dv-cinder-819667-4-iscsi devstack@n-api.service[129322]: DEBUG nova.policy [None req-4aee0f70-b407-4239-9e3b-dfb87ef568d8 tempest-AttachVolumeShelveTestJSON-777401856 tempest-AttachVolumeShelveTestJSON-777401856-project] Policy check for os_compute_api:servers:show:host_status:unknown-only failed with credentials {'is_admin': False, 'user_id': 'e811736979c44b02b14fecb74c6bd7ab', 'user_domain_id': 'default', 'system_scope': None, 'domain_id': None, 'project_id': '2675272fb40d4847819f83ec04afecef', 'project_domain_id': 'default', 'roles': ['member', 'reader'], 'is_admin_project': True, 'service_user_id': None, 'service_user_domain_id': None, 'service_project_id': None, 'service_project_domain_id': None, 'service_roles': []} {{(pid=129322) authorize /opt/stack/nova/nova/policy.py:199}}
May 26 12:38:18.539798 dv-cinder-819667-4-iscsi devstack@n-api.service[129322]: INFO nova.api.openstack.requestlog [None req-4aee0f70-b407-4239-9e3b-dfb87ef568d8 tempest-AttachVolumeShelveTestJSON-777401856 tempest-AttachVolumeShelveTestJSON-777401856-project] 10.222.0.75 "GET /compute/v2.1/servers/bf2f6303-22b9-4cfa-8d4d-61d2503bc554" status: 200 len: 1286 microversion: 2.20 time: 0.239574
May 26 12:38:18.550365 dv-cinder-819667-4-iscsi devstack@n-api.service[129321]: DEBUG oslo_concurrency.lockutils [None req-fa36b20f-a618-4391-be32-7fd2a8c30a20 tempest-ServerRescueNegativeTestJSON-547315860 tempest-ServerRescueNegativeTestJSON-547315860-project] Lock "00000000-0000-0000-0000-000000000000" acquired by "nova.context.set_target_cell..get_or_set_cached_cell_and_set_connections" :: waited 0.000s {{(pid=129321) inner /usr/local/lib/python3.8/dist-packages/oslo_concurrency/lockutils.py:386}}
May 26 12:38:18.550365 dv-cinder-819667-4-iscsi devstack@n-api.service[129321]: DEBUG oslo_concurrency.lockutils [None req-fa36b20f-a618-4391-be32-7fd2a8c30a20 tempest-ServerRescueNegativeTestJSON-547315860 tempest-ServerRescueNegativeTestJSON-547315860-project] Lock "00000000-0000-0000-0000-000000000000" "released" by "nova.context.set_target_cell..get_or_set_cached_cell_and_set_connections" :: held 0.001s {{(pid=129321) inner /usr/local/lib/python3.8/dist-packages/oslo_concurrency/lockutils.py:400}}
May 26 12:38:18.551646 dv-cinder-819667-4-iscsi devstack@n-api.service[129321]: DEBUG oslo_concurrency.lockutils [None req-fa36b20f-a618-4391-be32-7fd2a8c30a20 tempest-ServerRescueNegativeTestJSON-547315860 tempest-ServerRescueNegativeTestJSON-547315860-project] Lock "20e2b1f2-33d6-4e23-a875-4a2cebf4cec0" acquired by "nova.context.set_target_cell..get_or_set_cached_cell_and_set_connections" :: waited 0.000s {{(pid=129321) inner /usr/local/lib/python3.8/dist-packages/oslo_concurrency/lockutils.py:386}}
May 26 12:38:18.552426 dv-cinder-819667-4-iscsi devstack@n-api.service[129321]: DEBUG oslo_concurrency.lockutils [None req-fa36b20f-a618-4391-be32-7fd2a8c30a20 tempest-ServerRescueNegativeTestJSON-547315860 tempest-ServerRescueNegativeTestJSON-547315860-project] Lock "20e2b1f2-33d6-4e23-a875-4a2cebf4cec0" "released" by "nova.context.set_target_cell..get_or_set_cached_cell_and_set_connections" :: held 0.002s {{(pid=129321) inner /usr/local/lib/python3.8/dist-packages/oslo_concurrency/lockutils.py:400}}
May 26 12:38:18.552865 dv-cinder-819667-4-iscsi devstack@n-api.service[129322]: [pid: 129322|app: 0|req: 26/46] 10.222.0.75 () {60 vars in 1276 bytes} [Thu May 26 12:38:18 2022] GET /compute/v2.1/servers/bf2f6303-22b9-4cfa-8d4d-61d2503bc554 => generated 1286 bytes in 252 msecs (HTTP/1.1 200) 9 headers in 360 bytes (1 switches on core 0)
May 26 12:38:18.585109 dv-cinder-819667-4-iscsi devstack@n-api.service[129322]: DEBUG nova.api.openstack.wsgi [None req-8af7eee9-355b-4069-a173-ede185ae0583 tempest-DeleteServersTestJSON-342872481 tempest-DeleteServersTestJSON-342872481-project] Calling method '>' {{(pid=129322) _process_stack /opt/stack/nova/nova/api/openstack/wsgi.py:513}}
May 26 12:38:18.586119 dv-cinder-819667-4-iscsi devstack@n-api.service[129322]: DEBUG nova.compute.api [None req-8af7eee9-355b-4069-a173-ede185ae0583 tempest-DeleteServersTestJSON-342872481 tempest-DeleteServersTestJSON-342872481-project] [instance: 10054724-aefc-4a9f-a212-14e5fc5a1672] Fetching instance by UUID {{(pid=129322) get /opt/stack/nova/nova/compute/api.py:2920}}
May 26 12:38:18.593296 dv-cinder-819667-4-iscsi devstack@n-api.service[129322]: DEBUG oslo_concurrency.lockutils [None req-8af7eee9-355b-4069-a173-ede185ae0583 tempest-DeleteServersTestJSON-342872481 tempest-DeleteServersTestJSON-342872481-project] Lock "20e2b1f2-33d6-4e23-a875-4a2cebf4cec0" acquired by "nova.context.set_target_cell..get_or_set_cached_cell_and_set_connections" :: waited 0.000s {{(pid=129322) inner /usr/local/lib/python3.8/dist-packages/oslo_concurrency/lockutils.py:386}}
May 26 12:38:18.602848 dv-cinder-819667-4-iscsi devstack@n-api.service[129322]: DEBUG oslo_concurrency.lockutils [None req-8af7eee9-355b-4069-a173-ede185ae0583 tempest-DeleteServersTestJSON-342872481 tempest-DeleteServersTestJSON-342872481-project] Lock "20e2b1f2-33d6-4e23-a875-4a2cebf4cec0" "released" by "nova.context.set_target_cell..get_or_set_cached_cell_and_set_connections" :: held 0.010s {{(pid=129322) inner /usr/local/lib/python3.8/dist-packages/oslo_concurrency/lockutils.py:400}}
May 26 12:38:18.606477 dv-cinder-819667-4-iscsi devstack@n-api.service[129322]: DEBUG oslo_concurrency.lockutils [None req-8af7eee9-355b-4069-a173-ede185ae0583 tempest-DeleteServersTestJSON-342872481 tempest-DeleteServersTestJSON-342872481-project] Lock "20e2b1f2-33d6-4e23-a875-4a2cebf4cec0" acquired by "nova.context.set_target_cell..get_or_set_cached_cell_and_set_connections" :: waited 0.000s {{(pid=129322) inner /usr/local/lib/python3.8/dist-packages/oslo_concurrency/lockutils.py:386}}
May 26 12:38:18.608531 dv-cinder-819667-4-iscsi devstack@n-api.service[129322]: DEBUG oslo_concurrency.lockutils [None req-8af7eee9-355b-4069-a173-ede185ae0583 tempest-DeleteServersTestJSON-342872481 tempest-DeleteServersTestJSON-342872481-project] Lock "20e2b1f2-33d6-4e23-a875-4a2cebf4cec0" "released" by "nova.context.set_target_cell..get_or_set_cached_cell_and_set_connections" :: held 0.002s {{(pid=129322) inner /usr/local/lib/python3.8/dist-packages/oslo_concurrency/lockutils.py:400}}
May 26 12:38:18.620936 dv-cinder-819667-4-iscsi devstack@n-api.service[129321]: DEBUG nova.quota [None req-fa36b20f-a618-4391-be32-7fd2a8c30a20 tempest-ServerRescueNegativeTestJSON-547315860 tempest-ServerRescueNegativeTestJSON-547315860-project] Getting quotas for project 9e36ab03283d4ce6a2fed5e111e03d34. Resources: {'instances', 'cores', 'ram'} {{(pid=129321) _get_quotas /opt/stack/nova/nova/quota.py:393}}
May 26 12:38:18.643154 dv-cinder-819667-4-iscsi devstack@n-api.service[129321]: DEBUG nova.quota [None req-fa36b20f-a618-4391-be32-7fd2a8c30a20 tempest-ServerRescueNegativeTestJSON-547315860 tempest-ServerRescueNegativeTestJSON-547315860-project] Getting quotas for user 0431b1f25497443ba483b3c440669080 and project 9e36ab03283d4ce6a2fed5e111e03d34. Resources: {'instances', 'cores', 'ram'} {{(pid=129321) _get_quotas /opt/stack/nova/nova/quota.py:383}}
May 26 12:38:18.687829 dv-cinder-819667-4-iscsi devstack@n-api.service[129321]: DEBUG nova.compute.api [None req-fa36b20f-a618-4391-be32-7fd2a8c30a20 tempest-ServerRescueNegativeTestJSON-547315860 tempest-ServerRescueNegativeTestJSON-547315860-project] Going to run 1 instances... {{(pid=129321) _provision_instances /opt/stack/nova/nova/compute/api.py:1389}}
May 26 12:38:18.692414 dv-cinder-819667-4-iscsi devstack@n-api.service[129321]: DEBUG nova.compute.api [None req-fa36b20f-a618-4391-be32-7fd2a8c30a20 tempest-ServerRescueNegativeTestJSON-547315860 tempest-ServerRescueNegativeTestJSON-547315860-project] [instance: 605b9171-aa87-432a-b179-c552640e73dd] block_device_mapping [BlockDeviceMapping(attachment_id=,boot_index=0,connection_info=None,created_at=,delete_on_termination=True,deleted=,deleted_at=,destination_type='local',device_name=None,device_type='disk',disk_bus=None,guest_format=None,id=,image_id='1e3c323d-d797-4e6d-bd9a-482d90084b0c',instance=,instance_uuid=,no_device=False,snapshot_id=None,source_type='image',tag=None,updated_at=,uuid=,volume_id=None,volume_size=None,volume_type=None)] {{(pid=129321) _bdm_validate_set_size_and_instance /opt/stack/nova/nova/compute/api.py:1807}}
May 26 12:38:18.825090 dv-cinder-819667-4-iscsi devstack@n-api.service[129321]: INFO nova.api.openstack.requestlog [None req-fa36b20f-a618-4391-be32-7fd2a8c30a20 tempest-ServerRescueNegativeTestJSON-547315860 tempest-ServerRescueNegativeTestJSON-547315860-project] 10.222.0.75 "POST /compute/v2.1/servers" status: 202 len: 383 microversion: 2.1 time: 1.473867
May 26 12:38:18.827906 dv-cinder-819667-4-iscsi devstack@n-api.service[129321]: [pid: 129321|app: 0|req: 21/47] 10.222.0.75 () {60 vars in 1146 bytes} [Thu May 26 12:38:17 2022] POST /compute/v2.1/servers => generated 383 bytes in 1479 msecs (HTTP/1.1 202) 10 headers in 451 bytes (2 switches on core 0)
May 26 12:38:18.840109 dv-cinder-819667-4-iscsi devstack@n-api.service[129321]: DEBUG nova.api.openstack.wsgi [None req-5066df25-d06f-4613-ad77-90197adace72 tempest-ServerRescueNegativeTestJSON-547315860 tempest-ServerRescueNegativeTestJSON-547315860-project] Calling method '>' {{(pid=129321) _process_stack /opt/stack/nova/nova/api/openstack/wsgi.py:513}}
May 26 12:38:18.842556 dv-cinder-819667-4-iscsi devstack@n-api.service[129321]: DEBUG nova.compute.api [None req-5066df25-d06f-4613-ad77-90197adace72 tempest-ServerRescueNegativeTestJSON-547315860 tempest-ServerRescueNegativeTestJSON-547315860-project] [instance: 605b9171-aa87-432a-b179-c552640e73dd] Fetching instance by UUID {{(pid=129321) get /opt/stack/nova/nova/compute/api.py:2920}}
May 26 12:38:18.930796 dv-cinder-819667-4-iscsi devstack@n-api.service[129322]: DEBUG nova.policy [None req-8af7eee9-355b-4069-a173-ede185ae0583 tempest-DeleteServersTestJSON-342872481 tempest-DeleteServersTestJSON-342872481-project] Policy check for os_compute_api:os-extended-server-attributes failed with credentials {'is_admin': False, 'user_id': '5d19942e971b4d7fac3ab8f9a5ad6086', 'user_domain_id': 'default', 'system_scope': None, 'domain_id': None, 'project_id': 'f0f340fa7ff24ca899b0f1036d0e6a3b', 'project_domain_id': 'default', 'roles': ['member', 'reader'], 'is_admin_project': True, 'service_user_id': None, 'service_user_domain_id': None, 'service_project_id': None, 'service_project_domain_id': None, 'service_roles': []} {{(pid=129322) authorize /opt/stack/nova/nova/policy.py:199}}
May 26 12:38:18.944960 dv-cinder-819667-4-iscsi devstack@n-api.service[129322]: INFO nova.api.openstack.requestlog [None req-8af7eee9-355b-4069-a173-ede185ae0583 tempest-DeleteServersTestJSON-342872481 tempest-DeleteServersTestJSON-342872481-project] 10.222.0.75 "GET /compute/v2.1/servers/10054724-aefc-4a9f-a212-14e5fc5a1672" status: 200 len: 1315 microversion: 2.1 time: 0.364169
May 26 12:38:18.946964 dv-cinder-819667-4-iscsi devstack@n-api.service[129322]: [pid: 129322|app: 0|req: 27/48] 10.222.0.75 () {58 vars in 1235 bytes} [Thu May 26 12:38:18 2022] GET /compute/v2.1/servers/10054724-aefc-4a9f-a212-14e5fc5a1672 => generated 1315 bytes in 367 msecs (HTTP/1.1 200) 9 headers in 358 bytes (1 switches on core 0)
May 26 12:38:18.963087 dv-cinder-819667-4-iscsi devstack@n-api.service[129321]: DEBUG nova.policy [None req-5066df25-d06f-4613-ad77-90197adace72 tempest-ServerRescueNegativeTestJSON-547315860 tempest-ServerRescueNegativeTestJSON-547315860-project] Policy check for os_compute_api:os-extended-server-attributes failed with credentials {'is_admin': False, 'user_id': '0431b1f25497443ba483b3c440669080', 'user_domain_id': 'default', 'system_scope': None, 'domain_id': None, 'project_id': '9e36ab03283d4ce6a2fed5e111e03d34', 'project_domain_id': 'default', 'roles': ['member', 'reader'], 'is_admin_project': True, 'service_user_id': None, 'service_user_domain_id': None, 'service_project_id': None, 'service_project_domain_id': None, 'service_roles': []} {{(pid=129321) authorize /opt/stack/nova/nova/policy.py:199}}
May 26 12:38:18.972494 dv-cinder-819667-4-iscsi devstack@n-api.service[129321]: INFO nova.api.openstack.requestlog [None req-5066df25-d06f-4613-ad77-90197adace72 tempest-ServerRescueNegativeTestJSON-547315860 tempest-ServerRescueNegativeTestJSON-547315860-project] 10.222.0.75 "GET /compute/v2.1/servers/605b9171-aa87-432a-b179-c552640e73dd" status: 200 len: 1222 microversion: 2.1 time: 0.138457
May 26 12:38:18.974071 dv-cinder-819667-4-iscsi devstack@n-api.service[129321]: [pid: 129321|app: 0|req: 22/49] 10.222.0.75 () {58 vars in 1235 bytes} [Thu May 26 12:38:18 2022] GET /compute/v2.1/servers/605b9171-aa87-432a-b179-c552640e73dd => generated 1222 bytes in 141 msecs (HTTP/1.1 200) 9 headers in 358 bytes (1 switches on core 0)
May 26 12:38:19.158022 dv-cinder-819667-4-iscsi devstack@n-api.service[129322]: DEBUG nova.api.openstack.wsgi [None req-836a6fb8-d7b5-477a-bbc2-d8bb4baf6861 tempest-VolumesSnapshotsTestJSON-1240189566 tempest-VolumesSnapshotsTestJSON-1240189566-project] Calling method '.version_select at 0x7f830842f280>' {{(pid=129322) _process_stack /opt/stack/nova/nova/api/openstack/wsgi.py:513}}
May 26 12:38:19.262849 dv-cinder-819667-4-iscsi devstack@n-api.service[129322]: INFO nova.api.openstack.requestlog [None req-836a6fb8-d7b5-477a-bbc2-d8bb4baf6861 tempest-VolumesSnapshotsTestJSON-1240189566 tempest-VolumesSnapshotsTestJSON-1240189566-project] 10.222.0.75 "GET /compute/v2.1/os-volumes/869ac730-f46c-427e-b24f-30760cc63c92" status: 200 len: 343 microversion: 2.1 time: 0.108462
May 26 12:38:19.268637 dv-cinder-819667-4-iscsi devstack@n-api.service[129322]: [pid: 129322|app: 0|req: 28/50] 10.222.0.75 () {58 vars in 1244 bytes} [Thu May 26 12:38:19 2022] GET /compute/v2.1/os-volumes/869ac730-f46c-427e-b24f-30760cc63c92 => generated 343 bytes in 115 msecs (HTTP/1.1 200) 9 headers in 357 bytes (2 switches on core 0)
May 26 12:38:19.570667 dv-cinder-819667-4-iscsi devstack@n-api.service[129321]: DEBUG nova.api.openstack.wsgi [None req-9b628c4c-17ec-452c-9f11-cb1477fae299 tempest-AttachVolumeShelveTestJSON-777401856 tempest-AttachVolumeShelveTestJSON-777401856-project] Calling method '>' {{(pid=129321) _process_stack /opt/stack/nova/nova/api/openstack/wsgi.py:513}}
May 26 12:38:19.573070 dv-cinder-819667-4-iscsi devstack@n-api.service[129321]: DEBUG nova.compute.api [None req-9b628c4c-17ec-452c-9f11-cb1477fae299 tempest-AttachVolumeShelveTestJSON-777401856 tempest-AttachVolumeShelveTestJSON-777401856-project] [instance: bf2f6303-22b9-4cfa-8d4d-61d2503bc554] Fetching instance by UUID {{(pid=129321) get /opt/stack/nova/nova/compute/api.py:2920}}
May 26 12:38:19.593057 dv-cinder-819667-4-iscsi devstack@n-api.service[129321]: DEBUG oslo_concurrency.lockutils [None req-9b628c4c-17ec-452c-9f11-cb1477fae299 tempest-AttachVolumeShelveTestJSON-777401856 tempest-AttachVolumeShelveTestJSON-777401856-project] Lock "20e2b1f2-33d6-4e23-a875-4a2cebf4cec0" acquired by "nova.context.set_target_cell..get_or_set_cached_cell_and_set_connections" :: waited 0.000s {{(pid=129321) inner /usr/local/lib/python3.8/dist-packages/oslo_concurrency/lockutils.py:386}}
May 26 12:38:19.593840 dv-cinder-819667-4-iscsi devstack@n-api.service[129321]: DEBUG oslo_concurrency.lockutils [None req-9b628c4c-17ec-452c-9f11-cb1477fae299 tempest-AttachVolumeShelveTestJSON-777401856 tempest-AttachVolumeShelveTestJSON-777401856-project] Lock "20e2b1f2-33d6-4e23-a875-4a2cebf4cec0" "released" by "nova.context.set_target_cell..get_or_set_cached_cell_and_set_connections" :: held 0.004s {{(pid=129321) inner /usr/local/lib/python3.8/dist-packages/oslo_concurrency/lockutils.py:400}}
May 26 12:38:19.595334 dv-cinder-819667-4-iscsi devstack@n-api.service[129321]: DEBUG oslo_concurrency.lockutils [None req-9b628c4c-17ec-452c-9f11-cb1477fae299 tempest-AttachVolumeShelveTestJSON-777401856 tempest-AttachVolumeShelveTestJSON-777401856-project] Lock "20e2b1f2-33d6-4e23-a875-4a2cebf4cec0" acquired by "nova.context.set_target_cell..get_or_set_cached_cell_and_set_connections" :: waited 0.000s {{(pid=129321) inner /usr/local/lib/python3.8/dist-packages/oslo_concurrency/lockutils.py:386}}
May 26 12:38:19.601903 dv-cinder-819667-4-iscsi devstack@n-api.service[129321]: DEBUG oslo_concurrency.lockutils [None req-9b628c4c-17ec-452c-9f11-cb1477fae299 tempest-AttachVolumeShelveTestJSON-777401856 tempest-AttachVolumeShelveTestJSON-777401856-project] Lock "20e2b1f2-33d6-4e23-a875-4a2cebf4cec0" "released" by "nova.context.set_target_cell..get_or_set_cached_cell_and_set_connections" :: held 0.006s {{(pid=129321) inner /usr/local/lib/python3.8/dist-packages/oslo_concurrency/lockutils.py:400}}
May 26 12:38:19.786305 dv-cinder-819667-4-iscsi devstack@n-api.service[129321]: DEBUG nova.policy [None req-9b628c4c-17ec-452c-9f11-cb1477fae299 tempest-AttachVolumeShelveTestJSON-777401856 tempest-AttachVolumeShelveTestJSON-777401856-project] Policy check for os_compute_api:os-extended-server-attributes failed with credentials {'is_admin': False, 'user_id': 'e811736979c44b02b14fecb74c6bd7ab', 'user_domain_id': 'default', 'system_scope': None, 'domain_id': None, 'project_id': '2675272fb40d4847819f83ec04afecef', 'project_domain_id': 'default', 'roles': ['member', 'reader'], 'is_admin_project': True, 'service_user_id': None, 'service_user_domain_id': None, 'service_project_id': None, 'service_project_domain_id': None, 'service_roles': []} {{(pid=129321) authorize /opt/stack/nova/nova/policy.py:199}}
May 26 12:38:19.806967 dv-cinder-819667-4-iscsi devstack@n-api.service[129321]: DEBUG nova.policy [None req-9b628c4c-17ec-452c-9f11-cb1477fae299 tempest-AttachVolumeShelveTestJSON-777401856 tempest-AttachVolumeShelveTestJSON-777401856-project] Policy check for os_compute_api:servers:show:host_status failed with credentials {'is_admin': False, 'user_id': 'e811736979c44b02b14fecb74c6bd7ab', 'user_domain_id': 'default', 'system_scope': None, 'domain_id': None, 'project_id': '2675272fb40d4847819f83ec04afecef', 'project_domain_id': 'default', 'roles': ['member', 'reader'], 'is_admin_project': True, 'service_user_id': None, 'service_user_domain_id': None, 'service_project_id': None, 'service_project_domain_id': None, 'service_roles': []} {{(pid=129321) authorize /opt/stack/nova/nova/policy.py:199}}
May 26 12:38:19.808953 dv-cinder-819667-4-iscsi devstack@n-api.service[129321]: DEBUG nova.policy [None req-9b628c4c-17ec-452c-9f11-cb1477fae299 tempest-AttachVolumeShelveTestJSON-777401856 tempest-AttachVolumeShelveTestJSON-777401856-project] Policy check for os_compute_api:servers:show:host_status:unknown-only failed with credentials {'is_admin': False, 'user_id': 'e811736979c44b02b14fecb74c6bd7ab', 'user_domain_id': 'default', 'system_scope': None, 'domain_id': None, 'project_id': '2675272fb40d4847819f83ec04afecef', 'project_domain_id': 'default', 'roles': ['member', 'reader'], 'is_admin_project': True, 'service_user_id': None, 'service_user_domain_id': None, 'service_project_id': None, 'service_project_domain_id': None, 'service_roles': []} {{(pid=129321) authorize /opt/stack/nova/nova/policy.py:199}}
May 26 12:38:19.810724 dv-cinder-819667-4-iscsi devstack@n-api.service[129321]: INFO nova.api.openstack.requestlog [None req-9b628c4c-17ec-452c-9f11-cb1477fae299 tempest-AttachVolumeShelveTestJSON-777401856 tempest-AttachVolumeShelveTestJSON-777401856-project] 10.222.0.75 "GET /compute/v2.1/servers/bf2f6303-22b9-4cfa-8d4d-61d2503bc554" status: 200 len: 1286 microversion: 2.20 time: 0.253399
May 26 12:38:19.822914 dv-cinder-819667-4-iscsi devstack@n-api.service[129321]: [pid: 129321|app: 0|req: 23/51] 10.222.0.75 () {60 vars in 1276 bytes} [Thu May 26 12:38:19 2022] GET /compute/v2.1/servers/bf2f6303-22b9-4cfa-8d4d-61d2503bc554 => generated 1286 bytes in 266 msecs (HTTP/1.1 200) 9 headers in 360 bytes (1 switches on core 0)
May 26 12:38:19.969367 dv-cinder-819667-4-iscsi devstack@n-api.service[129322]: DEBUG nova.api.openstack.wsgi [None req-df1a9eea-0c14-4a2e-90d6-42d3d5b03aa0 tempest-DeleteServersTestJSON-342872481 tempest-DeleteServersTestJSON-342872481-project] Calling method '>' {{(pid=129322) _process_stack /opt/stack/nova/nova/api/openstack/wsgi.py:513}}
May 26 12:38:19.970339 dv-cinder-819667-4-iscsi devstack@n-api.service[129322]: DEBUG nova.compute.api [None req-df1a9eea-0c14-4a2e-90d6-42d3d5b03aa0 tempest-DeleteServersTestJSON-342872481 tempest-DeleteServersTestJSON-342872481-project] [instance: 10054724-aefc-4a9f-a212-14e5fc5a1672] Fetching instance by UUID {{(pid=129322) get /opt/stack/nova/nova/compute/api.py:2920}}
May 26 12:38:19.982087 dv-cinder-819667-4-iscsi devstack@n-api.service[129322]: DEBUG oslo_concurrency.lockutils [None req-df1a9eea-0c14-4a2e-90d6-42d3d5b03aa0 tempest-DeleteServersTestJSON-342872481 tempest-DeleteServersTestJSON-342872481-project] Lock "20e2b1f2-33d6-4e23-a875-4a2cebf4cec0" acquired by "nova.context.set_target_cell..get_or_set_cached_cell_and_set_connections" :: waited 0.000s {{(pid=129322) inner /usr/local/lib/python3.8/dist-packages/oslo_concurrency/lockutils.py:386}}
May 26 12:38:19.982873 dv-cinder-819667-4-iscsi devstack@n-api.service[129322]: DEBUG oslo_concurrency.lockutils [None req-df1a9eea-0c14-4a2e-90d6-42d3d5b03aa0 tempest-DeleteServersTestJSON-342872481 tempest-DeleteServersTestJSON-342872481-project] Lock "20e2b1f2-33d6-4e23-a875-4a2cebf4cec0" "released" by "nova.context.set_target_cell..get_or_set_cached_cell_and_set_connections" :: held 0.002s {{(pid=129322) inner /usr/local/lib/python3.8/dist-packages/oslo_concurrency/lockutils.py:400}}
May 26 12:38:19.984385 dv-cinder-819667-4-iscsi devstack@n-api.service[129322]: DEBUG oslo_concurrency.lockutils [None req-df1a9eea-0c14-4a2e-90d6-42d3d5b03aa0 tempest-DeleteServersTestJSON-342872481 tempest-DeleteServersTestJSON-342872481-project] Lock "20e2b1f2-33d6-4e23-a875-4a2cebf4cec0" acquired by "nova.context.set_target_cell..get_or_set_cached_cell_and_set_connections" :: waited 0.000s {{(pid=129322) inner /usr/local/lib/python3.8/dist-packages/oslo_concurrency/lockutils.py:386}}
May 26 12:38:19.993304 dv-cinder-819667-4-iscsi devstack@n-api.service[129321]: DEBUG nova.api.openstack.wsgi [None req-97bfebd5-896e-46c9-a1b6-47d3ca72aa48 tempest-ServerRescueNegativeTestJSON-547315860 tempest-ServerRescueNegativeTestJSON-547315860-project] Calling method '>' {{(pid=129321) _process_stack /opt/stack/nova/nova/api/openstack/wsgi.py:513}}
May 26 12:38:19.994552 dv-cinder-819667-4-iscsi devstack@n-api.service[129321]: DEBUG nova.compute.api [None req-97bfebd5-896e-46c9-a1b6-47d3ca72aa48 tempest-ServerRescueNegativeTestJSON-547315860 tempest-ServerRescueNegativeTestJSON-547315860-project] [instance: 605b9171-aa87-432a-b179-c552640e73dd] Fetching instance by UUID {{(pid=129321) get /opt/stack/nova/nova/compute/api.py:2920}}
May 26 12:38:19.998084 dv-cinder-819667-4-iscsi devstack@n-api.service[129322]: DEBUG oslo_concurrency.lockutils [None req-df1a9eea-0c14-4a2e-90d6-42d3d5b03aa0 tempest-DeleteServersTestJSON-342872481 tempest-DeleteServersTestJSON-342872481-project] Lock "20e2b1f2-33d6-4e23-a875-4a2cebf4cec0" "released" by "nova.context.set_target_cell..get_or_set_cached_cell_and_set_connections" :: held 0.001s {{(pid=129322) inner /usr/local/lib/python3.8/dist-packages/oslo_concurrency/lockutils.py:400}}
May 26 12:38:20.008218 dv-cinder-819667-4-iscsi devstack@n-api.service[129321]: DEBUG oslo_concurrency.lockutils [None req-97bfebd5-896e-46c9-a1b6-47d3ca72aa48 tempest-ServerRescueNegativeTestJSON-547315860 tempest-ServerRescueNegativeTestJSON-547315860-project] Lock "20e2b1f2-33d6-4e23-a875-4a2cebf4cec0" acquired by "nova.context.set_target_cell..get_or_set_cached_cell_and_set_connections" :: waited 0.000s {{(pid=129321) inner /usr/local/lib/python3.8/dist-packages/oslo_concurrency/lockutils.py:386}}
May 26 12:38:20.009058 dv-cinder-819667-4-iscsi devstack@n-api.service[129321]: DEBUG oslo_concurrency.lockutils [None req-97bfebd5-896e-46c9-a1b6-47d3ca72aa48 tempest-ServerRescueNegativeTestJSON-547315860 tempest-ServerRescueNegativeTestJSON-547315860-project] Lock "20e2b1f2-33d6-4e23-a875-4a2cebf4cec0" "released" by "nova.context.set_target_cell..get_or_set_cached_cell_and_set_connections" :: held 0.004s {{(pid=129321) inner /usr/local/lib/python3.8/dist-packages/oslo_concurrency/lockutils.py:400}}
May 26 12:38:20.011469 dv-cinder-819667-4-iscsi devstack@n-api.service[129321]: DEBUG oslo_concurrency.lockutils [None req-97bfebd5-896e-46c9-a1b6-47d3ca72aa48 tempest-ServerRescueNegativeTestJSON-547315860 tempest-ServerRescueNegativeTestJSON-547315860-project] Lock "20e2b1f2-33d6-4e23-a875-4a2cebf4cec0" acquired by "nova.context.set_target_cell..get_or_set_cached_cell_and_set_connections" :: waited 0.000s {{(pid=129321) inner /usr/local/lib/python3.8/dist-packages/oslo_concurrency/lockutils.py:386}}
May 26 12:38:20.012676 dv-cinder-819667-4-iscsi devstack@n-api.service[129321]: DEBUG oslo_concurrency.lockutils [None req-97bfebd5-896e-46c9-a1b6-47d3ca72aa48 tempest-ServerRescueNegativeTestJSON-547315860 tempest-ServerRescueNegativeTestJSON-547315860-project] Lock "20e2b1f2-33d6-4e23-a875-4a2cebf4cec0" "released" by "nova.context.set_target_cell..get_or_set_cached_cell_and_set_connections" :: held 0.001s {{(pid=129321) inner /usr/local/lib/python3.8/dist-packages/oslo_concurrency/lockutils.py:400}}
May 26 12:38:20.205137 dv-cinder-819667-4-iscsi devstack@n-api.service[129321]: DEBUG nova.policy [None req-97bfebd5-896e-46c9-a1b6-47d3ca72aa48 tempest-ServerRescueNegativeTestJSON-547315860 tempest-ServerRescueNegativeTestJSON-547315860-project] Policy check for os_compute_api:os-extended-server-attributes failed with credentials {'is_admin': False, 'user_id': '0431b1f25497443ba483b3c440669080', 'user_domain_id': 'default', 'system_scope': None, 'domain_id': None, 'project_id': '9e36ab03283d4ce6a2fed5e111e03d34', 'project_domain_id': 'default', 'roles': ['member', 'reader'], 'is_admin_project': True, 'service_user_id': None, 'service_user_domain_id': None, 'service_project_id': None, 'service_project_domain_id': None, 'service_roles': []} {{(pid=129321) authorize /opt/stack/nova/nova/policy.py:199}}
May 26 12:38:20.218678 dv-cinder-819667-4-iscsi devstack@n-api.service[129321]: INFO nova.api.openstack.requestlog [None req-97bfebd5-896e-46c9-a1b6-47d3ca72aa48 tempest-ServerRescueNegativeTestJSON-547315860 tempest-ServerRescueNegativeTestJSON-547315860-project] 10.222.0.75 "GET /compute/v2.1/servers/605b9171-aa87-432a-b179-c552640e73dd" status: 200 len: 1226 microversion: 2.1 time: 0.229180
May 26 12:38:20.219340 dv-cinder-819667-4-iscsi devstack@n-api.service[129321]: [pid: 129321|app: 0|req: 24/52] 10.222.0.75 () {58 vars in 1235 bytes} [Thu May 26 12:38:19 2022] GET /compute/v2.1/servers/605b9171-aa87-432a-b179-c552640e73dd => generated 1226 bytes in 234 msecs (HTTP/1.1 200) 9 headers in 358 bytes (2 switches on core 0)
May 26 12:38:20.281920 dv-cinder-819667-4-iscsi devstack@n-api.service[129321]: DEBUG nova.api.openstack.wsgi [None req-deaf4790-64ad-4f43-92fb-7182970ac3cd tempest-VolumesSnapshotsTestJSON-1240189566 tempest-VolumesSnapshotsTestJSON-1240189566-project] Calling method '.version_select at 0x7f83094f9160>' {{(pid=129321) _process_stack /opt/stack/nova/nova/api/openstack/wsgi.py:513}}
May 26 12:38:20.305134 dv-cinder-819667-4-iscsi devstack@n-api.service[129322]: DEBUG nova.policy [None req-df1a9eea-0c14-4a2e-90d6-42d3d5b03aa0 tempest-DeleteServersTestJSON-342872481 tempest-DeleteServersTestJSON-342872481-project] Policy check for os_compute_api:os-extended-server-attributes failed with credentials {'is_admin': False, 'user_id': '5d19942e971b4d7fac3ab8f9a5ad6086', 'user_domain_id': 'default', 'system_scope': None, 'domain_id': None, 'project_id': 'f0f340fa7ff24ca899b0f1036d0e6a3b', 'project_domain_id': 'default', 'roles': ['member', 'reader'], 'is_admin_project': True, 'service_user_id': None, 'service_user_domain_id': None, 'service_project_id': None, 'service_project_domain_id': None, 'service_roles': []} {{(pid=129322) authorize /opt/stack/nova/nova/policy.py:199}}
May 26 12:38:20.316748 dv-cinder-819667-4-iscsi devstack@n-api.service[129322]: INFO nova.api.openstack.requestlog [None req-df1a9eea-0c14-4a2e-90d6-42d3d5b03aa0 tempest-DeleteServersTestJSON-342872481 tempest-DeleteServersTestJSON-342872481-project] 10.222.0.75 "GET /compute/v2.1/servers/10054724-aefc-4a9f-a212-14e5fc5a1672" status: 200 len: 1315 microversion: 2.1 time: 0.357868
May 26 12:38:20.319283 dv-cinder-819667-4-iscsi devstack@n-api.service[129322]: [pid: 129322|app: 0|req: 29/53] 10.222.0.75 () {58 vars in 1235 bytes} [Thu May 26 12:38:19 2022] GET /compute/v2.1/servers/10054724-aefc-4a9f-a212-14e5fc5a1672 => generated 1315 bytes in 361 msecs (HTTP/1.1 200) 9 headers in 358 bytes (1 switches on core 0)
May 26 12:38:20.363811 dv-cinder-819667-4-iscsi devstack@n-api.service[129321]: INFO nova.api.openstack.requestlog [None req-deaf4790-64ad-4f43-92fb-7182970ac3cd tempest-VolumesSnapshotsTestJSON-1240189566 tempest-VolumesSnapshotsTestJSON-1240189566-project] 10.222.0.75 "GET /compute/v2.1/os-volumes/869ac730-f46c-427e-b24f-30760cc63c92" status: 200 len: 343 microversion: 2.1 time: 0.086269
May 26 12:38:20.369107 dv-cinder-819667-4-iscsi devstack@n-api.service[129321]: [pid: 129321|app: 0|req: 25/54] 10.222.0.75 () {58 vars in 1244 bytes} [Thu May 26 12:38:20 2022] GET /compute/v2.1/os-volumes/869ac730-f46c-427e-b24f-30760cc63c92 => generated 343 bytes in 96 msecs (HTTP/1.1 200) 9 headers in 357 bytes (2 switches on core 0)
May 26 12:38:20.829493 dv-cinder-819667-4-iscsi devstack@n-api.service[129322]: DEBUG nova.api.openstack.wsgi [None req-36dab97f-80a9-4674-9f63-cd8fd82d1969 tempest-AttachVolumeShelveTestJSON-777401856 tempest-AttachVolumeShelveTestJSON-777401856-project] Calling method '>' {{(pid=129322) _process_stack /opt/stack/nova/nova/api/openstack/wsgi.py:513}}
May 26 12:38:20.830112 dv-cinder-819667-4-iscsi devstack@n-api.service[129322]: DEBUG nova.compute.api [None req-36dab97f-80a9-4674-9f63-cd8fd82d1969 tempest-AttachVolumeShelveTestJSON-777401856 tempest-AttachVolumeShelveTestJSON-777401856-project] [instance: bf2f6303-22b9-4cfa-8d4d-61d2503bc554] Fetching instance by UUID {{(pid=129322) get /opt/stack/nova/nova/compute/api.py:2920}}
May 26 12:38:20.836628 dv-cinder-819667-4-iscsi devstack@n-api.service[129322]: DEBUG oslo_concurrency.lockutils [None req-36dab97f-80a9-4674-9f63-cd8fd82d1969 tempest-AttachVolumeShelveTestJSON-777401856 tempest-AttachVolumeShelveTestJSON-777401856-project] Lock "20e2b1f2-33d6-4e23-a875-4a2cebf4cec0" acquired by "nova.context.set_target_cell..get_or_set_cached_cell_and_set_connections" :: waited 0.000s {{(pid=129322) inner /usr/local/lib/python3.8/dist-packages/oslo_concurrency/lockutils.py:386}}
May 26 12:38:20.837324 dv-cinder-819667-4-iscsi devstack@n-api.service[129322]: DEBUG oslo_concurrency.lockutils [None req-36dab97f-80a9-4674-9f63-cd8fd82d1969 tempest-AttachVolumeShelveTestJSON-777401856 tempest-AttachVolumeShelveTestJSON-777401856-project] Lock "20e2b1f2-33d6-4e23-a875-4a2cebf4cec0" "released" by "nova.context.set_target_cell..get_or_set_cached_cell_and_set_connections" :: held 0.001s {{(pid=129322) inner /usr/local/lib/python3.8/dist-packages/oslo_concurrency/lockutils.py:400}}
May 26 12:38:20.838138 dv-cinder-819667-4-iscsi devstack@n-api.service[129322]: DEBUG oslo_concurrency.lockutils [None req-36dab97f-80a9-4674-9f63-cd8fd82d1969 tempest-AttachVolumeShelveTestJSON-777401856 tempest-AttachVolumeShelveTestJSON-777401856-project] Lock "20e2b1f2-33d6-4e23-a875-4a2cebf4cec0" acquired by "nova.context.set_target_cell..get_or_set_cached_cell_and_set_connections" :: waited 0.000s {{(pid=129322) inner /usr/local/lib/python3.8/dist-packages/oslo_concurrency/lockutils.py:386}}
May 26 12:38:20.838555 dv-cinder-819667-4-iscsi devstack@n-api.service[129322]: DEBUG oslo_concurrency.lockutils [None req-36dab97f-80a9-4674-9f63-cd8fd82d1969 tempest-AttachVolumeShelveTestJSON-777401856 tempest-AttachVolumeShelveTestJSON-777401856-project] Lock "20e2b1f2-33d6-4e23-a875-4a2cebf4cec0" "released" by "nova.context.set_target_cell..get_or_set_cached_cell_and_set_connections" :: held 0.000s {{(pid=129322) inner /usr/local/lib/python3.8/dist-packages/oslo_concurrency/lockutils.py:400}}
May 26 12:38:20.909127 dv-cinder-819667-4-iscsi devstack@n-api.service[129322]: DEBUG nova.policy [None req-36dab97f-80a9-4674-9f63-cd8fd82d1969 tempest-AttachVolumeShelveTestJSON-777401856 tempest-AttachVolumeShelveTestJSON-777401856-project] Policy check for os_compute_api:os-extended-server-attributes failed with credentials {'is_admin': False, 'user_id': 'e811736979c44b02b14fecb74c6bd7ab', 'user_domain_id': 'default', 'system_scope': None, 'domain_id': None, 'project_id': '2675272fb40d4847819f83ec04afecef', 'project_domain_id': 'default', 'roles': ['member', 'reader'], 'is_admin_project': True, 'service_user_id': None, 'service_user_domain_id': None, 'service_project_id': None, 'service_project_domain_id': None, 'service_roles': []} {{(pid=129322) authorize /opt/stack/nova/nova/policy.py:199}}
May 26 12:38:20.924283 dv-cinder-819667-4-iscsi devstack@n-api.service[129322]: DEBUG nova.policy [None req-36dab97f-80a9-4674-9f63-cd8fd82d1969 tempest-AttachVolumeShelveTestJSON-777401856 tempest-AttachVolumeShelveTestJSON-777401856-project] Policy check for os_compute_api:servers:show:host_status failed with credentials {'is_admin': False, 'user_id': 'e811736979c44b02b14fecb74c6bd7ab', 'user_domain_id': 'default', 'system_scope': None, 'domain_id': None, 'project_id': '2675272fb40d4847819f83ec04afecef', 'project_domain_id': 'default', 'roles': ['member', 'reader'], 'is_admin_project': True, 'service_user_id': None, 'service_user_domain_id': None, 'service_project_id': None, 'service_project_domain_id': None, 'service_roles': []} {{(pid=129322) authorize /opt/stack/nova/nova/policy.py:199}}
May 26 12:38:20.924283 dv-cinder-819667-4-iscsi devstack@n-api.service[129322]: DEBUG nova.policy [None req-36dab97f-80a9-4674-9f63-cd8fd82d1969 tempest-AttachVolumeShelveTestJSON-777401856 tempest-AttachVolumeShelveTestJSON-777401856-project] Policy check for os_compute_api:servers:show:host_status:unknown-only failed with credentials {'is_admin': False, 'user_id': 'e811736979c44b02b14fecb74c6bd7ab', 'user_domain_id': 'default', 'system_scope': None, 'domain_id': None, 'project_id': '2675272fb40d4847819f83ec04afecef', 'project_domain_id': 'default', 'roles': ['member', 'reader'], 'is_admin_project': True, 'service_user_id': None, 'service_user_domain_id': None, 'service_project_id': None, 'service_project_domain_id': None, 'service_roles': []} {{(pid=129322) authorize /opt/stack/nova/nova/policy.py:199}}
May 26 12:38:20.924283 dv-cinder-819667-4-iscsi devstack@n-api.service[129322]: INFO nova.api.openstack.requestlog [None req-36dab97f-80a9-4674-9f63-cd8fd82d1969 tempest-AttachVolumeShelveTestJSON-777401856 tempest-AttachVolumeShelveTestJSON-777401856-project] 10.222.0.75 "GET /compute/v2.1/servers/bf2f6303-22b9-4cfa-8d4d-61d2503bc554" status: 200 len: 1286 microversion: 2.20 time: 0.098091
May 26 12:38:20.930968 dv-cinder-819667-4-iscsi devstack@n-api.service[129322]: [pid: 129322|app: 0|req: 30/55] 10.222.0.75 () {60 vars in 1276 bytes} [Thu May 26 12:38:20 2022] GET /compute/v2.1/servers/bf2f6303-22b9-4cfa-8d4d-61d2503bc554 => generated 1286 bytes in 106 msecs (HTTP/1.1 200) 9 headers in 360 bytes (1 switches on core 0)
May 26 12:38:21.236540 dv-cinder-819667-4-iscsi devstack@n-api.service[129321]: DEBUG nova.api.openstack.wsgi [None req-e202040c-c3e3-4f09-a31e-1f3e9ca80a78 tempest-ServerRescueNegativeTestJSON-547315860 tempest-ServerRescueNegativeTestJSON-547315860-project] Calling method '>' {{(pid=129321) _process_stack /opt/stack/nova/nova/api/openstack/wsgi.py:513}}
May 26 12:38:21.237289 dv-cinder-819667-4-iscsi devstack@n-api.service[129321]: DEBUG nova.compute.api [None req-e202040c-c3e3-4f09-a31e-1f3e9ca80a78 tempest-ServerRescueNegativeTestJSON-547315860 tempest-ServerRescueNegativeTestJSON-547315860-project] [instance: 605b9171-aa87-432a-b179-c552640e73dd] Fetching instance by UUID {{(pid=129321) get /opt/stack/nova/nova/compute/api.py:2920}}
May 26 12:38:21.244305 dv-cinder-819667-4-iscsi devstack@n-api.service[129321]: DEBUG oslo_concurrency.lockutils [None req-e202040c-c3e3-4f09-a31e-1f3e9ca80a78 tempest-ServerRescueNegativeTestJSON-547315860 tempest-ServerRescueNegativeTestJSON-547315860-project] Lock "20e2b1f2-33d6-4e23-a875-4a2cebf4cec0" acquired by "nova.context.set_target_cell..get_or_set_cached_cell_and_set_connections" :: waited 0.000s {{(pid=129321) inner /usr/local/lib/python3.8/dist-packages/oslo_concurrency/lockutils.py:386}}
May 26 12:38:21.244910 dv-cinder-819667-4-iscsi devstack@n-api.service[129321]: DEBUG oslo_concurrency.lockutils [None req-e202040c-c3e3-4f09-a31e-1f3e9ca80a78 tempest-ServerRescueNegativeTestJSON-547315860 tempest-ServerRescueNegativeTestJSON-547315860-project] Lock "20e2b1f2-33d6-4e23-a875-4a2cebf4cec0" "released" by "nova.context.set_target_cell..get_or_set_cached_cell_and_set_connections" :: held 0.001s {{(pid=129321) inner /usr/local/lib/python3.8/dist-packages/oslo_concurrency/lockutils.py:400}}
May 26 12:38:21.245691 dv-cinder-819667-4-iscsi devstack@n-api.service[129321]: DEBUG oslo_concurrency.lockutils [None req-e202040c-c3e3-4f09-a31e-1f3e9ca80a78 tempest-ServerRescueNegativeTestJSON-547315860 tempest-ServerRescueNegativeTestJSON-547315860-project] Lock "20e2b1f2-33d6-4e23-a875-4a2cebf4cec0" acquired by "nova.context.set_target_cell..get_or_set_cached_cell_and_set_connections" :: waited 0.000s {{(pid=129321) inner /usr/local/lib/python3.8/dist-packages/oslo_concurrency/lockutils.py:386}}
May 26 12:38:21.246130 dv-cinder-819667-4-iscsi devstack@n-api.service[129321]: DEBUG oslo_concurrency.lockutils [None req-e202040c-c3e3-4f09-a31e-1f3e9ca80a78 tempest-ServerRescueNegativeTestJSON-547315860 tempest-ServerRescueNegativeTestJSON-547315860-project] Lock "20e2b1f2-33d6-4e23-a875-4a2cebf4cec0" "released" by "nova.context.set_target_cell..get_or_set_cached_cell_and_set_connections" :: held 0.000s {{(pid=129321) inner /usr/local/lib/python3.8/dist-packages/oslo_concurrency/lockutils.py:400}}
May 26 12:38:21.332081 dv-cinder-819667-4-iscsi devstack@n-api.service[129321]: DEBUG nova.policy [None req-e202040c-c3e3-4f09-a31e-1f3e9ca80a78 tempest-ServerRescueNegativeTestJSON-547315860 tempest-ServerRescueNegativeTestJSON-547315860-project] Policy check for os_compute_api:os-extended-server-attributes failed with credentials {'is_admin': False, 'user_id': '0431b1f25497443ba483b3c440669080', 'user_domain_id': 'default', 'system_scope': None, 'domain_id': None, 'project_id': '9e36ab03283d4ce6a2fed5e111e03d34', 'project_domain_id': 'default', 'roles': ['member', 'reader'], 'is_admin_project': True, 'service_user_id': None, 'service_user_domain_id': None, 'service_project_id': None, 'service_project_domain_id': None, 'service_roles': []} {{(pid=129321) authorize /opt/stack/nova/nova/policy.py:199}}
May 26 12:38:21.341457 dv-cinder-819667-4-iscsi devstack@n-api.service[129322]: DEBUG nova.api.openstack.wsgi [None req-ce6d36a5-9427-4146-a795-c934a0d6d5b2 tempest-DeleteServersTestJSON-342872481 tempest-DeleteServersTestJSON-342872481-project] Calling method '>' {{(pid=129322) _process_stack /opt/stack/nova/nova/api/openstack/wsgi.py:513}}
May 26 12:38:21.342203 dv-cinder-819667-4-iscsi devstack@n-api.service[129322]: DEBUG nova.compute.api [None req-ce6d36a5-9427-4146-a795-c934a0d6d5b2 tempest-DeleteServersTestJSON-342872481 tempest-DeleteServersTestJSON-342872481-project] [instance: 10054724-aefc-4a9f-a212-14e5fc5a1672] Fetching instance by UUID {{(pid=129322) get /opt/stack/nova/nova/compute/api.py:2920}}
May 26 12:38:21.346087 dv-cinder-819667-4-iscsi devstack@n-api.service[129321]: INFO nova.api.openstack.requestlog [None req-e202040c-c3e3-4f09-a31e-1f3e9ca80a78 tempest-ServerRescueNegativeTestJSON-547315860 tempest-ServerRescueNegativeTestJSON-547315860-project] 10.222.0.75 "GET /compute/v2.1/servers/605b9171-aa87-432a-b179-c552640e73dd" status: 200 len: 1226 microversion: 2.1 time: 0.114580
May 26 12:38:21.348657 dv-cinder-819667-4-iscsi devstack@n-api.service[129322]: DEBUG oslo_concurrency.lockutils [None req-ce6d36a5-9427-4146-a795-c934a0d6d5b2 tempest-DeleteServersTestJSON-342872481 tempest-DeleteServersTestJSON-342872481-project] Lock "20e2b1f2-33d6-4e23-a875-4a2cebf4cec0" acquired by "nova.context.set_target_cell..get_or_set_cached_cell_and_set_connections" :: waited 0.000s {{(pid=129322) inner /usr/local/lib/python3.8/dist-packages/oslo_concurrency/lockutils.py:386}}
May 26 12:38:21.351792 dv-cinder-819667-4-iscsi devstack@n-api.service[129322]: DEBUG oslo_concurrency.lockutils [None req-ce6d36a5-9427-4146-a795-c934a0d6d5b2 tempest-DeleteServersTestJSON-342872481 tempest-DeleteServersTestJSON-342872481-project] Lock "20e2b1f2-33d6-4e23-a875-4a2cebf4cec0" "released" by "nova.context.set_target_cell..get_or_set_cached_cell_and_set_connections" :: held 0.003s {{(pid=129322) inner /usr/local/lib/python3.8/dist-packages/oslo_concurrency/lockutils.py:400}}
May 26 12:38:21.354652 dv-cinder-819667-4-iscsi devstack@n-api.service[129322]: DEBUG oslo_concurrency.lockutils [None req-ce6d36a5-9427-4146-a795-c934a0d6d5b2 tempest-DeleteServersTestJSON-342872481 tempest-DeleteServersTestJSON-342872481-project] Lock "20e2b1f2-33d6-4e23-a875-4a2cebf4cec0" acquired by "nova.context.set_target_cell..get_or_set_cached_cell_and_set_connections" :: waited 0.000s {{(pid=129322) inner /usr/local/lib/python3.8/dist-packages/oslo_concurrency/lockutils.py:386}}
May 26 12:38:21.356518 dv-cinder-819667-4-iscsi devstack@n-api.service[129321]: [pid: 129321|app: 0|req: 26/56] 10.222.0.75 () {58 vars in 1235 bytes} [Thu May 26 12:38:21 2022] GET /compute/v2.1/servers/605b9171-aa87-432a-b179-c552640e73dd => generated 1226 bytes in 126 msecs (HTTP/1.1 200) 9 headers in 358 bytes (1 switches on core 0)
May 26 12:38:21.360298 dv-cinder-819667-4-iscsi devstack@n-api.service[129322]: DEBUG oslo_concurrency.lockutils [None req-ce6d36a5-9427-4146-a795-c934a0d6d5b2 tempest-DeleteServersTestJSON-342872481 tempest-DeleteServersTestJSON-342872481-project] Lock "20e2b1f2-33d6-4e23-a875-4a2cebf4cec0" "released" by "nova.context.set_target_cell..get_or_set_cached_cell_and_set_connections" :: held 0.005s {{(pid=129322) inner /usr/local/lib/python3.8/dist-packages/oslo_concurrency/lockutils.py:400}}
May 26 12:38:21.377763 dv-cinder-819667-4-iscsi devstack@n-api.service[129321]: DEBUG nova.api.openstack.wsgi [None req-1f28da59-127b-49bf-8805-b8f33bb8970a tempest-VolumesSnapshotsTestJSON-1240189566 tempest-VolumesSnapshotsTestJSON-1240189566-project] Calling method '.version_select at 0x7f8308c9b790>' {{(pid=129321) _process_stack /opt/stack/nova/nova/api/openstack/wsgi.py:513}}
May 26 12:38:21.508504 dv-cinder-819667-4-iscsi devstack@n-api.service[129321]: INFO nova.api.openstack.requestlog [None req-1f28da59-127b-49bf-8805-b8f33bb8970a tempest-VolumesSnapshotsTestJSON-1240189566 tempest-VolumesSnapshotsTestJSON-1240189566-project] 10.222.0.75 "GET /compute/v2.1/os-volumes/869ac730-f46c-427e-b24f-30760cc63c92" status: 200 len: 343 microversion: 2.1 time: 0.125815
May 26 12:38:21.509322 dv-cinder-819667-4-iscsi devstack@n-api.service[129321]: [pid: 129321|app: 0|req: 27/57] 10.222.0.75 () {58 vars in 1244 bytes} [Thu May 26 12:38:21 2022] GET /compute/v2.1/os-volumes/869ac730-f46c-427e-b24f-30760cc63c92 => generated 343 bytes in 137 msecs (HTTP/1.1 200) 9 headers in 357 bytes (2 switches on core 0)
May 26 12:38:21.671169 dv-cinder-819667-4-iscsi devstack@n-api.service[129322]: DEBUG nova.policy [None req-ce6d36a5-9427-4146-a795-c934a0d6d5b2 tempest-DeleteServersTestJSON-342872481 tempest-DeleteServersTestJSON-342872481-project] Policy check for os_compute_api:os-extended-server-attributes failed with credentials {'is_admin': False, 'user_id': '5d19942e971b4d7fac3ab8f9a5ad6086', 'user_domain_id': 'default', 'system_scope': None, 'domain_id': None, 'project_id': 'f0f340fa7ff24ca899b0f1036d0e6a3b', 'project_domain_id': 'default', 'roles': ['member', 'reader'], 'is_admin_project': True, 'service_user_id': None, 'service_user_domain_id': None, 'service_project_id': None, 'service_project_domain_id': None, 'service_roles': []} {{(pid=129322) authorize /opt/stack/nova/nova/policy.py:199}}
May 26 12:38:21.681896 dv-cinder-819667-4-iscsi devstack@n-api.service[129322]: INFO nova.api.openstack.requestlog [None req-ce6d36a5-9427-4146-a795-c934a0d6d5b2 tempest-DeleteServersTestJSON-342872481 tempest-DeleteServersTestJSON-342872481-project] 10.222.0.75 "GET /compute/v2.1/servers/10054724-aefc-4a9f-a212-14e5fc5a1672" status: 200 len: 1315 microversion: 2.1 time: 0.350223
May 26 12:38:21.682788 dv-cinder-819667-4-iscsi devstack@n-api.service[129322]: [pid: 129322|app: 0|req: 31/58] 10.222.0.75 () {58 vars in 1235 bytes} [Thu May 26 12:38:21 2022] GET /compute/v2.1/servers/10054724-aefc-4a9f-a212-14e5fc5a1672 => generated 1315 bytes in 353 msecs (HTTP/1.1 200) 9 headers in 358 bytes (1 switches on core 0)
May 26 12:38:21.949630 dv-cinder-819667-4-iscsi devstack@n-api.service[129321]: DEBUG nova.api.openstack.wsgi [None req-b5f32d07-8ea8-49ec-8d3c-35c99672b1c0 tempest-AttachVolumeShelveTestJSON-777401856 tempest-AttachVolumeShelveTestJSON-777401856-project] Calling method '>' {{(pid=129321) _process_stack /opt/stack/nova/nova/api/openstack/wsgi.py:513}}
May 26 12:38:21.950524 dv-cinder-819667-4-iscsi devstack@n-api.service[129321]: DEBUG nova.compute.api [None req-b5f32d07-8ea8-49ec-8d3c-35c99672b1c0 tempest-AttachVolumeShelveTestJSON-777401856 tempest-AttachVolumeShelveTestJSON-777401856-project] [instance: bf2f6303-22b9-4cfa-8d4d-61d2503bc554] Fetching instance by UUID {{(pid=129321) get /opt/stack/nova/nova/compute/api.py:2920}}
May 26 12:38:21.959275 dv-cinder-819667-4-iscsi devstack@n-api.service[129321]: DEBUG oslo_concurrency.lockutils [None req-b5f32d07-8ea8-49ec-8d3c-35c99672b1c0 tempest-AttachVolumeShelveTestJSON-777401856 tempest-AttachVolumeShelveTestJSON-777401856-project] Lock "20e2b1f2-33d6-4e23-a875-4a2cebf4cec0" acquired by "nova.context.set_target_cell..get_or_set_cached_cell_and_set_connections" :: waited 0.000s {{(pid=129321) inner /usr/local/lib/python3.8/dist-packages/oslo_concurrency/lockutils.py:386}}
