Nov 29 20:09:47.275813 dv-cinder-819667-1-iscsi neutron-server[102845]: DEBUG neutron.db.l3_hamode_db [None req-a7907e45-cb81-41f7-bda4-4c6e4222b388 None None] neutron.services.l3_router.l3_router_plugin.L3RouterPlugin method _process_sync_ha_data called with arguments (, [{'id': '9ab600b2-e3da-4bdf-85dd-6e44700ed1f4', 'name': 'tempest-ServerRescueNegativeTestJSON-1617602748-router', 'tenant_id': 'eed704c453274c44bf4e5ffe6e6bb9ec', 'admin_state_up': True, 'status': 'ACTIVE', 'external_gateway_info': {'network_id': 'fd522df2-df12-4f75-a785-28df7541b7ba', 'external_fixed_ips': [{'subnet_id': 'd425f3a1-56b4-43a9-8081-09ada57ac86b', 'ip_address': '172.27.1.36'}], 'enable_snat': True}, 'gw_port_id': 'a88e9f16-5da0-44be-8cea-d8f9eb089641', 'description': '', 'availability_zones': ['nova'], 'distributed': False, 'ha': False, 'ha_vr_id': 0, 'availability_zone_hints': [], 'routes': [], 'flavor_id': None, 'tags': [], 'created_at': '2021-11-29T20:09:29Z', 'updated_at': '2021-11-29T20:09:35Z', 'revision_number': 4, 'project_id': 'eed704c453274c44bf4e5ffe6e6bb9ec', 'gw_port': {'id': 'a88e9f16-5da0-44be-8cea-d8f9eb089641', 'name': '', 'network_id': 'fd522df2-df12-4f75-a785-28df7541b7ba', 'tenant_id': '', 'mac_address': 'fa:16:3e:a0:37:2f', 'admin_state_up': True, 'status': 'ACTIVE', 'device_id': '9ab600b2-e3da-4bdf-85dd-6e44700ed1f4', 'device_owner': 'network:router_gateway', 'standard_attr_id': 64, 'fixed_ips': [{'subnet_id': 'd425f3a1-56b4-43a9-8081-09ada57ac86b', 'ip_address': '172.27.1.36', 'prefixlen': 24}], 'allowed_address_pairs': [], 'extra_dhcp_opts': [], 'security_groups': [], 'description': '', 'binding:vnic_type': 'normal', 'binding:profile': {}, 'binding:host_id': 'dv-cinder-819667-1-iscsi', 'binding:vif_type': 'ovs', 'binding:vif_details': {'connectivity': 'l2', 'port_filter': True, 'ovs_hybrid_plug': False, 'datapath_type': 'system', 'bridge_name': 'br-int'}, 'port_security_enabled': False, 'tags': [], 'created_at': '2021-11-29T20:09:30Z', 'updated_at': '2021-11-29T20:09:40Z', 'revision_number': 4, 'project_id': '', 'subnets': [{'id': 'd425f3a1-56b4-43a9-8081-09ada57ac86b', 'cidr': '172.27.1.0/24', 'gateway_ip': '172.27.1.1', 'dns_nameservers': [], 'ipv6_ra_mode': None, 'subnetpool_id': None}], 'extra_subnets': [], 'address_scopes': {4: None, 6: None}, 'mtu': 1500}, 'enable_snat': True, 'gw_port_host': 'dv-cinder-819667-1-iscsi', '_interfaces': [{'id': '83506e1b-8179-4d2d-b665-fdb0c929fd14', 'name': '', 'network_id': 'f1aef3be-fc8a-4920-9055-93b45e103244', 'tenant_id': 'eed704c453274c44bf4e5ffe6e6bb9ec', 'mac_address': 'fa:16:3e:b1:33:c3', 'admin_state_up': True, 'status': 'DOWN', 'device_id': '9ab600b2-e3da-4bdf-85dd-6e44700ed1f4', 'device_owner': 'network:router_interface', 'standard_attr_id': 75, 'fixed_ips': [{'subnet_id': '05af85c4-364e-4bca-83ce-150edd506019', 'ip_address': '172.20.0.1', 'prefixlen': 28}], 'allowed_address_pairs': [], 'extra_dhcp_opts': [], 'security_groups': [], 'description': '', 'binding:vnic_type': 'normal', 'binding:profile': {}, 'binding:host_id': 'dv-cinder-819667-1-iscsi', 'binding:vif_type': 'ovs', 'binding:vif_details': {'connectivity': 'l2', 'port_filter': True, 'ovs_hybrid_plug': False, 'datapath_type': 'system', 'bridge_name': 'br-int'}, 'port_security_enabled': False, 'tags': [], 'created_at': '2021-11-29T20:09:34Z', 'updated_at': '2021-11-29T20:09:46Z', 'revision_number': 4, 'project_id': 'eed704c453274c44bf4e5ffe6e6bb9ec', 'subnets': [{'id': '05af85c4-364e-4bca-83ce-150edd506019', 'cidr': '172.20.0.0/28', 'gateway_ip': '172.20.0.1', 'dns_nameservers': [], 'ipv6_ra_mode': None, 'subnetpool_id': None}], 'extra_subnets': [], 'address_scopes': {4: None, 6: None}, 'mtu': 1500}]}], 'dv-cinder-819667-1-iscsi', False) {} {{(pid=102845) wrapper /usr/local/lib/python3.8/dist-packages/oslo_log/helpers.py:65}}
Nov 29 20:09:47.334537 dv-cinder-819667-1-iscsi neutron-server[102845]: DEBUG neutron.api.rpc.handlers.l3_rpc [None req-a7907e45-cb81-41f7-bda4-4c6e4222b388 None None] The sync data for ids ['9ab600b2-e3da-4bdf-85dd-6e44700ed1f4'] in dv-cinder-819667-1-iscsi is: [{'id': '9ab600b2-e3da-4bdf-85dd-6e44700ed1f4', 'name': 'tempest-ServerRescueNegativeTestJSON-1617602748-router', 'tenant_id': 'eed704c453274c44bf4e5ffe6e6bb9ec', 'admin_state_up': True, 'status': 'ACTIVE', 'external_gateway_info': {'network_id': 'fd522df2-df12-4f75-a785-28df7541b7ba', 'external_fixed_ips': [{'subnet_id': 'd425f3a1-56b4-43a9-8081-09ada57ac86b', 'ip_address': '172.27.1.36'}], 'enable_snat': True}, 'gw_port_id': 'a88e9f16-5da0-44be-8cea-d8f9eb089641', 'description': '', 'availability_zones': ['nova'], 'distributed': False, 'ha': False, 'ha_vr_id': 0, 'availability_zone_hints': [], 'routes': [], 'flavor_id': None, 'tags': [], 'created_at': '2021-11-29T20:09:29Z', 'updated_at': '2021-11-29T20:09:35Z', 'revision_number': 4, 'project_id': 'eed704c453274c44bf4e5ffe6e6bb9ec', 'gw_port': {'id': 'a88e9f16-5da0-44be-8cea-d8f9eb089641', 'name': '', 'network_id': 'fd522df2-df12-4f75-a785-28df7541b7ba', 'tenant_id': '', 'mac_address': 'fa:16:3e:a0:37:2f', 'admin_state_up': True, 'status': 'ACTIVE', 'device_id': '9ab600b2-e3da-4bdf-85dd-6e44700ed1f4', 'device_owner': 'network:router_gateway', 'standard_attr_id': 64, 'fixed_ips': [{'subnet_id': 'd425f3a1-56b4-43a9-8081-09ada57ac86b', 'ip_address': '172.27.1.36', 'prefixlen': 24}], 'allowed_address_pairs': [], 'extra_dhcp_opts': [], 'security_groups': [], 'description': '', 'binding:vnic_type': 'normal', 'binding:profile': {}, 'binding:host_id': 'dv-cinder-819667-1-iscsi', 'binding:vif_type': 'ovs', 'binding:vif_details': {'connectivity': 'l2', 'port_filter': True, 'ovs_hybrid_plug': False, 'datapath_type': 'system', 'bridge_name': 'br-int'}, 'port_security_enabled': False, 'tags': [], 'created_at': '2021-11-29T20:09:30Z', 'updated_at': '2021-11-29T20:09:40Z', 'revision_number': 4, 'project_id': '', 'subnets': [{'id': 'd425f3a1-56b4-43a9-8081-09ada57ac86b', 'cidr': '172.27.1.0/24', 'gateway_ip': '172.27.1.1', 'dns_nameservers': [], 'ipv6_ra_mode': None, 'subnetpool_id': None}], 'extra_subnets': [], 'address_scopes': {4: None, 6: None}, 'mtu': 1500}, 'enable_snat': True, 'gw_port_host': 'dv-cinder-819667-1-iscsi', '_interfaces': [{'id': '83506e1b-8179-4d2d-b665-fdb0c929fd14', 'name': '', 'network_id': 'f1aef3be-fc8a-4920-9055-93b45e103244', 'tenant_id': 'eed704c453274c44bf4e5ffe6e6bb9ec', 'mac_address': 'fa:16:3e:b1:33:c3', 'admin_state_up': True, 'status': 'DOWN', 'device_id': '9ab600b2-e3da-4bdf-85dd-6e44700ed1f4', 'device_owner': 'network:router_interface', 'standard_attr_id': 75, 'fixed_ips': [{'subnet_id': '05af85c4-364e-4bca-83ce-150edd506019', 'ip_address': '172.20.0.1', 'prefixlen': 28}], 'allowed_address_pairs': [], 'extra_dhcp_opts': [], 'security_groups': [], 'description': '', 'binding:vnic_type': 'normal', 'binding:profile': {}, 'binding:host_id': 'dv-cinder-819667-1-iscsi', 'binding:vif_type': 'ovs', 'binding:vif_details': {'connectivity': 'l2', 'port_filter': True, 'ovs_hybrid_plug': False, 'datapath_type': 'system', 'bridge_name': 'br-int'}, 'port_security_enabled': False, 'tags': [], 'created_at': '2021-11-29T20:09:34Z', 'updated_at': '2021-11-29T20:09:46Z', 'revision_number': 4, 'project_id': 'eed704c453274c44bf4e5ffe6e6bb9ec', 'subnets': [{'id': '05af85c4-364e-4bca-83ce-150edd506019', 'cidr': '172.20.0.0/28', 'gateway_ip': '172.20.0.1', 'dns_nameservers': [], 'ipv6_ra_mode': None, 'subnetpool_id': None}], 'extra_subnets': [], 'address_scopes': {4: None, 6: None}, 'mtu': 1500}]}] {{(pid=102845) sync_routers /opt/stack/neutron/neutron/api/rpc/handlers/l3_rpc.py:137}}
Nov 29 20:09:47.543573 dv-cinder-819667-1-iscsi neutron-server[102843]: DEBUG neutron_lib.callbacks.manager [None req-7328054f-2ff0-4a28-ada5-3c1676c5f40b admin admin] Publish callbacks [] for security_group, precommit_create {{(pid=102843) _notify_loop /usr/local/lib/python3.8/dist-packages/neutron_lib/callbacks/manager.py:175}}
Nov 29 20:09:47.556475 dv-cinder-819667-1-iscsi neutron-server[102843]: DEBUG neutron_lib.callbacks.manager [None req-7328054f-2ff0-4a28-ada5-3c1676c5f40b admin admin] Publish callbacks ['neutron.plugins.ml2.ovo_rpc._ObjectChangeHandler.handle_event-525947'] for security_group, after_create {{(pid=102843) _notify_loop /usr/local/lib/python3.8/dist-packages/neutron_lib/callbacks/manager.py:175}}
Nov 29 20:09:47.597555 dv-cinder-819667-1-iscsi neutron-server[102843]: INFO neutron.wsgi [req-50e1a90f-5708-425a-925f-3dfbd57d192f req-dffbf68c-8e34-480f-84d2-9baa9f4255f3 tempest-ServerRescueNegativeTestJSON-891177167 tempest-ServerRescueNegativeTestJSON-891177167-project] 10.222.0.66 "GET /v2.0/ports?tenant_id=eed704c453274c44bf4e5ffe6e6bb9ec&fields=id HTTP/1.1" status: 200 len: 255 time: 0.3303485
Nov 29 20:09:47.881142 dv-cinder-819667-1-iscsi neutron-server[102844]: DEBUG neutron.pecan_wsgi.hooks.policy_enforcement [req-e7965182-6325-44c8-8e23-d81cd9c37480 req-30e2fc3e-2f03-4a1a-b3a8-25bbd239916d tempest-DeleteServersTestJSON-620463626 tempest-DeleteServersTestJSON-620463626-project] Attributes excluded by policy engine: ['standard_attr_id', 'binding:profile', 'binding:host_id', 'binding:vif_type', 'binding:vif_details'] {{(pid=102844) _exclude_attributes_by_policy /opt/stack/neutron/neutron/pecan_wsgi/hooks/policy_enforcement.py:255}}
Nov 29 20:09:47.902031 dv-cinder-819667-1-iscsi neutron-server[102844]: INFO neutron.wsgi [req-e7965182-6325-44c8-8e23-d81cd9c37480 req-30e2fc3e-2f03-4a1a-b3a8-25bbd239916d tempest-DeleteServersTestJSON-620463626 tempest-DeleteServersTestJSON-620463626-project] 10.222.0.66 "GET /v2.0/ports?device_id=2b0fa4c6-cb14-4434-9264-ba5187fd5c1f HTTP/1.1" status: 200 len: 944 time: 0.1124902
Nov 29 20:09:47.931995 dv-cinder-819667-1-iscsi neutron-server[102843]: INFO neutron.wsgi [req-50e1a90f-5708-425a-925f-3dfbd57d192f req-0fdfc0f6-027e-4695-ae26-2b1406a45b73 service neutron] 10.222.0.66 "GET /v2.0/networks/f1aef3be-fc8a-4920-9055-93b45e103244?fields=segments HTTP/1.1" status: 200 len: 212 time: 0.3333685
Nov 29 20:09:48.023096 dv-cinder-819667-1-iscsi neutron-server[102844]: INFO neutron.wsgi [req-e7965182-6325-44c8-8e23-d81cd9c37480 req-a6ee1dbe-522f-4e27-8692-43d14ccac263 tempest-DeleteServersTestJSON-620463626 tempest-DeleteServersTestJSON-620463626-project] 10.222.0.66 "GET /v2.0/security-groups?id=0b39205d-ac83-4958-9546-97b256165cea&fields=id&fields=name HTTP/1.1" status: 200 len: 286 time: 0.1183231
Nov 29 20:09:48.186869 dv-cinder-819667-1-iscsi neutron-server[102843]: DEBUG neutron_lib.callbacks.manager [None req-95ebdf06-6407-45e4-9fb0-744c7ddf0696 admin admin] Publish callbacks [] for security_group, precommit_create {{(pid=102843) _notify_loop /usr/local/lib/python3.8/dist-packages/neutron_lib/callbacks/manager.py:175}}
Nov 29 20:09:48.275726 dv-cinder-819667-1-iscsi neutron-server[102843]: INFO neutron.wsgi [None req-7328054f-2ff0-4a28-ada5-3c1676c5f40b admin admin] 10.222.0.66 "GET /v2.0/security-groups?tenant_id=515832a555764efdb9a6852f119525c9&name=default HTTP/1.1" status: 200 len: 2996 time: 1.9248996
Nov 29 20:09:48.276956 dv-cinder-819667-1-iscsi neutron-server[102843]: DEBUG neutron.api.rpc.handlers.resources_rpc [None req-7328054f-2ff0-4a28-ada5-3c1676c5f40b admin admin] Pushing event updated for resources: {'SecurityGroup': ['ID=c0fc7de5-58f1-4632-b082-b795b7e35211,revision_number=1']} {{(pid=102843) push /opt/stack/neutron/neutron/api/rpc/handlers/resources_rpc.py:237}}
Nov 29 20:09:48.278698 dv-cinder-819667-1-iscsi neutron-server[102844]: DEBUG neutron.wsgi [-] (102844) accepted ('10.222.0.66', 39300) {{(pid=102844) server /usr/local/lib/python3.8/dist-packages/eventlet/wsgi.py:1004}}
Nov 29 20:09:48.338449 dv-cinder-819667-1-iscsi neutron-server[102843]: DEBUG neutron_lib.callbacks.manager [None req-95ebdf06-6407-45e4-9fb0-744c7ddf0696 admin admin] Publish callbacks ['neutron.plugins.ml2.ovo_rpc._ObjectChangeHandler.handle_event-525947'] for security_group, after_create {{(pid=102843) _notify_loop /usr/local/lib/python3.8/dist-packages/neutron_lib/callbacks/manager.py:175}}
Nov 29 20:09:48.505958 dv-cinder-819667-1-iscsi neutron-server[102843]: INFO neutron.wsgi [req-50e1a90f-5708-425a-925f-3dfbd57d192f req-5dc54656-50ae-46e9-8aa9-76eb5b56e6cb service neutron] 10.222.0.66 "GET /v2.0/networks/f1aef3be-fc8a-4920-9055-93b45e103244?fields=provider%3Aphysical_network&fields=provider%3Anetwork_type HTTP/1.1" status: 200 len: 281 time: 0.5714440
Nov 29 20:09:48.585935 dv-cinder-819667-1-iscsi neutron-server[102844]: INFO neutron.wsgi [req-87a6ed7d-a967-4ba4-ac88-77a82eb75327 req-74a1b5e0-8c85-4ad8-a24f-10ae37da451b tempest-AttachVolumeTestJSON-1608188925 tempest-AttachVolumeTestJSON-1608188925-project] 10.222.0.66 "GET /v2.0/ports?device_id=7dce9e9f-9913-4abd-bd69-86fefd86ba8a HTTP/1.1" status: 200 len: 210 time: 0.1287546
Nov 29 20:09:48.650776 dv-cinder-819667-1-iscsi neutron-server[102843]: DEBUG neutron.pecan_wsgi.hooks.policy_enforcement [req-31679af2-4ccf-4e5e-b47b-8f3116786cc3 req-0f26752b-ed05-4202-b143-f2ff9706e469 service neutron] Attributes excluded by policy engine: ['standard_attr_id'] {{(pid=102843) _exclude_attributes_by_policy /opt/stack/neutron/neutron/pecan_wsgi/hooks/policy_enforcement.py:255}}
Nov 29 20:09:48.656735 dv-cinder-819667-1-iscsi neutron-server[102843]: INFO neutron.wsgi [req-31679af2-4ccf-4e5e-b47b-8f3116786cc3 req-0f26752b-ed05-4202-b143-f2ff9706e469 service neutron] 10.222.0.24 "GET /v2.0/ports?tenant_id=2253ad75b1554b9098e5ab544546bdf3&device_id=2b0fa4c6-cb14-4434-9264-ba5187fd5c1f HTTP/1.1" status: 200 len: 1097 time: 0.6709371
Nov 29 20:09:48.661035 dv-cinder-819667-1-iscsi neutron-server[102843]: DEBUG neutron.api.rpc.handlers.resources_rpc [None req-95ebdf06-6407-45e4-9fb0-744c7ddf0696 admin admin] Pushing event updated for resources: {'SecurityGroup': ['ID=b70d3ced-9aaf-43c1-9669-73eba3128566,revision_number=1']} {{(pid=102843) push /opt/stack/neutron/neutron/api/rpc/handlers/resources_rpc.py:237}}
Nov 29 20:09:48.670215 dv-cinder-819667-1-iscsi neutron-server[102844]: DEBUG neutron_lib.callbacks.manager [None req-8c79abd4-e0d7-424f-8f54-adac29f7b060 admin admin] Publish callbacks [] for security_group, before_delete {{(pid=102844) _notify_loop /usr/local/lib/python3.8/dist-packages/neutron_lib/callbacks/manager.py:175}}
Nov 29 20:09:48.683724 dv-cinder-819667-1-iscsi neutron-server[102843]: INFO neutron.wsgi [None req-95ebdf06-6407-45e4-9fb0-744c7ddf0696 admin admin] 10.222.0.66 "GET /v2.0/security-groups?tenant_id=366f6b8d323441769998a3de89f81de9&name=default HTTP/1.1" status: 200 len: 2996 time: 2.3799186
Nov 29 20:09:48.691580 dv-cinder-819667-1-iscsi neutron-server[102844]: DEBUG neutron.wsgi [-] (102844) accepted ('10.222.0.66', 39312) {{(pid=102844) server /usr/local/lib/python3.8/dist-packages/eventlet/wsgi.py:1004}}
Nov 29 20:09:48.719347 dv-cinder-819667-1-iscsi neutron-server[102845]: DEBUG neutron.plugins.ml2.rpc [None req-f9780e92-86a4-4b9e-aadd-b22b2e8f1f54 None None] Device 83506e1b-8179-4d2d-b665-fdb0c929fd14 up at agent ovs-agent-dv-cinder-819667-1-iscsi {{(pid=102845) update_device_up /opt/stack/neutron/neutron/plugins/ml2/rpc.py:296}}
Nov 29 20:09:48.799329 dv-cinder-819667-1-iscsi neutron-server[102844]: DEBUG neutron_lib.callbacks.manager [None req-8c79abd4-e0d7-424f-8f54-adac29f7b060 admin admin] Publish callbacks [] for security_group, precommit_delete {{(pid=102844) _notify_loop /usr/local/lib/python3.8/dist-packages/neutron_lib/callbacks/manager.py:175}}
Nov 29 20:09:48.910323 dv-cinder-819667-1-iscsi neutron-server[102845]: DEBUG neutron.db.provisioning_blocks [None req-f9780e92-86a4-4b9e-aadd-b22b2e8f1f54 None None] Provisioning complete for port 83506e1b-8179-4d2d-b665-fdb0c929fd14 triggered by entity L2. {{(pid=102845) provisioning_complete /opt/stack/neutron/neutron/db/provisioning_blocks.py:139}}
Nov 29 20:09:48.911435 dv-cinder-819667-1-iscsi neutron-server[102845]: DEBUG neutron_lib.callbacks.manager [None req-f9780e92-86a4-4b9e-aadd-b22b2e8f1f54 None None] Publish callbacks ['neutron.plugins.ml2.plugin.Ml2Plugin._port_provisioned-3872852'] for port, provisioning_complete {{(pid=102845) _notify_loop /usr/local/lib/python3.8/dist-packages/neutron_lib/callbacks/manager.py:175}}
Nov 29 20:09:49.085530 dv-cinder-819667-1-iscsi neutron-server[102844]: INFO neutron.wsgi [req-f6884b28-7b92-45c7-81f3-19afa55a87b7 req-54482317-29a0-4ab5-9a50-ac040103f7db tempest-ServerRescueNegativeTestJSON-891177167 tempest-ServerRescueNegativeTestJSON-891177167-project] 10.222.0.66 "GET /v2.0/ports?device_id=1ce566b7-9360-4e38-b397-9f153fad1468 HTTP/1.1" status: 200 len: 210 time: 0.1260710
Nov 29 20:09:49.095327 dv-cinder-819667-1-iscsi neutron-server[102843]: DEBUG neutron.pecan_wsgi.hooks.policy_enforcement [req-31679af2-4ccf-4e5e-b47b-8f3116786cc3 req-58333c33-2be5-4113-b044-e5b32602eded service neutron] Attributes excluded by policy engine: ['standard_attr_id', 'vlan_transparent'] {{(pid=102843) _exclude_attributes_by_policy /opt/stack/neutron/neutron/pecan_wsgi/hooks/policy_enforcement.py:255}}
Nov 29 20:09:49.100350 dv-cinder-819667-1-iscsi neutron-server[102843]: INFO neutron.wsgi [req-31679af2-4ccf-4e5e-b47b-8f3116786cc3 req-58333c33-2be5-4113-b044-e5b32602eded service neutron] 10.222.0.24 "GET /v2.0/networks?tenant_id=2253ad75b1554b9098e5ab544546bdf3&shared=False HTTP/1.1" status: 200 len: 911 time: 0.4263244
Nov 29 20:09:49.186390 dv-cinder-819667-1-iscsi neutron-server[102844]: DEBUG neutron_lib.callbacks.manager [None req-8c79abd4-e0d7-424f-8f54-adac29f7b060 admin admin] Publish callbacks ['neutron.plugins.ml2.ovo_rpc._ObjectChangeHandler.handle_event-525947'] for security_group, after_delete {{(pid=102844) _notify_loop /usr/local/lib/python3.8/dist-packages/neutron_lib/callbacks/manager.py:175}}
Nov 29 20:09:49.195311 dv-cinder-819667-1-iscsi neutron-server[102844]: DEBUG neutron_lib.callbacks.manager [None req-8c79abd4-e0d7-424f-8f54-adac29f7b060 admin admin] Publish callbacks [] for security_group, before_response {{(pid=102844) _notify_loop /usr/local/lib/python3.8/dist-packages/neutron_lib/callbacks/manager.py:175}}
Nov 29 20:09:49.198981 dv-cinder-819667-1-iscsi neutron-server[102844]: INFO neutron.wsgi [None req-8c79abd4-e0d7-424f-8f54-adac29f7b060 admin admin] 10.222.0.66 "DELETE /v2.0/security-groups/c0fc7de5-58f1-4632-b082-b795b7e35211 HTTP/1.1" status: 204 len: 168 time: 0.9165044
Nov 29 20:09:49.215060 dv-cinder-819667-1-iscsi neutron-server[102844]: DEBUG neutron_lib.callbacks.manager [None req-a0f86ca4-318e-4c8a-9c5b-babc927a7545 admin admin] Publish callbacks [] for security_group, before_delete {{(pid=102844) _notify_loop /usr/local/lib/python3.8/dist-packages/neutron_lib/callbacks/manager.py:175}}
Nov 29 20:09:49.254867 dv-cinder-819667-1-iscsi neutron-server[102844]: DEBUG neutron_lib.callbacks.manager [None req-a0f86ca4-318e-4c8a-9c5b-babc927a7545 admin admin] Publish callbacks [] for security_group, precommit_delete {{(pid=102844) _notify_loop /usr/local/lib/python3.8/dist-packages/neutron_lib/callbacks/manager.py:175}}
Nov 29 20:09:49.359240 dv-cinder-819667-1-iscsi neutron-server[102844]: DEBUG neutron.api.rpc.handlers.resources_rpc [None req-8c79abd4-e0d7-424f-8f54-adac29f7b060 admin admin] Pushing event deleted for resources: {'SecurityGroup': ['ID=c0fc7de5-58f1-4632-b082-b795b7e35211,revision_number=None']} {{(pid=102844) push /opt/stack/neutron/neutron/api/rpc/handlers/resources_rpc.py:237}}
Nov 29 20:09:49.377358 dv-cinder-819667-1-iscsi neutron-server[102844]: DEBUG neutron_lib.callbacks.manager [None req-a0f86ca4-318e-4c8a-9c5b-babc927a7545 admin admin] Publish callbacks ['neutron.plugins.ml2.ovo_rpc._ObjectChangeHandler.handle_event-525947'] for security_group, after_delete {{(pid=102844) _notify_loop /usr/local/lib/python3.8/dist-packages/neutron_lib/callbacks/manager.py:175}}
Nov 29 20:09:49.379472 dv-cinder-819667-1-iscsi neutron-server[102843]: DEBUG neutron.pecan_wsgi.hooks.policy_enforcement [req-c50281f0-daa6-439f-bdf6-84cfd02c0057 req-425ada8e-efaf-4985-802f-d963353eee4e tempest-DeleteServersTestJSON-620463626 tempest-DeleteServersTestJSON-620463626-project] Attributes excluded by policy engine: ['standard_attr_id', 'binding:profile', 'binding:host_id', 'binding:vif_type', 'binding:vif_details'] {{(pid=102843) _exclude_attributes_by_policy /opt/stack/neutron/neutron/pecan_wsgi/hooks/policy_enforcement.py:255}}
Nov 29 20:09:49.383427 dv-cinder-819667-1-iscsi neutron-server[102843]: INFO neutron.wsgi [req-c50281f0-daa6-439f-bdf6-84cfd02c0057 req-425ada8e-efaf-4985-802f-d963353eee4e tempest-DeleteServersTestJSON-620463626 tempest-DeleteServersTestJSON-620463626-project] 10.222.0.66 "GET /v2.0/ports?device_id=2b0fa4c6-cb14-4434-9264-ba5187fd5c1f HTTP/1.1" status: 200 len: 944 time: 0.1240971
Nov 29 20:09:49.384636 dv-cinder-819667-1-iscsi neutron-server[102844]: DEBUG neutron_lib.callbacks.manager [None req-a0f86ca4-318e-4c8a-9c5b-babc927a7545 admin admin] Publish callbacks [] for security_group, before_response {{(pid=102844) _notify_loop /usr/local/lib/python3.8/dist-packages/neutron_lib/callbacks/manager.py:175}}
Nov 29 20:09:49.389962 dv-cinder-819667-1-iscsi neutron-server[102844]: INFO neutron.wsgi [None req-a0f86ca4-318e-4c8a-9c5b-babc927a7545 admin admin] 10.222.0.66 "DELETE /v2.0/security-groups/b70d3ced-9aaf-43c1-9669-73eba3128566 HTTP/1.1" status: 204 len: 168 time: 0.6627948
Nov 29 20:09:49.408366 dv-cinder-819667-1-iscsi neutron-server[102844]: DEBUG neutron.api.rpc.handlers.resources_rpc [None req-a0f86ca4-318e-4c8a-9c5b-babc927a7545 admin admin] Pushing event deleted for resources: {'SecurityGroup': ['ID=b70d3ced-9aaf-43c1-9669-73eba3128566,revision_number=None']} {{(pid=102844) push /opt/stack/neutron/neutron/api/rpc/handlers/resources_rpc.py:237}}
Nov 29 20:09:49.491821 dv-cinder-819667-1-iscsi neutron-server[102843]: INFO neutron.wsgi [req-c50281f0-daa6-439f-bdf6-84cfd02c0057 req-1faa5738-9827-40c7-a4b3-8283f8a6ddc7 tempest-DeleteServersTestJSON-620463626 tempest-DeleteServersTestJSON-620463626-project] 10.222.0.66 "GET /v2.0/security-groups?id=0b39205d-ac83-4958-9546-97b256165cea&fields=id&fields=name HTTP/1.1" status: 200 len: 286 time: 0.0944655
Nov 29 20:09:49.532686 dv-cinder-819667-1-iscsi neutron-server[102845]: DEBUG neutron_lib.callbacks.manager [None req-f9780e92-86a4-4b9e-aadd-b22b2e8f1f54 None None] Publish callbacks ['neutron.plugins.ml2.plugin.SecurityGroupDbMixin._ensure_default_security_group_handler-3833585'] for port, before_update {{(pid=102845) _notify_loop /usr/local/lib/python3.8/dist-packages/neutron_lib/callbacks/manager.py:175}}
Nov 29 20:09:49.572947 dv-cinder-819667-1-iscsi neutron-server[102845]: DEBUG neutron.plugins.ml2.db [None req-f9780e92-86a4-4b9e-aadd-b22b2e8f1f54 None None] For port 83506e1b-8179-4d2d-b665-fdb0c929fd14, host dv-cinder-819667-1-iscsi, got binding levels [PortBindingLevel(driver='openvswitch',host='dv-cinder-819667-1-iscsi',level=0,port_id=83506e1b-8179-4d2d-b665-fdb0c929fd14,segment=NetworkSegment(064c5e83-e355-41d5-8ffa-07e4127a7840),segment_id=064c5e83-e355-41d5-8ffa-07e4127a7840)] {{(pid=102845) get_binding_level_objs /opt/stack/neutron/neutron/plugins/ml2/db.py:74}}
Nov 29 20:09:49.578823 dv-cinder-819667-1-iscsi neutron-server[102845]: DEBUG neutron_lib.callbacks.manager [None req-f9780e92-86a4-4b9e-aadd-b22b2e8f1f54 None None] Publish callbacks ['neutron.plugins.ml2.plugin.SecurityGroupServerNotifierRpcMixin._notify_sg_on_port_change-3833392', 'neutron.plugins.ml2.ovo_rpc._ObjectChangeHandler.handle_event-187231', 'neutron.api.rpc.agentnotifiers.dhcp_rpc_agent_api.DhcpAgentNotifyAPI._native_event_send_dhcp_notification-645465', 'neutron.db.l3_db.L3RpcNotifierMixin._notify_gateway_port_ip_changed-8784602323101', 'neutron.db.l3_dvrscheduler_db._notify_l3_agent_port_update-8784601852164', 'neutron.db.l3_hascheduler_db._notify_l3_agent_ha_port_update-8784601852182'] for port, after_update {{(pid=102845) _notify_loop /usr/local/lib/python3.8/dist-packages/neutron_lib/callbacks/manager.py:175}}
Nov 29 20:09:49.641733 dv-cinder-819667-1-iscsi neutron-server[102845]: DEBUG neutron.api.rpc.handlers.resources_rpc [None req-f9780e92-86a4-4b9e-aadd-b22b2e8f1f54 None None] Pushing event updated for resources: {'Port': ['ID=83506e1b-8179-4d2d-b665-fdb0c929fd14,revision_number=5']} {{(pid=102845) push /opt/stack/neutron/neutron/api/rpc/handlers/resources_rpc.py:237}}
Nov 29 20:09:49.702873 dv-cinder-819667-1-iscsi neutron-server[102844]: INFO neutron.wsgi [req-e8f76a85-4336-4385-b72a-6009c892d206 req-ad9e6393-5f5d-4af1-8ad6-2cfbd506af9b tempest-AttachVolumeTestJSON-1608188925 tempest-AttachVolumeTestJSON-1608188925-project] 10.222.0.66 "GET /v2.0/ports?device_id=7dce9e9f-9913-4abd-bd69-86fefd86ba8a HTTP/1.1" status: 200 len: 210 time: 0.0336361
Nov 29 20:09:49.884806 dv-cinder-819667-1-iscsi neutron-server[102843]: DEBUG neutron.wsgi [-] (102843) accepted ('10.222.0.66', 39358) {{(pid=102843) server /usr/local/lib/python3.8/dist-packages/eventlet/wsgi.py:1004}}
Nov 29 20:09:49.898684 dv-cinder-819667-1-iscsi neutron-server[102843]: DEBUG neutron_lib.callbacks.manager [None req-3c3e5868-3a69-4747-a98b-4f542f51d00a admin admin] Publish callbacks [] for security_group, before_create {{(pid=102843) _notify_loop /usr/local/lib/python3.8/dist-packages/neutron_lib/callbacks/manager.py:175}}
Nov 29 20:09:49.991471 dv-cinder-819667-1-iscsi neutron-server[102843]: DEBUG neutron_lib.callbacks.manager [None req-3c3e5868-3a69-4747-a98b-4f542f51d00a admin admin] Publish callbacks [] for security_group, precommit_create {{(pid=102843) _notify_loop /usr/local/lib/python3.8/dist-packages/neutron_lib/callbacks/manager.py:175}}
Nov 29 20:09:49.998400 dv-cinder-819667-1-iscsi neutron-server[102843]: DEBUG neutron_lib.callbacks.manager [None req-3c3e5868-3a69-4747-a98b-4f542f51d00a admin admin] Publish callbacks ['neutron.plugins.ml2.ovo_rpc._ObjectChangeHandler.handle_event-525947'] for security_group, after_create {{(pid=102843) _notify_loop /usr/local/lib/python3.8/dist-packages/neutron_lib/callbacks/manager.py:175}}
Nov 29 20:09:50.055277 dv-cinder-819667-1-iscsi neutron-server[102843]: INFO neutron.wsgi [None req-3c3e5868-3a69-4747-a98b-4f542f51d00a admin admin] 10.222.0.66 "GET /v2.0/security-groups?tenant_id=6e304b9ae05145c9823084eea1971794&name=default HTTP/1.1" status: 200 len: 2996 time: 0.1665375
Nov 29 20:09:50.055277 dv-cinder-819667-1-iscsi neutron-server[102843]: DEBUG neutron.api.rpc.handlers.resources_rpc [None req-3c3e5868-3a69-4747-a98b-4f542f51d00a admin admin] Pushing event updated for resources: {'SecurityGroup': ['ID=af6d5468-e840-4bd7-87e8-6431ad9da362,revision_number=1']} {{(pid=102843) push /opt/stack/neutron/neutron/api/rpc/handlers/resources_rpc.py:237}}
Nov 29 20:09:50.055789 dv-cinder-819667-1-iscsi neutron-server[102844]: DEBUG neutron.wsgi [-] (102844) accepted ('10.222.0.66', 39366) {{(pid=102844) server /usr/local/lib/python3.8/dist-packages/eventlet/wsgi.py:1004}}
Nov 29 20:09:50.112834 dv-cinder-819667-1-iscsi neutron-server[102844]: DEBUG neutron_lib.callbacks.manager [None req-8dff2c72-236b-44f8-a4bb-87a6cb4c9c61 admin admin] Publish callbacks [] for security_group, before_delete {{(pid=102844) _notify_loop /usr/local/lib/python3.8/dist-packages/neutron_lib/callbacks/manager.py:175}}
Nov 29 20:09:50.149846 dv-cinder-819667-1-iscsi neutron-server[102844]: DEBUG neutron_lib.callbacks.manager [None req-8dff2c72-236b-44f8-a4bb-87a6cb4c9c61 admin admin] Publish callbacks [] for security_group, precommit_delete {{(pid=102844) _notify_loop /usr/local/lib/python3.8/dist-packages/neutron_lib/callbacks/manager.py:175}}
Nov 29 20:09:50.224981 dv-cinder-819667-1-iscsi neutron-server[102843]: INFO neutron.wsgi [req-d0e16ba5-7f66-458b-b97a-8f6a18091997 req-1063d420-fe50-4b54-bc54-3a1c539c1857 tempest-ServerRescueNegativeTestJSON-891177167 tempest-ServerRescueNegativeTestJSON-891177167-project] 10.222.0.66 "GET /v2.0/ports?device_id=1ce566b7-9360-4e38-b397-9f153fad1468 HTTP/1.1" status: 200 len: 210 time: 0.0474174
Nov 29 20:09:50.231215 dv-cinder-819667-1-iscsi neutron-server[102844]: DEBUG neutron_lib.callbacks.manager [None req-8dff2c72-236b-44f8-a4bb-87a6cb4c9c61 admin admin] Publish callbacks ['neutron.plugins.ml2.ovo_rpc._ObjectChangeHandler.handle_event-525947'] for security_group, after_delete {{(pid=102844) _notify_loop /usr/local/lib/python3.8/dist-packages/neutron_lib/callbacks/manager.py:175}}
Nov 29 20:09:50.238103 dv-cinder-819667-1-iscsi neutron-server[102844]: DEBUG neutron_lib.callbacks.manager [None req-8dff2c72-236b-44f8-a4bb-87a6cb4c9c61 admin admin] Publish callbacks [] for security_group, before_response {{(pid=102844) _notify_loop /usr/local/lib/python3.8/dist-packages/neutron_lib/callbacks/manager.py:175}}
Nov 29 20:09:50.239717 dv-cinder-819667-1-iscsi neutron-server[102844]: INFO neutron.wsgi [None req-8dff2c72-236b-44f8-a4bb-87a6cb4c9c61 admin admin] 10.222.0.66 "DELETE /v2.0/security-groups/af6d5468-e840-4bd7-87e8-6431ad9da362 HTTP/1.1" status: 204 len: 168 time: 0.1823900
Nov 29 20:09:50.256210 dv-cinder-819667-1-iscsi neutron-server[102844]: DEBUG neutron.api.rpc.handlers.resources_rpc [None req-8dff2c72-236b-44f8-a4bb-87a6cb4c9c61 admin admin] Pushing event deleted for resources: {'SecurityGroup': ['ID=af6d5468-e840-4bd7-87e8-6431ad9da362,revision_number=None']} {{(pid=102844) push /opt/stack/neutron/neutron/api/rpc/handlers/resources_rpc.py:237}}
Nov 29 20:09:50.462237 dv-cinder-819667-1-iscsi neutron-server[102845]: DEBUG neutron.plugins.ml2.rpc [None req-f9780e92-86a4-4b9e-aadd-b22b2e8f1f54 None None] Device 83506e1b-8179-4d2d-b665-fdb0c929fd14 up at agent ovs-agent-dv-cinder-819667-1-iscsi {{(pid=102845) update_device_up /opt/stack/neutron/neutron/plugins/ml2/rpc.py:296}}
Nov 29 20:09:50.512088 dv-cinder-819667-1-iscsi neutron-server[102845]: DEBUG neutron.db.provisioning_blocks [None req-f9780e92-86a4-4b9e-aadd-b22b2e8f1f54 None None] Provisioning complete for port 83506e1b-8179-4d2d-b665-fdb0c929fd14 triggered by entity L2. {{(pid=102845) provisioning_complete /opt/stack/neutron/neutron/db/provisioning_blocks.py:139}}
Nov 29 20:09:50.512461 dv-cinder-819667-1-iscsi neutron-server[102845]: DEBUG neutron_lib.callbacks.manager [None req-f9780e92-86a4-4b9e-aadd-b22b2e8f1f54 None None] Publish callbacks ['neutron.plugins.ml2.plugin.Ml2Plugin._port_provisioned-3872852'] for port, provisioning_complete {{(pid=102845) _notify_loop /usr/local/lib/python3.8/dist-packages/neutron_lib/callbacks/manager.py:175}}
Nov 29 20:09:50.634247 dv-cinder-819667-1-iscsi neutron-server[102844]: DEBUG neutron.pecan_wsgi.hooks.policy_enforcement [req-9119378c-b89a-4575-a955-d312a36cb190 req-7a7f3a26-177a-40b4-a555-968965c805e2 tempest-DeleteServersTestJSON-620463626 tempest-DeleteServersTestJSON-620463626-project] Attributes excluded by policy engine: ['standard_attr_id', 'binding:profile', 'binding:host_id', 'binding:vif_type', 'binding:vif_details'] {{(pid=102844) _exclude_attributes_by_policy /opt/stack/neutron/neutron/pecan_wsgi/hooks/policy_enforcement.py:255}}
Nov 29 20:09:50.636107 dv-cinder-819667-1-iscsi neutron-server[102844]: INFO neutron.wsgi [req-9119378c-b89a-4575-a955-d312a36cb190 req-7a7f3a26-177a-40b4-a555-968965c805e2 tempest-DeleteServersTestJSON-620463626 tempest-DeleteServersTestJSON-620463626-project] 10.222.0.66 "GET /v2.0/ports?device_id=2b0fa4c6-cb14-4434-9264-ba5187fd5c1f HTTP/1.1" status: 200 len: 944 time: 0.0661194
Nov 29 20:09:50.699085 dv-cinder-819667-1-iscsi neutron-server[102844]: INFO neutron.wsgi [req-9119378c-b89a-4575-a955-d312a36cb190 req-57835586-b8b2-4f72-b38e-7b4e8c9b9518 tempest-DeleteServersTestJSON-620463626 tempest-DeleteServersTestJSON-620463626-project] 10.222.0.66 "GET /v2.0/security-groups?id=0b39205d-ac83-4958-9546-97b256165cea&fields=id&fields=name HTTP/1.1" status: 200 len: 286 time: 0.0564919
Nov 29 20:09:50.832625 dv-cinder-819667-1-iscsi neutron-server[102844]: DEBUG neutron.wsgi [-] (102844) accepted ('10.222.0.66', 39402) {{(pid=102844) server /usr/local/lib/python3.8/dist-packages/eventlet/wsgi.py:1004}}
Nov 29 20:09:50.843713 dv-cinder-819667-1-iscsi neutron-server[102843]: INFO neutron.wsgi [req-27de1365-ea27-4261-a709-bb73d7354ede req-ea5ccbbb-93df-4761-859f-79e97b6d1481 tempest-AttachVolumeTestJSON-1608188925 tempest-AttachVolumeTestJSON-1608188925-project] 10.222.0.66 "GET /v2.0/ports?device_id=7dce9e9f-9913-4abd-bd69-86fefd86ba8a HTTP/1.1" status: 200 len: 210 time: 0.0673137
Nov 29 20:09:50.875716 dv-cinder-819667-1-iscsi neutron-server[102844]: DEBUG neutron_lib.callbacks.manager [None req-dd2184dc-59eb-4529-969c-3a46d1bdb200 admin admin] Publish callbacks [] for security_group, before_create {{(pid=102844) _notify_loop /usr/local/lib/python3.8/dist-packages/neutron_lib/callbacks/manager.py:175}}
Nov 29 20:09:51.015178 dv-cinder-819667-1-iscsi neutron-server[102844]: DEBUG neutron_lib.callbacks.manager [None req-dd2184dc-59eb-4529-969c-3a46d1bdb200 admin admin] Publish callbacks [] for security_group, precommit_create {{(pid=102844) _notify_loop /usr/local/lib/python3.8/dist-packages/neutron_lib/callbacks/manager.py:175}}
Nov 29 20:09:51.024947 dv-cinder-819667-1-iscsi neutron-server[102844]: DEBUG neutron_lib.callbacks.manager [None req-dd2184dc-59eb-4529-969c-3a46d1bdb200 admin admin] Publish callbacks ['neutron.plugins.ml2.ovo_rpc._ObjectChangeHandler.handle_event-525947'] for security_group, after_create {{(pid=102844) _notify_loop /usr/local/lib/python3.8/dist-packages/neutron_lib/callbacks/manager.py:175}}
Nov 29 20:09:51.076984 dv-cinder-819667-1-iscsi neutron-server[102844]: INFO neutron.wsgi [None req-dd2184dc-59eb-4529-969c-3a46d1bdb200 admin admin] 10.222.0.66 "GET /v2.0/security-groups?tenant_id=0ca647cfd7834bdfadfb841d7b5b6427&name=default HTTP/1.1" status: 200 len: 2996 time: 0.2384841
Nov 29 20:09:51.076984 dv-cinder-819667-1-iscsi neutron-server[102844]: DEBUG neutron.api.rpc.handlers.resources_rpc [None req-dd2184dc-59eb-4529-969c-3a46d1bdb200 admin admin] Pushing event updated for resources: {'SecurityGroup': ['ID=bc5c1f21-0b5b-47b7-80b4-a0ebf111496e,revision_number=1']} {{(pid=102844) push /opt/stack/neutron/neutron/api/rpc/handlers/resources_rpc.py:237}}
Nov 29 20:09:51.077263 dv-cinder-819667-1-iscsi neutron-server[102843]: DEBUG neutron.wsgi [-] (102843) accepted ('10.222.0.66', 39414) {{(pid=102843) server /usr/local/lib/python3.8/dist-packages/eventlet/wsgi.py:1004}}
Nov 29 20:09:51.174067 dv-cinder-819667-1-iscsi neutron-server[102843]: DEBUG neutron_lib.callbacks.manager [None req-f914d1e5-adf7-4e0a-8f65-e56036fe5b1b admin admin] Publish callbacks [] for security_group, before_delete {{(pid=102843) _notify_loop /usr/local/lib/python3.8/dist-packages/neutron_lib/callbacks/manager.py:175}}
Nov 29 20:09:51.349751 dv-cinder-819667-1-iscsi neutron-server[102844]: DEBUG neutron.wsgi [-] (102844) accepted ('10.222.0.66', 39430) {{(pid=102844) server /usr/local/lib/python3.8/dist-packages/eventlet/wsgi.py:1004}}
Nov 29 20:09:51.405806 dv-cinder-819667-1-iscsi neutron-server[102843]: DEBUG neutron_lib.callbacks.manager [None req-f914d1e5-adf7-4e0a-8f65-e56036fe5b1b admin admin] Publish callbacks [] for security_group, precommit_delete {{(pid=102843) _notify_loop /usr/local/lib/python3.8/dist-packages/neutron_lib/callbacks/manager.py:175}}
Nov 29 20:09:51.433601 dv-cinder-819667-1-iscsi neutron-server[102844]: INFO neutron.wsgi [req-e8ffd819-9eb1-4cb3-8058-3baf98e723c7 req-c211cba3-d4e8-44bc-abf1-044ea728af0e tempest-ServerRescueNegativeTestJSON-891177167 tempest-ServerRescueNegativeTestJSON-891177167-project] 10.222.0.66 "GET /v2.0/ports?device_id=1ce566b7-9360-4e38-b397-9f153fad1468 HTTP/1.1" status: 200 len: 210 time: 0.0429533
Nov 29 20:09:51.468859 dv-cinder-819667-1-iscsi neutron-server[102843]: DEBUG neutron_lib.callbacks.manager [None req-f914d1e5-adf7-4e0a-8f65-e56036fe5b1b admin admin] Publish callbacks ['neutron.plugins.ml2.ovo_rpc._ObjectChangeHandler.handle_event-525947'] for security_group, after_delete {{(pid=102843) _notify_loop /usr/local/lib/python3.8/dist-packages/neutron_lib/callbacks/manager.py:175}}
Nov 29 20:09:51.472908 dv-cinder-819667-1-iscsi neutron-server[102843]: DEBUG neutron_lib.callbacks.manager [None req-f914d1e5-adf7-4e0a-8f65-e56036fe5b1b admin admin] Publish callbacks [] for security_group, before_response {{(pid=102843) _notify_loop /usr/local/lib/python3.8/dist-packages/neutron_lib/callbacks/manager.py:175}}
Nov 29 20:09:51.477229 dv-cinder-819667-1-iscsi neutron-server[102843]: INFO neutron.wsgi [None req-f914d1e5-adf7-4e0a-8f65-e56036fe5b1b admin admin] 10.222.0.66 "DELETE /v2.0/security-groups/bc5c1f21-0b5b-47b7-80b4-a0ebf111496e HTTP/1.1" status: 204 len: 168 time: 0.3972316
Nov 29 20:09:51.489661 dv-cinder-819667-1-iscsi neutron-server[102843]: DEBUG neutron.api.rpc.handlers.resources_rpc [None req-f914d1e5-adf7-4e0a-8f65-e56036fe5b1b admin admin] Pushing event deleted for resources: {'SecurityGroup': ['ID=bc5c1f21-0b5b-47b7-80b4-a0ebf111496e,revision_number=None']} {{(pid=102843) push /opt/stack/neutron/neutron/api/rpc/handlers/resources_rpc.py:237}}
Nov 29 20:09:51.525175 dv-cinder-819667-1-iscsi neutron-server[102844]: DEBUG neutron.api.v2.base [None req-c42611d4-8b66-4216-b216-67b4ba33606f admin admin] Request body: {'network': {'name': 'tempest-EncryptedVolumesExtendAttachedTest-1962019303-network', 'tenant_id': '728562bb38694d32860d7e1e97d02281'}} {{(pid=102844) prepare_request_body /opt/stack/neutron/neutron/api/v2/base.py:729}}
Nov 29 20:09:51.554045 dv-cinder-819667-1-iscsi neutron-server[102844]: DEBUG neutron.pecan_wsgi.hooks.quota_enforcement [None req-c42611d4-8b66-4216-b216-67b4ba33606f admin admin] Made reservation on behalf of 728562bb38694d32860d7e1e97d02281 for: {'network': 1} {{(pid=102844) before /opt/stack/neutron/neutron/pecan_wsgi/hooks/quota_enforcement.py:53}}
Nov 29 20:09:51.556895 dv-cinder-819667-1-iscsi neutron-server[102844]: DEBUG neutron_lib.callbacks.manager [None req-c42611d4-8b66-4216-b216-67b4ba33606f admin admin] Publish callbacks ['neutron.plugins.ml2.plugin.SecurityGroupDbMixin._ensure_default_security_group_handler-3833585'] for network, before_create {{(pid=102844) _notify_loop /usr/local/lib/python3.8/dist-packages/neutron_lib/callbacks/manager.py:175}}
Nov 29 20:09:51.567640 dv-cinder-819667-1-iscsi neutron-server[102844]: DEBUG neutron_lib.callbacks.manager [None req-c42611d4-8b66-4216-b216-67b4ba33606f admin admin] Publish callbacks [] for security_group, before_create {{(pid=102844) _notify_loop /usr/local/lib/python3.8/dist-packages/neutron_lib/callbacks/manager.py:175}}
Nov 29 20:09:51.687611 dv-cinder-819667-1-iscsi neutron-server[102844]: DEBUG neutron_lib.callbacks.manager [None req-c42611d4-8b66-4216-b216-67b4ba33606f admin admin] Publish callbacks [] for security_group, precommit_create {{(pid=102844) _notify_loop /usr/local/lib/python3.8/dist-packages/neutron_lib/callbacks/manager.py:175}}
Nov 29 20:09:51.694892 dv-cinder-819667-1-iscsi neutron-server[102844]: DEBUG neutron_lib.callbacks.manager [None req-c42611d4-8b66-4216-b216-67b4ba33606f admin admin] Publish callbacks ['neutron.plugins.ml2.ovo_rpc._ObjectChangeHandler.handle_event-525947'] for security_group, after_create {{(pid=102844) _notify_loop /usr/local/lib/python3.8/dist-packages/neutron_lib/callbacks/manager.py:175}}
Nov 29 20:09:51.735631 dv-cinder-819667-1-iscsi neutron-server[102844]: DEBUG neutron.api.rpc.handlers.resources_rpc [None req-c42611d4-8b66-4216-b216-67b4ba33606f admin admin] Pushing event updated for resources: {'SecurityGroup': ['ID=5b4f6afd-adf6-4f2b-9be4-2c9feee03f54,revision_number=1']} {{(pid=102844) push /opt/stack/neutron/neutron/api/rpc/handlers/resources_rpc.py:237}}
Nov 29 20:09:51.749093 dv-cinder-819667-1-iscsi neutron-server[102844]: DEBUG neutron.plugins.ml2.drivers.helpers [None req-c42611d4-8b66-4216-b216-67b4ba33606f admin admin] vlan segment allocate from pool success with {'vlan_id': 815, 'physical_network': 'physnet1'} {{(pid=102844) allocate_partially_specified_segment /opt/stack/neutron/neutron/plugins/ml2/drivers/helpers.py:153}}
Nov 29 20:09:51.759838 dv-cinder-819667-1-iscsi neutron-server[102844]: DEBUG neutron_lib.callbacks.manager [None req-c42611d4-8b66-4216-b216-67b4ba33606f admin admin] Publish callbacks ['neutron.plugins.ml2.plugin.Ml2Plugin._handle_segment_change-3849201'] for segment, precommit_create {{(pid=102844) _notify_loop /usr/local/lib/python3.8/dist-packages/neutron_lib/callbacks/manager.py:175}}
Nov 29 20:09:51.760222 dv-cinder-819667-1-iscsi neutron-server[102844]: INFO neutron.db.segments_db [None req-c42611d4-8b66-4216-b216-67b4ba33606f admin admin] Added segment 8c227e33-36b1-4a82-8851-9f002e55fd60 of type vlan for network 17cd54b4-464f-4b54-a570-7d8b3bb2a938
Nov 29 20:09:51.811085 dv-cinder-819667-1-iscsi neutron-server[102844]: DEBUG neutron_lib.callbacks.manager [None req-c42611d4-8b66-4216-b216-67b4ba33606f admin admin] Publish callbacks ['neutron.services.auto_allocate.db._ensure_external_network_default_value_callback-8784601835605'] for network, precommit_create {{(pid=102844) _notify_loop /usr/local/lib/python3.8/dist-packages/neutron_lib/callbacks/manager.py:175}}
Nov 29 20:09:51.849810 dv-cinder-819667-1-iscsi neutron-server[102844]: DEBUG neutron_lib.callbacks.manager [None req-c42611d4-8b66-4216-b216-67b4ba33606f admin admin] Publish callbacks ['neutron.plugins.ml2.ovo_rpc._ObjectChangeHandler.handle_event-540553', 'neutron.api.rpc.agentnotifiers.dhcp_rpc_agent_api.DhcpAgentNotifyAPI._native_event_send_dhcp_notification-645465'] for network, after_create {{(pid=102844) _notify_loop /usr/local/lib/python3.8/dist-packages/neutron_lib/callbacks/manager.py:175}}
Nov 29 20:09:51.853907 dv-cinder-819667-1-iscsi neutron-server[102844]: DEBUG neutron.pecan_wsgi.hooks.policy_enforcement [None req-c42611d4-8b66-4216-b216-67b4ba33606f admin admin] Attributes excluded by policy engine: ['standard_attr_id', 'vlan_transparent'] {{(pid=102844) _exclude_attributes_by_policy /opt/stack/neutron/neutron/pecan_wsgi/hooks/policy_enforcement.py:255}}
Nov 29 20:09:51.855722 dv-cinder-819667-1-iscsi neutron-server[102843]: DEBUG neutron.pecan_wsgi.hooks.policy_enforcement [req-a20382b5-c35c-4aa3-9191-e7e1ae267a91 req-132361aa-66a0-466f-a882-090c8d7c5228 tempest-DeleteServersTestJSON-620463626 tempest-DeleteServersTestJSON-620463626-project] Attributes excluded by policy engine: ['standard_attr_id', 'binding:profile', 'binding:host_id', 'binding:vif_type', 'binding:vif_details'] {{(pid=102843) _exclude_attributes_by_policy /opt/stack/neutron/neutron/pecan_wsgi/hooks/policy_enforcement.py:255}}
Nov 29 20:09:51.860136 dv-cinder-819667-1-iscsi neutron-server[102844]: DEBUG neutron_lib.callbacks.manager [None req-c42611d4-8b66-4216-b216-67b4ba33606f admin admin] Publish callbacks ['neutron.api.rpc.agentnotifiers.dhcp_rpc_agent_api.DhcpAgentNotifyAPI._send_dhcp_notification-645495'] for network, before_response {{(pid=102844) _notify_loop /usr/local/lib/python3.8/dist-packages/neutron_lib/callbacks/manager.py:175}}
Nov 29 20:09:51.875730 dv-cinder-819667-1-iscsi neutron-server[102843]: INFO neutron.wsgi [req-a20382b5-c35c-4aa3-9191-e7e1ae267a91 req-132361aa-66a0-466f-a882-090c8d7c5228 tempest-DeleteServersTestJSON-620463626 tempest-DeleteServersTestJSON-620463626-project] 10.222.0.66 "GET /v2.0/ports?device_id=2b0fa4c6-cb14-4434-9264-ba5187fd5c1f HTTP/1.1" status: 200 len: 944 time: 0.0787332
Nov 29 20:09:51.947927 dv-cinder-819667-1-iscsi neutron-server[102844]: DEBUG neutron.api.rpc.handlers.resources_rpc [None req-c42611d4-8b66-4216-b216-67b4ba33606f admin admin] Pushing event updated for resources: {'Network': ['ID=17cd54b4-464f-4b54-a570-7d8b3bb2a938,revision_number=1']} {{(pid=102844) push /opt/stack/neutron/neutron/api/rpc/handlers/resources_rpc.py:237}}
Nov 29 20:09:51.953083 dv-cinder-819667-1-iscsi neutron-server[102844]: INFO neutron.wsgi [None req-c42611d4-8b66-4216-b216-67b4ba33606f admin admin] 10.222.0.66 "POST /v2.0/networks HTTP/1.1" status: 201 len: 898 time: 0.6021769
Nov 29 20:09:51.956097 dv-cinder-819667-1-iscsi neutron-server[102844]: DEBUG neutron.wsgi [-] (102844) accepted ('10.222.0.66', 39466) {{(pid=102844) server /usr/local/lib/python3.8/dist-packages/eventlet/wsgi.py:1004}}
Nov 29 20:09:51.961949 dv-cinder-819667-1-iscsi neutron-server[102844]: DEBUG neutron.api.v2.base [None req-94bc7ab8-3334-4b68-a142-8d2b848a6842 admin admin] Request body: {'subnet': {'network_id': '17cd54b4-464f-4b54-a570-7d8b3bb2a938', 'cidr': '172.20.0.0/28', 'name': 'tempest-EncryptedVolumesExtendAttachedTest-1962019303-subnet', 'tenant_id': '728562bb38694d32860d7e1e97d02281', 'enable_dhcp': False, 'ip_version': 4}} {{(pid=102844) prepare_request_body /opt/stack/neutron/neutron/api/v2/base.py:729}}
Nov 29 20:09:51.965201 dv-cinder-819667-1-iscsi neutron-server[102845]: DEBUG neutron.plugins.ml2.rpc [None req-f9780e92-86a4-4b9e-aadd-b22b2e8f1f54 None None] Network 17cd54b4-464f-4b54-a570-7d8b3bb2a938 details requested by agent ovs-agent-dv-cinder-819667-1-iscsi with host dv-cinder-819667-1-iscsi {{(pid=102845) get_network_details /opt/stack/neutron/neutron/plugins/ml2/rpc.py:248}}
Nov 29 20:09:51.988806 dv-cinder-819667-1-iscsi neutron-server[102844]: DEBUG neutron.pecan_wsgi.hooks.quota_enforcement [None req-94bc7ab8-3334-4b68-a142-8d2b848a6842 admin admin] Made reservation on behalf of 728562bb38694d32860d7e1e97d02281 for: {'subnet': 1} {{(pid=102844) before /opt/stack/neutron/neutron/pecan_wsgi/hooks/quota_enforcement.py:53}}
Nov 29 20:09:51.995572 dv-cinder-819667-1-iscsi neutron-server[102844]: DEBUG neutron_lib.callbacks.manager [None req-94bc7ab8-3334-4b68-a142-8d2b848a6842 admin admin] Publish callbacks [] for subnet, before_create {{(pid=102844) _notify_loop /usr/local/lib/python3.8/dist-packages/neutron_lib/callbacks/manager.py:175}}
Nov 29 20:09:52.021259 dv-cinder-819667-1-iscsi neutron-server[102843]: INFO neutron.wsgi [req-a20382b5-c35c-4aa3-9191-e7e1ae267a91 req-30342ef5-0f1f-437b-a9a8-5ece802f41c2 tempest-DeleteServersTestJSON-620463626 tempest-DeleteServersTestJSON-620463626-project] 10.222.0.66 "GET /v2.0/security-groups?id=0b39205d-ac83-4958-9546-97b256165cea&fields=id&fields=name HTTP/1.1" status: 200 len: 286 time: 0.1450756
Nov 29 20:09:52.046991 dv-cinder-819667-1-iscsi neutron-server[102844]: INFO neutron.wsgi [req-ee659f49-6bbc-4929-9e38-c7f9935f425a req-d4f918b7-e17c-4fc0-87af-5d6fe8800c66 tempest-AttachVolumeTestJSON-1608188925 tempest-AttachVolumeTestJSON-1608188925-project] 10.222.0.66 "GET /v2.0/ports?device_id=7dce9e9f-9913-4abd-bd69-86fefd86ba8a HTTP/1.1" status: 200 len: 210 time: 0.0410917
Nov 29 20:09:52.288654 dv-cinder-819667-1-iscsi neutron-server[102844]: DEBUG neutron_lib.callbacks.manager [None req-94bc7ab8-3334-4b68-a142-8d2b848a6842 admin admin] Publish callbacks ['neutron.plugins.ml2.ovo_rpc._ObjectChangeHandler.handle_event-536057', 'neutron.api.rpc.agentnotifiers.dhcp_rpc_agent_api.DhcpAgentNotifyAPI._native_event_send_dhcp_notification-645465'] for subnet, after_create {{(pid=102844) _notify_loop /usr/local/lib/python3.8/dist-packages/neutron_lib/callbacks/manager.py:175}}
Nov 29 20:09:52.335003 dv-cinder-819667-1-iscsi neutron-server[102843]: DEBUG neutron.wsgi [-] (102843) accepted ('10.222.0.66', 39474) {{(pid=102843) server /usr/local/lib/python3.8/dist-packages/eventlet/wsgi.py:1004}}
Nov 29 20:09:52.371573 dv-cinder-819667-1-iscsi neutron-server[102844]: DEBUG neutron.api.rpc.handlers.resources_rpc [None req-94bc7ab8-3334-4b68-a142-8d2b848a6842 admin admin] Pushing event updated for resources: {'Subnet': ['ID=185f4cae-03f1-4337-9775-18008089f29a,revision_number=0']} {{(pid=102844) push /opt/stack/neutron/neutron/api/rpc/handlers/resources_rpc.py:237}}
Nov 29 20:09:52.377771 dv-cinder-819667-1-iscsi neutron-server[102844]: DEBUG neutron.plugins.ml2.drivers.mech_agent [None req-94bc7ab8-3334-4b68-a142-8d2b848a6842 admin admin] Checking segment: {'id': '8c227e33-36b1-4a82-8851-9f002e55fd60', 'network_type': 'vlan', 'physical_network': 'physnet1', 'segmentation_id': 815, 'network_id': '17cd54b4-464f-4b54-a570-7d8b3bb2a938'} for mappings: {'physnet1': 'br-data'} with network types: ['local', 'flat', 'vlan'] {{(pid=102844) check_segment_for_agent /opt/stack/neutron/neutron/plugins/ml2/drivers/mech_agent.py:371}}
Nov 29 20:09:52.378357 dv-cinder-819667-1-iscsi neutron-server[102844]: DEBUG neutron.scheduler.dhcp_agent_scheduler [None req-94bc7ab8-3334-4b68-a142-8d2b848a6842 admin admin] Network hostable DHCP agents. Network: 17cd54b4-464f-4b54-a570-7d8b3bb2a938, hostable agents: ['5175ba7e-4893-4cb5-82d3-7f354ffac855'], hosted agents: [] {{(pid=102844) _get_network_hostable_dhcp_agents /opt/stack/neutron/neutron/scheduler/dhcp_agent_scheduler.py:329}}
Nov 29 20:09:52.399709 dv-cinder-819667-1-iscsi neutron-server[102844]: DEBUG neutron.scheduler.dhcp_agent_scheduler [None req-94bc7ab8-3334-4b68-a142-8d2b848a6842 admin admin] Network 17cd54b4-464f-4b54-a570-7d8b3bb2a938 is scheduled to be hosted by DHCP agent 5175ba7e-4893-4cb5-82d3-7f354ffac855 with binding_index 1 {{(pid=102844) bind /opt/stack/neutron/neutron/scheduler/dhcp_agent_scheduler.py:227}}
Nov 29 20:09:52.410200 dv-cinder-819667-1-iscsi neutron-server[102844]: DEBUG neutron.scheduler.base_scheduler [None req-94bc7ab8-3334-4b68-a142-8d2b848a6842 admin admin] Resources bound (agent type, host, resource id): (DHCP agent, dv-cinder-819667-1-iscsi, 17cd54b4-464f-4b54-a570-7d8b3bb2a938) {{(pid=102844) schedule /opt/stack/neutron/neutron/scheduler/base_scheduler.py:57}}
Nov 29 20:09:52.417103 dv-cinder-819667-1-iscsi neutron-server[102844]: DEBUG neutron.pecan_wsgi.hooks.policy_enforcement [None req-94bc7ab8-3334-4b68-a142-8d2b848a6842 admin admin] Attributes excluded by policy engine: ['standard_attr_id', 'shared', 'network'] {{(pid=102844) _exclude_attributes_by_policy /opt/stack/neutron/neutron/pecan_wsgi/hooks/policy_enforcement.py:255}}
