Nov 29 05:58:15.884987 dv-cinder-819568-1-smb neutron-server[102465]: DEBUG neutron.plugins.ml2.plugin [None req-74f84b78-4110-4553-a9f4-78beb4f91bd4 None None] Port 26ad32e9-a42b-4a17-9b7a-b0c2e00c8a87 cannot update to ACTIVE because it is not bound. {{(pid=102465) _port_provisioned /opt/stack/neutron/neutron/plugins/ml2/plugin.py:342}}
Nov 29 05:58:15.892472 dv-cinder-819568-1-smb neutron-server[102463]: INFO neutron.wsgi [None req-de96be08-4c57-4ebc-95f6-2ad608d3db3d tempest-AttachVolumeShelveTestJSON-1352748945 tempest-AttachVolumeShelveTestJSON-1352748945-project] 10.222.0.23 "POST /v2.0/security-group-rules HTTP/1.1" status: 201 len: 764 time: 0.4057040
Nov 29 05:58:15.893216 dv-cinder-819568-1-smb neutron-server[102463]: DEBUG neutron.wsgi [-] (102463) accepted ('10.222.0.23', 39104) {{(pid=102463) server /usr/local/lib/python3.8/dist-packages/eventlet/wsgi.py:1004}}
Nov 29 05:58:15.899400 dv-cinder-819568-1-smb neutron-server[102465]: DEBUG neutron.api.rpc.handlers.resources_rpc [None req-674ae770-72a9-4e98-9836-021647ec763a None None] Pushing event updated for resources: {'Port': ['ID=6a6ab088-0ff0-4c01-bf33-36c3bef90d6f,revision_number=3']} {{(pid=102465) push /opt/stack/neutron/neutron/api/rpc/handlers/resources_rpc.py:237}}
Nov 29 05:58:15.918657 dv-cinder-819568-1-smb neutron-server[102463]: DEBUG neutron.api.v2.base [None req-58766975-f0f8-483a-bb80-1db40eadb810 tempest-AttachVolumeShelveTestJSON-1352748945 tempest-AttachVolumeShelveTestJSON-1352748945-project] Request body: {'security_group_rule': {'security_group_id': 'e942a4df-c47c-4673-b43a-33ab0fb5e538', 'protocol': 'icmp', 'ethertype': 'IPv4', 'direction': 'ingress'}} {{(pid=102463) prepare_request_body /opt/stack/neutron/neutron/api/v2/base.py:729}}
Nov 29 05:58:15.943468 dv-cinder-819568-1-smb neutron-server[102463]: DEBUG neutron.api.rpc.handlers.resources_rpc [None req-de96be08-4c57-4ebc-95f6-2ad608d3db3d tempest-AttachVolumeShelveTestJSON-1352748945 tempest-AttachVolumeShelveTestJSON-1352748945-project] Pushing event updated for resources: {'SecurityGroupRule': ['ID=9c972bfb-2f96-400a-95d5-cfe775270403,revision_number=0']} {{(pid=102463) push /opt/stack/neutron/neutron/api/rpc/handlers/resources_rpc.py:237}}
Nov 29 05:58:15.966646 dv-cinder-819568-1-smb neutron-server[102464]: DEBUG neutron.scheduler.dhcp_agent_scheduler [None req-a63f7fa3-4f7c-4347-867b-b88b48869f25 admin admin] Network 08e48fc6-d178-4622-88e2-31534f87386d is already hosted by enough agents. {{(pid=102464) _get_dhcp_agents_hosting_network /opt/stack/neutron/neutron/scheduler/dhcp_agent_scheduler.py:275}}
Nov 29 05:58:15.975059 dv-cinder-819568-1-smb neutron-server[102465]: DEBUG neutron.plugins.ml2.db [None req-621b2a38-e6ec-4d26-b6aa-5adc1284ac57 None None] For port 26ad32e9-a42b-4a17-9b7a-b0c2e00c8a87, host dv-cinder-819568-1-smb, cleared binding levels {{(pid=102465) clear_binding_levels /opt/stack/neutron/neutron/plugins/ml2/db.py:87}}
Nov 29 05:58:15.978098 dv-cinder-819568-1-smb neutron-server[102464]: DEBUG neutron.db.provisioning_blocks [req-b9102a81-be96-47aa-8da4-ea6612f94d49 req-8fe11553-829b-47d7-be36-f75d27fb17b7 service neutron] Transition to ACTIVE for port object 172ed84c-a891-4c9e-a660-929584102fe2 will not be triggered until provisioned by entity L2. {{(pid=102464) add_provisioning_component /opt/stack/neutron/neutron/db/provisioning_blocks.py:73}}
Nov 29 05:58:15.990887 dv-cinder-819568-1-smb neutron-server[102465]: DEBUG neutron.plugins.ml2.db [None req-621b2a38-e6ec-4d26-b6aa-5adc1284ac57 None None] For port 26ad32e9-a42b-4a17-9b7a-b0c2e00c8a87, host dv-cinder-819568-1-smb, set binding levels [PortBindingLevel(driver='openvswitch',host='dv-cinder-819568-1-smb',level=0,port_id=26ad32e9-a42b-4a17-9b7a-b0c2e00c8a87,segment=NetworkSegment(1559537d-5d1e-4f31-95a2-397869908ab6),segment_id=1559537d-5d1e-4f31-95a2-397869908ab6)] {{(pid=102465) set_binding_levels /opt/stack/neutron/neutron/plugins/ml2/db.py:59}}
Nov 29 05:58:15.999378 dv-cinder-819568-1-smb neutron-server[102464]: DEBUG neutron.scheduler.base_scheduler [None req-a63f7fa3-4f7c-4347-867b-b88b48869f25 admin admin] Resources bound (agent type, host, resource id): {{(pid=102464) schedule /opt/stack/neutron/neutron/scheduler/base_scheduler.py:57}}
Nov 29 05:58:16.012720 dv-cinder-819568-1-smb neutron-server[102464]: DEBUG neutron.pecan_wsgi.hooks.policy_enforcement [req-f63ec9c3-cddd-4c51-8e3c-32053d2338f4 req-140ad190-4dbd-416e-913b-f90a8cedf230 tempest-DeleteServersTestJSON-2055253188 tempest-DeleteServersTestJSON-2055253188-project] Attributes excluded by policy engine: ['standard_attr_id', 'binding:profile', 'binding:host_id', 'binding:vif_type', 'binding:vif_details'] {{(pid=102464) _exclude_attributes_by_policy /opt/stack/neutron/neutron/pecan_wsgi/hooks/policy_enforcement.py:255}}
Nov 29 05:58:16.020729 dv-cinder-819568-1-smb neutron-server[102464]: INFO neutron.wsgi [req-f63ec9c3-cddd-4c51-8e3c-32053d2338f4 req-140ad190-4dbd-416e-913b-f90a8cedf230 tempest-DeleteServersTestJSON-2055253188 tempest-DeleteServersTestJSON-2055253188-project] 10.222.0.23 "GET /v2.0/ports?device_id=02df88dc-1464-45bd-b3aa-60ec99c0dc0c HTTP/1.1" status: 200 len: 931 time: 0.6658154
Nov 29 05:58:16.029394 dv-cinder-819568-1-smb neutron-server[102463]: DEBUG neutron_lib.callbacks.manager [None req-58766975-f0f8-483a-bb80-1db40eadb810 tempest-AttachVolumeShelveTestJSON-1352748945 tempest-AttachVolumeShelveTestJSON-1352748945-project] Publish callbacks [] for security_group_rule, before_create {{(pid=102463) _notify_loop /usr/local/lib/python3.8/dist-packages/neutron_lib/callbacks/manager.py:175}}
Nov 29 05:58:16.063910 dv-cinder-819568-1-smb neutron-server[102465]: DEBUG neutron_lib.callbacks.manager [None req-621b2a38-e6ec-4d26-b6aa-5adc1284ac57 None None] Publish callbacks ['neutron.plugins.ml2.plugin.SecurityGroupServerNotifierRpcMixin._notify_sg_on_port_change-1704702', 'neutron.plugins.ml2.ovo_rpc._ObjectChangeHandler.handle_event-217050', 'neutron.api.rpc.agentnotifiers.dhcp_rpc_agent_api.DhcpAgentNotifyAPI._native_event_send_dhcp_notification-561887', 'neutron.db.l3_db.L3RpcNotifierMixin._notify_gateway_port_ip_changed-8763992855161', 'neutron.db.l3_dvrscheduler_db._notify_l3_agent_port_update-8763992385756', 'neutron.db.l3_hascheduler_db._notify_l3_agent_ha_port_update-8763992385774'] for port, after_update {{(pid=102465) _notify_loop /usr/local/lib/python3.8/dist-packages/neutron_lib/callbacks/manager.py:175}}
Nov 29 05:58:16.070120 dv-cinder-819568-1-smb neutron-server[102464]: DEBUG neutron.db.l3_dvrscheduler_db [None req-a63f7fa3-4f7c-4347-867b-b88b48869f25 admin admin] Received port after_create {{(pid=102464) _notify_l3_agent_new_port /opt/stack/neutron/neutron/db/l3_dvrscheduler_db.py:535}}
Nov 29 05:58:16.070724 dv-cinder-819568-1-smb neutron-server[102464]: DEBUG neutron_lib.callbacks.manager [None req-a63f7fa3-4f7c-4347-867b-b88b48869f25 admin admin] Publish callbacks ['neutron.services.l3_router.l3_router_plugin.DVRResourceOperationHandler._add_csnat_on_interface_create-672126'] for router_interface, before_create {{(pid=102464) _notify_loop /usr/local/lib/python3.8/dist-packages/neutron_lib/callbacks/manager.py:175}}
Nov 29 05:58:16.071221 dv-cinder-819568-1-smb neutron-server[102465]: DEBUG neutron.db.provisioning_blocks [None req-74f84b78-4110-4553-a9f4-78beb4f91bd4 None None] Provisioning complete for port 61dc50e2-971c-435d-91d4-693ae2edc45f triggered by entity DHCP. {{(pid=102465) provisioning_complete /opt/stack/neutron/neutron/db/provisioning_blocks.py:139}}
Nov 29 05:58:16.072593 dv-cinder-819568-1-smb neutron-server[102465]: DEBUG neutron_lib.callbacks.manager [None req-74f84b78-4110-4553-a9f4-78beb4f91bd4 None None] Publish callbacks ['neutron.plugins.ml2.plugin.Ml2Plugin._port_provisioned-1577170'] for port, provisioning_complete {{(pid=102465) _notify_loop /usr/local/lib/python3.8/dist-packages/neutron_lib/callbacks/manager.py:175}}
Nov 29 05:58:16.077791 dv-cinder-819568-1-smb neutron-server[102464]: DEBUG neutron_lib.callbacks.manager [req-b9102a81-be96-47aa-8da4-ea6612f94d49 req-8fe11553-829b-47d7-be36-f75d27fb17b7 service neutron] Publish callbacks ['neutron.plugins.ml2.plugin.SecurityGroupServerNotifierRpcMixin._notify_sg_on_port_change-1704702', 'neutron.plugins.ml2.ovo_rpc._ObjectChangeHandler.handle_event-217050', 'neutron.api.rpc.agentnotifiers.dhcp_rpc_agent_api.DhcpAgentNotifyAPI._native_event_send_dhcp_notification-561887', 'neutron.db.l3_db.L3RpcNotifierMixin._notify_gateway_port_ip_changed-8763992855161', 'neutron.db.l3_dvrscheduler_db._notify_l3_agent_port_update-8763992385756', 'neutron.db.l3_hascheduler_db._notify_l3_agent_ha_port_update-8763992385774'] for port, after_update {{(pid=102464) _notify_loop /usr/local/lib/python3.8/dist-packages/neutron_lib/callbacks/manager.py:175}}
Nov 29 05:58:16.234727 dv-cinder-819568-1-smb neutron-server[102466]: DEBUG neutron.db.agents_db [None req-3f9a0230-1c5b-4fa0-9d79-7a3ef1f65982 None None] Agent healthcheck: found 6 active agents {{(pid=102466) agent_health_check /opt/stack/neutron/neutron/db/agents_db.py:317}}
Nov 29 05:58:16.309709 dv-cinder-819568-1-smb neutron-server[102463]: DEBUG neutron_lib.callbacks.manager [None req-58766975-f0f8-483a-bb80-1db40eadb810 tempest-AttachVolumeShelveTestJSON-1352748945 tempest-AttachVolumeShelveTestJSON-1352748945-project] Publish callbacks [] for security_group_rule, precommit_create {{(pid=102463) _notify_loop /usr/local/lib/python3.8/dist-packages/neutron_lib/callbacks/manager.py:175}}
Nov 29 05:58:16.312338 dv-cinder-819568-1-smb neutron-server[102464]: DEBUG neutron.api.rpc.handlers.resources_rpc [None req-1fa8f0ae-6814-4155-bcaf-f072db7ef0d4 service neutron] Pushing event updated for resources: {'Port': ['ID=c100f097-bcf0-436a-8bc8-5b97d752484b,revision_number=2']} {{(pid=102464) push /opt/stack/neutron/neutron/api/rpc/handlers/resources_rpc.py:237}}
Nov 29 05:58:16.320417 dv-cinder-819568-1-smb neutron-server[102463]: DEBUG neutron_lib.callbacks.manager [None req-58766975-f0f8-483a-bb80-1db40eadb810 tempest-AttachVolumeShelveTestJSON-1352748945 tempest-AttachVolumeShelveTestJSON-1352748945-project] Publish callbacks ['neutron.plugins.ml2.ovo_rpc._ObjectChangeHandler.handle_event-610128'] for security_group_rule, after_create {{(pid=102463) _notify_loop /usr/local/lib/python3.8/dist-packages/neutron_lib/callbacks/manager.py:175}}
Nov 29 05:58:16.344442 dv-cinder-819568-1-smb neutron-server[102463]: DEBUG neutron.api.rpc.handlers.resources_rpc [None req-58766975-f0f8-483a-bb80-1db40eadb810 tempest-AttachVolumeShelveTestJSON-1352748945 tempest-AttachVolumeShelveTestJSON-1352748945-project] Pushing event updated for resources: {'SecurityGroupRule': ['ID=5d3f10cf-d3c3-46ce-a76b-16de7d986add,revision_number=0']} {{(pid=102463) push /opt/stack/neutron/neutron/api/rpc/handlers/resources_rpc.py:237}}
Nov 29 05:58:16.394542 dv-cinder-819568-1-smb neutron-server[102463]: DEBUG neutron_lib.callbacks.manager [None req-58766975-f0f8-483a-bb80-1db40eadb810 tempest-AttachVolumeShelveTestJSON-1352748945 tempest-AttachVolumeShelveTestJSON-1352748945-project] Publish callbacks [] for security_group_rule, before_response {{(pid=102463) _notify_loop /usr/local/lib/python3.8/dist-packages/neutron_lib/callbacks/manager.py:175}}
Nov 29 05:58:16.398905 dv-cinder-819568-1-smb neutron-server[102463]: INFO neutron.wsgi [None req-58766975-f0f8-483a-bb80-1db40eadb810 tempest-AttachVolumeShelveTestJSON-1352748945 tempest-AttachVolumeShelveTestJSON-1352748945-project] 10.222.0.23 "POST /v2.0/security-group-rules HTTP/1.1" status: 201 len: 769 time: 0.5026262
Nov 29 05:58:16.415276 dv-cinder-819568-1-smb neutron-server[102463]: DEBUG neutron.wsgi [-] (102463) accepted ('10.222.0.23', 39122) {{(pid=102463) server /usr/local/lib/python3.8/dist-packages/eventlet/wsgi.py:1004}}
Nov 29 05:58:16.423080 dv-cinder-819568-1-smb neutron-server[102463]: DEBUG neutron.api.v2.base [None req-c975f801-4602-4341-9a04-c61e27332056 tempest-AttachVolumeShelveTestJSON-1352748945 tempest-AttachVolumeShelveTestJSON-1352748945-project] Request body: {'floatingip': {'floating_network_id': '04fa0d18-f130-49f1-9ac7-b8980c5b48d0'}} {{(pid=102463) prepare_request_body /opt/stack/neutron/neutron/api/v2/base.py:729}}
Nov 29 05:58:16.459853 dv-cinder-819568-1-smb neutron-server[102464]: DEBUG neutron.api.rpc.handlers.resources_rpc [None req-a63f7fa3-4f7c-4347-867b-b88b48869f25 admin admin] Pushing event updated for resources: {'Port': ['ID=f1babc92-3d4e-40d0-b6f1-15b9ce0fa2ee,revision_number=1']} {{(pid=102464) push /opt/stack/neutron/neutron/api/rpc/handlers/resources_rpc.py:237}}
Nov 29 05:58:16.471798 dv-cinder-819568-1-smb neutron-server[102463]: DEBUG neutron_lib.callbacks.manager [None req-c975f801-4602-4341-9a04-c61e27332056 tempest-AttachVolumeShelveTestJSON-1352748945 tempest-AttachVolumeShelveTestJSON-1352748945-project] Publish callbacks [] for floatingip, before_create {{(pid=102463) _notify_loop /usr/local/lib/python3.8/dist-packages/neutron_lib/callbacks/manager.py:175}}
Nov 29 05:58:16.482642 dv-cinder-819568-1-smb neutron-server[102465]: DEBUG neutron.plugins.ml2.plugin [None req-74f84b78-4110-4553-a9f4-78beb4f91bd4 None None] Port 61dc50e2-971c-435d-91d4-693ae2edc45f cannot update to ACTIVE because it is not bound. {{(pid=102465) _port_provisioned /opt/stack/neutron/neutron/plugins/ml2/plugin.py:342}}
Nov 29 05:58:16.519026 dv-cinder-819568-1-smb neutron-server[102465]: DEBUG neutron.api.rpc.handlers.resources_rpc [None req-28fffdde-0828-45f1-8f7d-d698027c6394 None None] Pushing event updated for resources: {'Port': ['ID=26ad32e9-a42b-4a17-9b7a-b0c2e00c8a87,revision_number=4']} {{(pid=102465) push /opt/stack/neutron/neutron/api/rpc/handlers/resources_rpc.py:237}}
Nov 29 05:58:16.521868 dv-cinder-819568-1-smb neutron-server[102465]: DEBUG neutron.db.l3_dvrscheduler_db [None req-621b2a38-e6ec-4d26-b6aa-5adc1284ac57 None None] Routers {'193989f0-07b5-4ae0-bd66-e1e4cb0dbb7d'} bound to L3 agent in host dv-cinder-819568-1-smb {{(pid=102465) _get_router_ids_for_agent /opt/stack/neutron/neutron/db/l3_dvrscheduler_db.py:420}}
Nov 29 05:58:16.522489 dv-cinder-819568-1-smb neutron-server[102465]: DEBUG neutron.db.l3_hamode_db [None req-621b2a38-e6ec-4d26-b6aa-5adc1284ac57 None None] neutron.services.l3_router.l3_router_plugin.L3RouterPlugin method get_ha_sync_data_for_host called with arguments (, 'dv-cinder-819568-1-smb', Agent(admin_state_up=True,agent_type='L3 agent',availability_zone='nova',binary='neutron-l3-agent',configurations={"agent_mode": "legacy", "ex_gw_ports": 1, "extensions": [], "floating_ips": 0, "handle_internal_only_routers": true, "interface_driver": "openvswitch", "interfaces": 1, "log_agent_heartbeats": false, "routers": 1},created_at=2021-11-29T05:50:02Z,description=,heartbeat_timestamp=2021-11-29T05:58:02Z,host='dv-cinder-819568-1-smb',id=77593907-bd62-4af2-ae1e-dfba2c7a314f,load=0,resource_versions=,resources_synced=,started_at=2021-11-29T05:50:02Z,topic='l3_agent')) {'router_ids': ['193989f0-07b5-4ae0-bd66-e1e4cb0dbb7d'], 'active': True} {{(pid=102465) wrapper /usr/local/lib/python3.8/dist-packages/oslo_log/helpers.py:65}}
Nov 29 05:58:16.613284 dv-cinder-819568-1-smb neutron-server[102464]: DEBUG neutron.plugins.ml2.managers [req-ae11fd28-7a7a-46b7-b885-7e41de01f56c req-1fa8f0ae-6814-4155-bcaf-f072db7ef0d4 service neutron] Attempting to bind port c100f097-bcf0-436a-8bc8-5b97d752484b on host hv-cinder-81956 for vnic_type normal with profile {{(pid=102464) bind_port /opt/stack/neutron/neutron/plugins/ml2/managers.py:795}}
Nov 29 05:58:16.619256 dv-cinder-819568-1-smb neutron-server[102464]: DEBUG neutron.plugins.ml2.managers [req-ae11fd28-7a7a-46b7-b885-7e41de01f56c req-1fa8f0ae-6814-4155-bcaf-f072db7ef0d4 service neutron] Attempting to bind port c100f097-bcf0-436a-8bc8-5b97d752484b by drivers openvswitch,hyperv on host hv-cinder-81956 at level 0 using segments [{'id': '98c88f74-324a-452d-ae1b-d040bdbacb8b', 'network_type': 'vlan', 'physical_network': 'physnet1', 'segmentation_id': 561, 'network_id': '15f93b91-6cb2-4c5d-baba-6debdb0630b5'}] {{(pid=102464) _bind_port_level /opt/stack/neutron/neutron/plugins/ml2/managers.py:820}}
Nov 29 05:58:16.619661 dv-cinder-819568-1-smb neutron-server[102464]: DEBUG neutron.plugins.ml2.drivers.mech_agent [req-ae11fd28-7a7a-46b7-b885-7e41de01f56c req-1fa8f0ae-6814-4155-bcaf-f072db7ef0d4 service neutron] Attempting to bind port c100f097-bcf0-436a-8bc8-5b97d752484b on network 15f93b91-6cb2-4c5d-baba-6debdb0630b5 {{(pid=102464) bind_port /opt/stack/neutron/neutron/plugins/ml2/drivers/mech_agent.py:91}}
Nov 29 05:58:16.695754 dv-cinder-819568-1-smb neutron-server[102465]: DEBUG neutron.db.provisioning_blocks [None req-414263f7-72b4-40e5-a34f-2fc9057032e6 None None] Provisioning complete for port 7d962075-5fcb-46e8-b0ff-782a185d38c1 triggered by entity L2. {{(pid=102465) provisioning_complete /opt/stack/neutron/neutron/db/provisioning_blocks.py:139}}
Nov 29 05:58:16.697644 dv-cinder-819568-1-smb neutron-server[102465]: DEBUG neutron_lib.callbacks.manager [None req-414263f7-72b4-40e5-a34f-2fc9057032e6 None None] Publish callbacks ['neutron.plugins.ml2.plugin.Ml2Plugin._port_provisioned-1577170'] for port, provisioning_complete {{(pid=102465) _notify_loop /usr/local/lib/python3.8/dist-packages/neutron_lib/callbacks/manager.py:175}}
Nov 29 05:58:16.787764 dv-cinder-819568-1-smb neutron-server[102463]: DEBUG neutron.wsgi [-] (102463) accepted ('10.222.0.23', 39128) {{(pid=102463) server /usr/local/lib/python3.8/dist-packages/eventlet/wsgi.py:1004}}
Nov 29 05:58:16.812360 dv-cinder-819568-1-smb neutron-server[102464]: DEBUG neutron.api.rpc.handlers.resources_rpc [None req-8fe11553-829b-47d7-be36-f75d27fb17b7 service neutron] Pushing event updated for resources: {'Port': ['ID=172ed84c-a891-4c9e-a660-929584102fe2,revision_number=2']} {{(pid=102464) push /opt/stack/neutron/neutron/api/rpc/handlers/resources_rpc.py:237}}
Nov 29 05:58:16.817987 dv-cinder-819568-1-smb neutron-server[102464]: INFO neutron.wsgi [req-f63ec9c3-cddd-4c51-8e3c-32053d2338f4 req-228a09be-361c-497a-9cbc-520fa5f23ef8 tempest-DeleteServersTestJSON-2055253188 tempest-DeleteServersTestJSON-2055253188-project] 10.222.0.23 "GET /v2.0/security-groups?id=fd06e4fb-497d-45ca-918e-1eccd2db8e03&fields=id&fields=name HTTP/1.1" status: 200 len: 286 time: 0.7964950
Nov 29 05:58:16.856321 dv-cinder-819568-1-smb neutron-server[102464]: DEBUG neutron.plugins.ml2.drivers.mech_agent [req-ae11fd28-7a7a-46b7-b885-7e41de01f56c req-1fa8f0ae-6814-4155-bcaf-f072db7ef0d4 service neutron] Port c100f097-bcf0-436a-8bc8-5b97d752484b on network 15f93b91-6cb2-4c5d-baba-6debdb0630b5 not bound, no agent of type Open vSwitch agent registered on host hv-cinder-81956 {{(pid=102464) bind_port /opt/stack/neutron/neutron/plugins/ml2/drivers/mech_agent.py:103}}
Nov 29 05:58:16.858425 dv-cinder-819568-1-smb neutron-server[102464]: DEBUG neutron.plugins.ml2.drivers.mech_agent [req-ae11fd28-7a7a-46b7-b885-7e41de01f56c req-1fa8f0ae-6814-4155-bcaf-f072db7ef0d4 service neutron] Attempting to bind port c100f097-bcf0-436a-8bc8-5b97d752484b on network 15f93b91-6cb2-4c5d-baba-6debdb0630b5 {{(pid=102464) bind_port /opt/stack/neutron/neutron/plugins/ml2/drivers/mech_agent.py:91}}
Nov 29 05:58:17.019753 dv-cinder-819568-1-smb neutron-server[102465]: DEBUG neutron.db.provisioning_blocks [None req-5f5c4921-8d7c-4682-86f4-691210983880 None None] Provisioning complete for port 26ad32e9-a42b-4a17-9b7a-b0c2e00c8a87 triggered by entity DHCP. {{(pid=102465) provisioning_complete /opt/stack/neutron/neutron/db/provisioning_blocks.py:139}}
Nov 29 05:58:17.025418 dv-cinder-819568-1-smb neutron-server[102465]: DEBUG neutron_lib.callbacks.manager [None req-5f5c4921-8d7c-4682-86f4-691210983880 None None] Publish callbacks ['neutron.plugins.ml2.plugin.Ml2Plugin._port_provisioned-1577170'] for port, provisioning_complete {{(pid=102465) _notify_loop /usr/local/lib/python3.8/dist-packages/neutron_lib/callbacks/manager.py:175}}
Nov 29 05:58:17.116070 dv-cinder-819568-1-smb neutron-server[102463]: DEBUG neutron_lib.callbacks.manager [None req-c975f801-4602-4341-9a04-c61e27332056 tempest-AttachVolumeShelveTestJSON-1352748945 tempest-AttachVolumeShelveTestJSON-1352748945-project] Publish callbacks ['neutron.plugins.ml2.plugin.SecurityGroupDbMixin._ensure_default_security_group_handler-1704511'] for port, before_create {{(pid=102463) _notify_loop /usr/local/lib/python3.8/dist-packages/neutron_lib/callbacks/manager.py:175}}
Nov 29 05:58:17.165012 dv-cinder-819568-1-smb neutron-server[102465]: DEBUG neutron.db.l3_dvr_db [None req-621b2a38-e6ec-4d26-b6aa-5adc1284ac57 None None] Set router 193989f0-07b5-4ae0-bd66-e1e4cb0dbb7d gateway port host: dv-cinder-819568-1-smb {{(pid=102465) _build_routers_list /opt/stack/neutron/neutron/db/l3_dvr_db.py:906}}
Nov 29 05:58:17.259869 dv-cinder-819568-1-smb neutron-server[102463]: DEBUG neutron.db.db_base_plugin_common [None req-c975f801-4602-4341-9a04-c61e27332056 tempest-AttachVolumeShelveTestJSON-1352748945 tempest-AttachVolumeShelveTestJSON-1352748945-project] Allocated IP 172.28.3.220 (04fa0d18-f130-49f1-9ac7-b8980c5b48d0/d3a78322-111a-4d25-8c07-90b3ba34e48a/faf27106-2903-4889-8089-d46203236409) {{(pid=102463) _store_ip_allocation /opt/stack/neutron/neutron/db/db_base_plugin_common.py:131}}
Nov 29 05:58:17.313086 dv-cinder-819568-1-smb neutron-server[102464]: DEBUG neutron.plugins.ml2.managers [req-b9102a81-be96-47aa-8da4-ea6612f94d49 req-8fe11553-829b-47d7-be36-f75d27fb17b7 service neutron] Attempting to bind port 172ed84c-a891-4c9e-a660-929584102fe2 on host hv-cinder-81956 for vnic_type normal with profile {{(pid=102464) bind_port /opt/stack/neutron/neutron/plugins/ml2/managers.py:795}}
Nov 29 05:58:17.313947 dv-cinder-819568-1-smb neutron-server[102464]: DEBUG neutron.plugins.ml2.managers [req-b9102a81-be96-47aa-8da4-ea6612f94d49 req-8fe11553-829b-47d7-be36-f75d27fb17b7 service neutron] Attempting to bind port 172ed84c-a891-4c9e-a660-929584102fe2 by drivers openvswitch,hyperv on host hv-cinder-81956 at level 0 using segments [{'id': '65d7e035-d5eb-43de-a7eb-f23c7926a8a9', 'network_type': 'vlan', 'physical_network': 'physnet1', 'segmentation_id': 586, 'network_id': '884df445-87e8-467b-8faf-e004b4ecdb6c'}] {{(pid=102464) _bind_port_level /opt/stack/neutron/neutron/plugins/ml2/managers.py:820}}
Nov 29 05:58:17.315210 dv-cinder-819568-1-smb neutron-server[102464]: DEBUG neutron.plugins.ml2.drivers.mech_agent [req-b9102a81-be96-47aa-8da4-ea6612f94d49 req-8fe11553-829b-47d7-be36-f75d27fb17b7 service neutron] Attempting to bind port 172ed84c-a891-4c9e-a660-929584102fe2 on network 884df445-87e8-467b-8faf-e004b4ecdb6c {{(pid=102464) bind_port /opt/stack/neutron/neutron/plugins/ml2/drivers/mech_agent.py:91}}
Nov 29 05:58:17.329105 dv-cinder-819568-1-smb neutron-server[102464]: DEBUG neutron.wsgi [-] (102464) accepted ('10.222.0.23', 39140) {{(pid=102464) server /usr/local/lib/python3.8/dist-packages/eventlet/wsgi.py:1004}}
Nov 29 05:58:17.356566 dv-cinder-819568-1-smb neutron-server[102464]: DEBUG neutron.api.v2.base [None req-d5c589ff-82b4-4cd8-b682-15d9b08d16c0 tempest-AttachVolumeTestJSON-1402121010 tempest-AttachVolumeTestJSON-1402121010-project] Request body: {'security_group': {'name': 'tempest-securitygroup--1630417707', 'description': 'tempest-description--1104094919'}} {{(pid=102464) prepare_request_body /opt/stack/neutron/neutron/api/v2/base.py:729}}
Nov 29 05:58:17.378827 dv-cinder-819568-1-smb neutron-server[102463]: DEBUG neutron_lib.callbacks.manager [None req-c975f801-4602-4341-9a04-c61e27332056 tempest-AttachVolumeShelveTestJSON-1352748945 tempest-AttachVolumeShelveTestJSON-1352748945-project] Publish callbacks [] for port, precommit_create {{(pid=102463) _notify_loop /usr/local/lib/python3.8/dist-packages/neutron_lib/callbacks/manager.py:175}}
Nov 29 05:58:17.459128 dv-cinder-819568-1-smb neutron-server[102463]: DEBUG neutron_lib.callbacks.manager [None req-c975f801-4602-4341-9a04-c61e27332056 tempest-AttachVolumeShelveTestJSON-1352748945 tempest-AttachVolumeShelveTestJSON-1352748945-project] Publish callbacks ['neutron.plugins.ml2.plugin.SecurityGroupServerNotifierRpcMixin._notify_sg_on_port_change-1704702', 'neutron.plugins.ml2.ovo_rpc._ObjectChangeHandler.handle_event-217050', 'neutron.api.rpc.agentnotifiers.dhcp_rpc_agent_api.DhcpAgentNotifyAPI._native_event_send_dhcp_notification-561887', 'neutron.db.l3_dvrscheduler_db._notify_l3_agent_new_port-8763992385738'] for port, after_create {{(pid=102463) _notify_loop /usr/local/lib/python3.8/dist-packages/neutron_lib/callbacks/manager.py:175}}
Nov 29 05:58:17.463730 dv-cinder-819568-1-smb neutron-server[102463]: DEBUG neutron_lib.callbacks.manager [None req-31adea0f-01ba-4098-b233-b2b161978178 admin admin] Publish callbacks [] for security_group, before_create {{(pid=102463) _notify_loop /usr/local/lib/python3.8/dist-packages/neutron_lib/callbacks/manager.py:175}}
Nov 29 05:58:17.465435 dv-cinder-819568-1-smb neutron-server[102464]: DEBUG neutron.plugins.ml2.drivers.mech_agent [req-ae11fd28-7a7a-46b7-b885-7e41de01f56c req-1fa8f0ae-6814-4155-bcaf-f072db7ef0d4 service neutron] Checking agent: {'id': '4d68e379-f236-4147-8f9b-3367fd5a2c67', 'agent_type': 'HyperV agent', 'binary': 'neutron-hyperv-agent', 'topic': 'N/A', 'host': 'hv-cinder-81956', 'admin_state_up': True, 'created_at': datetime.datetime(2021, 11, 29, 5, 55, 59), 'started_at': datetime.datetime(2021, 11, 29, 5, 55, 59), 'heartbeat_timestamp': datetime.datetime(2021, 11, 29, 5, 57, 59), 'description': None, 'resources_synced': None, 'availability_zone': None, 'alive': True, 'configurations': {'vswitch_mappings': {'physnet1$': 'br-data'}}, 'resource_versions': {}} {{(pid=102464) bind_port /opt/stack/neutron/neutron/plugins/ml2/drivers/mech_agent.py:110}}
Nov 29 05:58:17.465730 dv-cinder-819568-1-smb neutron-server[102464]: DEBUG neutron.plugins.ml2.drivers.mech_agent [req-ae11fd28-7a7a-46b7-b885-7e41de01f56c req-1fa8f0ae-6814-4155-bcaf-f072db7ef0d4 service neutron] Checking segment: {'id': '98c88f74-324a-452d-ae1b-d040bdbacb8b', 'network_type': 'vlan', 'physical_network': 'physnet1', 'segmentation_id': 561, 'network_id': '15f93b91-6cb2-4c5d-baba-6debdb0630b5'} for mappings: {'physnet1$': 'br-data'} with network types: ['local', 'flat', 'vlan'] {{(pid=102464) check_segment_for_agent /opt/stack/neutron/neutron/plugins/ml2/drivers/mech_agent.py:371}}
Nov 29 05:58:17.467928 dv-cinder-819568-1-smb neutron-server[102464]: DEBUG neutron.plugins.ml2.drivers.mech_agent [req-ae11fd28-7a7a-46b7-b885-7e41de01f56c req-1fa8f0ae-6814-4155-bcaf-f072db7ef0d4 service neutron] Bound using segment: {'id': '98c88f74-324a-452d-ae1b-d040bdbacb8b', 'network_type': 'vlan', 'physical_network': 'physnet1', 'segmentation_id': 561, 'network_id': '15f93b91-6cb2-4c5d-baba-6debdb0630b5'} {{(pid=102464) bind_port /opt/stack/neutron/neutron/plugins/ml2/drivers/mech_agent.py:120}}
Nov 29 05:58:17.468405 dv-cinder-819568-1-smb neutron-server[102464]: DEBUG neutron.plugins.ml2.managers [req-ae11fd28-7a7a-46b7-b885-7e41de01f56c req-1fa8f0ae-6814-4155-bcaf-f072db7ef0d4 service neutron] Bound port: c100f097-bcf0-436a-8bc8-5b97d752484b, host: hv-cinder-81956, vif_type: hyperv, vif_details: {"connectivity": "legacy", "port_filter": false}, binding_levels: [{'bound_driver': 'hyperv', 'bound_segment': {'id': '98c88f74-324a-452d-ae1b-d040bdbacb8b', 'network_type': 'vlan', 'physical_network': 'physnet1', 'segmentation_id': 561, 'network_id': '15f93b91-6cb2-4c5d-baba-6debdb0630b5'}}] {{(pid=102464) _bind_port_level /opt/stack/neutron/neutron/plugins/ml2/managers.py:932}}
Nov 29 05:58:17.468764 dv-cinder-819568-1-smb neutron-server[102464]: DEBUG neutron_lib.callbacks.manager [req-ae11fd28-7a7a-46b7-b885-7e41de01f56c req-1fa8f0ae-6814-4155-bcaf-f072db7ef0d4 service neutron] Publish callbacks ['neutron.plugins.ml2.plugin.SecurityGroupDbMixin._ensure_default_security_group_handler-1704511'] for port, before_update {{(pid=102464) _notify_loop /usr/local/lib/python3.8/dist-packages/neutron_lib/callbacks/manager.py:175}}
Nov 29 05:58:17.470703 dv-cinder-819568-1-smb neutron-server[102464]: DEBUG neutron_lib.callbacks.manager [None req-a63f7fa3-4f7c-4347-867b-b88b48869f25 admin admin] Publish callbacks ['neutron.plugins.ml2.plugin.SecurityGroupDbMixin._ensure_default_security_group_handler-1704511'] for port, before_update {{(pid=102464) _notify_loop /usr/local/lib/python3.8/dist-packages/neutron_lib/callbacks/manager.py:175}}
Nov 29 05:58:17.492741 dv-cinder-819568-1-smb neutron-server[102464]: DEBUG neutron.plugins.ml2.drivers.mech_agent [req-b9102a81-be96-47aa-8da4-ea6612f94d49 req-8fe11553-829b-47d7-be36-f75d27fb17b7 service neutron] Port 172ed84c-a891-4c9e-a660-929584102fe2 on network 884df445-87e8-467b-8faf-e004b4ecdb6c not bound, no agent of type Open vSwitch agent registered on host hv-cinder-81956 {{(pid=102464) bind_port /opt/stack/neutron/neutron/plugins/ml2/drivers/mech_agent.py:103}}
Nov 29 05:58:17.493098 dv-cinder-819568-1-smb neutron-server[102464]: DEBUG neutron.plugins.ml2.drivers.mech_agent [req-b9102a81-be96-47aa-8da4-ea6612f94d49 req-8fe11553-829b-47d7-be36-f75d27fb17b7 service neutron] Attempting to bind port 172ed84c-a891-4c9e-a660-929584102fe2 on network 884df445-87e8-467b-8faf-e004b4ecdb6c {{(pid=102464) bind_port /opt/stack/neutron/neutron/plugins/ml2/drivers/mech_agent.py:91}}
Nov 29 05:58:17.562849 dv-cinder-819568-1-smb neutron-server[102464]: DEBUG neutron.plugins.ml2.drivers.mech_agent [req-b9102a81-be96-47aa-8da4-ea6612f94d49 req-8fe11553-829b-47d7-be36-f75d27fb17b7 service neutron] Checking agent: {'id': '4d68e379-f236-4147-8f9b-3367fd5a2c67', 'agent_type': 'HyperV agent', 'binary': 'neutron-hyperv-agent', 'topic': 'N/A', 'host': 'hv-cinder-81956', 'admin_state_up': True, 'created_at': datetime.datetime(2021, 11, 29, 5, 55, 59), 'started_at': datetime.datetime(2021, 11, 29, 5, 55, 59), 'heartbeat_timestamp': datetime.datetime(2021, 11, 29, 5, 57, 59), 'description': None, 'resources_synced': None, 'availability_zone': None, 'alive': True, 'configurations': {'vswitch_mappings': {'physnet1$': 'br-data'}}, 'resource_versions': {}} {{(pid=102464) bind_port /opt/stack/neutron/neutron/plugins/ml2/drivers/mech_agent.py:110}}
Nov 29 05:58:17.563079 dv-cinder-819568-1-smb neutron-server[102464]: DEBUG neutron.plugins.ml2.drivers.mech_agent [req-b9102a81-be96-47aa-8da4-ea6612f94d49 req-8fe11553-829b-47d7-be36-f75d27fb17b7 service neutron] Checking segment: {'id': '65d7e035-d5eb-43de-a7eb-f23c7926a8a9', 'network_type': 'vlan', 'physical_network': 'physnet1', 'segmentation_id': 586, 'network_id': '884df445-87e8-467b-8faf-e004b4ecdb6c'} for mappings: {'physnet1$': 'br-data'} with network types: ['local', 'flat', 'vlan'] {{(pid=102464) check_segment_for_agent /opt/stack/neutron/neutron/plugins/ml2/drivers/mech_agent.py:371}}
Nov 29 05:58:17.563520 dv-cinder-819568-1-smb neutron-server[102464]: DEBUG neutron.plugins.ml2.drivers.mech_agent [req-b9102a81-be96-47aa-8da4-ea6612f94d49 req-8fe11553-829b-47d7-be36-f75d27fb17b7 service neutron] Bound using segment: {'id': '65d7e035-d5eb-43de-a7eb-f23c7926a8a9', 'network_type': 'vlan', 'physical_network': 'physnet1', 'segmentation_id': 586, 'network_id': '884df445-87e8-467b-8faf-e004b4ecdb6c'} {{(pid=102464) bind_port /opt/stack/neutron/neutron/plugins/ml2/drivers/mech_agent.py:120}}
Nov 29 05:58:17.570196 dv-cinder-819568-1-smb neutron-server[102464]: DEBUG neutron.plugins.ml2.managers [req-b9102a81-be96-47aa-8da4-ea6612f94d49 req-8fe11553-829b-47d7-be36-f75d27fb17b7 service neutron] Bound port: 172ed84c-a891-4c9e-a660-929584102fe2, host: hv-cinder-81956, vif_type: hyperv, vif_details: {"connectivity": "legacy", "port_filter": false}, binding_levels: [{'bound_driver': 'hyperv', 'bound_segment': {'id': '65d7e035-d5eb-43de-a7eb-f23c7926a8a9', 'network_type': 'vlan', 'physical_network': 'physnet1', 'segmentation_id': 586, 'network_id': '884df445-87e8-467b-8faf-e004b4ecdb6c'}}] {{(pid=102464) _bind_port_level /opt/stack/neutron/neutron/plugins/ml2/managers.py:932}}
Nov 29 05:58:17.570578 dv-cinder-819568-1-smb neutron-server[102464]: DEBUG neutron_lib.callbacks.manager [req-b9102a81-be96-47aa-8da4-ea6612f94d49 req-8fe11553-829b-47d7-be36-f75d27fb17b7 service neutron] Publish callbacks ['neutron.plugins.ml2.plugin.SecurityGroupDbMixin._ensure_default_security_group_handler-1704511'] for port, before_update {{(pid=102464) _notify_loop /usr/local/lib/python3.8/dist-packages/neutron_lib/callbacks/manager.py:175}}
Nov 29 05:58:17.599354 dv-cinder-819568-1-smb neutron-server[102463]: DEBUG neutron.scheduler.dhcp_agent_scheduler [None req-c975f801-4602-4341-9a04-c61e27332056 tempest-AttachVolumeShelveTestJSON-1352748945 tempest-AttachVolumeShelveTestJSON-1352748945-project] Network 04fa0d18-f130-49f1-9ac7-b8980c5b48d0 is already hosted by enough agents. {{(pid=102463) _get_dhcp_agents_hosting_network /opt/stack/neutron/neutron/scheduler/dhcp_agent_scheduler.py:275}}
Nov 29 05:58:17.605141 dv-cinder-819568-1-smb neutron-server[102465]: DEBUG neutron.db.l3_hamode_db [None req-59ef0bf3-edde-49f0-b2e6-22d33a42d4a5 None None] neutron.services.l3_router.l3_router_plugin.L3RouterPlugin method _process_sync_ha_data called with arguments (, [{'id': '0912bde1-2c2e-433a-bf44-8d3635be48ea', 'name': 'tempest-AttachVolumeTestJSON-915075495-router', 'tenant_id': '75f613cbc4314af984a04ec5515a189c', 'admin_state_up': True, 'status': 'ACTIVE', 'external_gateway_info': {'network_id': '04fa0d18-f130-49f1-9ac7-b8980c5b48d0', 'external_fixed_ips': [{'subnet_id': 'd3a78322-111a-4d25-8c07-90b3ba34e48a', 'ip_address': '172.28.3.245'}], 'enable_snat': True}, 'gw_port_id': '6a6ab088-0ff0-4c01-bf33-36c3bef90d6f', 'description': '', 'availability_zones': ['nova'], 'distributed': False, 'ha': False, 'ha_vr_id': 0, 'availability_zone_hints': [], 'routes': [], 'flavor_id': None, 'tags': [], 'created_at': '2021-11-29T05:58:01Z', 'updated_at': '2021-11-29T05:58:13Z', 'revision_number': 4, 'project_id': '75f613cbc4314af984a04ec5515a189c', 'gw_port': {'id': '6a6ab088-0ff0-4c01-bf33-36c3bef90d6f', 'name': '', 'network_id': '04fa0d18-f130-49f1-9ac7-b8980c5b48d0', 'tenant_id': '', 'mac_address': 'fa:16:3e:3b:33:02', 'admin_state_up': True, 'status': 'DOWN', 'device_id': '0912bde1-2c2e-433a-bf44-8d3635be48ea', 'device_owner': 'network:router_gateway', 'standard_attr_id': 93, 'fixed_ips': [{'subnet_id': 'd3a78322-111a-4d25-8c07-90b3ba34e48a', 'ip_address': '172.28.3.245', 'prefixlen': 24}], 'allowed_address_pairs': [], 'extra_dhcp_opts': [], 'security_groups': [], 'description': '', 'binding:vnic_type': 'normal', 'binding:profile': {}, 'binding:host_id': 'dv-cinder-819568-1-smb', 'binding:vif_type': 'ovs', 'binding:vif_details': {'connectivity': 'l2', 'port_filter': True, 'ovs_hybrid_plug': False, 'datapath_type': 'system', 'bridge_name': 'br-int'}, 'port_security_enabled': False, 'tags': [], 'created_at': '2021-11-29T05:58:03Z', 'updated_at': '2021-11-29T05:58:14Z', 'revision_number': 3, 'project_id': '', 'subnets': [{'id': 'd3a78322-111a-4d25-8c07-90b3ba34e48a', 'cidr': '172.28.3.0/24', 'gateway_ip': '172.28.3.1', 'dns_nameservers': [], 'ipv6_ra_mode': None, 'subnetpool_id': None}], 'extra_subnets': [], 'address_scopes': {4: None, 6: None}, 'mtu': 1500}, 'enable_snat': True, 'gw_port_host': 'dv-cinder-819568-1-smb', '_interfaces': [{'id': '61dc50e2-971c-435d-91d4-693ae2edc45f', 'name': '', 'network_id': 'f5d2beac-9c33-4cae-ab75-9841d4674f22', 'tenant_id': '75f613cbc4314af984a04ec5515a189c', 'mac_address': 'fa:16:3e:e1:9d:92', 'admin_state_up': True, 'status': 'DOWN', 'device_id': '0912bde1-2c2e-433a-bf44-8d3635be48ea', 'device_owner': 'network:router_interface', 'standard_attr_id': 102, 'fixed_ips': [{'subnet_id': '58353ebd-5c79-4482-8fcb-a550f607dbba', 'ip_address': '172.20.0.1', 'prefixlen': 28}], 'allowed_address_pairs': [], 'extra_dhcp_opts': [], 'security_groups': [], 'description': '', 'binding:vnic_type': 'normal', 'binding:profile': {}, 'binding:host_id': '', 'binding:vif_type': 'unbound', 'binding:vif_details': {}, 'port_security_enabled': False, 'tags': [], 'created_at': '2021-11-29T05:58:11Z', 'updated_at': '2021-11-29T05:58:13Z', 'revision_number': 2, 'project_id': '75f613cbc4314af984a04ec5515a189c', 'subnets': [{'id': '58353ebd-5c79-4482-8fcb-a550f607dbba', 'cidr': '172.20.0.0/28', 'gateway_ip': '172.20.0.1', 'dns_nameservers': [], 'ipv6_ra_mode': None, 'subnetpool_id': None}], 'extra_subnets': [], 'address_scopes': {4: None, 6: None}, 'mtu': 1500}]}], 'dv-cinder-819568-1-smb', False) {} {{(pid=102465) wrapper /usr/local/lib/python3.8/dist-packages/oslo_log/helpers.py:65}}
Nov 29 05:58:17.617795 dv-cinder-819568-1-smb neutron-server[102463]: DEBUG neutron.scheduler.base_scheduler [None req-c975f801-4602-4341-9a04-c61e27332056 tempest-AttachVolumeShelveTestJSON-1352748945 tempest-AttachVolumeShelveTestJSON-1352748945-project] Resources bound (agent type, host, resource id): {{(pid=102463) schedule /opt/stack/neutron/neutron/scheduler/base_scheduler.py:57}}
Nov 29 05:58:17.625089 dv-cinder-819568-1-smb neutron-server[102463]: DEBUG neutron.db.l3_dvrscheduler_db [None req-c975f801-4602-4341-9a04-c61e27332056 tempest-AttachVolumeShelveTestJSON-1352748945 tempest-AttachVolumeShelveTestJSON-1352748945-project] Received port after_create {{(pid=102463) _notify_l3_agent_new_port /opt/stack/neutron/neutron/db/l3_dvrscheduler_db.py:535}}
Nov 29 05:58:17.684583 dv-cinder-819568-1-smb neutron-server[102465]: DEBUG neutron_lib.callbacks.manager [None req-414263f7-72b4-40e5-a34f-2fc9057032e6 None None] Publish callbacks ['neutron.plugins.ml2.plugin.SecurityGroupDbMixin._ensure_default_security_group_handler-1704511'] for port, before_update {{(pid=102465) _notify_loop /usr/local/lib/python3.8/dist-packages/neutron_lib/callbacks/manager.py:175}}
Nov 29 05:58:17.712063 dv-cinder-819568-1-smb neutron-server[102465]: DEBUG neutron.api.rpc.handlers.l3_rpc [None req-59ef0bf3-edde-49f0-b2e6-22d33a42d4a5 None None] The sync data for ids ['0912bde1-2c2e-433a-bf44-8d3635be48ea'] in dv-cinder-819568-1-smb is: [{'id': '0912bde1-2c2e-433a-bf44-8d3635be48ea', 'name': 'tempest-AttachVolumeTestJSON-915075495-router', 'tenant_id': '75f613cbc4314af984a04ec5515a189c', 'admin_state_up': True, 'status': 'ACTIVE', 'external_gateway_info': {'network_id': '04fa0d18-f130-49f1-9ac7-b8980c5b48d0', 'external_fixed_ips': [{'subnet_id': 'd3a78322-111a-4d25-8c07-90b3ba34e48a', 'ip_address': '172.28.3.245'}], 'enable_snat': True}, 'gw_port_id': '6a6ab088-0ff0-4c01-bf33-36c3bef90d6f', 'description': '', 'availability_zones': ['nova'], 'distributed': False, 'ha': False, 'ha_vr_id': 0, 'availability_zone_hints': [], 'routes': [], 'flavor_id': None, 'tags': [], 'created_at': '2021-11-29T05:58:01Z', 'updated_at': '2021-11-29T05:58:13Z', 'revision_number': 4, 'project_id': '75f613cbc4314af984a04ec5515a189c', 'gw_port': {'id': '6a6ab088-0ff0-4c01-bf33-36c3bef90d6f', 'name': '', 'network_id': '04fa0d18-f130-49f1-9ac7-b8980c5b48d0', 'tenant_id': '', 'mac_address': 'fa:16:3e:3b:33:02', 'admin_state_up': True, 'status': 'DOWN', 'device_id': '0912bde1-2c2e-433a-bf44-8d3635be48ea', 'device_owner': 'network:router_gateway', 'standard_attr_id': 93, 'fixed_ips': [{'subnet_id': 'd3a78322-111a-4d25-8c07-90b3ba34e48a', 'ip_address': '172.28.3.245', 'prefixlen': 24}], 'allowed_address_pairs': [], 'extra_dhcp_opts': [], 'security_groups': [], 'description': '', 'binding:vnic_type': 'normal', 'binding:profile': {}, 'binding:host_id': 'dv-cinder-819568-1-smb', 'binding:vif_type': 'ovs', 'binding:vif_details': {'connectivity': 'l2', 'port_filter': True, 'ovs_hybrid_plug': False, 'datapath_type': 'system', 'bridge_name': 'br-int'}, 'port_security_enabled': False, 'tags': [], 'created_at': '2021-11-29T05:58:03Z', 'updated_at': '2021-11-29T05:58:14Z', 'revision_number': 3, 'project_id': '', 'subnets': [{'id': 'd3a78322-111a-4d25-8c07-90b3ba34e48a', 'cidr': '172.28.3.0/24', 'gateway_ip': '172.28.3.1', 'dns_nameservers': [], 'ipv6_ra_mode': None, 'subnetpool_id': None}], 'extra_subnets': [], 'address_scopes': {4: None, 6: None}, 'mtu': 1500}, 'enable_snat': True, 'gw_port_host': 'dv-cinder-819568-1-smb', '_interfaces': [{'id': '61dc50e2-971c-435d-91d4-693ae2edc45f', 'name': '', 'network_id': 'f5d2beac-9c33-4cae-ab75-9841d4674f22', 'tenant_id': '75f613cbc4314af984a04ec5515a189c', 'mac_address': 'fa:16:3e:e1:9d:92', 'admin_state_up': True, 'status': 'DOWN', 'device_id': '0912bde1-2c2e-433a-bf44-8d3635be48ea', 'device_owner': 'network:router_interface', 'standard_attr_id': 102, 'fixed_ips': [{'subnet_id': '58353ebd-5c79-4482-8fcb-a550f607dbba', 'ip_address': '172.20.0.1', 'prefixlen': 28}], 'allowed_address_pairs': [], 'extra_dhcp_opts': [], 'security_groups': [], 'description': '', 'binding:vnic_type': 'normal', 'binding:profile': {}, 'binding:host_id': '', 'binding:vif_type': 'unbound', 'binding:vif_details': {}, 'port_security_enabled': False, 'tags': [], 'created_at': '2021-11-29T05:58:11Z', 'updated_at': '2021-11-29T05:58:13Z', 'revision_number': 2, 'project_id': '75f613cbc4314af984a04ec5515a189c', 'subnets': [{'id': '58353ebd-5c79-4482-8fcb-a550f607dbba', 'cidr': '172.20.0.0/28', 'gateway_ip': '172.20.0.1', 'dns_nameservers': [], 'ipv6_ra_mode': None, 'subnetpool_id': None}], 'extra_subnets': [], 'address_scopes': {4: None, 6: None}, 'mtu': 1500}]}] {{(pid=102465) sync_routers /opt/stack/neutron/neutron/api/rpc/handlers/l3_rpc.py:137}}
Nov 29 05:58:17.720334 dv-cinder-819568-1-smb neutron-server[102463]: DEBUG neutron.api.rpc.handlers.resources_rpc [None req-c975f801-4602-4341-9a04-c61e27332056 tempest-AttachVolumeShelveTestJSON-1352748945 tempest-AttachVolumeShelveTestJSON-1352748945-project] Pushing event updated for resources: {'Port': ['ID=faf27106-2903-4889-8089-d46203236409,revision_number=1']} {{(pid=102463) push /opt/stack/neutron/neutron/api/rpc/handlers/resources_rpc.py:237}}
Nov 29 05:58:17.802297 dv-cinder-819568-1-smb neutron-server[102464]: DEBUG neutron_lib.callbacks.manager [None req-d5c589ff-82b4-4cd8-b682-15d9b08d16c0 tempest-AttachVolumeTestJSON-1402121010 tempest-AttachVolumeTestJSON-1402121010-project] Publish callbacks [] for security_group, before_create {{(pid=102464) _notify_loop /usr/local/lib/python3.8/dist-packages/neutron_lib/callbacks/manager.py:175}}
Nov 29 05:58:17.937298 dv-cinder-819568-1-smb neutron-server[102463]: DEBUG neutron_lib.callbacks.manager [None req-c975f801-4602-4341-9a04-c61e27332056 tempest-AttachVolumeShelveTestJSON-1352748945 tempest-AttachVolumeShelveTestJSON-1352748945-project] Publish callbacks [] for floatingip, precommit_create {{(pid=102463) _notify_loop /usr/local/lib/python3.8/dist-packages/neutron_lib/callbacks/manager.py:175}}
Nov 29 05:58:17.971763 dv-cinder-819568-1-smb neutron-server[102464]: DEBUG neutron.pecan_wsgi.hooks.policy_enforcement [req-09748c9d-c05b-4b90-af65-94a444669973 req-7550428f-d60f-4a22-b33e-46318e265972 tempest-AttachVolumeNegativeTest-1969523941 tempest-AttachVolumeNegativeTest-1969523941-project] Attributes excluded by policy engine: ['standard_attr_id', 'binding:profile', 'binding:host_id', 'binding:vif_type', 'binding:vif_details'] {{(pid=102464) _exclude_attributes_by_policy /opt/stack/neutron/neutron/pecan_wsgi/hooks/policy_enforcement.py:255}}
Nov 29 05:58:17.981659 dv-cinder-819568-1-smb neutron-server[102464]: INFO neutron.wsgi [req-09748c9d-c05b-4b90-af65-94a444669973 req-7550428f-d60f-4a22-b33e-46318e265972 tempest-AttachVolumeNegativeTest-1969523941 tempest-AttachVolumeNegativeTest-1969523941-project] 10.222.0.23 "GET /v2.0/ports?device_id=88920984-6e1d-4478-abee-5c6761f89542 HTTP/1.1" status: 200 len: 943 time: 0.6533015
Nov 29 05:58:17.989771 dv-cinder-819568-1-smb neutron-server[102465]: DEBUG neutron.plugins.ml2.db [None req-414263f7-72b4-40e5-a34f-2fc9057032e6 None None] For port 7d962075-5fcb-46e8-b0ff-782a185d38c1, host dv-cinder-819568-1-smb, got binding levels [PortBindingLevel(driver='openvswitch',host='dv-cinder-819568-1-smb',level=0,port_id=7d962075-5fcb-46e8-b0ff-782a185d38c1,segment=NetworkSegment(823ecb53-167a-4fb2-ba13-297b3182cc3a),segment_id=823ecb53-167a-4fb2-ba13-297b3182cc3a)] {{(pid=102465) get_binding_level_objs /opt/stack/neutron/neutron/plugins/ml2/db.py:74}}
Nov 29 05:58:18.027951 dv-cinder-819568-1-smb neutron-server[102464]: DEBUG neutron.plugins.ml2.db [req-ae11fd28-7a7a-46b7-b885-7e41de01f56c req-1fa8f0ae-6814-4155-bcaf-f072db7ef0d4 service neutron] For port c100f097-bcf0-436a-8bc8-5b97d752484b, host hv-cinder-81956, cleared binding levels {{(pid=102464) clear_binding_levels /opt/stack/neutron/neutron/plugins/ml2/db.py:87}}
Nov 29 05:58:18.032593 dv-cinder-819568-1-smb neutron-server[102464]: DEBUG neutron.plugins.ml2.db [req-ae11fd28-7a7a-46b7-b885-7e41de01f56c req-1fa8f0ae-6814-4155-bcaf-f072db7ef0d4 service neutron] For port c100f097-bcf0-436a-8bc8-5b97d752484b, host hv-cinder-81956, set binding levels [PortBindingLevel(driver='hyperv',host='hv-cinder-81956',level=0,port_id=c100f097-bcf0-436a-8bc8-5b97d752484b,segment=NetworkSegment(98c88f74-324a-452d-ae1b-d040bdbacb8b),segment_id=98c88f74-324a-452d-ae1b-d040bdbacb8b)] {{(pid=102464) set_binding_levels /opt/stack/neutron/neutron/plugins/ml2/db.py:59}}
Nov 29 05:58:18.041118 dv-cinder-819568-1-smb neutron-server[102465]: DEBUG neutron_lib.callbacks.manager [None req-414263f7-72b4-40e5-a34f-2fc9057032e6 None None] Publish callbacks ['neutron.plugins.ml2.plugin.SecurityGroupServerNotifierRpcMixin._notify_sg_on_port_change-1704702', 'neutron.plugins.ml2.ovo_rpc._ObjectChangeHandler.handle_event-217050', 'neutron.api.rpc.agentnotifiers.dhcp_rpc_agent_api.DhcpAgentNotifyAPI._native_event_send_dhcp_notification-561887', 'neutron.db.l3_db.L3RpcNotifierMixin._notify_gateway_port_ip_changed-8763992855161', 'neutron.db.l3_dvrscheduler_db._notify_l3_agent_port_update-8763992385756', 'neutron.db.l3_hascheduler_db._notify_l3_agent_ha_port_update-8763992385774'] for port, after_update {{(pid=102465) _notify_loop /usr/local/lib/python3.8/dist-packages/neutron_lib/callbacks/manager.py:175}}
Nov 29 05:58:18.054666 dv-cinder-819568-1-smb neutron-server[102465]: DEBUG neutron_lib.callbacks.manager [None req-5f5c4921-8d7c-4682-86f4-691210983880 None None] Publish callbacks ['neutron.plugins.ml2.plugin.SecurityGroupDbMixin._ensure_default_security_group_handler-1704511'] for port, before_update {{(pid=102465) _notify_loop /usr/local/lib/python3.8/dist-packages/neutron_lib/callbacks/manager.py:175}}
Nov 29 05:58:18.094792 dv-cinder-819568-1-smb neutron-server[102464]: DEBUG neutron_lib.callbacks.manager [req-ae11fd28-7a7a-46b7-b885-7e41de01f56c req-1fa8f0ae-6814-4155-bcaf-f072db7ef0d4 service neutron] Publish callbacks ['neutron.plugins.ml2.plugin.SecurityGroupServerNotifierRpcMixin._notify_sg_on_port_change-1704702', 'neutron.plugins.ml2.ovo_rpc._ObjectChangeHandler.handle_event-217050', 'neutron.api.rpc.agentnotifiers.dhcp_rpc_agent_api.DhcpAgentNotifyAPI._native_event_send_dhcp_notification-561887', 'neutron.db.l3_db.L3RpcNotifierMixin._notify_gateway_port_ip_changed-8763992855161', 'neutron.db.l3_dvrscheduler_db._notify_l3_agent_port_update-8763992385756', 'neutron.db.l3_hascheduler_db._notify_l3_agent_ha_port_update-8763992385774'] for port, after_update {{(pid=102464) _notify_loop /usr/local/lib/python3.8/dist-packages/neutron_lib/callbacks/manager.py:175}}
Nov 29 05:58:18.096681 dv-cinder-819568-1-smb neutron-server[102463]: DEBUG neutron_lib.callbacks.manager [None req-31adea0f-01ba-4098-b233-b2b161978178 admin admin] Publish callbacks [] for security_group, precommit_create {{(pid=102463) _notify_loop /usr/local/lib/python3.8/dist-packages/neutron_lib/callbacks/manager.py:175}}
Nov 29 05:58:18.109096 dv-cinder-819568-1-smb neutron-server[102463]: DEBUG neutron_lib.callbacks.manager [None req-31adea0f-01ba-4098-b233-b2b161978178 admin admin] Publish callbacks ['neutron.plugins.ml2.ovo_rpc._ObjectChangeHandler.handle_event-610081'] for security_group, after_create {{(pid=102463) _notify_loop /usr/local/lib/python3.8/dist-packages/neutron_lib/callbacks/manager.py:175}}
Nov 29 05:58:18.114365 dv-cinder-819568-1-smb neutron-server[102463]: DEBUG neutron_lib.callbacks.manager [None req-c975f801-4602-4341-9a04-c61e27332056 tempest-AttachVolumeShelveTestJSON-1352748945 tempest-AttachVolumeShelveTestJSON-1352748945-project] Publish callbacks ['neutron.plugins.ml2.plugin.SecurityGroupDbMixin._ensure_default_security_group_handler-1704511'] for port, before_update {{(pid=102463) _notify_loop /usr/local/lib/python3.8/dist-packages/neutron_lib/callbacks/manager.py:175}}
Nov 29 05:58:18.344053 dv-cinder-819568-1-smb neutron-server[102463]: INFO neutron.wsgi [None req-31adea0f-01ba-4098-b233-b2b161978178 admin admin] 10.222.0.23 "GET /v2.0/security-groups?tenant_id=1a3ff9c7afa0477b9218b6a48b05f4b7&name=default HTTP/1.1" status: 200 len: 2996 time: 1.5551519
Nov 29 05:58:18.346484 dv-cinder-819568-1-smb neutron-server[102463]: DEBUG neutron.api.rpc.handlers.resources_rpc [None req-31adea0f-01ba-4098-b233-b2b161978178 admin admin] Pushing event updated for resources: {'SecurityGroup': ['ID=47afbf4b-3599-4331-b753-5ce0857884de,revision_number=1']} {{(pid=102463) push /opt/stack/neutron/neutron/api/rpc/handlers/resources_rpc.py:237}}
Nov 29 05:58:18.354278 dv-cinder-819568-1-smb neutron-server[102463]: DEBUG neutron.wsgi [-] (102463) accepted ('10.222.0.23', 39178) {{(pid=102463) server /usr/local/lib/python3.8/dist-packages/eventlet/wsgi.py:1004}}
