Nov 29 05:49:28.061129 dv-cinder-819568-1-iscsi devstack@n-api.service[101868]: DEBUG oslo_concurrency.lockutils [None req-f0426667-c28c-42c4-a3de-fdcce0a56d38 None None] Lock "4a68c65d-6a9d-4610-8209-5ee218d47278" acquired by "nova.context.set_target_cell..get_or_set_cached_cell_and_set_connections" :: waited 0.000s {{(pid=101868) inner /usr/local/lib/python3.8/dist-packages/oslo_concurrency/lockutils.py:386}}
Nov 29 05:49:28.063156 dv-cinder-819568-1-iscsi devstack@n-api.service[101868]: DEBUG oslo_concurrency.lockutils [None req-f0426667-c28c-42c4-a3de-fdcce0a56d38 None None] Lock "4a68c65d-6a9d-4610-8209-5ee218d47278" "released" by "nova.context.set_target_cell..get_or_set_cached_cell_and_set_connections" :: held 0.002s {{(pid=101868) inner /usr/local/lib/python3.8/dist-packages/oslo_concurrency/lockutils.py:400}}
Nov 29 05:49:28.066806 dv-cinder-819568-1-iscsi devstack@n-api.service[101869]: DEBUG oslo_db.sqlalchemy.engines [None req-f1e44af1-ffa4-46e8-953b-19d894f35855 None None] MySQL server mode set to STRICT_TRANS_TABLES,STRICT_ALL_TABLES,NO_ZERO_IN_DATE,NO_ZERO_DATE,ERROR_FOR_DIVISION_BY_ZERO,TRADITIONAL,NO_ENGINE_SUBSTITUTION {{(pid=101869) _check_effective_sql_mode /usr/local/lib/python3.8/dist-packages/oslo_db/sqlalchemy/engines.py:314}}
Nov 29 05:49:28.068327 dv-cinder-819568-1-iscsi devstack@n-api.service[101869]: DEBUG oslo_db.sqlalchemy.engines [None req-f1e44af1-ffa4-46e8-953b-19d894f35855 None None] MySQL server mode set to STRICT_TRANS_TABLES,STRICT_ALL_TABLES,NO_ZERO_IN_DATE,NO_ZERO_DATE,ERROR_FOR_DIVISION_BY_ZERO,TRADITIONAL,NO_ENGINE_SUBSTITUTION {{(pid=101869) _check_effective_sql_mode /usr/local/lib/python3.8/dist-packages/oslo_db/sqlalchemy/engines.py:314}}
Nov 29 05:49:28.076518 dv-cinder-819568-1-iscsi devstack@n-api.service[101868]: DEBUG oslo_db.sqlalchemy.engines [None req-f0426667-c28c-42c4-a3de-fdcce0a56d38 None None] MySQL server mode set to STRICT_TRANS_TABLES,STRICT_ALL_TABLES,NO_ZERO_IN_DATE,NO_ZERO_DATE,ERROR_FOR_DIVISION_BY_ZERO,TRADITIONAL,NO_ENGINE_SUBSTITUTION {{(pid=101868) _check_effective_sql_mode /usr/local/lib/python3.8/dist-packages/oslo_db/sqlalchemy/engines.py:314}}
Nov 29 05:49:28.078976 dv-cinder-819568-1-iscsi devstack@n-api.service[101868]: DEBUG oslo_db.sqlalchemy.engines [None req-f0426667-c28c-42c4-a3de-fdcce0a56d38 None None] MySQL server mode set to STRICT_TRANS_TABLES,STRICT_ALL_TABLES,NO_ZERO_IN_DATE,NO_ZERO_DATE,ERROR_FOR_DIVISION_BY_ZERO,TRADITIONAL,NO_ENGINE_SUBSTITUTION {{(pid=101868) _check_effective_sql_mode /usr/local/lib/python3.8/dist-packages/oslo_db/sqlalchemy/engines.py:314}}
Nov 29 05:49:28.225802 dv-cinder-819568-1-iscsi devstack@n-api.service[101869]: DEBUG oslo_db.sqlalchemy.engines [None req-f1e44af1-ffa4-46e8-953b-19d894f35855 None None] MySQL server mode set to STRICT_TRANS_TABLES,STRICT_ALL_TABLES,NO_ZERO_IN_DATE,NO_ZERO_DATE,ERROR_FOR_DIVISION_BY_ZERO,TRADITIONAL,NO_ENGINE_SUBSTITUTION {{(pid=101869) _check_effective_sql_mode /usr/local/lib/python3.8/dist-packages/oslo_db/sqlalchemy/engines.py:314}}
Nov 29 05:49:28.241039 dv-cinder-819568-1-iscsi devstack@n-api.service[101868]: DEBUG oslo_db.sqlalchemy.engines [None req-f0426667-c28c-42c4-a3de-fdcce0a56d38 None None] MySQL server mode set to STRICT_TRANS_TABLES,STRICT_ALL_TABLES,NO_ZERO_IN_DATE,NO_ZERO_DATE,ERROR_FOR_DIVISION_BY_ZERO,TRADITIONAL,NO_ENGINE_SUBSTITUTION {{(pid=101868) _check_effective_sql_mode /usr/local/lib/python3.8/dist-packages/oslo_db/sqlalchemy/engines.py:314}}
Nov 29 05:49:28.570216 dv-cinder-819568-1-iscsi devstack@n-api.service[101869]: WARNING keystonemiddleware.auth_token [None req-f1e44af1-ffa4-46e8-953b-19d894f35855 None None] AuthToken middleware is set with keystone_authtoken.service_token_roles_required set to False. This is backwards compatible but deprecated behaviour. Please set this to True.
Nov 29 05:49:28.576219 dv-cinder-819568-1-iscsi devstack@n-api.service[101868]: WARNING keystonemiddleware.auth_token [None req-f0426667-c28c-42c4-a3de-fdcce0a56d38 None None] AuthToken middleware is set with keystone_authtoken.service_token_roles_required set to False. This is backwards compatible but deprecated behaviour. Please set this to True.
Nov 29 05:49:28.577435 dv-cinder-819568-1-iscsi devstack@n-api.service[101869]: WARNING keystonemiddleware.auth_token [None req-f1e44af1-ffa4-46e8-953b-19d894f35855 None None] Configuring www_authenticate_uri to point to the public identity endpoint is required; clients may not be able to authenticate against an admin endpoint
Nov 29 05:49:28.582942 dv-cinder-819568-1-iscsi devstack@n-api.service[101868]: WARNING keystonemiddleware.auth_token [None req-f0426667-c28c-42c4-a3de-fdcce0a56d38 None None] Configuring www_authenticate_uri to point to the public identity endpoint is required; clients may not be able to authenticate against an admin endpoint
Nov 29 05:49:28.916089 dv-cinder-819568-1-iscsi devstack@n-api.service[101869]: WARNING keystonemiddleware.auth_token [None req-f1e44af1-ffa4-46e8-953b-19d894f35855 None None] AuthToken middleware is set with keystone_authtoken.service_token_roles_required set to False. This is backwards compatible but deprecated behaviour. Please set this to True.
Nov 29 05:49:28.922188 dv-cinder-819568-1-iscsi devstack@n-api.service[101869]: WARNING keystonemiddleware.auth_token [None req-f1e44af1-ffa4-46e8-953b-19d894f35855 None None] Configuring www_authenticate_uri to point to the public identity endpoint is required; clients may not be able to authenticate against an admin endpoint
Nov 29 05:49:28.922351 dv-cinder-819568-1-iscsi devstack@n-api.service[101868]: WARNING keystonemiddleware.auth_token [None req-f0426667-c28c-42c4-a3de-fdcce0a56d38 None None] AuthToken middleware is set with keystone_authtoken.service_token_roles_required set to False. This is backwards compatible but deprecated behaviour. Please set this to True.
Nov 29 05:49:28.927392 dv-cinder-819568-1-iscsi devstack@n-api.service[101869]: WSGI app 0 (mountpoint='') ready in 5 seconds on interpreter 0x55c6445719c0 pid: 101869 (default app)
Nov 29 05:49:28.927723 dv-cinder-819568-1-iscsi devstack@n-api.service[101868]: WARNING keystonemiddleware.auth_token [None req-f0426667-c28c-42c4-a3de-fdcce0a56d38 None None] Configuring www_authenticate_uri to point to the public identity endpoint is required; clients may not be able to authenticate against an admin endpoint
Nov 29 05:49:28.929487 dv-cinder-819568-1-iscsi devstack@n-api.service[101869]: DEBUG nova.api.openstack.wsgi [None req-f1e44af1-ffa4-46e8-953b-19d894f35855 None None] Calling method '>' {{(pid=101869) _process_stack /opt/stack/nova/nova/api/openstack/wsgi.py:513}}
Nov 29 05:49:28.930672 dv-cinder-819568-1-iscsi devstack@n-api.service[101869]: INFO nova.api.openstack.requestlog [None req-f1e44af1-ffa4-46e8-953b-19d894f35855 None None] 10.222.0.42 "GET /compute/v2.1/" status: 200 len: 388 microversion: 2.1 time: 0.001738
Nov 29 05:49:28.931329 dv-cinder-819568-1-iscsi devstack@n-api.service[101869]: [pid: 101869|app: 0|req: 1/1] 10.222.0.42 () {50 vars in 788 bytes} [Mon Nov 29 05:49:28 2021] GET /compute/v2.1/ => generated 388 bytes in 3 msecs (HTTP/1.1 200) 9 headers in 357 bytes (1 switches on core 0)
Nov 29 05:49:28.932944 dv-cinder-819568-1-iscsi devstack@n-api.service[101868]: WSGI app 0 (mountpoint='') ready in 5 seconds on interpreter 0x55c6445719c0 pid: 101868 (default app)
Nov 29 05:50:51.495486 dv-cinder-819568-1-iscsi devstack@n-api.service[101869]: DEBUG nova.api.openstack.wsgi [None req-f1e44af1-ffa4-46e8-953b-19d894f35855 None None] Calling method '>' {{(pid=101869) _process_stack /opt/stack/nova/nova/api/openstack/wsgi.py:513}}
Nov 29 05:50:51.497126 dv-cinder-819568-1-iscsi devstack@n-api.service[101869]: INFO nova.api.openstack.requestlog [None req-f1e44af1-ffa4-46e8-953b-19d894f35855 None None] 10.222.0.42 "GET /compute/v2.1" status: 200 len: 388 microversion: 2.1 time: 0.002149
Nov 29 05:50:51.497821 dv-cinder-819568-1-iscsi devstack@n-api.service[101869]: [pid: 101869|app: 0|req: 2/2] 10.222.0.42 () {54 vars in 930 bytes} [Mon Nov 29 05:50:51 2021] GET /compute/v2.1 => generated 388 bytes in 3 msecs (HTTP/1.1 200) 9 headers in 357 bytes (1 switches on core 0)
Nov 29 05:50:51.909831 dv-cinder-819568-1-iscsi devstack@n-api.service[101868]: DEBUG nova.api.openstack.wsgi [None req-e88f4089-5b21-45d9-ba2b-9899ebb2888f admin admin] Calling method '>' {{(pid=101868) _process_stack /opt/stack/nova/nova/api/openstack/wsgi.py:513}}
Nov 29 05:50:51.939198 dv-cinder-819568-1-iscsi devstack@n-api.service[101868]: INFO nova.api.openstack.requestlog [None req-e88f4089-5b21-45d9-ba2b-9899ebb2888f admin admin] 10.222.0.42 "GET /compute/v2.1/flavors/detail?is_public=True" status: 200 len: 15 microversion: 2.61 time: 0.433872
Nov 29 05:50:51.939896 dv-cinder-819568-1-iscsi devstack@n-api.service[101868]: [pid: 101868|app: 0|req: 1/3] 10.222.0.42 () {60 vars in 1291 bytes} [Mon Nov 29 05:50:51 2021] GET /compute/v2.1/flavors/detail?is_public=True => generated 15 bytes in 436 msecs (HTTP/1.1 200) 9 headers in 358 bytes (1 switches on core 0)
Nov 29 05:50:54.471083 dv-cinder-819568-1-iscsi devstack@n-api.service[101869]: DEBUG nova.api.openstack.wsgi [None req-f1e44af1-ffa4-46e8-953b-19d894f35855 None None] Calling method '>' {{(pid=101869) _process_stack /opt/stack/nova/nova/api/openstack/wsgi.py:513}}
Nov 29 05:50:54.472368 dv-cinder-819568-1-iscsi devstack@n-api.service[101869]: INFO nova.api.openstack.requestlog [None req-f1e44af1-ffa4-46e8-953b-19d894f35855 None None] 10.222.0.42 "GET /compute/v2.1" status: 200 len: 388 microversion: 2.1 time: 0.001430
Nov 29 05:50:54.473853 dv-cinder-819568-1-iscsi devstack@n-api.service[101869]: [pid: 101869|app: 0|req: 3/4] 10.222.0.42 () {54 vars in 930 bytes} [Mon Nov 29 05:50:54 2021] GET /compute/v2.1 => generated 388 bytes in 4 msecs (HTTP/1.1 200) 9 headers in 357 bytes (1 switches on core 0)
Nov 29 05:50:54.556228 dv-cinder-819568-1-iscsi devstack@n-api.service[101868]: DEBUG nova.api.openstack.wsgi [None req-5a1a5bb9-b4f4-40e4-a58c-ed52921a03a6 admin admin] Action: 'create', calling method: >, body: {"flavor": {"rxtx_factor": 1.0, "name": "cirros256", "ram": 256, "OS-FLV-EXT-DATA:ephemeral": 0, "swap": 0, "os-flavor-access:is_public": true, "disk": 1, "id": "c1", "vcpus": 1}} {{(pid=101868) _process_stack /opt/stack/nova/nova/api/openstack/wsgi.py:511}}
Nov 29 05:50:54.580091 dv-cinder-819568-1-iscsi devstack@n-api.service[101868]: /usr/local/lib/python3.8/dist-packages/oslo_policy/policy.py:1075: UserWarning: Policy os_compute_api:os-flavor-manage:create failed scope check. The token used to make the request was project scoped but the policy requires ['system'] scope. This behavior may change in the future where using the intended scope is required
Nov 29 05:50:54.580091 dv-cinder-819568-1-iscsi devstack@n-api.service[101868]: warnings.warn(msg)
Nov 29 05:50:54.623360 dv-cinder-819568-1-iscsi devstack@n-api.service[101868]: INFO nova.api.openstack.requestlog [None req-5a1a5bb9-b4f4-40e4-a58c-ed52921a03a6 admin admin] 10.222.0.42 "POST /compute/v2.1/flavors" status: 200 len: 407 microversion: 2.61 time: 0.142952
Nov 29 05:50:54.626696 dv-cinder-819568-1-iscsi devstack@n-api.service[101868]: [pid: 101868|app: 0|req: 2/5] 10.222.0.42 () {64 vars in 1282 bytes} [Mon Nov 29 05:50:54 2021] POST /compute/v2.1/flavors => generated 407 bytes in 147 msecs (HTTP/1.1 200) 9 headers in 359 bytes (2 switches on core 0)
Nov 29 05:50:54.861740 dv-cinder-819568-1-iscsi devstack@n-api.service[101869]: DEBUG nova.api.openstack.wsgi [None req-9ec02602-ddc2-4b33-8279-ef76e42f8153 admin admin] Action: 'create', calling method: >, body: {"extra_specs": {"hw_rng:allowed": "True"}} {{(pid=101869) _process_stack /opt/stack/nova/nova/api/openstack/wsgi.py:511}}
Nov 29 05:50:54.864103 dv-cinder-819568-1-iscsi devstack@n-api.service[101869]: /usr/local/lib/python3.8/dist-packages/oslo_policy/policy.py:1075: UserWarning: Policy os_compute_api:os-flavor-extra-specs:create failed scope check. The token used to make the request was project scoped but the policy requires ['system'] scope. This behavior may change in the future where using the intended scope is required
Nov 29 05:50:54.864103 dv-cinder-819568-1-iscsi devstack@n-api.service[101869]: warnings.warn(msg)
Nov 29 05:50:54.912905 dv-cinder-819568-1-iscsi devstack@n-api.service[101869]: INFO nova.api.openstack.requestlog [None req-9ec02602-ddc2-4b33-8279-ef76e42f8153 admin admin] 10.222.0.42 "POST /compute/v2.1/flavors/c1/os-extra_specs" status: 200 len: 43 microversion: 2.61 time: 0.277577
Nov 29 05:50:54.930431 dv-cinder-819568-1-iscsi devstack@n-api.service[101869]: [pid: 101869|app: 0|req: 4/6] 10.222.0.42 () {64 vars in 1335 bytes} [Mon Nov 29 05:50:54 2021] POST /compute/v2.1/flavors/c1/os-extra_specs => generated 43 bytes in 279 msecs (HTTP/1.1 200) 9 headers in 358 bytes (2 switches on core 0)
Nov 29 05:50:57.330177 dv-cinder-819568-1-iscsi devstack@n-api.service[101868]: DEBUG nova.api.openstack.wsgi [None req-5a1a5bb9-b4f4-40e4-a58c-ed52921a03a6 admin admin] Calling method '>' {{(pid=101868) _process_stack /opt/stack/nova/nova/api/openstack/wsgi.py:513}}
Nov 29 05:50:57.331244 dv-cinder-819568-1-iscsi devstack@n-api.service[101868]: INFO nova.api.openstack.requestlog [None req-5a1a5bb9-b4f4-40e4-a58c-ed52921a03a6 admin admin] 10.222.0.42 "GET /compute/v2.1" status: 200 len: 388 microversion: 2.1 time: 0.001546
Nov 29 05:50:57.331831 dv-cinder-819568-1-iscsi devstack@n-api.service[101868]: [pid: 101868|app: 0|req: 3/7] 10.222.0.42 () {54 vars in 930 bytes} [Mon Nov 29 05:50:57 2021] GET /compute/v2.1 => generated 388 bytes in 2 msecs (HTTP/1.1 200) 9 headers in 357 bytes (1 switches on core 0)
Nov 29 05:50:57.462659 dv-cinder-819568-1-iscsi devstack@n-api.service[101869]: DEBUG nova.api.openstack.wsgi [None req-ec518261-0730-4264-bd78-2cd66d46eceb admin admin] Action: 'create', calling method: >, body: {"flavor": {"disk": 5, "id": "d1", "vcpus": 1, "rxtx_factor": 1.0, "os-flavor-access:is_public": true, "ram": 512, "swap": 0, "OS-FLV-EXT-DATA:ephemeral": 0, "name": "ds512M"}} {{(pid=101869) _process_stack /opt/stack/nova/nova/api/openstack/wsgi.py:511}}
Nov 29 05:50:57.480935 dv-cinder-819568-1-iscsi devstack@n-api.service[101869]: /usr/local/lib/python3.8/dist-packages/oslo_policy/policy.py:1075: UserWarning: Policy os_compute_api:os-flavor-manage:create failed scope check. The token used to make the request was project scoped but the policy requires ['system'] scope. This behavior may change in the future where using the intended scope is required
Nov 29 05:50:57.480935 dv-cinder-819568-1-iscsi devstack@n-api.service[101869]: warnings.warn(msg)
Nov 29 05:50:57.502397 dv-cinder-819568-1-iscsi devstack@n-api.service[101869]: INFO nova.api.openstack.requestlog [None req-ec518261-0730-4264-bd78-2cd66d46eceb admin admin] 10.222.0.42 "POST /compute/v2.1/flavors" status: 200 len: 404 microversion: 2.61 time: 0.163380
Nov 29 05:50:57.503086 dv-cinder-819568-1-iscsi devstack@n-api.service[101869]: [pid: 101869|app: 0|req: 5/8] 10.222.0.42 () {64 vars in 1282 bytes} [Mon Nov 29 05:50:57 2021] POST /compute/v2.1/flavors => generated 404 bytes in 165 msecs (HTTP/1.1 200) 9 headers in 359 bytes (1 switches on core 0)
Nov 29 05:50:57.515583 dv-cinder-819568-1-iscsi devstack@n-api.service[101868]: DEBUG nova.api.openstack.wsgi [None req-3b9bd151-0139-40f5-b967-bf86e8464afc admin admin] Action: 'create', calling method: >, body: {"extra_specs": {"hw_rng:allowed": "True"}} {{(pid=101868) _process_stack /opt/stack/nova/nova/api/openstack/wsgi.py:511}}
Nov 29 05:50:57.517213 dv-cinder-819568-1-iscsi devstack@n-api.service[101868]: /usr/local/lib/python3.8/dist-packages/oslo_policy/policy.py:1075: UserWarning: Policy os_compute_api:os-flavor-extra-specs:create failed scope check. The token used to make the request was project scoped but the policy requires ['system'] scope. This behavior may change in the future where using the intended scope is required
Nov 29 05:50:57.517213 dv-cinder-819568-1-iscsi devstack@n-api.service[101868]: warnings.warn(msg)
Nov 29 05:50:57.551988 dv-cinder-819568-1-iscsi devstack@n-api.service[101868]: INFO nova.api.openstack.requestlog [None req-3b9bd151-0139-40f5-b967-bf86e8464afc admin admin] 10.222.0.42 "POST /compute/v2.1/flavors/d1/os-extra_specs" status: 200 len: 43 microversion: 2.61 time: 0.040105
Nov 29 05:50:57.553068 dv-cinder-819568-1-iscsi devstack@n-api.service[101868]: [pid: 101868|app: 0|req: 4/9] 10.222.0.42 () {64 vars in 1335 bytes} [Mon Nov 29 05:50:57 2021] POST /compute/v2.1/flavors/d1/os-extra_specs => generated 43 bytes in 42 msecs (HTTP/1.1 200) 9 headers in 358 bytes (1 switches on core 0)
Nov 29 05:50:59.960690 dv-cinder-819568-1-iscsi devstack@n-api.service[101869]: DEBUG nova.api.openstack.wsgi [None req-ec518261-0730-4264-bd78-2cd66d46eceb admin admin] Calling method '>' {{(pid=101869) _process_stack /opt/stack/nova/nova/api/openstack/wsgi.py:513}}
Nov 29 05:50:59.961824 dv-cinder-819568-1-iscsi devstack@n-api.service[101869]: INFO nova.api.openstack.requestlog [None req-ec518261-0730-4264-bd78-2cd66d46eceb admin admin] 10.222.0.42 "GET /compute/v2.1" status: 200 len: 388 microversion: 2.1 time: 0.001444
Nov 29 05:50:59.962503 dv-cinder-819568-1-iscsi devstack@n-api.service[101869]: [pid: 101869|app: 0|req: 6/10] 10.222.0.42 () {54 vars in 930 bytes} [Mon Nov 29 05:50:59 2021] GET /compute/v2.1 => generated 388 bytes in 3 msecs (HTTP/1.1 200) 9 headers in 357 bytes (1 switches on core 0)
Nov 29 05:51:00.026498 dv-cinder-819568-1-iscsi devstack@n-api.service[101868]: DEBUG nova.api.openstack.wsgi [None req-2a1cc382-5600-41ab-9278-bcc76bf1dc19 admin admin] Action: 'create', calling method: >, body: {"flavor": {"rxtx_factor": 1.0, "id": "d2", "name": "ds1G", "ram": 1024, "disk": 10, "OS-FLV-EXT-DATA:ephemeral": 0, "swap": 0, "vcpus": 1, "os-flavor-access:is_public": true}} {{(pid=101868) _process_stack /opt/stack/nova/nova/api/openstack/wsgi.py:511}}
Nov 29 05:51:00.046320 dv-cinder-819568-1-iscsi devstack@n-api.service[101868]: INFO nova.api.openstack.requestlog [None req-2a1cc382-5600-41ab-9278-bcc76bf1dc19 admin admin] 10.222.0.42 "POST /compute/v2.1/flavors" status: 200 len: 404 microversion: 2.61 time: 0.077587
Nov 29 05:51:00.047132 dv-cinder-819568-1-iscsi devstack@n-api.service[101868]: [pid: 101868|app: 0|req: 5/11] 10.222.0.42 () {64 vars in 1282 bytes} [Mon Nov 29 05:50:59 2021] POST /compute/v2.1/flavors => generated 404 bytes in 79 msecs (HTTP/1.1 200) 9 headers in 359 bytes (1 switches on core 0)
Nov 29 05:51:00.059798 dv-cinder-819568-1-iscsi devstack@n-api.service[101869]: DEBUG nova.api.openstack.wsgi [None req-eecad6e0-84d2-4bb9-8cbd-a9e396e1a2f7 admin admin] Action: 'create', calling method: >, body: {"extra_specs": {"hw_rng:allowed": "True"}} {{(pid=101869) _process_stack /opt/stack/nova/nova/api/openstack/wsgi.py:511}}
Nov 29 05:51:00.085604 dv-cinder-819568-1-iscsi devstack@n-api.service[101869]: INFO nova.api.openstack.requestlog [None req-eecad6e0-84d2-4bb9-8cbd-a9e396e1a2f7 admin admin] 10.222.0.42 "POST /compute/v2.1/flavors/d2/os-extra_specs" status: 200 len: 43 microversion: 2.61 time: 0.029374
Nov 29 05:51:00.091738 dv-cinder-819568-1-iscsi devstack@n-api.service[101869]: [pid: 101869|app: 0|req: 7/12] 10.222.0.42 () {64 vars in 1335 bytes} [Mon Nov 29 05:51:00 2021] POST /compute/v2.1/flavors/d2/os-extra_specs => generated 43 bytes in 35 msecs (HTTP/1.1 200) 9 headers in 358 bytes (2 switches on core 0)
Nov 29 05:51:02.496207 dv-cinder-819568-1-iscsi devstack@n-api.service[101868]: DEBUG nova.api.openstack.wsgi [None req-2a1cc382-5600-41ab-9278-bcc76bf1dc19 admin admin] Calling method '>' {{(pid=101868) _process_stack /opt/stack/nova/nova/api/openstack/wsgi.py:513}}
Nov 29 05:51:02.497277 dv-cinder-819568-1-iscsi devstack@n-api.service[101868]: INFO nova.api.openstack.requestlog [None req-2a1cc382-5600-41ab-9278-bcc76bf1dc19 admin admin] 10.222.0.42 "GET /compute/v2.1" status: 200 len: 388 microversion: 2.1 time: 0.001530
Nov 29 05:51:02.497726 dv-cinder-819568-1-iscsi devstack@n-api.service[101868]: [pid: 101868|app: 0|req: 6/13] 10.222.0.42 () {54 vars in 930 bytes} [Mon Nov 29 05:51:02 2021] GET /compute/v2.1 => generated 388 bytes in 2 msecs (HTTP/1.1 200) 9 headers in 357 bytes (1 switches on core 0)
Nov 29 05:51:02.556411 dv-cinder-819568-1-iscsi devstack@n-api.service[101869]: DEBUG nova.api.openstack.wsgi [None req-3078e012-36d9-48b0-889b-c17dfd526f1c admin admin] Action: 'create', calling method: >, body: {"flavor": {"OS-FLV-EXT-DATA:ephemeral": 0, "id": "d3", "ram": 2048, "rxtx_factor": 1.0, "vcpus": 2, "os-flavor-access:is_public": true, "swap": 0, "name": "ds2G", "disk": 10}} {{(pid=101869) _process_stack /opt/stack/nova/nova/api/openstack/wsgi.py:511}}
Nov 29 05:51:02.573950 dv-cinder-819568-1-iscsi devstack@n-api.service[101869]: INFO nova.api.openstack.requestlog [None req-3078e012-36d9-48b0-889b-c17dfd526f1c admin admin] 10.222.0.42 "POST /compute/v2.1/flavors" status: 200 len: 404 microversion: 2.61 time: 0.069420
Nov 29 05:51:02.574491 dv-cinder-819568-1-iscsi devstack@n-api.service[101869]: [pid: 101869|app: 0|req: 8/14] 10.222.0.42 () {64 vars in 1282 bytes} [Mon Nov 29 05:51:02 2021] POST /compute/v2.1/flavors => generated 404 bytes in 70 msecs (HTTP/1.1 200) 9 headers in 359 bytes (1 switches on core 0)
Nov 29 05:51:02.587087 dv-cinder-819568-1-iscsi devstack@n-api.service[101868]: DEBUG nova.api.openstack.wsgi [None req-aadd15ec-a69f-4f44-853c-2364e2e029f9 admin admin] Action: 'create', calling method: >, body: {"extra_specs": {"hw_rng:allowed": "True"}} {{(pid=101868) _process_stack /opt/stack/nova/nova/api/openstack/wsgi.py:511}}
Nov 29 05:51:02.608442 dv-cinder-819568-1-iscsi devstack@n-api.service[101868]: INFO nova.api.openstack.requestlog [None req-aadd15ec-a69f-4f44-853c-2364e2e029f9 admin admin] 10.222.0.42 "POST /compute/v2.1/flavors/d3/os-extra_specs" status: 200 len: 43 microversion: 2.61 time: 0.025578
Nov 29 05:51:02.609166 dv-cinder-819568-1-iscsi devstack@n-api.service[101868]: [pid: 101868|app: 0|req: 7/15] 10.222.0.42 () {64 vars in 1335 bytes} [Mon Nov 29 05:51:02 2021] POST /compute/v2.1/flavors/d3/os-extra_specs => generated 43 bytes in 27 msecs (HTTP/1.1 200) 9 headers in 358 bytes (1 switches on core 0)
Nov 29 05:51:05.070725 dv-cinder-819568-1-iscsi devstack@n-api.service[101869]: DEBUG nova.api.openstack.wsgi [None req-3078e012-36d9-48b0-889b-c17dfd526f1c admin admin] Calling method '>' {{(pid=101869) _process_stack /opt/stack/nova/nova/api/openstack/wsgi.py:513}}
Nov 29 05:51:05.072376 dv-cinder-819568-1-iscsi devstack@n-api.service[101869]: INFO nova.api.openstack.requestlog [None req-3078e012-36d9-48b0-889b-c17dfd526f1c admin admin] 10.222.0.42 "GET /compute/v2.1" status: 200 len: 388 microversion: 2.1 time: 0.002041
Nov 29 05:51:05.073051 dv-cinder-819568-1-iscsi devstack@n-api.service[101869]: [pid: 101869|app: 0|req: 9/16] 10.222.0.42 () {54 vars in 930 bytes} [Mon Nov 29 05:51:05 2021] GET /compute/v2.1 => generated 388 bytes in 3 msecs (HTTP/1.1 200) 9 headers in 357 bytes (1 switches on core 0)
Nov 29 05:51:05.134965 dv-cinder-819568-1-iscsi devstack@n-api.service[101868]: DEBUG nova.api.openstack.wsgi [None req-e3183448-750b-475d-ae68-1febd2c90974 admin admin] Action: 'create', calling method: >, body: {"flavor": {"ram": 4096, "os-flavor-access:is_public": true, "swap": 0, "id": "d4", "name": "ds4G", "vcpus": 4, "OS-FLV-EXT-DATA:ephemeral": 0, "disk": 20, "rxtx_factor": 1.0}} {{(pid=101868) _process_stack /opt/stack/nova/nova/api/openstack/wsgi.py:511}}
Nov 29 05:51:05.154595 dv-cinder-819568-1-iscsi devstack@n-api.service[101868]: INFO nova.api.openstack.requestlog [None req-e3183448-750b-475d-ae68-1febd2c90974 admin admin] 10.222.0.42 "POST /compute/v2.1/flavors" status: 200 len: 404 microversion: 2.61 time: 0.075104
Nov 29 05:51:05.155227 dv-cinder-819568-1-iscsi devstack@n-api.service[101868]: [pid: 101868|app: 0|req: 8/17] 10.222.0.42 () {64 vars in 1282 bytes} [Mon Nov 29 05:51:05 2021] POST /compute/v2.1/flavors => generated 404 bytes in 76 msecs (HTTP/1.1 200) 9 headers in 359 bytes (1 switches on core 0)
Nov 29 05:51:05.167783 dv-cinder-819568-1-iscsi devstack@n-api.service[101869]: DEBUG nova.api.openstack.wsgi [None req-3dc09d2f-4d6d-4300-a3f0-91bafad79033 admin admin] Action: 'create', calling method: >, body: {"extra_specs": {"hw_rng:allowed": "True"}} {{(pid=101869) _process_stack /opt/stack/nova/nova/api/openstack/wsgi.py:511}}
Nov 29 05:51:05.190519 dv-cinder-819568-1-iscsi devstack@n-api.service[101869]: INFO nova.api.openstack.requestlog [None req-3dc09d2f-4d6d-4300-a3f0-91bafad79033 admin admin] 10.222.0.42 "POST /compute/v2.1/flavors/d4/os-extra_specs" status: 200 len: 43 microversion: 2.61 time: 0.026262
Nov 29 05:51:05.191089 dv-cinder-819568-1-iscsi devstack@n-api.service[101869]: [pid: 101869|app: 0|req: 10/18] 10.222.0.42 () {64 vars in 1335 bytes} [Mon Nov 29 05:51:05 2021] POST /compute/v2.1/flavors/d4/os-extra_specs => generated 43 bytes in 28 msecs (HTTP/1.1 200) 9 headers in 358 bytes (2 switches on core 0)
Nov 29 05:51:07.818177 dv-cinder-819568-1-iscsi devstack@n-api.service[101868]: DEBUG nova.api.openstack.wsgi [None req-e3183448-750b-475d-ae68-1febd2c90974 admin admin] Calling method '>' {{(pid=101868) _process_stack /opt/stack/nova/nova/api/openstack/wsgi.py:513}}
Nov 29 05:51:07.819749 dv-cinder-819568-1-iscsi devstack@n-api.service[101868]: INFO nova.api.openstack.requestlog [None req-e3183448-750b-475d-ae68-1febd2c90974 admin admin] 10.222.0.42 "GET /compute/v2.1" status: 200 len: 388 microversion: 2.1 time: 0.002144
Nov 29 05:51:07.820153 dv-cinder-819568-1-iscsi devstack@n-api.service[101868]: [pid: 101868|app: 0|req: 9/19] 10.222.0.42 () {54 vars in 930 bytes} [Mon Nov 29 05:51:07 2021] GET /compute/v2.1 => generated 388 bytes in 3 msecs (HTTP/1.1 200) 9 headers in 357 bytes (1 switches on core 0)
Nov 29 05:51:07.884959 dv-cinder-819568-1-iscsi devstack@n-api.service[101869]: DEBUG nova.api.openstack.wsgi [None req-641cc024-6f07-4e53-ad02-968710e6406d admin admin] Calling method '>' {{(pid=101869) _process_stack /opt/stack/nova/nova/api/openstack/wsgi.py:513}}
Nov 29 05:51:07.908362 dv-cinder-819568-1-iscsi devstack@n-api.service[101869]: INFO nova.api.openstack.requestlog [None req-641cc024-6f07-4e53-ad02-968710e6406d admin admin] 10.222.0.42 "GET /compute/v2.1/flavors/detail?is_public=True" status: 200 len: 2106 microversion: 2.61 time: 0.081219
Nov 29 05:51:07.908896 dv-cinder-819568-1-iscsi devstack@n-api.service[101869]: [pid: 101869|app: 0|req: 11/20] 10.222.0.42 () {60 vars in 1291 bytes} [Mon Nov 29 05:51:07 2021] GET /compute/v2.1/flavors/detail?is_public=True => generated 2106 bytes in 82 msecs (HTTP/1.1 200) 9 headers in 360 bytes (1 switches on core 0)
Nov 29 05:51:10.912681 dv-cinder-819568-1-iscsi devstack@n-api.service[101868]: DEBUG nova.api.openstack.wsgi [None req-e3183448-750b-475d-ae68-1febd2c90974 admin admin] Calling method '>' {{(pid=101868) _process_stack /opt/stack/nova/nova/api/openstack/wsgi.py:513}}
Nov 29 05:51:10.913885 dv-cinder-819568-1-iscsi devstack@n-api.service[101868]: INFO nova.api.openstack.requestlog [None req-e3183448-750b-475d-ae68-1febd2c90974 admin admin] 10.222.0.42 "GET /compute/v2.1" status: 200 len: 388 microversion: 2.1 time: 0.001840
Nov 29 05:51:10.914284 dv-cinder-819568-1-iscsi devstack@n-api.service[101868]: [pid: 101868|app: 0|req: 10/21] 10.222.0.42 () {54 vars in 930 bytes} [Mon Nov 29 05:51:10 2021] GET /compute/v2.1 => generated 388 bytes in 3 msecs (HTTP/1.1 200) 9 headers in 357 bytes (1 switches on core 0)
Nov 29 05:51:10.975413 dv-cinder-819568-1-iscsi devstack@n-api.service[101869]: DEBUG nova.api.openstack.wsgi [None req-29a99a4e-0dd7-43b5-902c-fb40c6214265 admin admin] Action: 'create', calling method: >, body: {"flavor": {"name": "m1.tiny", "id": "1", "vcpus": 1, "OS-FLV-EXT-DATA:ephemeral": 0, "rxtx_factor": 1.0, "os-flavor-access:is_public": true, "swap": 0, "ram": 512, "disk": 1}} {{(pid=101869) _process_stack /opt/stack/nova/nova/api/openstack/wsgi.py:511}}
Nov 29 05:51:10.995050 dv-cinder-819568-1-iscsi devstack@n-api.service[101869]: INFO nova.api.openstack.requestlog [None req-29a99a4e-0dd7-43b5-902c-fb40c6214265 admin admin] 10.222.0.42 "POST /compute/v2.1/flavors" status: 200 len: 402 microversion: 2.61 time: 0.074293
Nov 29 05:51:10.995602 dv-cinder-819568-1-iscsi devstack@n-api.service[101869]: [pid: 101869|app: 0|req: 12/22] 10.222.0.42 () {64 vars in 1282 bytes} [Mon Nov 29 05:51:10 2021] POST /compute/v2.1/flavors => generated 402 bytes in 75 msecs (HTTP/1.1 200) 9 headers in 359 bytes (1 switches on core 0)
Nov 29 05:51:11.008438 dv-cinder-819568-1-iscsi devstack@n-api.service[101868]: DEBUG nova.api.openstack.wsgi [None req-3e43352f-f2fc-4223-a262-cf43f58dfe8b admin admin] Action: 'create', calling method: >, body: {"extra_specs": {"hw_rng:allowed": "True"}} {{(pid=101868) _process_stack /opt/stack/nova/nova/api/openstack/wsgi.py:511}}
Nov 29 05:51:11.031689 dv-cinder-819568-1-iscsi devstack@n-api.service[101868]: INFO nova.api.openstack.requestlog [None req-3e43352f-f2fc-4223-a262-cf43f58dfe8b admin admin] 10.222.0.42 "POST /compute/v2.1/flavors/1/os-extra_specs" status: 200 len: 43 microversion: 2.61 time: 0.027539
Nov 29 05:51:11.032269 dv-cinder-819568-1-iscsi devstack@n-api.service[101868]: [pid: 101868|app: 0|req: 11/23] 10.222.0.42 () {64 vars in 1332 bytes} [Mon Nov 29 05:51:11 2021] POST /compute/v2.1/flavors/1/os-extra_specs => generated 43 bytes in 29 msecs (HTTP/1.1 200) 9 headers in 358 bytes (1 switches on core 0)
Nov 29 05:51:13.448535 dv-cinder-819568-1-iscsi devstack@n-api.service[101869]: DEBUG nova.api.openstack.wsgi [None req-29a99a4e-0dd7-43b5-902c-fb40c6214265 admin admin] Calling method '>' {{(pid=101869) _process_stack /opt/stack/nova/nova/api/openstack/wsgi.py:513}}
Nov 29 05:51:13.449560 dv-cinder-819568-1-iscsi devstack@n-api.service[101869]: INFO nova.api.openstack.requestlog [None req-29a99a4e-0dd7-43b5-902c-fb40c6214265 admin admin] 10.222.0.42 "GET /compute/v2.1" status: 200 len: 388 microversion: 2.1 time: 0.001435
Nov 29 05:51:13.449961 dv-cinder-819568-1-iscsi devstack@n-api.service[101869]: [pid: 101869|app: 0|req: 13/24] 10.222.0.42 () {54 vars in 930 bytes} [Mon Nov 29 05:51:13 2021] GET /compute/v2.1 => generated 388 bytes in 2 msecs (HTTP/1.1 200) 9 headers in 357 bytes (1 switches on core 0)
Nov 29 05:51:13.508163 dv-cinder-819568-1-iscsi devstack@n-api.service[101868]: DEBUG nova.api.openstack.wsgi [None req-27bd9e7d-bc05-4025-8819-d1c860992609 admin admin] Action: 'create', calling method: >, body: {"flavor": {"os-flavor-access:is_public": true, "ram": 2048, "vcpus": 1, "id": "2", "rxtx_factor": 1.0, "swap": 0, "disk": 20, "OS-FLV-EXT-DATA:ephemeral": 0, "name": "m1.small"}} {{(pid=101868) _process_stack /opt/stack/nova/nova/api/openstack/wsgi.py:511}}
Nov 29 05:51:13.526177 dv-cinder-819568-1-iscsi devstack@n-api.service[101868]: INFO nova.api.openstack.requestlog [None req-27bd9e7d-bc05-4025-8819-d1c860992609 admin admin] 10.222.0.42 "POST /compute/v2.1/flavors" status: 200 len: 405 microversion: 2.61 time: 0.069969
Nov 29 05:51:13.526720 dv-cinder-819568-1-iscsi devstack@n-api.service[101868]: [pid: 101868|app: 0|req: 12/25] 10.222.0.42 () {64 vars in 1282 bytes} [Mon Nov 29 05:51:13 2021] POST /compute/v2.1/flavors => generated 405 bytes in 71 msecs (HTTP/1.1 200) 9 headers in 359 bytes (1 switches on core 0)
Nov 29 05:51:13.539850 dv-cinder-819568-1-iscsi devstack@n-api.service[101869]: DEBUG nova.api.openstack.wsgi [None req-0232ca7d-ac7a-4ab4-a32e-10bfdb0680a7 admin admin] Action: 'create', calling method: >, body: {"extra_specs": {"hw_rng:allowed": "True"}} {{(pid=101869) _process_stack /opt/stack/nova/nova/api/openstack/wsgi.py:511}}
Nov 29 05:51:13.561845 dv-cinder-819568-1-iscsi devstack@n-api.service[101869]: INFO nova.api.openstack.requestlog [None req-0232ca7d-ac7a-4ab4-a32e-10bfdb0680a7 admin admin] 10.222.0.42 "POST /compute/v2.1/flavors/2/os-extra_specs" status: 200 len: 43 microversion: 2.61 time: 0.026281
Nov 29 05:51:13.562414 dv-cinder-819568-1-iscsi devstack@n-api.service[101869]: [pid: 101869|app: 0|req: 14/26] 10.222.0.42 () {64 vars in 1332 bytes} [Mon Nov 29 05:51:13 2021] POST /compute/v2.1/flavors/2/os-extra_specs => generated 43 bytes in 28 msecs (HTTP/1.1 200) 9 headers in 358 bytes (1 switches on core 0)
Nov 29 05:51:15.954847 dv-cinder-819568-1-iscsi devstack@n-api.service[101868]: DEBUG nova.api.openstack.wsgi [None req-27bd9e7d-bc05-4025-8819-d1c860992609 admin admin] Calling method '>' {{(pid=101868) _process_stack /opt/stack/nova/nova/api/openstack/wsgi.py:513}}
Nov 29 05:51:15.955886 dv-cinder-819568-1-iscsi devstack@n-api.service[101868]: INFO nova.api.openstack.requestlog [None req-27bd9e7d-bc05-4025-8819-d1c860992609 admin admin] 10.222.0.42 "GET /compute/v2.1" status: 200 len: 388 microversion: 2.1 time: 0.001452
Nov 29 05:51:15.956284 dv-cinder-819568-1-iscsi devstack@n-api.service[101868]: [pid: 101868|app: 0|req: 13/27] 10.222.0.42 () {54 vars in 930 bytes} [Mon Nov 29 05:51:15 2021] GET /compute/v2.1 => generated 388 bytes in 2 msecs (HTTP/1.1 200) 9 headers in 357 bytes (1 switches on core 0)
Nov 29 05:51:16.015392 dv-cinder-819568-1-iscsi devstack@n-api.service[101869]: DEBUG nova.api.openstack.wsgi [None req-980ac3ea-e823-4454-b19b-58e4295cacad admin admin] Action: 'create', calling method: >, body: {"flavor": {"name": "m1.medium", "swap": 0, "rxtx_factor": 1.0, "os-flavor-access:is_public": true, "ram": 4096, "id": "3", "OS-FLV-EXT-DATA:ephemeral": 0, "vcpus": 2, "disk": 40}} {{(pid=101869) _process_stack /opt/stack/nova/nova/api/openstack/wsgi.py:511}}
Nov 29 05:51:16.036522 dv-cinder-819568-1-iscsi devstack@n-api.service[101869]: INFO nova.api.openstack.requestlog [None req-980ac3ea-e823-4454-b19b-58e4295cacad admin admin] 10.222.0.42 "POST /compute/v2.1/flavors" status: 200 len: 406 microversion: 2.61 time: 0.070522
Nov 29 05:51:16.038123 dv-cinder-819568-1-iscsi devstack@n-api.service[101869]: [pid: 101869|app: 0|req: 15/28] 10.222.0.42 () {64 vars in 1282 bytes} [Mon Nov 29 05:51:15 2021] POST /compute/v2.1/flavors => generated 406 bytes in 75 msecs (HTTP/1.1 200) 9 headers in 359 bytes (2 switches on core 0)
Nov 29 05:51:16.049817 dv-cinder-819568-1-iscsi devstack@n-api.service[101868]: DEBUG nova.api.openstack.wsgi [None req-17f471ed-1f23-4f5a-acb9-32f5421ecdfe admin admin] Action: 'create', calling method: >, body: {"extra_specs": {"hw_rng:allowed": "True"}} {{(pid=101868) _process_stack /opt/stack/nova/nova/api/openstack/wsgi.py:511}}
Nov 29 05:51:16.075770 dv-cinder-819568-1-iscsi devstack@n-api.service[101868]: INFO nova.api.openstack.requestlog [None req-17f471ed-1f23-4f5a-acb9-32f5421ecdfe admin admin] 10.222.0.42 "POST /compute/v2.1/flavors/3/os-extra_specs" status: 200 len: 43 microversion: 2.61 time: 0.029426
Nov 29 05:51:16.077577 dv-cinder-819568-1-iscsi devstack@n-api.service[101868]: [pid: 101868|app: 0|req: 14/29] 10.222.0.42 () {64 vars in 1332 bytes} [Mon Nov 29 05:51:16 2021] POST /compute/v2.1/flavors/3/os-extra_specs => generated 43 bytes in 31 msecs (HTTP/1.1 200) 9 headers in 358 bytes (1 switches on core 0)
Nov 29 05:51:18.534939 dv-cinder-819568-1-iscsi devstack@n-api.service[101869]: DEBUG nova.api.openstack.wsgi [None req-980ac3ea-e823-4454-b19b-58e4295cacad admin admin] Calling method '>' {{(pid=101869) _process_stack /opt/stack/nova/nova/api/openstack/wsgi.py:513}}
Nov 29 05:51:18.536406 dv-cinder-819568-1-iscsi devstack@n-api.service[101869]: INFO nova.api.openstack.requestlog [None req-980ac3ea-e823-4454-b19b-58e4295cacad admin admin] 10.222.0.42 "GET /compute/v2.1" status: 200 len: 388 microversion: 2.1 time: 0.002185
Nov 29 05:51:18.538121 dv-cinder-819568-1-iscsi devstack@n-api.service[101869]: [pid: 101869|app: 0|req: 16/30] 10.222.0.42 () {54 vars in 930 bytes} [Mon Nov 29 05:51:18 2021] GET /compute/v2.1 => generated 388 bytes in 4 msecs (HTTP/1.1 200) 9 headers in 357 bytes (1 switches on core 0)
Nov 29 05:51:18.600744 dv-cinder-819568-1-iscsi devstack@n-api.service[101868]: DEBUG nova.api.openstack.wsgi [None req-dee3344e-ef34-43cc-b27f-909e3eb5bda3 admin admin] Action: 'create', calling method: >, body: {"flavor": {"id": "4", "rxtx_factor": 1.0, "name": "m1.large", "os-flavor-access:is_public": true, "vcpus": 4, "disk": 80, "swap": 0, "OS-FLV-EXT-DATA:ephemeral": 0, "ram": 8192}} {{(pid=101868) _process_stack /opt/stack/nova/nova/api/openstack/wsgi.py:511}}
Nov 29 05:51:18.620250 dv-cinder-819568-1-iscsi devstack@n-api.service[101868]: INFO nova.api.openstack.requestlog [None req-dee3344e-ef34-43cc-b27f-909e3eb5bda3 admin admin] 10.222.0.42 "POST /compute/v2.1/flavors" status: 200 len: 405 microversion: 2.61 time: 0.075850
Nov 29 05:51:18.621855 dv-cinder-819568-1-iscsi devstack@n-api.service[101868]: [pid: 101868|app: 0|req: 15/31] 10.222.0.42 () {64 vars in 1282 bytes} [Mon Nov 29 05:51:18 2021] POST /compute/v2.1/flavors => generated 405 bytes in 78 msecs (HTTP/1.1 200) 9 headers in 359 bytes (1 switches on core 0)
Nov 29 05:51:18.632880 dv-cinder-819568-1-iscsi devstack@n-api.service[101869]: DEBUG nova.api.openstack.wsgi [None req-f31a5af1-5d07-496d-a947-b6684e8b3205 admin admin] Action: 'create', calling method: >, body: {"extra_specs": {"hw_rng:allowed": "True"}} {{(pid=101869) _process_stack /opt/stack/nova/nova/api/openstack/wsgi.py:511}}
Nov 29 05:51:18.658883 dv-cinder-819568-1-iscsi devstack@n-api.service[101869]: INFO nova.api.openstack.requestlog [None req-f31a5af1-5d07-496d-a947-b6684e8b3205 admin admin] 10.222.0.42 "POST /compute/v2.1/flavors/4/os-extra_specs" status: 200 len: 43 microversion: 2.61 time: 0.029689
Nov 29 05:51:18.660043 dv-cinder-819568-1-iscsi devstack@n-api.service[101869]: [pid: 101869|app: 0|req: 17/32] 10.222.0.42 () {64 vars in 1332 bytes} [Mon Nov 29 05:51:18 2021] POST /compute/v2.1/flavors/4/os-extra_specs => generated 43 bytes in 31 msecs (HTTP/1.1 200) 9 headers in 358 bytes (1 switches on core 0)
Nov 29 05:51:21.084371 dv-cinder-819568-1-iscsi devstack@n-api.service[101868]: DEBUG nova.api.openstack.wsgi [None req-dee3344e-ef34-43cc-b27f-909e3eb5bda3 admin admin] Calling method '>' {{(pid=101868) _process_stack /opt/stack/nova/nova/api/openstack/wsgi.py:513}}
Nov 29 05:51:21.085390 dv-cinder-819568-1-iscsi devstack@n-api.service[101868]: INFO nova.api.openstack.requestlog [None req-dee3344e-ef34-43cc-b27f-909e3eb5bda3 admin admin] 10.222.0.42 "GET /compute/v2.1" status: 200 len: 388 microversion: 2.1 time: 0.001740
Nov 29 05:51:21.089850 dv-cinder-819568-1-iscsi devstack@n-api.service[101868]: [pid: 101868|app: 0|req: 16/33] 10.222.0.42 () {54 vars in 930 bytes} [Mon Nov 29 05:51:21 2021] GET /compute/v2.1 => generated 388 bytes in 7 msecs (HTTP/1.1 200) 9 headers in 357 bytes (1 switches on core 0)
Nov 29 05:51:21.146649 dv-cinder-819568-1-iscsi devstack@n-api.service[101869]: DEBUG nova.api.openstack.wsgi [None req-ff9e07b8-d27e-4984-b128-65e8ae3d7d99 admin admin] Action: 'create', calling method: >, body: {"flavor": {"swap": 0, "ram": 16384, "vcpus": 8, "OS-FLV-EXT-DATA:ephemeral": 0, "os-flavor-access:is_public": true, "name": "m1.xlarge", "disk": 160, "rxtx_factor": 1.0, "id": "5"}} {{(pid=101869) _process_stack /opt/stack/nova/nova/api/openstack/wsgi.py:511}}
Nov 29 05:51:21.164957 dv-cinder-819568-1-iscsi devstack@n-api.service[101869]: INFO nova.api.openstack.requestlog [None req-ff9e07b8-d27e-4984-b128-65e8ae3d7d99 admin admin] 10.222.0.42 "POST /compute/v2.1/flavors" status: 200 len: 408 microversion: 2.61 time: 0.072888
Nov 29 05:51:21.169978 dv-cinder-819568-1-iscsi devstack@n-api.service[101869]: [pid: 101869|app: 0|req: 18/34] 10.222.0.42 () {64 vars in 1282 bytes} [Mon Nov 29 05:51:21 2021] POST /compute/v2.1/flavors => generated 408 bytes in 78 msecs (HTTP/1.1 200) 9 headers in 359 bytes (2 switches on core 0)
Nov 29 05:51:21.178259 dv-cinder-819568-1-iscsi devstack@n-api.service[101868]: DEBUG nova.api.openstack.wsgi [None req-5a4d2f36-8003-496e-a137-d7adee1f58ba admin admin] Action: 'create', calling method: >, body: {"extra_specs": {"hw_rng:allowed": "True"}} {{(pid=101868) _process_stack /opt/stack/nova/nova/api/openstack/wsgi.py:511}}
Nov 29 05:51:21.201662 dv-cinder-819568-1-iscsi devstack@n-api.service[101868]: INFO nova.api.openstack.requestlog [None req-5a4d2f36-8003-496e-a137-d7adee1f58ba admin admin] 10.222.0.42 "POST /compute/v2.1/flavors/5/os-extra_specs" status: 200 len: 43 microversion: 2.61 time: 0.027792
Nov 29 05:51:21.202638 dv-cinder-819568-1-iscsi devstack@n-api.service[101868]: [pid: 101868|app: 0|req: 17/35] 10.222.0.42 () {64 vars in 1332 bytes} [Mon Nov 29 05:51:21 2021] POST /compute/v2.1/flavors/5/os-extra_specs => generated 43 bytes in 29 msecs (HTTP/1.1 200) 9 headers in 358 bytes (1 switches on core 0)
Nov 29 05:51:41.573865 dv-cinder-819568-1-iscsi devstack@n-api.service[101869]: DEBUG nova.api.openstack.wsgi [None req-ff9e07b8-d27e-4984-b128-65e8ae3d7d99 admin admin] Calling method '>' {{(pid=101869) _process_stack /opt/stack/nova/nova/api/openstack/wsgi.py:513}}
Nov 29 05:51:41.574866 dv-cinder-819568-1-iscsi devstack@n-api.service[101869]: INFO nova.api.openstack.requestlog [None req-ff9e07b8-d27e-4984-b128-65e8ae3d7d99 admin admin] 10.222.0.42 "GET /compute/v2.1" status: 200 len: 388 microversion: 2.1 time: 0.001448
Nov 29 05:51:41.575255 dv-cinder-819568-1-iscsi devstack@n-api.service[101869]: [pid: 101869|app: 0|req: 19/36] 10.222.0.42 () {54 vars in 930 bytes} [Mon Nov 29 05:51:41 2021] GET /compute/v2.1 => generated 388 bytes in 2 msecs (HTTP/1.1 200) 9 headers in 357 bytes (1 switches on core 0)
Nov 29 05:51:41.632210 dv-cinder-819568-1-iscsi devstack@n-api.service[101868]: DEBUG nova.api.openstack.wsgi [None req-37654a82-a84c-4b2a-aaa5-c4e4eb96ac03 admin admin] Calling method '>' {{(pid=101868) _process_stack /opt/stack/nova/nova/api/openstack/wsgi.py:513}}
Nov 29 05:51:41.648493 dv-cinder-819568-1-iscsi devstack@n-api.service[101868]: INFO nova.api.openstack.requestlog [None req-37654a82-a84c-4b2a-aaa5-c4e4eb96ac03 admin admin] 10.222.0.42 "GET /compute/v2.1/flavors/detail?is_public=True" status: 200 len: 4202 microversion: 2.61 time: 0.067004
Nov 29 05:51:41.649013 dv-cinder-819568-1-iscsi devstack@n-api.service[101868]: [pid: 101868|app: 0|req: 18/37] 10.222.0.42 () {60 vars in 1291 bytes} [Mon Nov 29 05:51:41 2021] GET /compute/v2.1/flavors/detail?is_public=True => generated 4202 bytes in 68 msecs (HTTP/1.1 200) 9 headers in 360 bytes (1 switches on core 0)
Nov 29 05:51:43.237446 dv-cinder-819568-1-iscsi devstack@n-api.service[101869]: DEBUG nova.api.openstack.wsgi [None req-ff9e07b8-d27e-4984-b128-65e8ae3d7d99 admin admin] Calling method '>' {{(pid=101869) _process_stack /opt/stack/nova/nova/api/openstack/wsgi.py:513}}
Nov 29 05:51:43.238506 dv-cinder-819568-1-iscsi devstack@n-api.service[101869]: INFO nova.api.openstack.requestlog [None req-ff9e07b8-d27e-4984-b128-65e8ae3d7d99 admin admin] 10.222.0.42 "GET /compute/v2.1" status: 200 len: 388 microversion: 2.1 time: 0.001473
Nov 29 05:51:43.238930 dv-cinder-819568-1-iscsi devstack@n-api.service[101869]: [pid: 101869|app: 0|req: 20/38] 10.222.0.42 () {56 vars in 1074 bytes} [Mon Nov 29 05:51:43 2021] GET /compute/v2.1 => generated 388 bytes in 2 msecs (HTTP/1.1 200) 9 headers in 357 bytes (1 switches on core 0)
Nov 29 05:51:43.431172 dv-cinder-819568-1-iscsi devstack@n-api.service[101868]: DEBUG nova.api.openstack.wsgi [None req-ef59bf7c-eb37-4e43-858b-49e4b77615d8 admin admin] Calling method '>' {{(pid=101868) _process_stack /opt/stack/nova/nova/api/openstack/wsgi.py:513}}
Nov 29 05:51:43.436524 dv-cinder-819568-1-iscsi devstack@n-api.service[101868]: INFO nova.api.openstack.wsgi [None req-ef59bf7c-eb37-4e43-858b-49e4b77615d8 admin admin] HTTP exception thrown: Flavor 42 could not be found.
Nov 29 05:51:43.437075 dv-cinder-819568-1-iscsi devstack@n-api.service[101868]: DEBUG nova.api.openstack.wsgi [None req-ef59bf7c-eb37-4e43-858b-49e4b77615d8 admin admin] Returning 404 to user: Flavor 42 could not be found. {{(pid=101868) __call__ /opt/stack/nova/nova/api/openstack/wsgi.py:936}}
Nov 29 05:51:43.437891 dv-cinder-819568-1-iscsi devstack@n-api.service[101868]: INFO nova.api.openstack.requestlog [None req-ef59bf7c-eb37-4e43-858b-49e4b77615d8 admin admin] 10.222.0.42 "GET /compute/v2.1/flavors/42" status: 404 len: 75 microversion: 2.90 time: 0.058175
Nov 29 05:51:43.438387 dv-cinder-819568-1-iscsi devstack@n-api.service[101868]: [pid: 101868|app: 0|req: 19/39] 10.222.0.42 () {60 vars in 1190 bytes} [Mon Nov 29 05:51:43 2021] GET /compute/v2.1/flavors/42 => generated 75 bytes in 59 msecs (HTTP/1.1 404) 9 headers in 380 bytes (1 switches on core 0)
Nov 29 05:51:43.448912 dv-cinder-819568-1-iscsi devstack@n-api.service[101869]: DEBUG nova.api.openstack.wsgi [None req-00bbb203-df78-4d95-a4a3-24c416374214 admin admin] Calling method '>' {{(pid=101869) _process_stack /opt/stack/nova/nova/api/openstack/wsgi.py:513}}
Nov 29 05:51:43.468899 dv-cinder-819568-1-iscsi devstack@n-api.service[101869]: INFO nova.api.openstack.requestlog [None req-00bbb203-df78-4d95-a4a3-24c416374214 admin admin] 10.222.0.42 "GET /compute/v2.1/flavors?is_public=None" status: 200 len: 2056 microversion: 2.90 time: 0.023449
Nov 29 05:51:43.469431 dv-cinder-819568-1-iscsi devstack@n-api.service[101869]: [pid: 101869|app: 0|req: 21/40] 10.222.0.42 () {60 vars in 1210 bytes} [Mon Nov 29 05:51:43 2021] GET /compute/v2.1/flavors?is_public=None => generated 2056 bytes in 24 msecs (HTTP/1.1 200) 9 headers in 360 bytes (1 switches on core 0)
Nov 29 05:51:43.479784 dv-cinder-819568-1-iscsi devstack@n-api.service[101868]: DEBUG nova.api.openstack.wsgi [None req-065d5cf9-05ca-41ff-bec3-7b5fa48f23d6 admin admin] Calling method '>' {{(pid=101868) _process_stack /opt/stack/nova/nova/api/openstack/wsgi.py:513}}
Nov 29 05:51:43.500430 dv-cinder-819568-1-iscsi devstack@n-api.service[101868]: INFO nova.api.openstack.requestlog [None req-065d5cf9-05ca-41ff-bec3-7b5fa48f23d6 admin admin] 10.222.0.42 "GET /compute/v2.1/flavors?is_public=None" status: 200 len: 2056 microversion: 2.90 time: 0.024234
Nov 29 05:51:43.500951 dv-cinder-819568-1-iscsi devstack@n-api.service[101868]: [pid: 101868|app: 0|req: 20/41] 10.222.0.42 () {60 vars in 1210 bytes} [Mon Nov 29 05:51:43 2021] GET /compute/v2.1/flavors?is_public=None => generated 2056 bytes in 25 msecs (HTTP/1.1 200) 9 headers in 360 bytes (1 switches on core 0)
Nov 29 05:51:43.511374 dv-cinder-819568-1-iscsi devstack@n-api.service[101869]: DEBUG nova.api.openstack.wsgi [None req-64852968-5203-402b-8400-0337fd21e7ef admin admin] Calling method '>' {{(pid=101869) _process_stack /opt/stack/nova/nova/api/openstack/wsgi.py:513}}
Nov 29 05:51:43.516835 dv-cinder-819568-1-iscsi devstack@n-api.service[101869]: INFO nova.api.openstack.wsgi [None req-64852968-5203-402b-8400-0337fd21e7ef admin admin] HTTP exception thrown: Flavor 42 could not be found.
Nov 29 05:51:43.517403 dv-cinder-819568-1-iscsi devstack@n-api.service[101869]: DEBUG nova.api.openstack.wsgi [None req-64852968-5203-402b-8400-0337fd21e7ef admin admin] Returning 404 to user: Flavor 42 could not be found. {{(pid=101869) __call__ /opt/stack/nova/nova/api/openstack/wsgi.py:936}}
Nov 29 05:51:43.518233 dv-cinder-819568-1-iscsi devstack@n-api.service[101869]: INFO nova.api.openstack.requestlog [None req-64852968-5203-402b-8400-0337fd21e7ef admin admin] 10.222.0.42 "GET /compute/v2.1/flavors/42" status: 404 len: 75 microversion: 2.90 time: 0.010438
Nov 29 05:51:43.518734 dv-cinder-819568-1-iscsi devstack@n-api.service[101869]: [pid: 101869|app: 0|req: 22/42] 10.222.0.42 () {60 vars in 1190 bytes} [Mon Nov 29 05:51:43 2021] GET /compute/v2.1/flavors/42 => generated 75 bytes in 11 msecs (HTTP/1.1 404) 9 headers in 380 bytes (1 switches on core 0)
Nov 29 05:51:45.008108 dv-cinder-819568-1-iscsi devstack@n-api.service[101868]: DEBUG nova.api.openstack.wsgi [None req-065d5cf9-05ca-41ff-bec3-7b5fa48f23d6 admin admin] Calling method '>' {{(pid=101868) _process_stack /opt/stack/nova/nova/api/openstack/wsgi.py:513}}
Nov 29 05:51:45.009104 dv-cinder-819568-1-iscsi devstack@n-api.service[101868]: INFO nova.api.openstack.requestlog [None req-065d5cf9-05ca-41ff-bec3-7b5fa48f23d6 admin admin] 10.222.0.42 "GET /compute/v2.1" status: 200 len: 388 microversion: 2.1 time: 0.001434
Nov 29 05:51:45.009495 dv-cinder-819568-1-iscsi devstack@n-api.service[101868]: [pid: 101868|app: 0|req: 21/43] 10.222.0.42 () {56 vars in 1074 bytes} [Mon Nov 29 05:51:45 2021] GET /compute/v2.1 => generated 388 bytes in 2 msecs (HTTP/1.1 200) 9 headers in 357 bytes (1 switches on core 0)
Nov 29 05:51:45.199538 dv-cinder-819568-1-iscsi devstack@n-api.service[101869]: DEBUG nova.api.openstack.wsgi [None req-1a7a14b7-356c-443a-9304-622f336733a6 admin admin] Calling method '>' {{(pid=101869) _process_stack /opt/stack/nova/nova/api/openstack/wsgi.py:513}}
Nov 29 05:51:45.204666 dv-cinder-819568-1-iscsi devstack@n-api.service[101869]: INFO nova.api.openstack.wsgi [None req-1a7a14b7-356c-443a-9304-622f336733a6 admin admin] HTTP exception thrown: Flavor 84 could not be found.
Nov 29 05:51:45.205217 dv-cinder-819568-1-iscsi devstack@n-api.service[101869]: DEBUG nova.api.openstack.wsgi [None req-1a7a14b7-356c-443a-9304-622f336733a6 admin admin] Returning 404 to user: Flavor 84 could not be found. {{(pid=101869) __call__ /opt/stack/nova/nova/api/openstack/wsgi.py:936}}
Nov 29 05:51:45.206032 dv-cinder-819568-1-iscsi devstack@n-api.service[101869]: INFO nova.api.openstack.requestlog [None req-1a7a14b7-356c-443a-9304-622f336733a6 admin admin] 10.222.0.42 "GET /compute/v2.1/flavors/84" status: 404 len: 75 microversion: 2.90 time: 0.057535
Nov 29 05:51:45.206524 dv-cinder-819568-1-iscsi devstack@n-api.service[101869]: [pid: 101869|app: 0|req: 23/44] 10.222.0.42 () {60 vars in 1190 bytes} [Mon Nov 29 05:51:45 2021] GET /compute/v2.1/flavors/84 => generated 75 bytes in 59 msecs (HTTP/1.1 404) 9 headers in 380 bytes (1 switches on core 0)
