Dec 09 18:45:25.694636 dv-cinder-819346-1-iscsi devstack@n-api.service[101010]: DEBUG nova.policy [None req-0d2ba1ec-7d25-4a9b-b002-6890c6dc7eee tempest-DeleteServersTestJSON-403585793 tempest-DeleteServersTestJSON-403585793-project] Policy check for os_compute_api:os-extended-server-attributes failed with credentials {'is_admin': False, 'user_id': 'e1cfb992cdea4e9494ffbb243929e941', 'user_domain_id': 'default', 'system_scope': None, 'domain_id': None, 'project_id': 'f52c961702934aa88839669060ecad1e', 'project_domain_id': 'default', 'roles': ['member', 'reader'], 'is_admin_project': True, 'service_user_id': None, 'service_user_domain_id': None, 'service_project_id': None, 'service_project_domain_id': None, 'service_roles': []} {{(pid=101010) authorize /opt/stack/nova/nova/policy.py:199}}
Dec 09 18:45:25.703529 dv-cinder-819346-1-iscsi devstack@n-api.service[101010]: INFO nova.api.openstack.requestlog [None req-0d2ba1ec-7d25-4a9b-b002-6890c6dc7eee tempest-DeleteServersTestJSON-403585793 tempest-DeleteServersTestJSON-403585793-project] 10.222.0.32 "GET /compute/v2.1/servers/3836bda9-78b4-459a-8c4c-465cc9c040f5" status: 200 len: 1315 microversion: 2.1 time: 0.746046
Dec 09 18:45:25.704114 dv-cinder-819346-1-iscsi devstack@n-api.service[101010]: [pid: 101010|app: 0|req: 24/53] 10.222.0.32 () {58 vars in 1235 bytes} [Thu Dec 9 18:45:24 2021] GET /compute/v2.1/servers/3836bda9-78b4-459a-8c4c-465cc9c040f5 => generated 1315 bytes in 747 msecs (HTTP/1.1 200) 9 headers in 358 bytes (1 switches on core 0)
Dec 09 18:45:25.721423 dv-cinder-819346-1-iscsi devstack@n-api.service[101010]: DEBUG nova.api.openstack.wsgi [None req-7515b440-8c72-4ac9-8451-dfb18c191e34 tempest-VolumesTestJSON-2078878330 tempest-VolumesTestJSON-2078878330-project] Calling method '.version_select at 0x7ff67c933ee0>' {{(pid=101010) _process_stack /opt/stack/nova/nova/api/openstack/wsgi.py:513}}
Dec 09 18:45:26.025865 dv-cinder-819346-1-iscsi devstack@n-api.service[101010]: INFO nova.api.openstack.requestlog [None req-7515b440-8c72-4ac9-8451-dfb18c191e34 tempest-VolumesTestJSON-2078878330 tempest-VolumesTestJSON-2078878330-project] 10.222.0.32 "GET /compute/v2.1/os-volumes" status: 200 len: 1035 microversion: 2.1 time: 0.319254
Dec 09 18:45:26.026011 dv-cinder-819346-1-iscsi devstack@n-api.service[101010]: [pid: 101010|app: 0|req: 25/54] 10.222.0.32 () {58 vars in 1133 bytes} [Thu Dec 9 18:45:25 2021] GET /compute/v2.1/os-volumes => generated 1035 bytes in 321 msecs (HTTP/1.1 200) 9 headers in 358 bytes (1 switches on core 0)
Dec 09 18:45:26.042773 dv-cinder-819346-1-iscsi devstack@n-api.service[101010]: DEBUG nova.api.openstack.wsgi [None req-24140839-18b5-4934-b7ed-730eaafee077 tempest-ServerRescueNegativeTestJSON-1523983356 tempest-ServerRescueNegativeTestJSON-1523983356-project] Calling method '>' {{(pid=101010) _process_stack /opt/stack/nova/nova/api/openstack/wsgi.py:513}}
Dec 09 18:45:26.043332 dv-cinder-819346-1-iscsi devstack@n-api.service[101010]: DEBUG nova.compute.api [None req-24140839-18b5-4934-b7ed-730eaafee077 tempest-ServerRescueNegativeTestJSON-1523983356 tempest-ServerRescueNegativeTestJSON-1523983356-project] [instance: edceb096-34e5-4b11-a342-8ab76156409f] Fetching instance by UUID {{(pid=101010) get /opt/stack/nova/nova/compute/api.py:2813}}
Dec 09 18:45:26.163345 dv-cinder-819346-1-iscsi devstack@n-api.service[101010]: DEBUG nova.policy [None req-24140839-18b5-4934-b7ed-730eaafee077 tempest-ServerRescueNegativeTestJSON-1523983356 tempest-ServerRescueNegativeTestJSON-1523983356-project] Policy check for os_compute_api:os-extended-server-attributes failed with credentials {'is_admin': False, 'user_id': '3d4c20fed752484b831842714c0f7951', 'user_domain_id': 'default', 'system_scope': None, 'domain_id': None, 'project_id': 'e9b56441fdd74fcc97d0521480db3915', 'project_domain_id': 'default', 'roles': ['member', 'reader'], 'is_admin_project': True, 'service_user_id': None, 'service_user_domain_id': None, 'service_project_id': None, 'service_project_domain_id': None, 'service_roles': []} {{(pid=101010) authorize /opt/stack/nova/nova/policy.py:199}}
Dec 09 18:45:26.177168 dv-cinder-819346-1-iscsi devstack@n-api.service[101010]: INFO nova.api.openstack.requestlog [None req-24140839-18b5-4934-b7ed-730eaafee077 tempest-ServerRescueNegativeTestJSON-1523983356 tempest-ServerRescueNegativeTestJSON-1523983356-project] 10.222.0.32 "GET /compute/v2.1/servers/edceb096-34e5-4b11-a342-8ab76156409f" status: 200 len: 1221 microversion: 2.1 time: 0.139797
Dec 09 18:45:26.207023 dv-cinder-819346-1-iscsi devstack@n-api.service[101010]: [pid: 101010|app: 0|req: 26/55] 10.222.0.32 () {58 vars in 1235 bytes} [Thu Dec 9 18:45:26 2021] GET /compute/v2.1/servers/edceb096-34e5-4b11-a342-8ab76156409f => generated 1221 bytes in 180 msecs (HTTP/1.1 200) 9 headers in 358 bytes (1 switches on core 0)
Dec 09 18:45:26.223073 dv-cinder-819346-1-iscsi devstack@n-api.service[101010]: DEBUG nova.api.openstack.wsgi [None req-e0527a5d-0011-458e-b77f-69fe77c7a295 tempest-VolumesTestJSON-2078878330 tempest-VolumesTestJSON-2078878330-project] Calling method '.version_select at 0x7ff67d262700>' {{(pid=101010) _process_stack /opt/stack/nova/nova/api/openstack/wsgi.py:513}}
Dec 09 18:45:26.398158 dv-cinder-819346-1-iscsi devstack@n-api.service[101011]: DEBUG nova.policy [None req-8e494ac3-aae0-412a-a4bd-7acef0801c73 tempest-AttachVolumeShelveTestJSON-1715390565 tempest-AttachVolumeShelveTestJSON-1715390565-project] Policy check for os_compute_api:os-extended-server-attributes failed with credentials {'is_admin': False, 'user_id': '8f2c6e556db7422a811ef4d8f89088fb', 'user_domain_id': 'default', 'system_scope': None, 'domain_id': None, 'project_id': '9494637575c140bf94659e849ef50bb2', 'project_domain_id': 'default', 'roles': ['member', 'reader'], 'is_admin_project': True, 'service_user_id': None, 'service_user_domain_id': None, 'service_project_id': None, 'service_project_domain_id': None, 'service_roles': []} {{(pid=101011) authorize /opt/stack/nova/nova/policy.py:199}}
Dec 09 18:45:26.411687 dv-cinder-819346-1-iscsi devstack@n-api.service[101011]: DEBUG nova.policy [None req-8e494ac3-aae0-412a-a4bd-7acef0801c73 tempest-AttachVolumeShelveTestJSON-1715390565 tempest-AttachVolumeShelveTestJSON-1715390565-project] Policy check for os_compute_api:servers:show:host_status failed with credentials {'is_admin': False, 'user_id': '8f2c6e556db7422a811ef4d8f89088fb', 'user_domain_id': 'default', 'system_scope': None, 'domain_id': None, 'project_id': '9494637575c140bf94659e849ef50bb2', 'project_domain_id': 'default', 'roles': ['member', 'reader'], 'is_admin_project': True, 'service_user_id': None, 'service_user_domain_id': None, 'service_project_id': None, 'service_project_domain_id': None, 'service_roles': []} {{(pid=101011) authorize /opt/stack/nova/nova/policy.py:199}}
Dec 09 18:45:26.413326 dv-cinder-819346-1-iscsi devstack@n-api.service[101011]: DEBUG nova.policy [None req-8e494ac3-aae0-412a-a4bd-7acef0801c73 tempest-AttachVolumeShelveTestJSON-1715390565 tempest-AttachVolumeShelveTestJSON-1715390565-project] Policy check for os_compute_api:servers:show:host_status:unknown-only failed with credentials {'is_admin': False, 'user_id': '8f2c6e556db7422a811ef4d8f89088fb', 'user_domain_id': 'default', 'system_scope': None, 'domain_id': None, 'project_id': '9494637575c140bf94659e849ef50bb2', 'project_domain_id': 'default', 'roles': ['member', 'reader'], 'is_admin_project': True, 'service_user_id': None, 'service_user_domain_id': None, 'service_project_id': None, 'service_project_domain_id': None, 'service_roles': []} {{(pid=101011) authorize /opt/stack/nova/nova/policy.py:199}}
Dec 09 18:45:26.426981 dv-cinder-819346-1-iscsi devstack@n-api.service[101011]: INFO nova.api.openstack.requestlog [None req-8e494ac3-aae0-412a-a4bd-7acef0801c73 tempest-AttachVolumeShelveTestJSON-1715390565 tempest-AttachVolumeShelveTestJSON-1715390565-project] 10.222.0.32 "GET /compute/v2.1/servers/67fd253d-a341-4ea0-bb7e-cad2f821f936" status: 200 len: 1277 microversion: 2.20 time: 0.883971
Dec 09 18:45:26.430363 dv-cinder-819346-1-iscsi devstack@n-api.service[101011]: [pid: 101011|app: 0|req: 30/56] 10.222.0.32 () {60 vars in 1276 bytes} [Thu Dec 9 18:45:25 2021] GET /compute/v2.1/servers/67fd253d-a341-4ea0-bb7e-cad2f821f936 => generated 1277 bytes in 891 msecs (HTTP/1.1 200) 9 headers in 360 bytes (1 switches on core 0)
Dec 09 18:45:26.445728 dv-cinder-819346-1-iscsi devstack@n-api.service[101010]: INFO nova.api.openstack.requestlog [None req-e0527a5d-0011-458e-b77f-69fe77c7a295 tempest-VolumesTestJSON-2078878330 tempest-VolumesTestJSON-2078878330-project] 10.222.0.32 "GET /compute/v2.1/os-volumes?limit=2" status: 200 len: 694 microversion: 2.1 time: 0.237458
Dec 09 18:45:26.446555 dv-cinder-819346-1-iscsi devstack@n-api.service[101010]: [pid: 101010|app: 0|req: 27/57] 10.222.0.32 () {58 vars in 1148 bytes} [Thu Dec 9 18:45:26 2021] GET /compute/v2.1/os-volumes?limit=2 => generated 694 bytes in 239 msecs (HTTP/1.1 200) 9 headers in 357 bytes (1 switches on core 0)
Dec 09 18:45:26.470157 dv-cinder-819346-1-iscsi devstack@n-api.service[101011]: DEBUG nova.api.openstack.wsgi [None req-860b83ea-3dfa-4321-8374-e61a685fa3a3 tempest-VolumesTestJSON-2078878330 tempest-VolumesTestJSON-2078878330-project] Calling method '.version_select at 0x7ff67c05b4c0>' {{(pid=101011) _process_stack /opt/stack/nova/nova/api/openstack/wsgi.py:513}}
Dec 09 18:45:26.660956 dv-cinder-819346-1-iscsi devstack@n-api.service[101011]: INFO nova.api.openstack.requestlog [None req-860b83ea-3dfa-4321-8374-e61a685fa3a3 tempest-VolumesTestJSON-2078878330 tempest-VolumesTestJSON-2078878330-project] 10.222.0.32 "GET /compute/v2.1/os-volumes" status: 200 len: 1035 microversion: 2.1 time: 0.195414
Dec 09 18:45:26.672187 dv-cinder-819346-1-iscsi devstack@n-api.service[101011]: [pid: 101011|app: 0|req: 31/58] 10.222.0.32 () {58 vars in 1133 bytes} [Thu Dec 9 18:45:26 2021] GET /compute/v2.1/os-volumes => generated 1035 bytes in 207 msecs (HTTP/1.1 200) 9 headers in 358 bytes (1 switches on core 0)
Dec 09 18:45:26.673949 dv-cinder-819346-1-iscsi devstack@n-api.service[101010]: DEBUG nova.api.openstack.wsgi [None req-e474aea0-412e-47dd-8c92-2546b7b32c58 tempest-VolumesTestJSON-2078878330 tempest-VolumesTestJSON-2078878330-project] Calling method '.version_select at 0x7ff67c8b2040>' {{(pid=101010) _process_stack /opt/stack/nova/nova/api/openstack/wsgi.py:513}}
Dec 09 18:45:26.722644 dv-cinder-819346-1-iscsi devstack@n-api.service[101011]: DEBUG nova.api.openstack.wsgi [None req-58ff6cbd-7c20-49f6-9da2-ddf891bde434 tempest-DeleteServersTestJSON-403585793 tempest-DeleteServersTestJSON-403585793-project] Calling method '>' {{(pid=101011) _process_stack /opt/stack/nova/nova/api/openstack/wsgi.py:513}}
Dec 09 18:45:26.724061 dv-cinder-819346-1-iscsi devstack@n-api.service[101011]: DEBUG nova.compute.api [None req-58ff6cbd-7c20-49f6-9da2-ddf891bde434 tempest-DeleteServersTestJSON-403585793 tempest-DeleteServersTestJSON-403585793-project] [instance: 3836bda9-78b4-459a-8c4c-465cc9c040f5] Fetching instance by UUID {{(pid=101011) get /opt/stack/nova/nova/compute/api.py:2813}}
Dec 09 18:45:26.762374 dv-cinder-819346-1-iscsi devstack@n-api.service[101011]: DEBUG oslo_concurrency.lockutils [None req-58ff6cbd-7c20-49f6-9da2-ddf891bde434 tempest-DeleteServersTestJSON-403585793 tempest-DeleteServersTestJSON-403585793-project] Lock "62c9b2ca-8a25-4395-8647-dfc2c3c2db2f" acquired by "nova.context.set_target_cell..get_or_set_cached_cell_and_set_connections" :: waited 0.002s {{(pid=101011) inner /usr/local/lib/python3.8/dist-packages/oslo_concurrency/lockutils.py:355}}
Dec 09 18:45:26.765819 dv-cinder-819346-1-iscsi devstack@n-api.service[101011]: DEBUG oslo_concurrency.lockutils [None req-58ff6cbd-7c20-49f6-9da2-ddf891bde434 tempest-DeleteServersTestJSON-403585793 tempest-DeleteServersTestJSON-403585793-project] Lock "62c9b2ca-8a25-4395-8647-dfc2c3c2db2f" released by "nova.context.set_target_cell..get_or_set_cached_cell_and_set_connections" :: held 0.016s {{(pid=101011) inner /usr/local/lib/python3.8/dist-packages/oslo_concurrency/lockutils.py:367}}
Dec 09 18:45:26.773324 dv-cinder-819346-1-iscsi devstack@n-api.service[101011]: DEBUG oslo_concurrency.lockutils [None req-58ff6cbd-7c20-49f6-9da2-ddf891bde434 tempest-DeleteServersTestJSON-403585793 tempest-DeleteServersTestJSON-403585793-project] Lock "62c9b2ca-8a25-4395-8647-dfc2c3c2db2f" acquired by "nova.context.set_target_cell..get_or_set_cached_cell_and_set_connections" :: waited 0.000s {{(pid=101011) inner /usr/local/lib/python3.8/dist-packages/oslo_concurrency/lockutils.py:355}}
Dec 09 18:45:26.776466 dv-cinder-819346-1-iscsi devstack@n-api.service[101011]: DEBUG oslo_concurrency.lockutils [None req-58ff6cbd-7c20-49f6-9da2-ddf891bde434 tempest-DeleteServersTestJSON-403585793 tempest-DeleteServersTestJSON-403585793-project] Lock "62c9b2ca-8a25-4395-8647-dfc2c3c2db2f" released by "nova.context.set_target_cell..get_or_set_cached_cell_and_set_connections" :: held 0.004s {{(pid=101011) inner /usr/local/lib/python3.8/dist-packages/oslo_concurrency/lockutils.py:367}}
Dec 09 18:45:26.846632 dv-cinder-819346-1-iscsi devstack@n-api.service[101010]: INFO nova.api.openstack.requestlog [None req-e474aea0-412e-47dd-8c92-2546b7b32c58 tempest-VolumesTestJSON-2078878330 tempest-VolumesTestJSON-2078878330-project] 10.222.0.32 "GET /compute/v2.1/os-volumes?offset=1&limit=1" status: 200 len: 353 microversion: 2.1 time: 0.177659
Dec 09 18:45:26.847764 dv-cinder-819346-1-iscsi devstack@n-api.service[101010]: [pid: 101010|app: 0|req: 28/59] 10.222.0.32 () {58 vars in 1166 bytes} [Thu Dec 9 18:45:26 2021] GET /compute/v2.1/os-volumes?offset=1&limit=1 => generated 353 bytes in 179 msecs (HTTP/1.1 200) 9 headers in 357 bytes (1 switches on core 0)
Dec 09 18:45:26.862550 dv-cinder-819346-1-iscsi devstack@n-api.service[101010]: DEBUG nova.api.openstack.wsgi [None req-212f007a-3453-4cb5-a10e-ad8e1c17dd85 tempest-VolumesTestJSON-2078878330 tempest-VolumesTestJSON-2078878330-project] Calling method '.version_select at 0x7ff67c8b2f70>' {{(pid=101010) _process_stack /opt/stack/nova/nova/api/openstack/wsgi.py:513}}
Dec 09 18:45:27.044267 dv-cinder-819346-1-iscsi devstack@n-api.service[101010]: INFO nova.api.openstack.requestlog [None req-212f007a-3453-4cb5-a10e-ad8e1c17dd85 tempest-VolumesTestJSON-2078878330 tempest-VolumesTestJSON-2078878330-project] 10.222.0.32 "GET /compute/v2.1/os-volumes/detail?limit=2" status: 200 len: 694 microversion: 2.1 time: 0.185506
Dec 09 18:45:27.052659 dv-cinder-819346-1-iscsi devstack@n-api.service[101010]: [pid: 101010|app: 0|req: 29/60] 10.222.0.32 () {58 vars in 1169 bytes} [Thu Dec 9 18:45:26 2021] GET /compute/v2.1/os-volumes/detail?limit=2 => generated 694 bytes in 195 msecs (HTTP/1.1 200) 9 headers in 357 bytes (1 switches on core 0)
Dec 09 18:45:27.058277 dv-cinder-819346-1-iscsi devstack@n-api.service[101010]: DEBUG nova.api.openstack.wsgi [None req-3aa198d7-4a0d-4c23-8d90-0c83c7a3bf4d tempest-VolumesTestJSON-2078878330 tempest-VolumesTestJSON-2078878330-project] Calling method '.version_select at 0x7ff67c90a5e0>' {{(pid=101010) _process_stack /opt/stack/nova/nova/api/openstack/wsgi.py:513}}
Dec 09 18:45:27.159887 dv-cinder-819346-1-iscsi devstack@n-api.service[101010]: INFO nova.api.openstack.requestlog [None req-3aa198d7-4a0d-4c23-8d90-0c83c7a3bf4d tempest-VolumesTestJSON-2078878330 tempest-VolumesTestJSON-2078878330-project] 10.222.0.32 "GET /compute/v2.1/os-volumes/detail" status: 200 len: 1035 microversion: 2.1 time: 0.106088
Dec 09 18:45:27.160462 dv-cinder-819346-1-iscsi devstack@n-api.service[101010]: [pid: 101010|app: 0|req: 30/61] 10.222.0.32 () {58 vars in 1154 bytes} [Thu Dec 9 18:45:27 2021] GET /compute/v2.1/os-volumes/detail => generated 1035 bytes in 107 msecs (HTTP/1.1 200) 9 headers in 358 bytes (1 switches on core 0)
Dec 09 18:45:27.174847 dv-cinder-819346-1-iscsi devstack@n-api.service[101010]: DEBUG nova.api.openstack.wsgi [None req-a2f1f448-91ce-46a4-af52-82c016c81fe1 tempest-VolumesTestJSON-2078878330 tempest-VolumesTestJSON-2078878330-project] Calling method '.version_select at 0x7ff67c8b2700>' {{(pid=101010) _process_stack /opt/stack/nova/nova/api/openstack/wsgi.py:513}}
Dec 09 18:45:27.268625 dv-cinder-819346-1-iscsi devstack@n-api.service[101010]: INFO nova.api.openstack.requestlog [None req-a2f1f448-91ce-46a4-af52-82c016c81fe1 tempest-VolumesTestJSON-2078878330 tempest-VolumesTestJSON-2078878330-project] 10.222.0.32 "GET /compute/v2.1/os-volumes/detail?offset=1&limit=1" status: 200 len: 353 microversion: 2.1 time: 0.100650
Dec 09 18:45:27.269650 dv-cinder-819346-1-iscsi devstack@n-api.service[101010]: [pid: 101010|app: 0|req: 31/62] 10.222.0.32 () {58 vars in 1187 bytes} [Thu Dec 9 18:45:27 2021] GET /compute/v2.1/os-volumes/detail?offset=1&limit=1 => generated 353 bytes in 102 msecs (HTTP/1.1 200) 9 headers in 357 bytes (1 switches on core 0)
Dec 09 18:45:27.274220 dv-cinder-819346-1-iscsi devstack@n-api.service[101010]: DEBUG nova.api.openstack.wsgi [None req-7f47c7bd-8e69-4869-8544-26fa8ad91e71 tempest-ServerRescueNegativeTestJSON-1523983356 tempest-ServerRescueNegativeTestJSON-1523983356-project] Calling method '>' {{(pid=101010) _process_stack /opt/stack/nova/nova/api/openstack/wsgi.py:513}}
Dec 09 18:45:27.275008 dv-cinder-819346-1-iscsi devstack@n-api.service[101010]: DEBUG nova.compute.api [None req-7f47c7bd-8e69-4869-8544-26fa8ad91e71 tempest-ServerRescueNegativeTestJSON-1523983356 tempest-ServerRescueNegativeTestJSON-1523983356-project] [instance: edceb096-34e5-4b11-a342-8ab76156409f] Fetching instance by UUID {{(pid=101010) get /opt/stack/nova/nova/compute/api.py:2813}}
Dec 09 18:45:27.284094 dv-cinder-819346-1-iscsi devstack@n-api.service[101010]: DEBUG oslo_concurrency.lockutils [None req-7f47c7bd-8e69-4869-8544-26fa8ad91e71 tempest-ServerRescueNegativeTestJSON-1523983356 tempest-ServerRescueNegativeTestJSON-1523983356-project] Lock "62c9b2ca-8a25-4395-8647-dfc2c3c2db2f" acquired by "nova.context.set_target_cell..get_or_set_cached_cell_and_set_connections" :: waited 0.000s {{(pid=101010) inner /usr/local/lib/python3.8/dist-packages/oslo_concurrency/lockutils.py:355}}
Dec 09 18:45:27.284754 dv-cinder-819346-1-iscsi devstack@n-api.service[101010]: DEBUG oslo_concurrency.lockutils [None req-7f47c7bd-8e69-4869-8544-26fa8ad91e71 tempest-ServerRescueNegativeTestJSON-1523983356 tempest-ServerRescueNegativeTestJSON-1523983356-project] Lock "62c9b2ca-8a25-4395-8647-dfc2c3c2db2f" released by "nova.context.set_target_cell..get_or_set_cached_cell_and_set_connections" :: held 0.001s {{(pid=101010) inner /usr/local/lib/python3.8/dist-packages/oslo_concurrency/lockutils.py:367}}
Dec 09 18:45:27.285725 dv-cinder-819346-1-iscsi devstack@n-api.service[101010]: DEBUG oslo_concurrency.lockutils [None req-7f47c7bd-8e69-4869-8544-26fa8ad91e71 tempest-ServerRescueNegativeTestJSON-1523983356 tempest-ServerRescueNegativeTestJSON-1523983356-project] Lock "62c9b2ca-8a25-4395-8647-dfc2c3c2db2f" acquired by "nova.context.set_target_cell..get_or_set_cached_cell_and_set_connections" :: waited 0.000s {{(pid=101010) inner /usr/local/lib/python3.8/dist-packages/oslo_concurrency/lockutils.py:355}}
Dec 09 18:45:27.286308 dv-cinder-819346-1-iscsi devstack@n-api.service[101010]: DEBUG oslo_concurrency.lockutils [None req-7f47c7bd-8e69-4869-8544-26fa8ad91e71 tempest-ServerRescueNegativeTestJSON-1523983356 tempest-ServerRescueNegativeTestJSON-1523983356-project] Lock "62c9b2ca-8a25-4395-8647-dfc2c3c2db2f" released by "nova.context.set_target_cell..get_or_set_cached_cell_and_set_connections" :: held 0.001s {{(pid=101010) inner /usr/local/lib/python3.8/dist-packages/oslo_concurrency/lockutils.py:367}}
Dec 09 18:45:27.635129 dv-cinder-819346-1-iscsi devstack@n-api.service[101010]: DEBUG nova.policy [None req-7f47c7bd-8e69-4869-8544-26fa8ad91e71 tempest-ServerRescueNegativeTestJSON-1523983356 tempest-ServerRescueNegativeTestJSON-1523983356-project] Policy check for os_compute_api:os-extended-server-attributes failed with credentials {'is_admin': False, 'user_id': '3d4c20fed752484b831842714c0f7951', 'user_domain_id': 'default', 'system_scope': None, 'domain_id': None, 'project_id': 'e9b56441fdd74fcc97d0521480db3915', 'project_domain_id': 'default', 'roles': ['member', 'reader'], 'is_admin_project': True, 'service_user_id': None, 'service_user_domain_id': None, 'service_project_id': None, 'service_project_domain_id': None, 'service_roles': []} {{(pid=101010) authorize /opt/stack/nova/nova/policy.py:199}}
Dec 09 18:45:27.645815 dv-cinder-819346-1-iscsi devstack@n-api.service[101010]: INFO nova.api.openstack.requestlog [None req-7f47c7bd-8e69-4869-8544-26fa8ad91e71 tempest-ServerRescueNegativeTestJSON-1523983356 tempest-ServerRescueNegativeTestJSON-1523983356-project] 10.222.0.32 "GET /compute/v2.1/servers/edceb096-34e5-4b11-a342-8ab76156409f" status: 200 len: 1281 microversion: 2.1 time: 0.374893
Dec 09 18:45:27.657075 dv-cinder-819346-1-iscsi devstack@n-api.service[101010]: [pid: 101010|app: 0|req: 32/63] 10.222.0.32 () {58 vars in 1235 bytes} [Thu Dec 9 18:45:27 2021] GET /compute/v2.1/servers/edceb096-34e5-4b11-a342-8ab76156409f => generated 1281 bytes in 386 msecs (HTTP/1.1 200) 9 headers in 358 bytes (1 switches on core 0)
Dec 09 18:45:27.663172 dv-cinder-819346-1-iscsi devstack@n-api.service[101010]: DEBUG nova.api.openstack.wsgi [None req-58deae1f-5f8c-4ddb-8263-b1c1a7aaea37 tempest-VolumesTestJSON-2078878330 tempest-VolumesTestJSON-2078878330-project] Calling method '.version_select at 0x7ff67c933820>' {{(pid=101010) _process_stack /opt/stack/nova/nova/api/openstack/wsgi.py:513}}
Dec 09 18:45:27.770903 dv-cinder-819346-1-iscsi devstack@n-api.service[101010]: INFO nova.api.openstack.requestlog [None req-58deae1f-5f8c-4ddb-8263-b1c1a7aaea37 tempest-VolumesTestJSON-2078878330 tempest-VolumesTestJSON-2078878330-project] 10.222.0.32 "GET /compute/v2.1/os-volumes/detail" status: 200 len: 1035 microversion: 2.1 time: 0.112569
Dec 09 18:45:27.771807 dv-cinder-819346-1-iscsi devstack@n-api.service[101010]: [pid: 101010|app: 0|req: 33/64] 10.222.0.32 () {58 vars in 1154 bytes} [Thu Dec 9 18:45:27 2021] GET /compute/v2.1/os-volumes/detail => generated 1035 bytes in 114 msecs (HTTP/1.1 200) 9 headers in 358 bytes (1 switches on core 0)
Dec 09 18:45:27.776525 dv-cinder-819346-1-iscsi devstack@n-api.service[101010]: DEBUG nova.api.openstack.wsgi [None req-7157cb4b-0576-4e9f-8757-c5f817406a77 tempest-AttachVolumeShelveTestJSON-1715390565 tempest-AttachVolumeShelveTestJSON-1715390565-project] Calling method '>' {{(pid=101010) _process_stack /opt/stack/nova/nova/api/openstack/wsgi.py:513}}
Dec 09 18:45:27.779579 dv-cinder-819346-1-iscsi devstack@n-api.service[101010]: DEBUG nova.compute.api [None req-7157cb4b-0576-4e9f-8757-c5f817406a77 tempest-AttachVolumeShelveTestJSON-1715390565 tempest-AttachVolumeShelveTestJSON-1715390565-project] [instance: 67fd253d-a341-4ea0-bb7e-cad2f821f936] Fetching instance by UUID {{(pid=101010) get /opt/stack/nova/nova/compute/api.py:2813}}
Dec 09 18:45:27.805356 dv-cinder-819346-1-iscsi devstack@n-api.service[101010]: DEBUG oslo_concurrency.lockutils [None req-7157cb4b-0576-4e9f-8757-c5f817406a77 tempest-AttachVolumeShelveTestJSON-1715390565 tempest-AttachVolumeShelveTestJSON-1715390565-project] Lock "62c9b2ca-8a25-4395-8647-dfc2c3c2db2f" acquired by "nova.context.set_target_cell..get_or_set_cached_cell_and_set_connections" :: waited 0.002s {{(pid=101010) inner /usr/local/lib/python3.8/dist-packages/oslo_concurrency/lockutils.py:355}}
Dec 09 18:45:27.806114 dv-cinder-819346-1-iscsi devstack@n-api.service[101010]: DEBUG oslo_concurrency.lockutils [None req-7157cb4b-0576-4e9f-8757-c5f817406a77 tempest-AttachVolumeShelveTestJSON-1715390565 tempest-AttachVolumeShelveTestJSON-1715390565-project] Lock "62c9b2ca-8a25-4395-8647-dfc2c3c2db2f" released by "nova.context.set_target_cell..get_or_set_cached_cell_and_set_connections" :: held 0.002s {{(pid=101010) inner /usr/local/lib/python3.8/dist-packages/oslo_concurrency/lockutils.py:367}}
Dec 09 18:45:27.808869 dv-cinder-819346-1-iscsi devstack@n-api.service[101010]: DEBUG oslo_concurrency.lockutils [None req-7157cb4b-0576-4e9f-8757-c5f817406a77 tempest-AttachVolumeShelveTestJSON-1715390565 tempest-AttachVolumeShelveTestJSON-1715390565-project] Lock "62c9b2ca-8a25-4395-8647-dfc2c3c2db2f" acquired by "nova.context.set_target_cell..get_or_set_cached_cell_and_set_connections" :: waited 0.000s {{(pid=101010) inner /usr/local/lib/python3.8/dist-packages/oslo_concurrency/lockutils.py:355}}
Dec 09 18:45:27.811917 dv-cinder-819346-1-iscsi devstack@n-api.service[101010]: DEBUG oslo_concurrency.lockutils [None req-7157cb4b-0576-4e9f-8757-c5f817406a77 tempest-AttachVolumeShelveTestJSON-1715390565 tempest-AttachVolumeShelveTestJSON-1715390565-project] Lock "62c9b2ca-8a25-4395-8647-dfc2c3c2db2f" released by "nova.context.set_target_cell..get_or_set_cached_cell_and_set_connections" :: held 0.002s {{(pid=101010) inner /usr/local/lib/python3.8/dist-packages/oslo_concurrency/lockutils.py:367}}
Dec 09 18:45:28.308021 dv-cinder-819346-1-iscsi devstack@n-api.service[101011]: DEBUG nova.policy [None req-58ff6cbd-7c20-49f6-9da2-ddf891bde434 tempest-DeleteServersTestJSON-403585793 tempest-DeleteServersTestJSON-403585793-project] Policy check for os_compute_api:os-extended-server-attributes failed with credentials {'is_admin': False, 'user_id': 'e1cfb992cdea4e9494ffbb243929e941', 'user_domain_id': 'default', 'system_scope': None, 'domain_id': None, 'project_id': 'f52c961702934aa88839669060ecad1e', 'project_domain_id': 'default', 'roles': ['member', 'reader'], 'is_admin_project': True, 'service_user_id': None, 'service_user_domain_id': None, 'service_project_id': None, 'service_project_domain_id': None, 'service_roles': []} {{(pid=101011) authorize /opt/stack/nova/nova/policy.py:199}}
Dec 09 18:45:28.319604 dv-cinder-819346-1-iscsi devstack@n-api.service[101010]: DEBUG nova.policy [None req-7157cb4b-0576-4e9f-8757-c5f817406a77 tempest-AttachVolumeShelveTestJSON-1715390565 tempest-AttachVolumeShelveTestJSON-1715390565-project] Policy check for os_compute_api:os-extended-server-attributes failed with credentials {'is_admin': False, 'user_id': '8f2c6e556db7422a811ef4d8f89088fb', 'user_domain_id': 'default', 'system_scope': None, 'domain_id': None, 'project_id': '9494637575c140bf94659e849ef50bb2', 'project_domain_id': 'default', 'roles': ['member', 'reader'], 'is_admin_project': True, 'service_user_id': None, 'service_user_domain_id': None, 'service_project_id': None, 'service_project_domain_id': None, 'service_roles': []} {{(pid=101010) authorize /opt/stack/nova/nova/policy.py:199}}
Dec 09 18:45:28.320575 dv-cinder-819346-1-iscsi devstack@n-api.service[101011]: INFO nova.api.openstack.requestlog [None req-58ff6cbd-7c20-49f6-9da2-ddf891bde434 tempest-DeleteServersTestJSON-403585793 tempest-DeleteServersTestJSON-403585793-project] 10.222.0.32 "GET /compute/v2.1/servers/3836bda9-78b4-459a-8c4c-465cc9c040f5" status: 200 len: 1315 microversion: 2.1 time: 1.602392
Dec 09 18:45:28.336231 dv-cinder-819346-1-iscsi devstack@n-api.service[101010]: DEBUG nova.policy [None req-7157cb4b-0576-4e9f-8757-c5f817406a77 tempest-AttachVolumeShelveTestJSON-1715390565 tempest-AttachVolumeShelveTestJSON-1715390565-project] Policy check for os_compute_api:servers:show:host_status failed with credentials {'is_admin': False, 'user_id': '8f2c6e556db7422a811ef4d8f89088fb', 'user_domain_id': 'default', 'system_scope': None, 'domain_id': None, 'project_id': '9494637575c140bf94659e849ef50bb2', 'project_domain_id': 'default', 'roles': ['member', 'reader'], 'is_admin_project': True, 'service_user_id': None, 'service_user_domain_id': None, 'service_project_id': None, 'service_project_domain_id': None, 'service_roles': []} {{(pid=101010) authorize /opt/stack/nova/nova/policy.py:199}}
Dec 09 18:45:28.338450 dv-cinder-819346-1-iscsi devstack@n-api.service[101010]: DEBUG nova.policy [None req-7157cb4b-0576-4e9f-8757-c5f817406a77 tempest-AttachVolumeShelveTestJSON-1715390565 tempest-AttachVolumeShelveTestJSON-1715390565-project] Policy check for os_compute_api:servers:show:host_status:unknown-only failed with credentials {'is_admin': False, 'user_id': '8f2c6e556db7422a811ef4d8f89088fb', 'user_domain_id': 'default', 'system_scope': None, 'domain_id': None, 'project_id': '9494637575c140bf94659e849ef50bb2', 'project_domain_id': 'default', 'roles': ['member', 'reader'], 'is_admin_project': True, 'service_user_id': None, 'service_user_domain_id': None, 'service_project_id': None, 'service_project_domain_id': None, 'service_roles': []} {{(pid=101010) authorize /opt/stack/nova/nova/policy.py:199}}
Dec 09 18:45:28.339809 dv-cinder-819346-1-iscsi devstack@n-api.service[101010]: INFO nova.api.openstack.requestlog [None req-7157cb4b-0576-4e9f-8757-c5f817406a77 tempest-AttachVolumeShelveTestJSON-1715390565 tempest-AttachVolumeShelveTestJSON-1715390565-project] 10.222.0.32 "GET /compute/v2.1/servers/67fd253d-a341-4ea0-bb7e-cad2f821f936" status: 200 len: 1339 microversion: 2.20 time: 0.566879
Dec 09 18:45:28.342817 dv-cinder-819346-1-iscsi devstack@n-api.service[101010]: [pid: 101010|app: 0|req: 34/65] 10.222.0.32 () {60 vars in 1276 bytes} [Thu Dec 9 18:45:27 2021] GET /compute/v2.1/servers/67fd253d-a341-4ea0-bb7e-cad2f821f936 => generated 1339 bytes in 570 msecs (HTTP/1.1 200) 9 headers in 360 bytes (1 switches on core 0)
Dec 09 18:45:28.347640 dv-cinder-819346-1-iscsi devstack@n-api.service[101011]: [pid: 101011|app: 0|req: 32/66] 10.222.0.32 () {58 vars in 1235 bytes} [Thu Dec 9 18:45:26 2021] GET /compute/v2.1/servers/3836bda9-78b4-459a-8c4c-465cc9c040f5 => generated 1315 bytes in 1629 msecs (HTTP/1.1 200) 9 headers in 358 bytes (1 switches on core 0)
Dec 09 18:45:28.668253 dv-cinder-819346-1-iscsi devstack@n-api.service[101010]: DEBUG nova.api.openstack.wsgi [None req-8a3b38d2-254b-4b51-bee9-a6add12e1cdd tempest-ServerRescueNegativeTestJSON-1523983356 tempest-ServerRescueNegativeTestJSON-1523983356-project] Calling method '>' {{(pid=101010) _process_stack /opt/stack/nova/nova/api/openstack/wsgi.py:513}}
Dec 09 18:45:28.670570 dv-cinder-819346-1-iscsi devstack@n-api.service[101010]: DEBUG nova.compute.api [None req-8a3b38d2-254b-4b51-bee9-a6add12e1cdd tempest-ServerRescueNegativeTestJSON-1523983356 tempest-ServerRescueNegativeTestJSON-1523983356-project] [instance: edceb096-34e5-4b11-a342-8ab76156409f] Fetching instance by UUID {{(pid=101010) get /opt/stack/nova/nova/compute/api.py:2813}}
Dec 09 18:45:28.686658 dv-cinder-819346-1-iscsi devstack@n-api.service[101010]: DEBUG oslo_concurrency.lockutils [None req-8a3b38d2-254b-4b51-bee9-a6add12e1cdd tempest-ServerRescueNegativeTestJSON-1523983356 tempest-ServerRescueNegativeTestJSON-1523983356-project] Lock "62c9b2ca-8a25-4395-8647-dfc2c3c2db2f" acquired by "nova.context.set_target_cell..get_or_set_cached_cell_and_set_connections" :: waited 0.000s {{(pid=101010) inner /usr/local/lib/python3.8/dist-packages/oslo_concurrency/lockutils.py:355}}
Dec 09 18:45:28.689306 dv-cinder-819346-1-iscsi devstack@n-api.service[101010]: DEBUG oslo_concurrency.lockutils [None req-8a3b38d2-254b-4b51-bee9-a6add12e1cdd tempest-ServerRescueNegativeTestJSON-1523983356 tempest-ServerRescueNegativeTestJSON-1523983356-project] Lock "62c9b2ca-8a25-4395-8647-dfc2c3c2db2f" released by "nova.context.set_target_cell..get_or_set_cached_cell_and_set_connections" :: held 0.001s {{(pid=101010) inner /usr/local/lib/python3.8/dist-packages/oslo_concurrency/lockutils.py:367}}
Dec 09 18:45:28.690593 dv-cinder-819346-1-iscsi devstack@n-api.service[101010]: DEBUG oslo_concurrency.lockutils [None req-8a3b38d2-254b-4b51-bee9-a6add12e1cdd tempest-ServerRescueNegativeTestJSON-1523983356 tempest-ServerRescueNegativeTestJSON-1523983356-project] Lock "62c9b2ca-8a25-4395-8647-dfc2c3c2db2f" acquired by "nova.context.set_target_cell..get_or_set_cached_cell_and_set_connections" :: waited 0.000s {{(pid=101010) inner /usr/local/lib/python3.8/dist-packages/oslo_concurrency/lockutils.py:355}}
Dec 09 18:45:28.691048 dv-cinder-819346-1-iscsi devstack@n-api.service[101010]: DEBUG oslo_concurrency.lockutils [None req-8a3b38d2-254b-4b51-bee9-a6add12e1cdd tempest-ServerRescueNegativeTestJSON-1523983356 tempest-ServerRescueNegativeTestJSON-1523983356-project] Lock "62c9b2ca-8a25-4395-8647-dfc2c3c2db2f" released by "nova.context.set_target_cell..get_or_set_cached_cell_and_set_connections" :: held 0.000s {{(pid=101010) inner /usr/local/lib/python3.8/dist-packages/oslo_concurrency/lockutils.py:367}}
Dec 09 18:45:28.864624 dv-cinder-819346-1-iscsi devstack@n-api.service[101010]: DEBUG nova.policy [None req-8a3b38d2-254b-4b51-bee9-a6add12e1cdd tempest-ServerRescueNegativeTestJSON-1523983356 tempest-ServerRescueNegativeTestJSON-1523983356-project] Policy check for os_compute_api:os-extended-server-attributes failed with credentials {'is_admin': False, 'user_id': '3d4c20fed752484b831842714c0f7951', 'user_domain_id': 'default', 'system_scope': None, 'domain_id': None, 'project_id': 'e9b56441fdd74fcc97d0521480db3915', 'project_domain_id': 'default', 'roles': ['member', 'reader'], 'is_admin_project': True, 'service_user_id': None, 'service_user_domain_id': None, 'service_project_id': None, 'service_project_domain_id': None, 'service_roles': []} {{(pid=101010) authorize /opt/stack/nova/nova/policy.py:199}}
Dec 09 18:45:28.874141 dv-cinder-819346-1-iscsi devstack@n-api.service[101010]: INFO nova.api.openstack.requestlog [None req-8a3b38d2-254b-4b51-bee9-a6add12e1cdd tempest-ServerRescueNegativeTestJSON-1523983356 tempest-ServerRescueNegativeTestJSON-1523983356-project] 10.222.0.32 "GET /compute/v2.1/servers/edceb096-34e5-4b11-a342-8ab76156409f" status: 200 len: 1279 microversion: 2.1 time: 0.212381
Dec 09 18:45:28.884597 dv-cinder-819346-1-iscsi devstack@n-api.service[101010]: [pid: 101010|app: 0|req: 35/67] 10.222.0.32 () {58 vars in 1235 bytes} [Thu Dec 9 18:45:28 2021] GET /compute/v2.1/servers/edceb096-34e5-4b11-a342-8ab76156409f => generated 1279 bytes in 225 msecs (HTTP/1.1 200) 9 headers in 358 bytes (1 switches on core 0)
Dec 09 18:45:29.354319 dv-cinder-819346-1-iscsi devstack@n-api.service[101011]: DEBUG nova.api.openstack.wsgi [None req-644048b6-96ca-442f-aae0-304fb726f077 tempest-DeleteServersTestJSON-403585793 tempest-DeleteServersTestJSON-403585793-project] Calling method '>' {{(pid=101011) _process_stack /opt/stack/nova/nova/api/openstack/wsgi.py:513}}
Dec 09 18:45:29.361091 dv-cinder-819346-1-iscsi devstack@n-api.service[101010]: DEBUG nova.api.openstack.wsgi [None req-6ece4397-a50f-4559-9735-f968538e1412 tempest-AttachVolumeShelveTestJSON-1715390565 tempest-AttachVolumeShelveTestJSON-1715390565-project] Calling method '>' {{(pid=101010) _process_stack /opt/stack/nova/nova/api/openstack/wsgi.py:513}}
Dec 09 18:45:29.362043 dv-cinder-819346-1-iscsi devstack@n-api.service[101011]: DEBUG nova.compute.api [None req-644048b6-96ca-442f-aae0-304fb726f077 tempest-DeleteServersTestJSON-403585793 tempest-DeleteServersTestJSON-403585793-project] [instance: 3836bda9-78b4-459a-8c4c-465cc9c040f5] Fetching instance by UUID {{(pid=101011) get /opt/stack/nova/nova/compute/api.py:2813}}
Dec 09 18:45:29.364557 dv-cinder-819346-1-iscsi devstack@n-api.service[101010]: DEBUG nova.compute.api [None req-6ece4397-a50f-4559-9735-f968538e1412 tempest-AttachVolumeShelveTestJSON-1715390565 tempest-AttachVolumeShelveTestJSON-1715390565-project] [instance: 67fd253d-a341-4ea0-bb7e-cad2f821f936] Fetching instance by UUID {{(pid=101010) get /opt/stack/nova/nova/compute/api.py:2813}}
Dec 09 18:45:29.376463 dv-cinder-819346-1-iscsi devstack@n-api.service[101011]: DEBUG oslo_concurrency.lockutils [None req-644048b6-96ca-442f-aae0-304fb726f077 tempest-DeleteServersTestJSON-403585793 tempest-DeleteServersTestJSON-403585793-project] Lock "62c9b2ca-8a25-4395-8647-dfc2c3c2db2f" acquired by "nova.context.set_target_cell..get_or_set_cached_cell_and_set_connections" :: waited 0.000s {{(pid=101011) inner /usr/local/lib/python3.8/dist-packages/oslo_concurrency/lockutils.py:355}}
Dec 09 18:45:29.377198 dv-cinder-819346-1-iscsi devstack@n-api.service[101011]: DEBUG oslo_concurrency.lockutils [None req-644048b6-96ca-442f-aae0-304fb726f077 tempest-DeleteServersTestJSON-403585793 tempest-DeleteServersTestJSON-403585793-project] Lock "62c9b2ca-8a25-4395-8647-dfc2c3c2db2f" released by "nova.context.set_target_cell..get_or_set_cached_cell_and_set_connections" :: held 0.001s {{(pid=101011) inner /usr/local/lib/python3.8/dist-packages/oslo_concurrency/lockutils.py:367}}
Dec 09 18:45:29.378566 dv-cinder-819346-1-iscsi devstack@n-api.service[101011]: DEBUG oslo_concurrency.lockutils [None req-644048b6-96ca-442f-aae0-304fb726f077 tempest-DeleteServersTestJSON-403585793 tempest-DeleteServersTestJSON-403585793-project] Lock "62c9b2ca-8a25-4395-8647-dfc2c3c2db2f" acquired by "nova.context.set_target_cell..get_or_set_cached_cell_and_set_connections" :: waited 0.000s {{(pid=101011) inner /usr/local/lib/python3.8/dist-packages/oslo_concurrency/lockutils.py:355}}
Dec 09 18:45:29.379343 dv-cinder-819346-1-iscsi devstack@n-api.service[101011]: DEBUG oslo_concurrency.lockutils [None req-644048b6-96ca-442f-aae0-304fb726f077 tempest-DeleteServersTestJSON-403585793 tempest-DeleteServersTestJSON-403585793-project] Lock "62c9b2ca-8a25-4395-8647-dfc2c3c2db2f" released by "nova.context.set_target_cell..get_or_set_cached_cell_and_set_connections" :: held 0.001s {{(pid=101011) inner /usr/local/lib/python3.8/dist-packages/oslo_concurrency/lockutils.py:367}}
Dec 09 18:45:29.382482 dv-cinder-819346-1-iscsi devstack@n-api.service[101010]: DEBUG oslo_concurrency.lockutils [None req-6ece4397-a50f-4559-9735-f968538e1412 tempest-AttachVolumeShelveTestJSON-1715390565 tempest-AttachVolumeShelveTestJSON-1715390565-project] Lock "62c9b2ca-8a25-4395-8647-dfc2c3c2db2f" acquired by "nova.context.set_target_cell..get_or_set_cached_cell_and_set_connections" :: waited 0.000s {{(pid=101010) inner /usr/local/lib/python3.8/dist-packages/oslo_concurrency/lockutils.py:355}}
Dec 09 18:45:29.382950 dv-cinder-819346-1-iscsi devstack@n-api.service[101010]: DEBUG oslo_concurrency.lockutils [None req-6ece4397-a50f-4559-9735-f968538e1412 tempest-AttachVolumeShelveTestJSON-1715390565 tempest-AttachVolumeShelveTestJSON-1715390565-project] Lock "62c9b2ca-8a25-4395-8647-dfc2c3c2db2f" released by "nova.context.set_target_cell..get_or_set_cached_cell_and_set_connections" :: held 0.001s {{(pid=101010) inner /usr/local/lib/python3.8/dist-packages/oslo_concurrency/lockutils.py:367}}
Dec 09 18:45:29.390681 dv-cinder-819346-1-iscsi devstack@n-api.service[101010]: DEBUG oslo_concurrency.lockutils [None req-6ece4397-a50f-4559-9735-f968538e1412 tempest-AttachVolumeShelveTestJSON-1715390565 tempest-AttachVolumeShelveTestJSON-1715390565-project] Lock "62c9b2ca-8a25-4395-8647-dfc2c3c2db2f" acquired by "nova.context.set_target_cell..get_or_set_cached_cell_and_set_connections" :: waited 0.000s {{(pid=101010) inner /usr/local/lib/python3.8/dist-packages/oslo_concurrency/lockutils.py:355}}
Dec 09 18:45:29.391179 dv-cinder-819346-1-iscsi devstack@n-api.service[101010]: DEBUG oslo_concurrency.lockutils [None req-6ece4397-a50f-4559-9735-f968538e1412 tempest-AttachVolumeShelveTestJSON-1715390565 tempest-AttachVolumeShelveTestJSON-1715390565-project] Lock "62c9b2ca-8a25-4395-8647-dfc2c3c2db2f" released by "nova.context.set_target_cell..get_or_set_cached_cell_and_set_connections" :: held 0.007s {{(pid=101010) inner /usr/local/lib/python3.8/dist-packages/oslo_concurrency/lockutils.py:367}}
Dec 09 18:45:30.368880 dv-cinder-819346-1-iscsi devstack@n-api.service[101010]: DEBUG nova.policy [None req-6ece4397-a50f-4559-9735-f968538e1412 tempest-AttachVolumeShelveTestJSON-1715390565 tempest-AttachVolumeShelveTestJSON-1715390565-project] Policy check for os_compute_api:os-extended-server-attributes failed with credentials {'is_admin': False, 'user_id': '8f2c6e556db7422a811ef4d8f89088fb', 'user_domain_id': 'default', 'system_scope': None, 'domain_id': None, 'project_id': '9494637575c140bf94659e849ef50bb2', 'project_domain_id': 'default', 'roles': ['member', 'reader'], 'is_admin_project': True, 'service_user_id': None, 'service_user_domain_id': None, 'service_project_id': None, 'service_project_domain_id': None, 'service_roles': []} {{(pid=101010) authorize /opt/stack/nova/nova/policy.py:199}}
Dec 09 18:45:30.390871 dv-cinder-819346-1-iscsi devstack@n-api.service[101010]: DEBUG nova.policy [None req-6ece4397-a50f-4559-9735-f968538e1412 tempest-AttachVolumeShelveTestJSON-1715390565 tempest-AttachVolumeShelveTestJSON-1715390565-project] Policy check for os_compute_api:servers:show:host_status failed with credentials {'is_admin': False, 'user_id': '8f2c6e556db7422a811ef4d8f89088fb', 'user_domain_id': 'default', 'system_scope': None, 'domain_id': None, 'project_id': '9494637575c140bf94659e849ef50bb2', 'project_domain_id': 'default', 'roles': ['member', 'reader'], 'is_admin_project': True, 'service_user_id': None, 'service_user_domain_id': None, 'service_project_id': None, 'service_project_domain_id': None, 'service_roles': []} {{(pid=101010) authorize /opt/stack/nova/nova/policy.py:199}}
Dec 09 18:45:30.392718 dv-cinder-819346-1-iscsi devstack@n-api.service[101010]: DEBUG nova.policy [None req-6ece4397-a50f-4559-9735-f968538e1412 tempest-AttachVolumeShelveTestJSON-1715390565 tempest-AttachVolumeShelveTestJSON-1715390565-project] Policy check for os_compute_api:servers:show:host_status:unknown-only failed with credentials {'is_admin': False, 'user_id': '8f2c6e556db7422a811ef4d8f89088fb', 'user_domain_id': 'default', 'system_scope': None, 'domain_id': None, 'project_id': '9494637575c140bf94659e849ef50bb2', 'project_domain_id': 'default', 'roles': ['member', 'reader'], 'is_admin_project': True, 'service_user_id': None, 'service_user_domain_id': None, 'service_project_id': None, 'service_project_domain_id': None, 'service_roles': []} {{(pid=101010) authorize /opt/stack/nova/nova/policy.py:199}}
Dec 09 18:45:30.394098 dv-cinder-819346-1-iscsi devstack@n-api.service[101010]: INFO nova.api.openstack.requestlog [None req-6ece4397-a50f-4559-9735-f968538e1412 tempest-AttachVolumeShelveTestJSON-1715390565 tempest-AttachVolumeShelveTestJSON-1715390565-project] 10.222.0.32 "GET /compute/v2.1/servers/67fd253d-a341-4ea0-bb7e-cad2f821f936" status: 200 len: 1407 microversion: 2.20 time: 1.038010
Dec 09 18:45:30.395235 dv-cinder-819346-1-iscsi devstack@n-api.service[101010]: [pid: 101010|app: 0|req: 36/68] 10.222.0.32 () {60 vars in 1276 bytes} [Thu Dec 9 18:45:29 2021] GET /compute/v2.1/servers/67fd253d-a341-4ea0-bb7e-cad2f821f936 => generated 1407 bytes in 1039 msecs (HTTP/1.1 200) 9 headers in 360 bytes (1 switches on core 0)
Dec 09 18:45:30.400095 dv-cinder-819346-1-iscsi devstack@n-api.service[101010]: DEBUG nova.api.openstack.wsgi [None req-13748f29-d64b-4ce4-8e8c-15fe9ebd3c53 tempest-ServerRescueNegativeTestJSON-1523983356 tempest-ServerRescueNegativeTestJSON-1523983356-project] Calling method '>' {{(pid=101010) _process_stack /opt/stack/nova/nova/api/openstack/wsgi.py:513}}
Dec 09 18:45:30.410664 dv-cinder-819346-1-iscsi devstack@n-api.service[101010]: DEBUG nova.compute.api [None req-13748f29-d64b-4ce4-8e8c-15fe9ebd3c53 tempest-ServerRescueNegativeTestJSON-1523983356 tempest-ServerRescueNegativeTestJSON-1523983356-project] [instance: edceb096-34e5-4b11-a342-8ab76156409f] Fetching instance by UUID {{(pid=101010) get /opt/stack/nova/nova/compute/api.py:2813}}
Dec 09 18:45:30.440682 dv-cinder-819346-1-iscsi devstack@n-api.service[101010]: DEBUG oslo_concurrency.lockutils [None req-13748f29-d64b-4ce4-8e8c-15fe9ebd3c53 tempest-ServerRescueNegativeTestJSON-1523983356 tempest-ServerRescueNegativeTestJSON-1523983356-project] Lock "62c9b2ca-8a25-4395-8647-dfc2c3c2db2f" acquired by "nova.context.set_target_cell..get_or_set_cached_cell_and_set_connections" :: waited 0.000s {{(pid=101010) inner /usr/local/lib/python3.8/dist-packages/oslo_concurrency/lockutils.py:355}}
Dec 09 18:45:30.441484 dv-cinder-819346-1-iscsi devstack@n-api.service[101010]: DEBUG oslo_concurrency.lockutils [None req-13748f29-d64b-4ce4-8e8c-15fe9ebd3c53 tempest-ServerRescueNegativeTestJSON-1523983356 tempest-ServerRescueNegativeTestJSON-1523983356-project] Lock "62c9b2ca-8a25-4395-8647-dfc2c3c2db2f" released by "nova.context.set_target_cell..get_or_set_cached_cell_and_set_connections" :: held 0.001s {{(pid=101010) inner /usr/local/lib/python3.8/dist-packages/oslo_concurrency/lockutils.py:367}}
Dec 09 18:45:30.442473 dv-cinder-819346-1-iscsi devstack@n-api.service[101010]: DEBUG oslo_concurrency.lockutils [None req-13748f29-d64b-4ce4-8e8c-15fe9ebd3c53 tempest-ServerRescueNegativeTestJSON-1523983356 tempest-ServerRescueNegativeTestJSON-1523983356-project] Lock "62c9b2ca-8a25-4395-8647-dfc2c3c2db2f" acquired by "nova.context.set_target_cell..get_or_set_cached_cell_and_set_connections" :: waited 0.000s {{(pid=101010) inner /usr/local/lib/python3.8/dist-packages/oslo_concurrency/lockutils.py:355}}
Dec 09 18:45:30.448546 dv-cinder-819346-1-iscsi devstack@n-api.service[101010]: DEBUG oslo_concurrency.lockutils [None req-13748f29-d64b-4ce4-8e8c-15fe9ebd3c53 tempest-ServerRescueNegativeTestJSON-1523983356 tempest-ServerRescueNegativeTestJSON-1523983356-project] Lock "62c9b2ca-8a25-4395-8647-dfc2c3c2db2f" released by "nova.context.set_target_cell..get_or_set_cached_cell_and_set_connections" :: held 0.006s {{(pid=101010) inner /usr/local/lib/python3.8/dist-packages/oslo_concurrency/lockutils.py:367}}
Dec 09 18:45:30.756414 dv-cinder-819346-1-iscsi devstack@n-api.service[101011]: DEBUG nova.policy [None req-644048b6-96ca-442f-aae0-304fb726f077 tempest-DeleteServersTestJSON-403585793 tempest-DeleteServersTestJSON-403585793-project] Policy check for os_compute_api:os-extended-server-attributes failed with credentials {'is_admin': False, 'user_id': 'e1cfb992cdea4e9494ffbb243929e941', 'user_domain_id': 'default', 'system_scope': None, 'domain_id': None, 'project_id': 'f52c961702934aa88839669060ecad1e', 'project_domain_id': 'default', 'roles': ['member', 'reader'], 'is_admin_project': True, 'service_user_id': None, 'service_user_domain_id': None, 'service_project_id': None, 'service_project_domain_id': None, 'service_roles': []} {{(pid=101011) authorize /opt/stack/nova/nova/policy.py:199}}
Dec 09 18:45:30.773539 dv-cinder-819346-1-iscsi devstack@n-api.service[101011]: INFO nova.api.openstack.requestlog [None req-644048b6-96ca-442f-aae0-304fb726f077 tempest-DeleteServersTestJSON-403585793 tempest-DeleteServersTestJSON-403585793-project] 10.222.0.32 "GET /compute/v2.1/servers/3836bda9-78b4-459a-8c4c-465cc9c040f5" status: 200 len: 1315 microversion: 2.1 time: 1.423307
Dec 09 18:45:30.774125 dv-cinder-819346-1-iscsi devstack@n-api.service[101011]: [pid: 101011|app: 0|req: 33/69] 10.222.0.32 () {58 vars in 1235 bytes} [Thu Dec 9 18:45:29 2021] GET /compute/v2.1/servers/3836bda9-78b4-459a-8c4c-465cc9c040f5 => generated 1315 bytes in 1425 msecs (HTTP/1.1 200) 9 headers in 358 bytes (1 switches on core 0)
Dec 09 18:45:30.879420 dv-cinder-819346-1-iscsi devstack@n-api.service[101011]: DEBUG nova.api.openstack.wsgi [req-01ab5db6-230c-4262-b468-a9414a4d0e33 req-64f49154-315f-4cc2-8d42-d4d66ec38a00 service nova] Action: 'create', calling method: >, body: {"events": [{"server_uuid": "3836bda9-78b4-459a-8c4c-465cc9c040f5", "name": "network-vif-plugged", "status": "completed", "tag": "ef987e23-1c97-4d0b-b7d4-35eddae3e68c"}]} {{(pid=101011) _process_stack /opt/stack/nova/nova/api/openstack/wsgi.py:511}}
Dec 09 18:45:30.882814 dv-cinder-819346-1-iscsi devstack@n-api.service[101011]: /usr/local/lib/python3.8/dist-packages/oslo_policy/policy.py:1054: UserWarning: Policy os_compute_api:os-server-external-events:create failed scope check. The token used to make the request was project scoped but the policy requires ['system'] scope. This behavior may change in the future where using the intended scope is required
Dec 09 18:45:30.882814 dv-cinder-819346-1-iscsi devstack@n-api.service[101011]: warnings.warn(msg)
Dec 09 18:45:30.898358 dv-cinder-819346-1-iscsi devstack@n-api.service[101011]: DEBUG oslo_concurrency.lockutils [req-01ab5db6-230c-4262-b468-a9414a4d0e33 req-64f49154-315f-4cc2-8d42-d4d66ec38a00 service nova] Lock "62c9b2ca-8a25-4395-8647-dfc2c3c2db2f" acquired by "nova.context.set_target_cell..get_or_set_cached_cell_and_set_connections" :: waited 0.000s {{(pid=101011) inner /usr/local/lib/python3.8/dist-packages/oslo_concurrency/lockutils.py:355}}
Dec 09 18:45:30.899802 dv-cinder-819346-1-iscsi devstack@n-api.service[101011]: DEBUG oslo_concurrency.lockutils [req-01ab5db6-230c-4262-b468-a9414a4d0e33 req-64f49154-315f-4cc2-8d42-d4d66ec38a00 service nova] Lock "62c9b2ca-8a25-4395-8647-dfc2c3c2db2f" released by "nova.context.set_target_cell..get_or_set_cached_cell_and_set_connections" :: held 0.001s {{(pid=101011) inner /usr/local/lib/python3.8/dist-packages/oslo_concurrency/lockutils.py:367}}
Dec 09 18:45:30.933777 dv-cinder-819346-1-iscsi devstack@n-api.service[101011]: INFO nova.api.openstack.compute.server_external_events [req-01ab5db6-230c-4262-b468-a9414a4d0e33 req-64f49154-315f-4cc2-8d42-d4d66ec38a00 service nova] Creating event network-vif-plugged:ef987e23-1c97-4d0b-b7d4-35eddae3e68c for instance 3836bda9-78b4-459a-8c4c-465cc9c040f5 on hv-cinder-81934
Dec 09 18:45:30.943336 dv-cinder-819346-1-iscsi devstack@n-api.service[101011]: INFO nova.api.openstack.requestlog [req-01ab5db6-230c-4262-b468-a9414a4d0e33 req-64f49154-315f-4cc2-8d42-d4d66ec38a00 service nova] 10.222.0.32 "POST /compute/v2.1/os-server-external-events" status: 200 len: 183 microversion: 2.1 time: 0.167551
Dec 09 18:45:30.947474 dv-cinder-819346-1-iscsi devstack@n-api.service[101011]: [pid: 101011|app: 0|req: 34/70] 10.222.0.32 () {64 vars in 1317 bytes} [Thu Dec 9 18:45:30 2021] POST /compute/v2.1/os-server-external-events => generated 183 bytes in 172 msecs (HTTP/1.1 200) 9 headers in 357 bytes (1 switches on core 0)
