Jul 06 13:45:27.490481 dv-cinder-819149-8-iscsi devstack@c-api.service[117496]: INFO cinder.api.openstack.wsgi [req-8ee14662-b7b1-4d16-9b31-1c809000483d req-d33cdae9-9f57-4e7c-a3dd-63f4c69d2f56 tempest-VolumesSnapshotsTestJSON-1217350311 tempest-VolumesSnapshotsTestJSON-1217350311-project] http://10.222.0.20/volume/v3/5080a0e6cfb24d799c3b31cec1d073bc/snapshots/4045d919-b3bb-4bf0-b52a-d4406404fa4d returned with HTTP 200
Jul 06 13:45:27.491276 dv-cinder-819149-8-iscsi devstack@c-api.service[117496]: [pid: 117496|app: 0|req: 24/59] 10.222.0.20 () {60 vars in 1584 bytes} [Wed Jul 6 13:45:27 2022] GET /volume/v3/5080a0e6cfb24d799c3b31cec1d073bc/snapshots/4045d919-b3bb-4bf0-b52a-d4406404fa4d => generated 470 bytes in 47 msecs (HTTP/1.1 200) 7 headers in 285 bytes (2 switches on core 0)
Jul 06 13:45:27.510093 dv-cinder-819149-8-iscsi devstack@c-api.service[117495]: /usr/local/lib/python3.8/dist-packages/oslo_context/context.py:100: DeprecationWarning: Policy enforcement is depending on the value of is_admin. This key is deprecated. Please update your policy file to use the standard policy values.
Jul 06 13:45:27.510093 dv-cinder-819149-8-iscsi devstack@c-api.service[117495]: warnings.warn('Policy enforcement is depending on the value of '
Jul 06 13:45:27.526681 dv-cinder-819149-8-iscsi devstack@c-api.service[117496]: DEBUG cinder.api.middleware.request_id [req-15b84960-484c-4d8e-b5cd-cdaff900dc2b req-891fa303-965e-49dc-ad04-f0a2508d7a02 None None] RequestId filter calling following filter/app {{(pid=117496) _context_setter /opt/stack/cinder/cinder/api/middleware/request_id.py:62}}
Jul 06 13:45:27.528771 dv-cinder-819149-8-iscsi devstack@c-api.service[117495]: INFO cinder.volume.api [req-adc4aaa5-4e54-4052-b5f0-13872fb1a21b req-37bcd04e-4ee1-4f5a-b07d-8f0b9b9aba7d tempest-VolumesTestJSON-1577662730 tempest-VolumesTestJSON-1577662730-project] Volume info retrieved successfully.
Jul 06 13:45:27.534951 dv-cinder-819149-8-iscsi devstack@c-api.service[117496]: INFO cinder.api.openstack.wsgi [req-15b84960-484c-4d8e-b5cd-cdaff900dc2b req-891fa303-965e-49dc-ad04-f0a2508d7a02 tempest-VolumesSnapshotsTestJSON-1217350311 tempest-VolumesSnapshotsTestJSON-1217350311-project] DELETE http://10.222.0.20/volume/v3/5080a0e6cfb24d799c3b31cec1d073bc/snapshots/4045d919-b3bb-4bf0-b52a-d4406404fa4d
Jul 06 13:45:27.535943 dv-cinder-819149-8-iscsi devstack@c-api.service[117496]: DEBUG cinder.api.openstack.wsgi [req-15b84960-484c-4d8e-b5cd-cdaff900dc2b req-891fa303-965e-49dc-ad04-f0a2508d7a02 tempest-VolumesSnapshotsTestJSON-1217350311 tempest-VolumesSnapshotsTestJSON-1217350311-project] Empty body provided in request {{(pid=117496) get_body /opt/stack/cinder/cinder/api/openstack/wsgi.py:715}}
Jul 06 13:45:27.537321 dv-cinder-819149-8-iscsi devstack@c-api.service[117496]: DEBUG cinder.api.openstack.wsgi [req-15b84960-484c-4d8e-b5cd-cdaff900dc2b req-891fa303-965e-49dc-ad04-f0a2508d7a02 tempest-VolumesSnapshotsTestJSON-1217350311 tempest-VolumesSnapshotsTestJSON-1217350311-project] Calling method 'delete' {{(pid=117496) _process_stack /opt/stack/cinder/cinder/api/openstack/wsgi.py:868}}
Jul 06 13:45:27.538177 dv-cinder-819149-8-iscsi devstack@c-api.service[117496]: INFO cinder.api.v2.snapshots [req-15b84960-484c-4d8e-b5cd-cdaff900dc2b req-891fa303-965e-49dc-ad04-f0a2508d7a02 tempest-VolumesSnapshotsTestJSON-1217350311 tempest-VolumesSnapshotsTestJSON-1217350311-project] Delete snapshot with id: 4045d919-b3bb-4bf0-b52a-d4406404fa4d
Jul 06 13:45:27.562929 dv-cinder-819149-8-iscsi devstack@c-api.service[117495]: INFO cinder.api.openstack.wsgi [req-adc4aaa5-4e54-4052-b5f0-13872fb1a21b req-37bcd04e-4ee1-4f5a-b07d-8f0b9b9aba7d tempest-VolumesTestJSON-1577662730 tempest-VolumesTestJSON-1577662730-project] http://10.222.0.20/volume/v3/7c55552b8bb945818f81c7ed751bf6cf/volumes/737e2d08-3a13-441b-b436-24827598a3b5 returned with HTTP 200
Jul 06 13:45:27.563760 dv-cinder-819149-8-iscsi devstack@c-api.service[117495]: [pid: 117495|app: 0|req: 36/60] 10.222.0.20 () {60 vars in 1578 bytes} [Wed Jul 6 13:45:27 2022] GET /volume/v3/7c55552b8bb945818f81c7ed751bf6cf/volumes/737e2d08-3a13-441b-b436-24827598a3b5 => generated 922 bytes in 94 msecs (HTTP/1.1 200) 7 headers in 285 bytes (2 switches on core 0)
Jul 06 13:45:27.568698 dv-cinder-819149-8-iscsi devstack@c-api.service[117495]: DEBUG cinder.api.middleware.request_id [None req-d9e524d7-fe25-436e-af14-4667b226814e None None] RequestId filter calling following filter/app {{(pid=117495) _context_setter /opt/stack/cinder/cinder/api/middleware/request_id.py:62}}
Jul 06 13:45:27.570354 dv-cinder-819149-8-iscsi devstack@c-api.service[117496]: /usr/local/lib/python3.8/dist-packages/oslo_context/context.py:100: DeprecationWarning: Policy enforcement is depending on the value of is_admin. This key is deprecated. Please update your policy file to use the standard policy values.
Jul 06 13:45:27.570354 dv-cinder-819149-8-iscsi devstack@c-api.service[117496]: warnings.warn('Policy enforcement is depending on the value of '
Jul 06 13:45:27.571983 dv-cinder-819149-8-iscsi devstack@c-api.service[117496]: INFO cinder.volume.api [req-15b84960-484c-4d8e-b5cd-cdaff900dc2b req-891fa303-965e-49dc-ad04-f0a2508d7a02 tempest-VolumesSnapshotsTestJSON-1217350311 tempest-VolumesSnapshotsTestJSON-1217350311-project] Snapshot retrieved successfully.
Jul 06 13:45:27.580313 dv-cinder-819149-8-iscsi devstack@c-api.service[117495]: INFO cinder.api.openstack.wsgi [None req-d9e524d7-fe25-436e-af14-4667b226814e tempest-GroupSnapshotsTest-620137382 tempest-GroupSnapshotsTest-620137382-project] GET http://10.222.0.20/volume/v3/ba428e3a1e094f7c83fae3f3d5f6e8c2/volumes/402b1329-885f-4336-af6a-2dc2c93e7640
Jul 06 13:45:27.580729 dv-cinder-819149-8-iscsi devstack@c-api.service[117495]: DEBUG cinder.api.openstack.wsgi [None req-d9e524d7-fe25-436e-af14-4667b226814e tempest-GroupSnapshotsTest-620137382 tempest-GroupSnapshotsTest-620137382-project] Empty body provided in request {{(pid=117495) get_body /opt/stack/cinder/cinder/api/openstack/wsgi.py:715}}
Jul 06 13:45:27.581217 dv-cinder-819149-8-iscsi devstack@c-api.service[117495]: DEBUG cinder.api.openstack.wsgi [None req-d9e524d7-fe25-436e-af14-4667b226814e tempest-GroupSnapshotsTest-620137382 tempest-GroupSnapshotsTest-620137382-project] Calling method 'show' {{(pid=117495) _process_stack /opt/stack/cinder/cinder/api/openstack/wsgi.py:868}}
Jul 06 13:45:27.632191 dv-cinder-819149-8-iscsi devstack@c-api.service[117495]: /usr/local/lib/python3.8/dist-packages/oslo_context/context.py:100: DeprecationWarning: Policy enforcement is depending on the value of is_admin. This key is deprecated. Please update your policy file to use the standard policy values.
Jul 06 13:45:27.632191 dv-cinder-819149-8-iscsi devstack@c-api.service[117495]: warnings.warn('Policy enforcement is depending on the value of '
Jul 06 13:45:27.652322 dv-cinder-819149-8-iscsi devstack@c-api.service[117495]: INFO cinder.volume.api [None req-d9e524d7-fe25-436e-af14-4667b226814e tempest-GroupSnapshotsTest-620137382 tempest-GroupSnapshotsTest-620137382-project] Volume info retrieved successfully.
Jul 06 13:45:27.654018 dv-cinder-819149-8-iscsi devstack@c-api.service[117495]: WARNING stevedore.named [None req-d9e524d7-fe25-436e-af14-4667b226814e tempest-GroupSnapshotsTest-620137382 tempest-GroupSnapshotsTest-620137382-project] Could not load cinder.keymgr.conf_key_mgr.ConfKeyManager
Jul 06 13:45:27.654589 dv-cinder-819149-8-iscsi devstack@c-api.service[117495]: WARNING castellan.key_manager [None req-d9e524d7-fe25-436e-af14-4667b226814e tempest-GroupSnapshotsTest-620137382 tempest-GroupSnapshotsTest-620137382-project] Deprecation Warning : cinder.keymgr.conf_key_mgr.ConfKeyManager is not a stevedore based driver, trying to load it as a class: stevedore.exception.NoMatches: No 'castellan.drivers' driver found, looking for 'cinder.keymgr.conf_key_mgr.ConfKeyManager'
Jul 06 13:45:27.659995 dv-cinder-819149-8-iscsi devstack@c-api.service[117496]: INFO cinder.volume.api [req-15b84960-484c-4d8e-b5cd-cdaff900dc2b req-891fa303-965e-49dc-ad04-f0a2508d7a02 tempest-VolumesSnapshotsTestJSON-1217350311 tempest-VolumesSnapshotsTestJSON-1217350311-project] Snapshot delete request issued successfully.
Jul 06 13:45:27.661754 dv-cinder-819149-8-iscsi devstack@c-api.service[117496]: INFO cinder.api.openstack.wsgi [req-15b84960-484c-4d8e-b5cd-cdaff900dc2b req-891fa303-965e-49dc-ad04-f0a2508d7a02 tempest-VolumesSnapshotsTestJSON-1217350311 tempest-VolumesSnapshotsTestJSON-1217350311-project] http://10.222.0.20/volume/v3/5080a0e6cfb24d799c3b31cec1d073bc/snapshots/4045d919-b3bb-4bf0-b52a-d4406404fa4d returned with HTTP 202
Jul 06 13:45:27.671538 dv-cinder-819149-8-iscsi devstack@c-api.service[117496]: [pid: 117496|app: 0|req: 25/61] 10.222.0.20 () {62 vars in 1606 bytes} [Wed Jul 6 13:45:27 2022] DELETE /volume/v3/5080a0e6cfb24d799c3b31cec1d073bc/snapshots/4045d919-b3bb-4bf0-b52a-d4406404fa4d => generated 0 bytes in 148 msecs (HTTP/1.1 202) 6 headers in 233 bytes (1 switches on core 0)
Jul 06 13:45:27.674224 dv-cinder-819149-8-iscsi devstack@c-api.service[117496]: DEBUG cinder.api.middleware.request_id [None req-89150808-4146-4155-8d81-95f1ec6249a8 None None] RequestId filter calling following filter/app {{(pid=117496) _context_setter /opt/stack/cinder/cinder/api/middleware/request_id.py:62}}
Jul 06 13:45:27.691949 dv-cinder-819149-8-iscsi devstack@c-api.service[117495]: DEBUG oslo_db.sqlalchemy.engines [None req-d9e524d7-fe25-436e-af14-4667b226814e tempest-GroupSnapshotsTest-620137382 tempest-GroupSnapshotsTest-620137382-project] MySQL server mode set to STRICT_TRANS_TABLES,STRICT_ALL_TABLES,NO_ZERO_IN_DATE,NO_ZERO_DATE,ERROR_FOR_DIVISION_BY_ZERO,TRADITIONAL,NO_ENGINE_SUBSTITUTION {{(pid=117495) _check_effective_sql_mode /usr/local/lib/python3.8/dist-packages/oslo_db/sqlalchemy/engines.py:314}}
Jul 06 13:45:27.692141 dv-cinder-819149-8-iscsi devstack@c-api.service[117496]: INFO cinder.api.openstack.wsgi [None req-89150808-4146-4155-8d81-95f1ec6249a8 tempest-VolumesTestJSON-1577662730 tempest-VolumesTestJSON-1577662730-project] POST http://10.222.0.20/volume/v3/7c55552b8bb945818f81c7ed751bf6cf/volumes
Jul 06 13:45:27.702132 dv-cinder-819149-8-iscsi devstack@c-api.service[117496]: DEBUG cinder.api.openstack.wsgi [None req-89150808-4146-4155-8d81-95f1ec6249a8 tempest-VolumesTestJSON-1577662730 tempest-VolumesTestJSON-1577662730-project] Action: 'create', calling method: create, body: {"volume": {"metadata": {"Type": "work"}, "size": 1, "display_name": "tempest-VolumesTestJSON-volume-800646426"}} {{(pid=117496) _process_stack /opt/stack/cinder/cinder/api/openstack/wsgi.py:866}}
Jul 06 13:45:27.704781 dv-cinder-819149-8-iscsi devstack@c-api.service[117496]: DEBUG cinder.api.v3.volumes [None req-89150808-4146-4155-8d81-95f1ec6249a8 tempest-VolumesTestJSON-1577662730 tempest-VolumesTestJSON-1577662730-project] Create volume request body: {'volume': {'metadata': {'Type': 'work'}, 'size': 1, 'display_name': 'tempest-VolumesTestJSON-volume-800646426'}} {{(pid=117496) create /opt/stack/cinder/cinder/api/v3/volumes.py:298}}
Jul 06 13:45:27.705800 dv-cinder-819149-8-iscsi devstack@c-api.service[117495]: /usr/local/lib/python3.8/dist-packages/oslo_context/context.py:100: DeprecationWarning: Policy enforcement is depending on the value of is_admin. This key is deprecated. Please update your policy file to use the standard policy values.
Jul 06 13:45:27.705800 dv-cinder-819149-8-iscsi devstack@c-api.service[117495]: warnings.warn('Policy enforcement is depending on the value of '
Jul 06 13:45:27.706521 dv-cinder-819149-8-iscsi devstack@c-api.service[117496]: INFO cinder.api.v3.volumes [None req-89150808-4146-4155-8d81-95f1ec6249a8 tempest-VolumesTestJSON-1577662730 tempest-VolumesTestJSON-1577662730-project] Create volume of 1 GB
Jul 06 13:45:27.709450 dv-cinder-819149-8-iscsi devstack@c-api.service[117496]: /usr/local/lib/python3.8/dist-packages/oslo_context/context.py:100: DeprecationWarning: Policy enforcement is depending on the value of is_admin. This key is deprecated. Please update your policy file to use the standard policy values.
Jul 06 13:45:27.709450 dv-cinder-819149-8-iscsi devstack@c-api.service[117496]: warnings.warn('Policy enforcement is depending on the value of '
Jul 06 13:45:27.736398 dv-cinder-819149-8-iscsi devstack@c-api.service[117496]: INFO cinder.volume.api [None req-89150808-4146-4155-8d81-95f1ec6249a8 tempest-VolumesTestJSON-1577662730 tempest-VolumesTestJSON-1577662730-project] Availability Zones retrieved successfully.
Jul 06 13:45:27.751465 dv-cinder-819149-8-iscsi devstack@c-api.service[117495]: INFO cinder.api.openstack.wsgi [None req-d9e524d7-fe25-436e-af14-4667b226814e tempest-GroupSnapshotsTest-620137382 tempest-GroupSnapshotsTest-620137382-project] http://10.222.0.20/volume/v3/ba428e3a1e094f7c83fae3f3d5f6e8c2/volumes/402b1329-885f-4336-af6a-2dc2c93e7640 returned with HTTP 200
Jul 06 13:45:27.752358 dv-cinder-819149-8-iscsi devstack@c-api.service[117495]: [pid: 117495|app: 0|req: 37/62] 10.222.0.20 () {60 vars in 1365 bytes} [Wed Jul 6 13:45:27 2022] GET /volume/v3/ba428e3a1e094f7c83fae3f3d5f6e8c2/volumes/402b1329-885f-4336-af6a-2dc2c93e7640 => generated 1001 bytes in 185 msecs (HTTP/1.1 200) 7 headers in 287 bytes (1 switches on core 0)
Jul 06 13:45:27.753847 dv-cinder-819149-8-iscsi devstack@c-api.service[117495]: DEBUG cinder.api.middleware.request_id [req-ab5cc4d0-8cc3-4d41-bf49-c04996e2862e req-5202e559-f3a2-4d70-856f-698d88eec1fd None None] RequestId filter calling following filter/app {{(pid=117495) _context_setter /opt/stack/cinder/cinder/api/middleware/request_id.py:62}}
Jul 06 13:45:27.784624 dv-cinder-819149-8-iscsi devstack@c-api.service[117495]: INFO cinder.api.openstack.wsgi [req-ab5cc4d0-8cc3-4d41-bf49-c04996e2862e req-5202e559-f3a2-4d70-856f-698d88eec1fd tempest-VolumesSnapshotsTestJSON-1217350311 tempest-VolumesSnapshotsTestJSON-1217350311-project] GET http://10.222.0.20/volume/v3/5080a0e6cfb24d799c3b31cec1d073bc/snapshots/4045d919-b3bb-4bf0-b52a-d4406404fa4d
Jul 06 13:45:27.785139 dv-cinder-819149-8-iscsi devstack@c-api.service[117495]: DEBUG cinder.api.openstack.wsgi [req-ab5cc4d0-8cc3-4d41-bf49-c04996e2862e req-5202e559-f3a2-4d70-856f-698d88eec1fd tempest-VolumesSnapshotsTestJSON-1217350311 tempest-VolumesSnapshotsTestJSON-1217350311-project] Empty body provided in request {{(pid=117495) get_body /opt/stack/cinder/cinder/api/openstack/wsgi.py:715}}
Jul 06 13:45:27.785628 dv-cinder-819149-8-iscsi devstack@c-api.service[117495]: DEBUG cinder.api.openstack.wsgi [req-ab5cc4d0-8cc3-4d41-bf49-c04996e2862e req-5202e559-f3a2-4d70-856f-698d88eec1fd tempest-VolumesSnapshotsTestJSON-1217350311 tempest-VolumesSnapshotsTestJSON-1217350311-project] Calling method 'show' {{(pid=117495) _process_stack /opt/stack/cinder/cinder/api/openstack/wsgi.py:868}}
Jul 06 13:45:27.794867 dv-cinder-819149-8-iscsi devstack@c-api.service[117496]: DEBUG cinder.volume.api [None req-89150808-4146-4155-8d81-95f1ec6249a8 tempest-VolumesTestJSON-1577662730 tempest-VolumesTestJSON-1577662730-project] Flow 'volume_create_api' (930a28d5-0051-47ac-95ac-0bc9bc7d4077) transitioned into state 'RUNNING' from state 'PENDING' {{(pid=117496) _flow_receiver /usr/local/lib/python3.8/dist-packages/taskflow/listeners/logging.py:141}}
Jul 06 13:45:27.815358 dv-cinder-819149-8-iscsi devstack@c-api.service[117496]: DEBUG cinder.volume.api [None req-89150808-4146-4155-8d81-95f1ec6249a8 tempest-VolumesTestJSON-1577662730 tempest-VolumesTestJSON-1577662730-project] Task 'cinder.volume.flows.api.create_volume.ExtractVolumeRequestTask;volume:create' (5a18aa2a-236a-431c-a93a-42124fb6952b) transitioned into state 'RUNNING' from state 'PENDING' {{(pid=117496) _task_receiver /usr/local/lib/python3.8/dist-packages/taskflow/listeners/logging.py:190}}
Jul 06 13:45:27.832065 dv-cinder-819149-8-iscsi devstack@c-api.service[117496]: DEBUG cinder.volume.flows.api.create_volume [None req-89150808-4146-4155-8d81-95f1ec6249a8 tempest-VolumesTestJSON-1577662730 tempest-VolumesTestJSON-1577662730-project] Validating volume size '1' using validate_int {{(pid=117496) _extract_size /opt/stack/cinder/cinder/volume/flows/api/create_volume.py:228}}
Jul 06 13:45:27.832405 dv-cinder-819149-8-iscsi devstack@c-api.service[117495]: /usr/local/lib/python3.8/dist-packages/oslo_context/context.py:100: DeprecationWarning: Policy enforcement is depending on the value of is_admin. This key is deprecated. Please update your policy file to use the standard policy values.
Jul 06 13:45:27.832405 dv-cinder-819149-8-iscsi devstack@c-api.service[117495]: warnings.warn('Policy enforcement is depending on the value of '
Jul 06 13:45:27.835827 dv-cinder-819149-8-iscsi devstack@c-api.service[117495]: INFO cinder.volume.api [req-ab5cc4d0-8cc3-4d41-bf49-c04996e2862e req-5202e559-f3a2-4d70-856f-698d88eec1fd tempest-VolumesSnapshotsTestJSON-1217350311 tempest-VolumesSnapshotsTestJSON-1217350311-project] Snapshot retrieved successfully.
Jul 06 13:45:27.841054 dv-cinder-819149-8-iscsi devstack@c-api.service[117495]: INFO cinder.api.openstack.wsgi [req-ab5cc4d0-8cc3-4d41-bf49-c04996e2862e req-5202e559-f3a2-4d70-856f-698d88eec1fd tempest-VolumesSnapshotsTestJSON-1217350311 tempest-VolumesSnapshotsTestJSON-1217350311-project] http://10.222.0.20/volume/v3/5080a0e6cfb24d799c3b31cec1d073bc/snapshots/4045d919-b3bb-4bf0-b52a-d4406404fa4d returned with HTTP 200
Jul 06 13:45:27.852079 dv-cinder-819149-8-iscsi devstack@c-api.service[117495]: [pid: 117495|app: 0|req: 38/63] 10.222.0.20 () {60 vars in 1584 bytes} [Wed Jul 6 13:45:27 2022] GET /volume/v3/5080a0e6cfb24d799c3b31cec1d073bc/snapshots/4045d919-b3bb-4bf0-b52a-d4406404fa4d => generated 469 bytes in 99 msecs (HTTP/1.1 200) 7 headers in 285 bytes (1 switches on core 0)
Jul 06 13:45:27.854185 dv-cinder-819149-8-iscsi devstack@c-api.service[117495]: DEBUG cinder.api.middleware.request_id [None req-35505e07-87c1-4119-80fa-5b432b7b274a None None] RequestId filter calling following filter/app {{(pid=117495) _context_setter /opt/stack/cinder/cinder/api/middleware/request_id.py:62}}
Jul 06 13:45:27.861016 dv-cinder-819149-8-iscsi devstack@c-api.service[117495]: INFO cinder.api.openstack.wsgi [None req-35505e07-87c1-4119-80fa-5b432b7b274a tempest-GroupSnapshotsTest-620137382 tempest-GroupSnapshotsTest-620137382-project] POST http://10.222.0.20/volume/v3/ba428e3a1e094f7c83fae3f3d5f6e8c2/group_snapshots
Jul 06 13:45:27.861784 dv-cinder-819149-8-iscsi devstack@c-api.service[117495]: DEBUG cinder.api.openstack.wsgi [None req-35505e07-87c1-4119-80fa-5b432b7b274a tempest-GroupSnapshotsTest-620137382 tempest-GroupSnapshotsTest-620137382-project] Action: 'create', calling method: version_select, body: {"group_snapshot": {"group_id": "69f11bcb-17bd-45ae-b0d1-5c6838c3d1d0", "name": "tempest-group_snapshot-386140353"}} {{(pid=117495) _process_stack /opt/stack/cinder/cinder/api/openstack/wsgi.py:866}}
Jul 06 13:45:27.862697 dv-cinder-819149-8-iscsi devstack@c-api.service[117495]: DEBUG cinder.api.v3.group_snapshots [None req-35505e07-87c1-4119-80fa-5b432b7b274a tempest-GroupSnapshotsTest-620137382 tempest-GroupSnapshotsTest-620137382-project] Creating new group_snapshot {'group_snapshot': {'group_id': '69f11bcb-17bd-45ae-b0d1-5c6838c3d1d0', 'name': 'tempest-group_snapshot-386140353'}} {{(pid=117495) create /opt/stack/cinder/cinder/api/v3/group_snapshots.py:154}}
Jul 06 13:45:27.892806 dv-cinder-819149-8-iscsi devstack@c-api.service[117495]: /usr/local/lib/python3.8/dist-packages/oslo_context/context.py:100: DeprecationWarning: Policy enforcement is depending on the value of is_admin. This key is deprecated. Please update your policy file to use the standard policy values.
Jul 06 13:45:27.892806 dv-cinder-819149-8-iscsi devstack@c-api.service[117495]: warnings.warn('Policy enforcement is depending on the value of '
Jul 06 13:45:27.893438 dv-cinder-819149-8-iscsi devstack@c-api.service[117496]: DEBUG cinder.volume.api [None req-89150808-4146-4155-8d81-95f1ec6249a8 tempest-VolumesTestJSON-1577662730 tempest-VolumesTestJSON-1577662730-project] Task 'cinder.volume.flows.api.create_volume.ExtractVolumeRequestTask;volume:create' (5a18aa2a-236a-431c-a93a-42124fb6952b) transitioned into state 'SUCCESS' from state 'RUNNING' with result '{'size': 1, 'snapshot_id': None, 'source_volid': None, 'volume_type': VolumeType(created_at=2022-07-06T13:35:33Z,deleted=False,deleted_at=None,description='Default Volume Type',extra_specs={},id=e8746435-b8c1-42db-8ce0-f23e5b260626,is_public=True,name='__DEFAULT__',projects=[],qos_specs=,qos_specs_id=None,updated_at=2022-07-06T13:35:33Z), 'volume_type_id': 'e8746435-b8c1-42db-8ce0-f23e5b260626', 'encryption_key_id': None, 'qos_specs': None, 'consistencygroup_id': None, 'cgsnapshot_id': None, 'group_id': None, 'replication_status': 'disabled', 'refresh_az': False, 'backup_id': None, 'multiattach': False, 'availability_zones': ['nova']}' {{(pid=117496) _task_receiver /usr/local/lib/python3.8/dist-packages/taskflow/listeners/logging.py:178}}
Jul 06 13:45:27.898998 dv-cinder-819149-8-iscsi devstack@c-api.service[117496]: DEBUG cinder.volume.api [None req-89150808-4146-4155-8d81-95f1ec6249a8 tempest-VolumesTestJSON-1577662730 tempest-VolumesTestJSON-1577662730-project] Task 'cinder.volume.flows.api.create_volume.QuotaReserveTask;volume:create' (ffbfa31d-a245-43ae-80b3-ef2fccdac04a) transitioned into state 'RUNNING' from state 'PENDING' {{(pid=117496) _task_receiver /usr/local/lib/python3.8/dist-packages/taskflow/listeners/logging.py:190}}
Jul 06 13:45:27.908890 dv-cinder-819149-8-iscsi devstack@c-api.service[117495]: INFO cinder.api.v3.group_snapshots [None req-35505e07-87c1-4119-80fa-5b432b7b274a tempest-GroupSnapshotsTest-620137382 tempest-GroupSnapshotsTest-620137382-project] Creating group_snapshot tempest-group_snapshot-386140353.
Jul 06 13:45:28.022201 dv-cinder-819149-8-iscsi devstack@c-api.service[117496]: DEBUG dbcounter [-] [117496] Writing DB stats cinder:SELECT=96,cinder:UPDATE=2,cinder:INSERT=2 {{(pid=117496) stat_writer /usr/local/lib/python3.8/dist-packages/dbcounter.py:114}}
Jul 06 13:45:28.061180 dv-cinder-819149-8-iscsi devstack@c-api.service[117495]: /usr/local/lib/python3.8/dist-packages/oslo_context/context.py:100: DeprecationWarning: Policy enforcement is depending on the value of is_admin. This key is deprecated. Please update your policy file to use the standard policy values.
Jul 06 13:45:28.061180 dv-cinder-819149-8-iscsi devstack@c-api.service[117495]: warnings.warn('Policy enforcement is depending on the value of '
Jul 06 13:45:28.065483 dv-cinder-819149-8-iscsi devstack@c-api.service[117496]: DEBUG cinder.quota [None req-89150808-4146-4155-8d81-95f1ec6249a8 tempest-VolumesTestJSON-1577662730 tempest-VolumesTestJSON-1577662730-project] Created reservations ['b673fdfd-b2f9-4d2c-81d6-f0ea05355c33', 'dd3efdc7-a43b-4e55-b613-0256158cdf13', '2ef35655-7c21-4427-a028-a27d77d7db12', 'd139a0db-5894-48c6-b0b5-b285c586b01b'] {{(pid=117496) reserve /opt/stack/cinder/cinder/quota.py:755}}
Jul 06 13:45:28.068240 dv-cinder-819149-8-iscsi devstack@c-api.service[117496]: DEBUG cinder.volume.api [None req-89150808-4146-4155-8d81-95f1ec6249a8 tempest-VolumesTestJSON-1577662730 tempest-VolumesTestJSON-1577662730-project] Task 'cinder.volume.flows.api.create_volume.QuotaReserveTask;volume:create' (ffbfa31d-a245-43ae-80b3-ef2fccdac04a) transitioned into state 'SUCCESS' from state 'RUNNING' with result '{'reservations': ['b673fdfd-b2f9-4d2c-81d6-f0ea05355c33', 'dd3efdc7-a43b-4e55-b613-0256158cdf13', '2ef35655-7c21-4427-a028-a27d77d7db12', 'd139a0db-5894-48c6-b0b5-b285c586b01b']}' {{(pid=117496) _task_receiver /usr/local/lib/python3.8/dist-packages/taskflow/listeners/logging.py:178}}
Jul 06 13:45:28.085543 dv-cinder-819149-8-iscsi devstack@c-api.service[117496]: DEBUG cinder.volume.api [None req-89150808-4146-4155-8d81-95f1ec6249a8 tempest-VolumesTestJSON-1577662730 tempest-VolumesTestJSON-1577662730-project] Task 'cinder.volume.flows.api.create_volume.EntryCreateTask;volume:create' (72d8dfc8-c59b-4d7d-b02e-777a9a81a2ca) transitioned into state 'RUNNING' from state 'PENDING' {{(pid=117496) _task_receiver /usr/local/lib/python3.8/dist-packages/taskflow/listeners/logging.py:190}}
Jul 06 13:45:28.116213 dv-cinder-819149-8-iscsi devstack@c-api.service[117495]: WARNING cinder.quota [None req-35505e07-87c1-4119-80fa-5b432b7b274a tempest-GroupSnapshotsTest-620137382 tempest-GroupSnapshotsTest-620137382-project] Deprecated: Default quota for resource: gigabytes_tempest-GroupSnapshotsTest-volume-type-1490601169 is set by the default quota flag: quota_gigabytes_tempest-GroupSnapshotsTest-volume-type-1490601169, it is now deprecated. Please use the default quota class for default quota.
Jul 06 13:45:28.117247 dv-cinder-819149-8-iscsi devstack@c-api.service[117495]: WARNING cinder.quota [None req-35505e07-87c1-4119-80fa-5b432b7b274a tempest-GroupSnapshotsTest-620137382 tempest-GroupSnapshotsTest-620137382-project] Deprecated: Default quota for resource: snapshots_tempest-GroupSnapshotsTest-volume-type-1490601169 is set by the default quota flag: quota_snapshots_tempest-GroupSnapshotsTest-volume-type-1490601169, it is now deprecated. Please use the default quota class for default quota.
Jul 06 13:45:28.139291 dv-cinder-819149-8-iscsi devstack@c-api.service[117495]: DEBUG dbcounter [-] [117495] Writing DB stats cinder:SELECT=98,cinder:INSERT=2 {{(pid=117495) stat_writer /usr/local/lib/python3.8/dist-packages/dbcounter.py:114}}
Jul 06 13:45:28.168021 dv-cinder-819149-8-iscsi devstack@c-api.service[117496]: DEBUG cinder.volume.api [None req-89150808-4146-4155-8d81-95f1ec6249a8 tempest-VolumesTestJSON-1577662730 tempest-VolumesTestJSON-1577662730-project] Task 'cinder.volume.flows.api.create_volume.EntryCreateTask;volume:create' (72d8dfc8-c59b-4d7d-b02e-777a9a81a2ca) transitioned into state 'SUCCESS' from state 'RUNNING' with result '{'volume_id': '7ca9190e-8427-481d-9440-55016b23fb28', 'volume_properties': VolumeProperties(attach_status='detached',availability_zone='nova',cgsnapshot_id=None,consistencygroup_id=None,display_description=None,display_name='tempest-VolumesTestJSON-volume-800646426',encryption_key_id=None,group_id=None,group_type_id=,metadata={Type='work'},multiattach=False,project_id='7c55552b8bb945818f81c7ed751bf6cf',qos_specs=None,replication_status=,reservations=['b673fdfd-b2f9-4d2c-81d6-f0ea05355c33','dd3efdc7-a43b-4e55-b613-0256158cdf13','2ef35655-7c21-4427-a028-a27d77d7db12','d139a0db-5894-48c6-b0b5-b285c586b01b'],size=1,snapshot_id=None,source_replicaid=,source_volid=None,status='creating',user_id='0147bf710e1a42b79668bbd6936c4e60',volume_type_id=e8746435-b8c1-42db-8ce0-f23e5b260626), 'volume': Volume(_name_id=None,admin_metadata=,attach_status='detached',availability_zone='nova',bootable=False,cluster=,cluster_name=None,consistencygroup=,consistencygroup_id=None,created_at=2022-07-06T13:45:28Z,deleted=False,deleted_at=None,display_description=None,display_name='tempest-VolumesTestJSON-volume-800646426',ec2_id=None,encryption_key_id=None,glance_metadata=,group=,group_id=None,host=None,id=7ca9190e-8427-481d-9440-55016b23fb28,launched_at=None,metadata={Type='work'},migration_status=None,multiattach=False,previous_status=None,project_id='7c55552b8bb945818f81c7ed751bf6cf',provider_auth=None,provider_geometry=None,provider_id=None,provider_location=None,replication_driver_data=None,replication_extended_status=None,replication_status=None,scheduled_at=None,service_uuid=None,shared_targets=True,size=1,snapshot_id=None,snapshots=,source_volid=None,status='creating',terminated_at=None,updated_at=None,use_quota=True,user_id='0147bf710e1a42b79668bbd6936c4e60',volume_attachment=VolumeAttachmentList,volume_type=VolumeType(e8746435-b8c1-42db-8ce0-f23e5b260626),volume_type_id=e8746435-b8c1-42db-8ce0-f23e5b260626)}' {{(pid=117496) _task_receiver /usr/local/lib/python3.8/dist-packages/taskflow/listeners/logging.py:178}}
Jul 06 13:45:28.174200 dv-cinder-819149-8-iscsi devstack@c-api.service[117496]: DEBUG cinder.volume.api [None req-89150808-4146-4155-8d81-95f1ec6249a8 tempest-VolumesTestJSON-1577662730 tempest-VolumesTestJSON-1577662730-project] Task 'cinder.volume.flows.api.create_volume.QuotaCommitTask;volume:create' (3e71c881-6505-4a9e-a97b-59e84fb2a32e) transitioned into state 'RUNNING' from state 'PENDING' {{(pid=117496) _task_receiver /usr/local/lib/python3.8/dist-packages/taskflow/listeners/logging.py:190}}
Jul 06 13:45:28.197908 dv-cinder-819149-8-iscsi devstack@c-api.service[117495]: DEBUG cinder.quota [None req-35505e07-87c1-4119-80fa-5b432b7b274a tempest-GroupSnapshotsTest-620137382 tempest-GroupSnapshotsTest-620137382-project] Created reservations ['a0874531-79aa-4bc6-a0e2-2a0ef1007b9a', '8e607ceb-4f15-4573-9b53-4ab32360fabe', 'e99ff289-0ee4-4fb4-95dc-15223fffe6f8', '45b97420-a96e-4797-9145-53d0115091bb'] {{(pid=117495) reserve /opt/stack/cinder/cinder/quota.py:755}}
Jul 06 13:45:28.270050 dv-cinder-819149-8-iscsi devstack@c-api.service[117496]: DEBUG cinder.volume.api [None req-89150808-4146-4155-8d81-95f1ec6249a8 tempest-VolumesTestJSON-1577662730 tempest-VolumesTestJSON-1577662730-project] Task 'cinder.volume.flows.api.create_volume.QuotaCommitTask;volume:create' (3e71c881-6505-4a9e-a97b-59e84fb2a32e) transitioned into state 'SUCCESS' from state 'RUNNING' with result '{'volume_properties': VolumeProperties(attach_status='detached',availability_zone='nova',cgsnapshot_id=None,consistencygroup_id=None,display_description=None,display_name='tempest-VolumesTestJSON-volume-800646426',encryption_key_id=None,group_id=None,group_type_id=,metadata={Type='work'},multiattach=False,project_id='7c55552b8bb945818f81c7ed751bf6cf',qos_specs=None,replication_status=,reservations=['b673fdfd-b2f9-4d2c-81d6-f0ea05355c33','dd3efdc7-a43b-4e55-b613-0256158cdf13','2ef35655-7c21-4427-a028-a27d77d7db12','d139a0db-5894-48c6-b0b5-b285c586b01b'],size=1,snapshot_id=None,source_replicaid=,source_volid=None,status='creating',user_id='0147bf710e1a42b79668bbd6936c4e60',volume_type_id=e8746435-b8c1-42db-8ce0-f23e5b260626)}' {{(pid=117496) _task_receiver /usr/local/lib/python3.8/dist-packages/taskflow/listeners/logging.py:178}}
Jul 06 13:45:28.271338 dv-cinder-819149-8-iscsi devstack@c-api.service[117496]: DEBUG cinder.volume.api [None req-89150808-4146-4155-8d81-95f1ec6249a8 tempest-VolumesTestJSON-1577662730 tempest-VolumesTestJSON-1577662730-project] Task 'cinder.volume.flows.api.create_volume.VolumeCastTask;volume:create' (52fd96a4-8bab-4444-926f-a974fccbe056) transitioned into state 'RUNNING' from state 'PENDING' {{(pid=117496) _task_receiver /usr/local/lib/python3.8/dist-packages/taskflow/listeners/logging.py:190}}
Jul 06 13:45:28.316223 dv-cinder-819149-8-iscsi devstack@c-api.service[117495]: INFO cinder.api.openstack.wsgi [None req-35505e07-87c1-4119-80fa-5b432b7b274a tempest-GroupSnapshotsTest-620137382 tempest-GroupSnapshotsTest-620137382-project] http://10.222.0.20/volume/v3/ba428e3a1e094f7c83fae3f3d5f6e8c2/group_snapshots returned with HTTP 202
Jul 06 13:45:28.316753 dv-cinder-819149-8-iscsi devstack@c-api.service[117496]: DEBUG cinder.volume.api [None req-89150808-4146-4155-8d81-95f1ec6249a8 tempest-VolumesTestJSON-1577662730 tempest-VolumesTestJSON-1577662730-project] Task 'cinder.volume.flows.api.create_volume.VolumeCastTask;volume:create' (52fd96a4-8bab-4444-926f-a974fccbe056) transitioned into state 'SUCCESS' from state 'RUNNING' with result 'None' {{(pid=117496) _task_receiver /usr/local/lib/python3.8/dist-packages/taskflow/listeners/logging.py:178}}
Jul 06 13:45:28.318416 dv-cinder-819149-8-iscsi devstack@c-api.service[117495]: [pid: 117495|app: 0|req: 39/64] 10.222.0.20 () {62 vars in 1300 bytes} [Wed Jul 6 13:45:27 2022] POST /volume/v3/ba428e3a1e094f7c83fae3f3d5f6e8c2/group_snapshots => generated 167 bytes in 466 msecs (HTTP/1.1 202) 7 headers in 292 bytes (1 switches on core 0)
Jul 06 13:45:28.325524 dv-cinder-819149-8-iscsi devstack@c-api.service[117495]: DEBUG cinder.api.middleware.request_id [None req-410eade1-e919-4298-8890-90a81baf0dd6 None None] RequestId filter calling following filter/app {{(pid=117495) _context_setter /opt/stack/cinder/cinder/api/middleware/request_id.py:62}}
Jul 06 13:45:28.329334 dv-cinder-819149-8-iscsi devstack@c-api.service[117496]: DEBUG cinder.volume.api [None req-89150808-4146-4155-8d81-95f1ec6249a8 tempest-VolumesTestJSON-1577662730 tempest-VolumesTestJSON-1577662730-project] Flow 'volume_create_api' (930a28d5-0051-47ac-95ac-0bc9bc7d4077) transitioned into state 'SUCCESS' from state 'RUNNING' {{(pid=117496) _flow_receiver /usr/local/lib/python3.8/dist-packages/taskflow/listeners/logging.py:141}}
Jul 06 13:45:28.330068 dv-cinder-819149-8-iscsi devstack@c-api.service[117496]: INFO cinder.volume.api [None req-89150808-4146-4155-8d81-95f1ec6249a8 tempest-VolumesTestJSON-1577662730 tempest-VolumesTestJSON-1577662730-project] Create volume request issued successfully.
Jul 06 13:45:28.331534 dv-cinder-819149-8-iscsi devstack@c-api.service[117496]: INFO cinder.api.openstack.wsgi [None req-89150808-4146-4155-8d81-95f1ec6249a8 tempest-VolumesTestJSON-1577662730 tempest-VolumesTestJSON-1577662730-project] http://10.222.0.20/volume/v3/7c55552b8bb945818f81c7ed751bf6cf/volumes returned with HTTP 202
Jul 06 13:45:28.335086 dv-cinder-819149-8-iscsi devstack@c-api.service[117495]: INFO cinder.api.openstack.wsgi [None req-410eade1-e919-4298-8890-90a81baf0dd6 tempest-GroupSnapshotsTest-620137382 tempest-GroupSnapshotsTest-620137382-project] GET http://10.222.0.20/volume/v3/ba428e3a1e094f7c83fae3f3d5f6e8c2/group_snapshots/22e13fb9-8910-40ec-9b38-7deaaa6ea7c3
Jul 06 13:45:28.335856 dv-cinder-819149-8-iscsi devstack@c-api.service[117495]: DEBUG cinder.api.openstack.wsgi [None req-410eade1-e919-4298-8890-90a81baf0dd6 tempest-GroupSnapshotsTest-620137382 tempest-GroupSnapshotsTest-620137382-project] Empty body provided in request {{(pid=117495) get_body /opt/stack/cinder/cinder/api/openstack/wsgi.py:715}}
Jul 06 13:45:28.336525 dv-cinder-819149-8-iscsi devstack@c-api.service[117495]: DEBUG cinder.api.openstack.wsgi [None req-410eade1-e919-4298-8890-90a81baf0dd6 tempest-GroupSnapshotsTest-620137382 tempest-GroupSnapshotsTest-620137382-project] Calling method 'version_select' {{(pid=117495) _process_stack /opt/stack/cinder/cinder/api/openstack/wsgi.py:868}}
Jul 06 13:45:28.338843 dv-cinder-819149-8-iscsi devstack@c-api.service[117495]: DEBUG cinder.api.v3.group_snapshots [None req-410eade1-e919-4298-8890-90a81baf0dd6 tempest-GroupSnapshotsTest-620137382 tempest-GroupSnapshotsTest-620137382-project] show called for member 22e13fb9-8910-40ec-9b38-7deaaa6ea7c3 {{(pid=117495) show /opt/stack/cinder/cinder/api/v3/group_snapshots.py:58}}
Jul 06 13:45:28.343898 dv-cinder-819149-8-iscsi devstack@c-api.service[117496]: [pid: 117496|app: 0|req: 26/65] 10.222.0.20 () {60 vars in 1235 bytes} [Wed Jul 6 13:45:27 2022] POST /volume/v3/7c55552b8bb945818f81c7ed751bf6cf/volumes => generated 828 bytes in 671 msecs (HTTP/1.1 202) 7 headers in 291 bytes (1 switches on core 0)
Jul 06 13:45:28.345637 dv-cinder-819149-8-iscsi devstack@c-api.service[117496]: DEBUG cinder.api.middleware.request_id [None req-beaac069-8ad4-4020-96e6-a381b1eb2f69 None None] RequestId filter calling following filter/app {{(pid=117496) _context_setter /opt/stack/cinder/cinder/api/middleware/request_id.py:62}}
Jul 06 13:45:28.352604 dv-cinder-819149-8-iscsi devstack@c-api.service[117495]: /usr/local/lib/python3.8/dist-packages/oslo_context/context.py:100: DeprecationWarning: Policy enforcement is depending on the value of is_admin. This key is deprecated. Please update your policy file to use the standard policy values.
Jul 06 13:45:28.352604 dv-cinder-819149-8-iscsi devstack@c-api.service[117495]: warnings.warn('Policy enforcement is depending on the value of '
Jul 06 13:45:28.364459 dv-cinder-819149-8-iscsi devstack@c-api.service[117496]: INFO cinder.api.openstack.wsgi [None req-beaac069-8ad4-4020-96e6-a381b1eb2f69 tempest-VolumesTestJSON-1577662730 tempest-VolumesTestJSON-1577662730-project] GET http://10.222.0.20/volume/v3/7c55552b8bb945818f81c7ed751bf6cf/volumes/7ca9190e-8427-481d-9440-55016b23fb28
Jul 06 13:45:28.374059 dv-cinder-819149-8-iscsi devstack@c-api.service[117495]: INFO cinder.api.openstack.wsgi [None req-410eade1-e919-4298-8890-90a81baf0dd6 tempest-GroupSnapshotsTest-620137382 tempest-GroupSnapshotsTest-620137382-project] http://10.222.0.20/volume/v3/ba428e3a1e094f7c83fae3f3d5f6e8c2/group_snapshots/22e13fb9-8910-40ec-9b38-7deaaa6ea7c3 returned with HTTP 200
Jul 06 13:45:28.376714 dv-cinder-819149-8-iscsi devstack@c-api.service[117495]: [pid: 117495|app: 0|req: 40/66] 10.222.0.20 () {60 vars in 1389 bytes} [Wed Jul 6 13:45:28 2022] GET /volume/v3/ba428e3a1e094f7c83fae3f3d5f6e8c2/group_snapshots/22e13fb9-8910-40ec-9b38-7deaaa6ea7c3 => generated 306 bytes in 53 msecs (HTTP/1.1 200) 7 headers in 286 bytes (1 switches on core 0)
Jul 06 13:45:28.377720 dv-cinder-819149-8-iscsi devstack@c-api.service[117496]: DEBUG cinder.api.openstack.wsgi [None req-beaac069-8ad4-4020-96e6-a381b1eb2f69 tempest-VolumesTestJSON-1577662730 tempest-VolumesTestJSON-1577662730-project] Empty body provided in request {{(pid=117496) get_body /opt/stack/cinder/cinder/api/openstack/wsgi.py:715}}
Jul 06 13:45:28.378207 dv-cinder-819149-8-iscsi devstack@c-api.service[117496]: DEBUG cinder.api.openstack.wsgi [None req-beaac069-8ad4-4020-96e6-a381b1eb2f69 tempest-VolumesTestJSON-1577662730 tempest-VolumesTestJSON-1577662730-project] Calling method 'show' {{(pid=117496) _process_stack /opt/stack/cinder/cinder/api/openstack/wsgi.py:868}}
Jul 06 13:45:28.448010 dv-cinder-819149-8-iscsi devstack@c-api.service[117495]: DEBUG cinder.api.middleware.request_id [req-8a382384-ae43-4e35-bcc0-c72083172bbc req-f03dbe11-874d-4450-93a3-d9d47aa0fbe8 None None] RequestId filter calling following filter/app {{(pid=117495) _context_setter /opt/stack/cinder/cinder/api/middleware/request_id.py:62}}
Jul 06 13:45:28.449504 dv-cinder-819149-8-iscsi devstack@c-api.service[117496]: /usr/local/lib/python3.8/dist-packages/oslo_context/context.py:100: DeprecationWarning: Policy enforcement is depending on the value of is_admin. This key is deprecated. Please update your policy file to use the standard policy values.
Jul 06 13:45:28.449504 dv-cinder-819149-8-iscsi devstack@c-api.service[117496]: warnings.warn('Policy enforcement is depending on the value of '
Jul 06 13:45:28.453929 dv-cinder-819149-8-iscsi devstack@c-api.service[117495]: INFO cinder.api.openstack.wsgi [req-8a382384-ae43-4e35-bcc0-c72083172bbc req-f03dbe11-874d-4450-93a3-d9d47aa0fbe8 tempest-VolumesGetTestJSON-252313682 tempest-VolumesGetTestJSON-252313682-project] GET http://10.222.0.20/volume/v3/c4e36049a0fd4b12a1ab55b5b4d5adfe/volumes/8f621b99-c061-47d7-860d-4cb0986b03f8
Jul 06 13:45:28.454597 dv-cinder-819149-8-iscsi devstack@c-api.service[117495]: DEBUG cinder.api.openstack.wsgi [req-8a382384-ae43-4e35-bcc0-c72083172bbc req-f03dbe11-874d-4450-93a3-d9d47aa0fbe8 tempest-VolumesGetTestJSON-252313682 tempest-VolumesGetTestJSON-252313682-project] Empty body provided in request {{(pid=117495) get_body /opt/stack/cinder/cinder/api/openstack/wsgi.py:715}}
Jul 06 13:45:28.455204 dv-cinder-819149-8-iscsi devstack@c-api.service[117495]: DEBUG cinder.api.openstack.wsgi [req-8a382384-ae43-4e35-bcc0-c72083172bbc req-f03dbe11-874d-4450-93a3-d9d47aa0fbe8 tempest-VolumesGetTestJSON-252313682 tempest-VolumesGetTestJSON-252313682-project] Calling method 'show' {{(pid=117495) _process_stack /opt/stack/cinder/cinder/api/openstack/wsgi.py:868}}
Jul 06 13:45:28.476424 dv-cinder-819149-8-iscsi devstack@c-api.service[117496]: INFO cinder.volume.api [None req-beaac069-8ad4-4020-96e6-a381b1eb2f69 tempest-VolumesTestJSON-1577662730 tempest-VolumesTestJSON-1577662730-project] Volume info retrieved successfully.
Jul 06 13:45:28.482414 dv-cinder-819149-8-iscsi devstack@c-api.service[117495]: INFO cinder.api.openstack.wsgi [req-8a382384-ae43-4e35-bcc0-c72083172bbc req-f03dbe11-874d-4450-93a3-d9d47aa0fbe8 tempest-VolumesGetTestJSON-252313682 tempest-VolumesGetTestJSON-252313682-project] http://10.222.0.20/volume/v3/c4e36049a0fd4b12a1ab55b5b4d5adfe/volumes/8f621b99-c061-47d7-860d-4cb0986b03f8 returned with HTTP 404
Jul 06 13:45:28.489068 dv-cinder-819149-8-iscsi devstack@c-api.service[117495]: [pid: 117495|app: 0|req: 41/67] 10.222.0.20 () {60 vars in 1578 bytes} [Wed Jul 6 13:45:28 2022] GET /volume/v3/c4e36049a0fd4b12a1ab55b5b4d5adfe/volumes/8f621b99-c061-47d7-860d-4cb0986b03f8 => generated 109 bytes in 43 msecs (HTTP/1.1 404) 7 headers in 292 bytes (2 switches on core 0)
Jul 06 13:45:28.548246 dv-cinder-819149-8-iscsi devstack@c-api.service[117496]: INFO cinder.api.openstack.wsgi [None req-beaac069-8ad4-4020-96e6-a381b1eb2f69 tempest-VolumesTestJSON-1577662730 tempest-VolumesTestJSON-1577662730-project] http://10.222.0.20/volume/v3/7c55552b8bb945818f81c7ed751bf6cf/volumes/7ca9190e-8427-481d-9440-55016b23fb28 returned with HTTP 200
Jul 06 13:45:28.573075 dv-cinder-819149-8-iscsi devstack@c-api.service[117496]: [pid: 117496|app: 0|req: 27/68] 10.222.0.20 () {58 vars in 1324 bytes} [Wed Jul 6 13:45:28 2022] GET /volume/v3/7c55552b8bb945818f81c7ed751bf6cf/volumes/7ca9190e-8427-481d-9440-55016b23fb28 => generated 896 bytes in 227 msecs (HTTP/1.1 200) 7 headers in 285 bytes (1 switches on core 0)
Jul 06 13:45:28.904638 dv-cinder-819149-8-iscsi devstack@c-api.service[117495]: DEBUG cinder.api.middleware.request_id [req-8292eaaf-5a3a-468c-bd8e-c346bc6acfa9 req-7e54aae6-b9b3-4bfd-8768-5be324b7636a None None] RequestId filter calling following filter/app {{(pid=117495) _context_setter /opt/stack/cinder/cinder/api/middleware/request_id.py:62}}
Jul 06 13:45:28.910867 dv-cinder-819149-8-iscsi devstack@c-api.service[117495]: INFO cinder.api.openstack.wsgi [req-8292eaaf-5a3a-468c-bd8e-c346bc6acfa9 req-7e54aae6-b9b3-4bfd-8768-5be324b7636a tempest-VolumesSnapshotsTestJSON-1217350311 tempest-VolumesSnapshotsTestJSON-1217350311-project] GET http://10.222.0.20/volume/v3/5080a0e6cfb24d799c3b31cec1d073bc/snapshots/4045d919-b3bb-4bf0-b52a-d4406404fa4d
Jul 06 13:45:28.911540 dv-cinder-819149-8-iscsi devstack@c-api.service[117495]: DEBUG cinder.api.openstack.wsgi [req-8292eaaf-5a3a-468c-bd8e-c346bc6acfa9 req-7e54aae6-b9b3-4bfd-8768-5be324b7636a tempest-VolumesSnapshotsTestJSON-1217350311 tempest-VolumesSnapshotsTestJSON-1217350311-project] Empty body provided in request {{(pid=117495) get_body /opt/stack/cinder/cinder/api/openstack/wsgi.py:715}}
Jul 06 13:45:28.912180 dv-cinder-819149-8-iscsi devstack@c-api.service[117495]: DEBUG cinder.api.openstack.wsgi [req-8292eaaf-5a3a-468c-bd8e-c346bc6acfa9 req-7e54aae6-b9b3-4bfd-8768-5be324b7636a tempest-VolumesSnapshotsTestJSON-1217350311 tempest-VolumesSnapshotsTestJSON-1217350311-project] Calling method 'show' {{(pid=117495) _process_stack /opt/stack/cinder/cinder/api/openstack/wsgi.py:868}}
Jul 06 13:45:28.938479 dv-cinder-819149-8-iscsi devstack@c-api.service[117495]: INFO cinder.api.openstack.wsgi [req-8292eaaf-5a3a-468c-bd8e-c346bc6acfa9 req-7e54aae6-b9b3-4bfd-8768-5be324b7636a tempest-VolumesSnapshotsTestJSON-1217350311 tempest-VolumesSnapshotsTestJSON-1217350311-project] http://10.222.0.20/volume/v3/5080a0e6cfb24d799c3b31cec1d073bc/snapshots/4045d919-b3bb-4bf0-b52a-d4406404fa4d returned with HTTP 404
Jul 06 13:45:28.947818 dv-cinder-819149-8-iscsi devstack@c-api.service[117495]: [pid: 117495|app: 0|req: 42/69] 10.222.0.20 () {60 vars in 1584 bytes} [Wed Jul 6 13:45:28 2022] GET /volume/v3/5080a0e6cfb24d799c3b31cec1d073bc/snapshots/4045d919-b3bb-4bf0-b52a-d4406404fa4d => generated 111 bytes in 44 msecs (HTTP/1.1 404) 7 headers in 292 bytes (1 switches on core 0)
Jul 06 13:45:28.995696 dv-cinder-819149-8-iscsi devstack@c-api.service[117496]: DEBUG cinder.api.middleware.request_id [req-0d278474-8ab1-4120-80da-e6cf95620102 req-55514486-793e-4afb-9b3d-a3a78a1c4c0a None None] RequestId filter calling following filter/app {{(pid=117496) _context_setter /opt/stack/cinder/cinder/api/middleware/request_id.py:62}}
Jul 06 13:45:28.999916 dv-cinder-819149-8-iscsi devstack@c-api.service[117496]: INFO cinder.api.openstack.wsgi [req-0d278474-8ab1-4120-80da-e6cf95620102 req-55514486-793e-4afb-9b3d-a3a78a1c4c0a tempest-VolumesSnapshotsTestJSON-1217350311 tempest-VolumesSnapshotsTestJSON-1217350311-project] DELETE http://10.222.0.20/volume/v3/5080a0e6cfb24d799c3b31cec1d073bc/volumes/07ab59c4-ff68-4c97-adff-f5818fef19ac
Jul 06 13:45:29.000307 dv-cinder-819149-8-iscsi devstack@c-api.service[117496]: DEBUG cinder.api.openstack.wsgi [req-0d278474-8ab1-4120-80da-e6cf95620102 req-55514486-793e-4afb-9b3d-a3a78a1c4c0a tempest-VolumesSnapshotsTestJSON-1217350311 tempest-VolumesSnapshotsTestJSON-1217350311-project] Empty body provided in request {{(pid=117496) get_body /opt/stack/cinder/cinder/api/openstack/wsgi.py:715}}
Jul 06 13:45:29.000765 dv-cinder-819149-8-iscsi devstack@c-api.service[117496]: DEBUG cinder.api.openstack.wsgi [req-0d278474-8ab1-4120-80da-e6cf95620102 req-55514486-793e-4afb-9b3d-a3a78a1c4c0a tempest-VolumesSnapshotsTestJSON-1217350311 tempest-VolumesSnapshotsTestJSON-1217350311-project] Calling method 'delete' {{(pid=117496) _process_stack /opt/stack/cinder/cinder/api/openstack/wsgi.py:868}}
Jul 06 13:45:29.001303 dv-cinder-819149-8-iscsi devstack@c-api.service[117496]: INFO cinder.api.v3.volumes [req-0d278474-8ab1-4120-80da-e6cf95620102 req-55514486-793e-4afb-9b3d-a3a78a1c4c0a tempest-VolumesSnapshotsTestJSON-1217350311 tempest-VolumesSnapshotsTestJSON-1217350311-project] Delete volume with id: 07ab59c4-ff68-4c97-adff-f5818fef19ac
Jul 06 13:45:29.073988 dv-cinder-819149-8-iscsi devstack@c-api.service[117496]: /usr/local/lib/python3.8/dist-packages/oslo_context/context.py:100: DeprecationWarning: Policy enforcement is depending on the value of is_admin. This key is deprecated. Please update your policy file to use the standard policy values.
Jul 06 13:45:29.073988 dv-cinder-819149-8-iscsi devstack@c-api.service[117496]: warnings.warn('Policy enforcement is depending on the value of '
Jul 06 13:45:29.075094 dv-cinder-819149-8-iscsi devstack@c-api.service[117496]: INFO cinder.volume.api [req-0d278474-8ab1-4120-80da-e6cf95620102 req-55514486-793e-4afb-9b3d-a3a78a1c4c0a tempest-VolumesSnapshotsTestJSON-1217350311 tempest-VolumesSnapshotsTestJSON-1217350311-project] Volume info retrieved successfully.
Jul 06 13:45:29.214331 dv-cinder-819149-8-iscsi devstack@c-api.service[117496]: INFO cinder.volume.api [req-0d278474-8ab1-4120-80da-e6cf95620102 req-55514486-793e-4afb-9b3d-a3a78a1c4c0a tempest-VolumesSnapshotsTestJSON-1217350311 tempest-VolumesSnapshotsTestJSON-1217350311-project] Delete volume request issued successfully.
Jul 06 13:45:29.214768 dv-cinder-819149-8-iscsi devstack@c-api.service[117496]: INFO cinder.api.openstack.wsgi [req-0d278474-8ab1-4120-80da-e6cf95620102 req-55514486-793e-4afb-9b3d-a3a78a1c4c0a tempest-VolumesSnapshotsTestJSON-1217350311 tempest-VolumesSnapshotsTestJSON-1217350311-project] http://10.222.0.20/volume/v3/5080a0e6cfb24d799c3b31cec1d073bc/volumes/07ab59c4-ff68-4c97-adff-f5818fef19ac returned with HTTP 202
Jul 06 13:45:29.226243 dv-cinder-819149-8-iscsi devstack@c-api.service[117496]: [pid: 117496|app: 0|req: 28/70] 10.222.0.20 () {62 vars in 1600 bytes} [Wed Jul 6 13:45:28 2022] DELETE /volume/v3/5080a0e6cfb24d799c3b31cec1d073bc/volumes/07ab59c4-ff68-4c97-adff-f5818fef19ac => generated 0 bytes in 231 msecs (HTTP/1.1 202) 6 headers in 233 bytes (1 switches on core 0)
Jul 06 13:45:29.270129 dv-cinder-819149-8-iscsi devstack@c-api.service[117495]: DEBUG cinder.api.middleware.request_id [req-f87c84ab-78bf-4a50-9073-d0f29c03b378 req-53343ae0-433e-4d9a-a9b4-b62fe619e874 None None] RequestId filter calling following filter/app {{(pid=117495) _context_setter /opt/stack/cinder/cinder/api/middleware/request_id.py:62}}
Jul 06 13:45:29.274781 dv-cinder-819149-8-iscsi devstack@c-api.service[117495]: INFO cinder.api.openstack.wsgi [req-f87c84ab-78bf-4a50-9073-d0f29c03b378 req-53343ae0-433e-4d9a-a9b4-b62fe619e874 tempest-VolumesSnapshotsTestJSON-1217350311 tempest-VolumesSnapshotsTestJSON-1217350311-project] GET http://10.222.0.20/volume/v3/5080a0e6cfb24d799c3b31cec1d073bc/volumes/07ab59c4-ff68-4c97-adff-f5818fef19ac
Jul 06 13:45:29.275560 dv-cinder-819149-8-iscsi devstack@c-api.service[117495]: DEBUG cinder.api.openstack.wsgi [req-f87c84ab-78bf-4a50-9073-d0f29c03b378 req-53343ae0-433e-4d9a-a9b4-b62fe619e874 tempest-VolumesSnapshotsTestJSON-1217350311 tempest-VolumesSnapshotsTestJSON-1217350311-project] Empty body provided in request {{(pid=117495) get_body /opt/stack/cinder/cinder/api/openstack/wsgi.py:715}}
Jul 06 13:45:29.276294 dv-cinder-819149-8-iscsi devstack@c-api.service[117495]: DEBUG cinder.api.openstack.wsgi [req-f87c84ab-78bf-4a50-9073-d0f29c03b378 req-53343ae0-433e-4d9a-a9b4-b62fe619e874 tempest-VolumesSnapshotsTestJSON-1217350311 tempest-VolumesSnapshotsTestJSON-1217350311-project] Calling method 'show' {{(pid=117495) _process_stack /opt/stack/cinder/cinder/api/openstack/wsgi.py:868}}
Jul 06 13:45:29.351754 dv-cinder-819149-8-iscsi devstack@c-api.service[117495]: /usr/local/lib/python3.8/dist-packages/oslo_context/context.py:100: DeprecationWarning: Policy enforcement is depending on the value of is_admin. This key is deprecated. Please update your policy file to use the standard policy values.
Jul 06 13:45:29.351754 dv-cinder-819149-8-iscsi devstack@c-api.service[117495]: warnings.warn('Policy enforcement is depending on the value of '
Jul 06 13:45:29.380955 dv-cinder-819149-8-iscsi devstack@c-api.service[117495]: INFO cinder.volume.api [req-f87c84ab-78bf-4a50-9073-d0f29c03b378 req-53343ae0-433e-4d9a-a9b4-b62fe619e874 tempest-VolumesSnapshotsTestJSON-1217350311 tempest-VolumesSnapshotsTestJSON-1217350311-project] Volume info retrieved successfully.
