Jul 29 12:51:11.582526 dv-cinder-819149-16-iscsi neutron-server[115576]: DEBUG neutron.db.l3_hamode_db [None req-51a846a0-f6d5-42d1-9cbc-bca0c882bd3d None None] neutron.services.l3_router.l3_router_plugin.L3RouterPlugin method _process_sync_ha_data called with arguments (, [{'id': '417ed640-3021-44bf-a7bf-8e287eec3eb2', 'name': 'tempest-TestShelveInstance-649490558-router', 'tenant_id': '13c13c269e5f46e1a8236c89377c2171', 'admin_state_up': True, 'status': 'ACTIVE', 'external_gateway_info': {'network_id': '6d596172-1774-46c5-9f72-4c4520017b0f', 'external_fixed_ips': [{'subnet_id': '2576efe3-e2f4-4c93-9543-3dbacc8ba021', 'ip_address': '172.27.3.221'}], 'enable_snat': True}, 'gw_port_id': '4198cba7-7a37-48ad-845e-cb5df5dfdb83', 'description': '', 'availability_zones': ['nova'], 'distributed': False, 'ha': False, 'ha_vr_id': 0, 'availability_zone_hints': [], 'routes': [], 'flavor_id': None, 'tags': [], 'created_at': '2022-07-29T12:51:00Z', 'updated_at': '2022-07-29T12:51:08Z', 'revision_number': 4, 'project_id': '13c13c269e5f46e1a8236c89377c2171', 'gw_port': {'id': '4198cba7-7a37-48ad-845e-cb5df5dfdb83', 'name': '', 'network_id': '6d596172-1774-46c5-9f72-4c4520017b0f', 'tenant_id': '', 'mac_address': 'fa:16:3e:06:d2:49', 'admin_state_up': True, 'status': 'ACTIVE', 'device_id': '417ed640-3021-44bf-a7bf-8e287eec3eb2', 'device_owner': 'network:router_gateway', 'standard_attr_id': 198, 'fixed_ips': [{'subnet_id': '2576efe3-e2f4-4c93-9543-3dbacc8ba021', 'ip_address': '172.27.3.221', 'prefixlen': 24}], 'allowed_address_pairs': [], 'extra_dhcp_opts': [], 'security_groups': [], 'description': '', 'binding:vnic_type': 'normal', 'binding:profile': {}, 'binding:host_id': 'dv-cinder-819149-16-iscsi', 'binding:vif_type': 'ovs', 'binding:vif_details': {'connectivity': 'l2', 'port_filter': True, 'ovs_hybrid_plug': False, 'datapath_type': 'system', 'bridge_name': 'br-int', 'bound_drivers': {'0': 'openvswitch'}}, 'port_security_enabled': False, 'tags': [], 'created_at': '2022-07-29T12:51:02Z', 'updated_at': '2022-07-29T12:51:09Z', 'revision_number': 4, 'project_id': '', 'subnets': [{'id': '2576efe3-e2f4-4c93-9543-3dbacc8ba021', 'cidr': '172.27.3.0/24', 'gateway_ip': '172.27.3.1', 'dns_nameservers': [], 'ipv6_ra_mode': None, 'subnetpool_id': None}], 'extra_subnets': [], 'address_scopes': {4: None, 6: None}, 'mtu': 1500}, 'enable_snat': True, 'gw_port_host': 'dv-cinder-819149-16-iscsi', '_interfaces': [{'id': '269c47ed-537c-43df-bef9-71fb4c77fd27', 'name': '', 'network_id': '0b270de4-4c73-44c1-a0b7-4465b60cd8a1', 'tenant_id': '13c13c269e5f46e1a8236c89377c2171', 'mac_address': 'fa:16:3e:5e:19:d2', 'admin_state_up': True, 'status': 'DOWN', 'device_id': '417ed640-3021-44bf-a7bf-8e287eec3eb2', 'device_owner': 'network:router_interface', 'standard_attr_id': 234, 'fixed_ips': [{'subnet_id': '60b7258c-9b97-4b52-b899-a59970d505c3', 'ip_address': '172.20.0.1', 'prefixlen': 28}], 'allowed_address_pairs': [], 'extra_dhcp_opts': [], 'security_groups': [], 'description': '', 'binding:vnic_type': 'normal', 'binding:profile': {}, 'binding:host_id': '', 'binding:vif_type': 'unbound', 'binding:vif_details': {}, 'port_security_enabled': False, 'tags': [], 'created_at': '2022-07-29T12:51:07Z', 'updated_at': '2022-07-29T12:51:09Z', 'revision_number': 2, 'project_id': '13c13c269e5f46e1a8236c89377c2171', 'subnets': [{'id': '60b7258c-9b97-4b52-b899-a59970d505c3', 'cidr': '172.20.0.0/28', 'gateway_ip': '172.20.0.1', 'dns_nameservers': [], 'ipv6_ra_mode': None, 'subnetpool_id': None}], 'extra_subnets': [], 'address_scopes': {4: None, 6: None}, 'mtu': 1500}]}], 'dv-cinder-819149-16-iscsi', False) {} {{(pid=115576) wrapper /usr/local/lib/python3.8/dist-packages/oslo_log/helpers.py:65}}
Jul 29 12:51:11.586532 dv-cinder-819149-16-iscsi neutron-server[115575]: DEBUG neutron_lib.callbacks.manager [None req-9cb373e8-abd1-4fd1-97e6-66b121ac85c2 admin admin] Publish callbacks [] for security_group (None), before_create {{(pid=115575) _notify_loop /usr/local/lib/python3.8/dist-packages/neutron_lib/callbacks/manager.py:176}}
Jul 29 12:51:11.613595 dv-cinder-819149-16-iscsi neutron-server[115575]: DEBUG neutron.pecan_wsgi.hooks.policy_enforcement [req-c5cf78f2-d649-42ad-8816-fb87c57a18e2 req-174e6090-3d03-4bb3-ad76-aaaf568b9f5a service neutron] Attributes excluded by policy engine: ['standard_attr_id'] {{(pid=115575) _exclude_attributes_by_policy /opt/stack/neutron/neutron/pecan_wsgi/hooks/policy_enforcement.py:259}}
Jul 29 12:51:11.618421 dv-cinder-819149-16-iscsi neutron-server[115575]: INFO neutron.wsgi [req-c5cf78f2-d649-42ad-8816-fb87c57a18e2 req-174e6090-3d03-4bb3-ad76-aaaf568b9f5a service neutron] 10.222.0.45 "GET /v2.0/ports?device_id=9a58e30f-f1a3-4c6b-8b99-00a393888dfb HTTP/1.1" status: 200 len: 1129 time: 0.1003563
Jul 29 12:51:11.625262 dv-cinder-819149-16-iscsi neutron-server[115576]: DEBUG neutron.api.rpc.handlers.l3_rpc [None req-51a846a0-f6d5-42d1-9cbc-bca0c882bd3d None None] Checking router: 417ed640-3021-44bf-a7bf-8e287eec3eb2 for host: dv-cinder-819149-16-iscsi {{(pid=115576) _ensure_host_set_on_ports /opt/stack/neutron/neutron/api/rpc/handlers/l3_rpc.py:155}}
Jul 29 12:51:11.625565 dv-cinder-819149-16-iscsi neutron-server[115576]: DEBUG neutron.api.rpc.handlers.l3_rpc [None req-51a846a0-f6d5-42d1-9cbc-bca0c882bd3d None None] Updating router 417ed640-3021-44bf-a7bf-8e287eec3eb2 port 269c47ed-537c-43df-bef9-71fb4c77fd27 binding host dv-cinder-819149-16-iscsi {{(pid=115576) _ensure_host_set_on_port /opt/stack/neutron/neutron/api/rpc/handlers/l3_rpc.py:205}}
Jul 29 12:51:11.665524 dv-cinder-819149-16-iscsi neutron-server[115576]: DEBUG neutron_lib.callbacks.manager [None req-51a846a0-f6d5-42d1-9cbc-bca0c882bd3d None None] Publish callbacks ['neutron.plugins.ml2.plugin.SecurityGroupDbMixin._ensure_default_security_group_handler-1331651'] for port (269c47ed-537c-43df-bef9-71fb4c77fd27), before_update {{(pid=115576) _notify_loop /usr/local/lib/python3.8/dist-packages/neutron_lib/callbacks/manager.py:176}}
Jul 29 12:51:11.740237 dv-cinder-819149-16-iscsi neutron-server[115575]: INFO neutron.wsgi [req-c5cf78f2-d649-42ad-8816-fb87c57a18e2 req-85ffec6e-0993-4c5e-892c-dbe33995918b service neutron] 10.222.0.45 "GET /v2.0/security-groups?id=46fd6424-93a6-421f-a82c-63bc182db73e&fields=id&fields=name HTTP/1.1" status: 200 len: 312 time: 0.1126878
Jul 29 12:51:11.750174 dv-cinder-819149-16-iscsi neutron-server[115575]: DEBUG dbcounter [-] [115575] Writing DB stats neutron:SELECT=90,neutron:INSERT=9,neutron:UPDATE=1 {{(pid=115575) stat_writer /usr/local/lib/python3.8/dist-packages/dbcounter.py:114}}
Jul 29 12:51:11.763510 dv-cinder-819149-16-iscsi neutron-server[115575]: DEBUG neutron_lib.callbacks.manager [None req-9cb373e8-abd1-4fd1-97e6-66b121ac85c2 admin admin] Publish callbacks [] for security_group (7ee39872-e4a8-4717-95b3-b107020e4896), precommit_create {{(pid=115575) _notify_loop /usr/local/lib/python3.8/dist-packages/neutron_lib/callbacks/manager.py:176}}
Jul 29 12:51:11.771488 dv-cinder-819149-16-iscsi neutron-server[115575]: DEBUG neutron_lib.callbacks.manager [None req-7748e112-3e11-4acc-a4cd-063091014997 admin admin] Publish callbacks [] for security_group (None), before_create {{(pid=115575) _notify_loop /usr/local/lib/python3.8/dist-packages/neutron_lib/callbacks/manager.py:176}}
Jul 29 12:51:11.778473 dv-cinder-819149-16-iscsi neutron-server[115575]: DEBUG neutron_lib.callbacks.manager [None req-9cb373e8-abd1-4fd1-97e6-66b121ac85c2 admin admin] Publish callbacks ['neutron.plugins.ml2.ovo_rpc._ObjectChangeHandler.handle_event-3980956'] for security_group (7ee39872-e4a8-4717-95b3-b107020e4896), after_create {{(pid=115575) _notify_loop /usr/local/lib/python3.8/dist-packages/neutron_lib/callbacks/manager.py:176}}
Jul 29 12:51:11.822129 dv-cinder-819149-16-iscsi neutron-server[115576]: DEBUG dbcounter [-] [115576] Writing DB stats neutron:SELECT=97,neutron:DELETE=1,neutron:UPDATE=2 {{(pid=115576) stat_writer /usr/local/lib/python3.8/dist-packages/dbcounter.py:114}}
Jul 29 12:51:11.855433 dv-cinder-819149-16-iscsi neutron-server[115575]: DEBUG neutron.api.rpc.handlers.resources_rpc [None req-9cb373e8-abd1-4fd1-97e6-66b121ac85c2 admin admin] Pushing event updated for resources: {'SecurityGroup': ['ID=7ee39872-e4a8-4717-95b3-b107020e4896,revision_number=1']} {{(pid=115575) push /opt/stack/neutron/neutron/api/rpc/handlers/resources_rpc.py:237}}
Jul 29 12:51:11.859619 dv-cinder-819149-16-iscsi neutron-server[115574]: DEBUG neutron.pecan_wsgi.hooks.policy_enforcement [req-685debba-7297-4a5b-b342-0438d0d90d0c req-738ae810-b03f-4957-bd7c-317ca0984275 tempest-ServerRescueNegativeTestJSON-1143452488 tempest-ServerRescueNegativeTestJSON-1143452488-project] Attributes excluded by policy engine: ['standard_attr_id', 'binding:profile', 'binding:host_id', 'binding:vif_type', 'binding:vif_details'] {{(pid=115574) _exclude_attributes_by_policy /opt/stack/neutron/neutron/pecan_wsgi/hooks/policy_enforcement.py:259}}
Jul 29 12:51:11.866514 dv-cinder-819149-16-iscsi neutron-server[115575]: DEBUG neutron.pecan_wsgi.hooks.policy_enforcement [req-afbb7a45-6417-4684-88f2-1532f046d539 req-b1500cb8-ff17-409f-b1dd-73cc3132883d tempest-AttachVolumeNegativeTest-1065141143 tempest-AttachVolumeNegativeTest-1065141143-project] Attributes excluded by policy engine: ['standard_attr_id', 'binding:profile', 'binding:host_id', 'binding:vif_type', 'binding:vif_details'] {{(pid=115575) _exclude_attributes_by_policy /opt/stack/neutron/neutron/pecan_wsgi/hooks/policy_enforcement.py:259}}
Jul 29 12:51:11.868185 dv-cinder-819149-16-iscsi neutron-server[115575]: INFO neutron.wsgi [req-afbb7a45-6417-4684-88f2-1532f046d539 req-b1500cb8-ff17-409f-b1dd-73cc3132883d tempest-AttachVolumeNegativeTest-1065141143 tempest-AttachVolumeNegativeTest-1065141143-project] 10.222.0.66 "GET /v2.0/ports?device_id=ef6fb941-1056-4618-8fd5-22dd72cf944f HTTP/1.1" status: 200 len: 945 time: 0.0906618
Jul 29 12:51:11.876146 dv-cinder-819149-16-iscsi neutron-server[115574]: INFO neutron.wsgi [req-685debba-7297-4a5b-b342-0438d0d90d0c req-738ae810-b03f-4957-bd7c-317ca0984275 tempest-ServerRescueNegativeTestJSON-1143452488 tempest-ServerRescueNegativeTestJSON-1143452488-project] 10.222.0.66 "GET /v2.0/ports?device_id=ef193532-ce6d-490e-934b-900337d13fd7 HTTP/1.1" status: 200 len: 946 time: 0.0720356
Jul 29 12:51:11.891370 dv-cinder-819149-16-iscsi neutron-server[115575]: DEBUG neutron.api.rpc.callbacks.version_manager [None req-9cb373e8-abd1-4fd1-97e6-66b121ac85c2 admin admin] Version for resource type AddressGroup changed None to 1.2 on consumer Open vSwitch agent@dv-cinder-819149-16-iscsi {{(pid=115575) _set_version /opt/stack/neutron/neutron/api/rpc/callbacks/version_manager.py:113}}
Jul 29 12:51:11.892184 dv-cinder-819149-16-iscsi neutron-server[115575]: DEBUG neutron.api.rpc.callbacks.version_manager [None req-9cb373e8-abd1-4fd1-97e6-66b121ac85c2 admin admin] Version for resource type Agent changed None to 1.1 on consumer Open vSwitch agent@dv-cinder-819149-16-iscsi {{(pid=115575) _set_version /opt/stack/neutron/neutron/api/rpc/callbacks/version_manager.py:113}}
Jul 29 12:51:11.892184 dv-cinder-819149-16-iscsi neutron-server[115575]: DEBUG neutron.api.rpc.callbacks.version_manager [None req-9cb373e8-abd1-4fd1-97e6-66b121ac85c2 admin admin] Version for resource type ConntrackHelper changed None to 1.0 on consumer Open vSwitch agent@dv-cinder-819149-16-iscsi {{(pid=115575) _set_version /opt/stack/neutron/neutron/api/rpc/callbacks/version_manager.py:113}}
Jul 29 12:51:11.892390 dv-cinder-819149-16-iscsi neutron-server[115575]: DEBUG neutron.api.rpc.callbacks.version_manager [None req-9cb373e8-abd1-4fd1-97e6-66b121ac85c2 admin admin] Version for resource type LocalIPAssociation changed None to 1.0 on consumer Open vSwitch agent@dv-cinder-819149-16-iscsi {{(pid=115575) _set_version /opt/stack/neutron/neutron/api/rpc/callbacks/version_manager.py:113}}
Jul 29 12:51:11.894394 dv-cinder-819149-16-iscsi neutron-server[115575]: DEBUG neutron.api.rpc.callbacks.version_manager [None req-9cb373e8-abd1-4fd1-97e6-66b121ac85c2 admin admin] Version for resource type Log changed None to 1.0 on consumer Open vSwitch agent@dv-cinder-819149-16-iscsi {{(pid=115575) _set_version /opt/stack/neutron/neutron/api/rpc/callbacks/version_manager.py:113}}
Jul 29 12:51:11.899153 dv-cinder-819149-16-iscsi neutron-server[115575]: DEBUG neutron.api.rpc.callbacks.version_manager [None req-9cb373e8-abd1-4fd1-97e6-66b121ac85c2 admin admin] Version for resource type NDPProxy changed None to 1.0 on consumer Open vSwitch agent@dv-cinder-819149-16-iscsi {{(pid=115575) _set_version /opt/stack/neutron/neutron/api/rpc/callbacks/version_manager.py:113}}
Jul 29 12:51:11.899317 dv-cinder-819149-16-iscsi neutron-server[115575]: DEBUG neutron.api.rpc.callbacks.version_manager [None req-9cb373e8-abd1-4fd1-97e6-66b121ac85c2 admin admin] Version for resource type Network changed None to 1.1 on consumer Open vSwitch agent@dv-cinder-819149-16-iscsi {{(pid=115575) _set_version /opt/stack/neutron/neutron/api/rpc/callbacks/version_manager.py:113}}
Jul 29 12:51:11.900235 dv-cinder-819149-16-iscsi neutron-server[115575]: DEBUG neutron.api.rpc.callbacks.version_manager [None req-9cb373e8-abd1-4fd1-97e6-66b121ac85c2 admin admin] Version for resource type Port changed None to 1.7 on consumer Open vSwitch agent@dv-cinder-819149-16-iscsi {{(pid=115575) _set_version /opt/stack/neutron/neutron/api/rpc/callbacks/version_manager.py:113}}
Jul 29 12:51:11.900590 dv-cinder-819149-16-iscsi neutron-server[115575]: DEBUG neutron.api.rpc.callbacks.version_manager [None req-9cb373e8-abd1-4fd1-97e6-66b121ac85c2 admin admin] Version for resource type PortForwarding changed None to 1.3 on consumer Open vSwitch agent@dv-cinder-819149-16-iscsi {{(pid=115575) _set_version /opt/stack/neutron/neutron/api/rpc/callbacks/version_manager.py:113}}
Jul 29 12:51:11.900923 dv-cinder-819149-16-iscsi neutron-server[115575]: DEBUG neutron.api.rpc.callbacks.version_manager [None req-9cb373e8-abd1-4fd1-97e6-66b121ac85c2 admin admin] Version for resource type QosPolicy changed None to 1.10 on consumer Open vSwitch agent@dv-cinder-819149-16-iscsi {{(pid=115575) _set_version /opt/stack/neutron/neutron/api/rpc/callbacks/version_manager.py:113}}
Jul 29 12:51:11.901254 dv-cinder-819149-16-iscsi neutron-server[115575]: DEBUG neutron.api.rpc.callbacks.version_manager [None req-9cb373e8-abd1-4fd1-97e6-66b121ac85c2 admin admin] Version for resource type SecurityGroup changed None to 1.5 on consumer Open vSwitch agent@dv-cinder-819149-16-iscsi {{(pid=115575) _set_version /opt/stack/neutron/neutron/api/rpc/callbacks/version_manager.py:113}}
Jul 29 12:51:11.901580 dv-cinder-819149-16-iscsi neutron-server[115575]: DEBUG neutron.api.rpc.callbacks.version_manager [None req-9cb373e8-abd1-4fd1-97e6-66b121ac85c2 admin admin] Version for resource type SecurityGroupRule changed None to 1.2 on consumer Open vSwitch agent@dv-cinder-819149-16-iscsi {{(pid=115575) _set_version /opt/stack/neutron/neutron/api/rpc/callbacks/version_manager.py:113}}
Jul 29 12:51:11.901925 dv-cinder-819149-16-iscsi neutron-server[115575]: DEBUG neutron.api.rpc.callbacks.version_manager [None req-9cb373e8-abd1-4fd1-97e6-66b121ac85c2 admin admin] Version for resource type SubPort changed None to 1.0 on consumer Open vSwitch agent@dv-cinder-819149-16-iscsi {{(pid=115575) _set_version /opt/stack/neutron/neutron/api/rpc/callbacks/version_manager.py:113}}
Jul 29 12:51:11.902245 dv-cinder-819149-16-iscsi neutron-server[115575]: DEBUG neutron.api.rpc.callbacks.version_manager [None req-9cb373e8-abd1-4fd1-97e6-66b121ac85c2 admin admin] Version for resource type Subnet changed None to 1.1 on consumer Open vSwitch agent@dv-cinder-819149-16-iscsi {{(pid=115575) _set_version /opt/stack/neutron/neutron/api/rpc/callbacks/version_manager.py:113}}
Jul 29 12:51:11.902675 dv-cinder-819149-16-iscsi neutron-server[115575]: DEBUG neutron.api.rpc.callbacks.version_manager [None req-9cb373e8-abd1-4fd1-97e6-66b121ac85c2 admin admin] Version for resource type Trunk changed None to 1.1 on consumer Open vSwitch agent@dv-cinder-819149-16-iscsi {{(pid=115575) _set_version /opt/stack/neutron/neutron/api/rpc/callbacks/version_manager.py:113}}
Jul 29 12:51:11.921460 dv-cinder-819149-16-iscsi neutron-server[115575]: DEBUG neutron.plugins.ml2.drivers.helpers [None req-9cb373e8-abd1-4fd1-97e6-66b121ac85c2 admin admin] vlan segment allocate from pool success with {'physical_network': 'physnet1', 'vlan_id': 682} {{(pid=115575) allocate_partially_specified_segment /opt/stack/neutron/neutron/plugins/ml2/drivers/helpers.py:153}}
Jul 29 12:51:11.928171 dv-cinder-819149-16-iscsi neutron-server[115575]: DEBUG dbcounter [-] [115575] Writing DB stats neutron:SELECT=95,neutron:INSERT=5 {{(pid=115575) stat_writer /usr/local/lib/python3.8/dist-packages/dbcounter.py:114}}
Jul 29 12:51:11.933007 dv-cinder-819149-16-iscsi neutron-server[115574]: INFO neutron.wsgi [req-685debba-7297-4a5b-b342-0438d0d90d0c req-42af52e5-c09e-40af-8545-517fe32199fb tempest-ServerRescueNegativeTestJSON-1143452488 tempest-ServerRescueNegativeTestJSON-1143452488-project] 10.222.0.66 "GET /v2.0/security-groups?id=e0dc246d-c69b-4e28-955f-4b9008236de9&fields=id&fields=name HTTP/1.1" status: 200 len: 286 time: 0.0556819
Jul 29 12:51:11.974502 dv-cinder-819149-16-iscsi neutron-server[115575]: DEBUG neutron_lib.callbacks.manager [None req-9cb373e8-abd1-4fd1-97e6-66b121ac85c2 admin admin] Publish callbacks ['neutron.plugins.ml2.plugin.Ml2Plugin._handle_segment_change-1263500'] for segment (40a07b6f-7a9b-4b98-9202-0783aaf28908), precommit_create {{(pid=115575) _notify_loop /usr/local/lib/python3.8/dist-packages/neutron_lib/callbacks/manager.py:176}}
Jul 29 12:51:11.974777 dv-cinder-819149-16-iscsi neutron-server[115575]: INFO neutron.db.segments_db [None req-9cb373e8-abd1-4fd1-97e6-66b121ac85c2 admin admin] Added segment 40a07b6f-7a9b-4b98-9202-0783aaf28908 of type vlan for network baa4d5c9-c815-4684-a06f-a850579cd8b0
Jul 29 12:51:12.005242 dv-cinder-819149-16-iscsi neutron-server[115575]: INFO neutron.wsgi [req-afbb7a45-6417-4684-88f2-1532f046d539 req-8c40c26a-ae9e-49b8-a773-634a0ba647d9 tempest-AttachVolumeNegativeTest-1065141143 tempest-AttachVolumeNegativeTest-1065141143-project] 10.222.0.66 "GET /v2.0/security-groups?id=cf1b54dd-aa5d-48bd-8791-83a39b22f149&fields=id&fields=name HTTP/1.1" status: 200 len: 313 time: 0.1283278
Jul 29 12:51:12.053089 dv-cinder-819149-16-iscsi neutron-server[115575]: DEBUG neutron_lib.callbacks.manager [None req-9cb373e8-abd1-4fd1-97e6-66b121ac85c2 admin admin] Publish callbacks ['neutron.services.auto_allocate.db._ensure_external_network_default_value_callback-8757981218425'] for network (baa4d5c9-c815-4684-a06f-a850579cd8b0), precommit_create {{(pid=115575) _notify_loop /usr/local/lib/python3.8/dist-packages/neutron_lib/callbacks/manager.py:176}}
Jul 29 12:51:12.093576 dv-cinder-819149-16-iscsi neutron-server[115574]: DEBUG neutron.pecan_wsgi.hooks.policy_enforcement [req-ee52ba86-6987-42ee-b9a6-01b2fe2a98fb req-c1425bfe-e1d7-477b-83cf-acd37eb74353 tempest-DeleteServersTestJSON-51071275 tempest-DeleteServersTestJSON-51071275-project] Attributes excluded by policy engine: ['standard_attr_id', 'binding:profile', 'binding:host_id', 'binding:vif_type', 'binding:vif_details'] {{(pid=115574) _exclude_attributes_by_policy /opt/stack/neutron/neutron/pecan_wsgi/hooks/policy_enforcement.py:259}}
Jul 29 12:51:12.106883 dv-cinder-819149-16-iscsi neutron-server[115575]: DEBUG neutron_lib.callbacks.manager [None req-7748e112-3e11-4acc-a4cd-063091014997 admin admin] Publish callbacks [] for security_group (23b70089-0607-4f13-b7e3-dbdcd7f85ac0), precommit_create {{(pid=115575) _notify_loop /usr/local/lib/python3.8/dist-packages/neutron_lib/callbacks/manager.py:176}}
Jul 29 12:51:12.111446 dv-cinder-819149-16-iscsi neutron-server[115575]: DEBUG neutron_lib.callbacks.manager [None req-9cb373e8-abd1-4fd1-97e6-66b121ac85c2 admin admin] Publish callbacks ['neutron.plugins.ml2.ovo_rpc._ObjectChangeHandler.handle_event-3981037', 'neutron.api.rpc.agentnotifiers.dhcp_rpc_agent_api.DhcpAgentNotifyAPI._native_event_send_dhcp_notification-3670435'] for network (baa4d5c9-c815-4684-a06f-a850579cd8b0), after_create {{(pid=115575) _notify_loop /usr/local/lib/python3.8/dist-packages/neutron_lib/callbacks/manager.py:176}}
Jul 29 12:51:12.111701 dv-cinder-819149-16-iscsi neutron-server[115574]: INFO neutron.wsgi [req-ee52ba86-6987-42ee-b9a6-01b2fe2a98fb req-c1425bfe-e1d7-477b-83cf-acd37eb74353 tempest-DeleteServersTestJSON-51071275 tempest-DeleteServersTestJSON-51071275-project] 10.222.0.66 "GET /v2.0/ports?device_id=84ede090-2e12-43db-9393-9cb26deda854 HTTP/1.1" status: 200 len: 945 time: 0.1151674
Jul 29 12:51:12.112928 dv-cinder-819149-16-iscsi neutron-server[115575]: DEBUG neutron.pecan_wsgi.hooks.policy_enforcement [None req-9cb373e8-abd1-4fd1-97e6-66b121ac85c2 admin admin] Attributes excluded by policy engine: ['standard_attr_id', 'vlan_transparent'] {{(pid=115575) _exclude_attributes_by_policy /opt/stack/neutron/neutron/pecan_wsgi/hooks/policy_enforcement.py:259}}
Jul 29 12:51:12.113604 dv-cinder-819149-16-iscsi neutron-server[115575]: DEBUG neutron_lib.callbacks.manager [None req-9cb373e8-abd1-4fd1-97e6-66b121ac85c2 admin admin] Publish callbacks ['neutron.api.rpc.agentnotifiers.dhcp_rpc_agent_api.DhcpAgentNotifyAPI._send_dhcp_notification-3670413'] for network (None), before_response {{(pid=115575) _notify_loop /usr/local/lib/python3.8/dist-packages/neutron_lib/callbacks/manager.py:176}}
Jul 29 12:51:12.133945 dv-cinder-819149-16-iscsi neutron-server[115575]: DEBUG neutron_lib.callbacks.manager [None req-7748e112-3e11-4acc-a4cd-063091014997 admin admin] Publish callbacks ['neutron.plugins.ml2.ovo_rpc._ObjectChangeHandler.handle_event-3980956'] for security_group (23b70089-0607-4f13-b7e3-dbdcd7f85ac0), after_create {{(pid=115575) _notify_loop /usr/local/lib/python3.8/dist-packages/neutron_lib/callbacks/manager.py:176}}
Jul 29 12:51:12.137890 dv-cinder-819149-16-iscsi neutron-server[115576]: DEBUG neutron.notifiers.nova [-] Sending events: [{'server_uuid': 'ef6fb941-1056-4618-8fd5-22dd72cf944f', 'name': 'network-vif-plugged', 'status': 'completed', 'tag': '0d4aeb43-0283-4dc4-ac92-c1ff81c544b8'}] {{(pid=115576) send_events /opt/stack/neutron/neutron/notifiers/nova.py:271}}
Jul 29 12:51:12.141181 dv-cinder-819149-16-iscsi neutron-server[115576]: DEBUG novaclient.v2.client [-] REQ: curl -g -i --cacert "/opt/stack/data/ca-bundle.pem" -X POST http://10.222.0.66/compute/v2.1/os-server-external-events -H "Accept: application/json" -H "Content-Type: application/json" -H "User-Agent: python-novaclient" -H "X-Auth-Token: {SHA256}cf275b2258881ef6112df25db2a372af0c28c44ac43ab035fd9a62fac01a6d90" -H "X-OpenStack-Nova-API-Version: 2.1" -H "X-OpenStack-Request-ID: req-202ab652-9372-4ebf-8bd2-1c2ce2a05aae" -d '{"events": [{"server_uuid": "ef6fb941-1056-4618-8fd5-22dd72cf944f", "name": "network-vif-plugged", "status": "completed", "tag": "0d4aeb43-0283-4dc4-ac92-c1ff81c544b8"}]}' {{(pid=115576) _http_log_request /usr/local/lib/python3.8/dist-packages/keystoneauth1/session.py:519}}
Jul 29 12:51:12.152287 dv-cinder-819149-16-iscsi neutron-server[115576]: DEBUG neutron_lib.callbacks.manager [None req-51a846a0-f6d5-42d1-9cbc-bca0c882bd3d None None] Publish callbacks [] for port (269c47ed-537c-43df-bef9-71fb4c77fd27), precommit_update {{(pid=115576) _notify_loop /usr/local/lib/python3.8/dist-packages/neutron_lib/callbacks/manager.py:176}}
Jul 29 12:51:12.154409 dv-cinder-819149-16-iscsi neutron-server[115575]: INFO neutron.wsgi [None req-9cb373e8-abd1-4fd1-97e6-66b121ac85c2 admin admin] 10.222.0.66 "POST /v2.0/networks HTTP/1.1" status: 201 len: 863 time: 0.6917462
Jul 29 12:51:12.159979 dv-cinder-819149-16-iscsi neutron-server[115575]: DEBUG neutron.wsgi [-] (115575) accepted ('10.222.0.66', 53184) {{(pid=115575) server /usr/local/lib/python3.8/dist-packages/eventlet/wsgi.py:1004}}
Jul 29 12:51:12.169028 dv-cinder-819149-16-iscsi neutron-server[115576]: DEBUG neutron_lib.callbacks.manager [None req-51a846a0-f6d5-42d1-9cbc-bca0c882bd3d None None] Publish callbacks ['neutron.plugins.ml2.plugin.SecurityGroupServerNotifierRpcMixin._notify_sg_on_port_change-1332238', 'neutron.plugins.ml2.ovo_rpc._ObjectChangeHandler.handle_event-246775', 'neutron.api.rpc.agentnotifiers.dhcp_rpc_agent_api.DhcpAgentNotifyAPI._native_event_send_dhcp_notification-3670435', 'neutron.db.l3_db.L3RpcNotifierMixin._notify_gateway_port_ip_changed-8757981668316', 'neutron.db.l3_dvrscheduler_db._notify_l3_agent_port_update-8757981288533', 'neutron.db.l3_hascheduler_db._notify_l3_agent_ha_port_update-8757981288551'] for port (269c47ed-537c-43df-bef9-71fb4c77fd27), after_update {{(pid=115576) _notify_loop /usr/local/lib/python3.8/dist-packages/neutron_lib/callbacks/manager.py:176}}
Jul 29 12:51:12.211391 dv-cinder-819149-16-iscsi neutron-server[115575]: DEBUG neutron.api.v2.base [None req-6d2ffc04-489d-4fec-b2a7-8ca96187c86a admin admin] Request body: {'subnet': {'network_id': 'baa4d5c9-c815-4684-a06f-a850579cd8b0', 'cidr': '172.20.0.0/28', 'name': 'tempest-TestShelveInstance-1813919671-subnet', 'tenant_id': '48f444b71c5543b18224dd5174636a53', 'ip_version': 4}} {{(pid=115575) prepare_request_body /opt/stack/neutron/neutron/api/v2/base.py:730}}
Jul 29 12:51:12.223522 dv-cinder-819149-16-iscsi neutron-server[115574]: INFO neutron.wsgi [req-ee52ba86-6987-42ee-b9a6-01b2fe2a98fb req-ba8ebf9d-0658-4de9-a4ae-cdea0f8cbc17 tempest-DeleteServersTestJSON-51071275 tempest-DeleteServersTestJSON-51071275-project] 10.222.0.66 "GET /v2.0/security-groups?id=38cae2fe-231a-4678-9ccf-b536696c338e&fields=id&fields=name HTTP/1.1" status: 200 len: 286 time: 0.1054459
Jul 29 12:51:12.245502 dv-cinder-819149-16-iscsi neutron-server[115575]: DEBUG neutron.pecan_wsgi.hooks.quota_enforcement [None req-6d2ffc04-489d-4fec-b2a7-8ca96187c86a admin admin] Made reservation on behalf of 48f444b71c5543b18224dd5174636a53 for: {'subnet': 1} {{(pid=115575) before /opt/stack/neutron/neutron/pecan_wsgi/hooks/quota_enforcement.py:53}}
Jul 29 12:51:12.245502 dv-cinder-819149-16-iscsi neutron-server[115575]: DEBUG neutron_lib.callbacks.manager [None req-6d2ffc04-489d-4fec-b2a7-8ca96187c86a admin admin] Publish callbacks [] for subnet (None), before_create {{(pid=115575) _notify_loop /usr/local/lib/python3.8/dist-packages/neutron_lib/callbacks/manager.py:176}}
Jul 29 12:51:12.320788 dv-cinder-819149-16-iscsi neutron-server[115576]: DEBUG novaclient.v2.client [-] RESP: [200] Connection: close Content-Length: 183 Content-Type: application/json Date: Fri, 29 Jul 2022 12:51:12 GMT OpenStack-API-Version: compute 2.1 Server: Apache/2.4.41 (Ubuntu) Vary: OpenStack-API-Version,X-OpenStack-Nova-API-Version X-OpenStack-Nova-API-Version: 2.1 x-compute-request-id: req-2f253394-8230-4227-8935-736f33acd078 x-openstack-request-id: req-2f253394-8230-4227-8935-736f33acd078 {{(pid=115576) _http_log_response /usr/local/lib/python3.8/dist-packages/keystoneauth1/session.py:550}}
Jul 29 12:51:12.321114 dv-cinder-819149-16-iscsi neutron-server[115576]: DEBUG novaclient.v2.client [-] RESP BODY: {"events": [{"server_uuid": "ef6fb941-1056-4618-8fd5-22dd72cf944f", "name": "network-vif-plugged", "status": "completed", "tag": "0d4aeb43-0283-4dc4-ac92-c1ff81c544b8", "code": 200}]} {{(pid=115576) _http_log_response /usr/local/lib/python3.8/dist-packages/keystoneauth1/session.py:582}}
Jul 29 12:51:12.321351 dv-cinder-819149-16-iscsi neutron-server[115576]: DEBUG novaclient.v2.client [-] POST call to compute for http://10.222.0.66/compute/v2.1/os-server-external-events used request id req-2f253394-8230-4227-8935-736f33acd078 {{(pid=115576) request /usr/local/lib/python3.8/dist-packages/keystoneauth1/session.py:954}}
Jul 29 12:51:12.321748 dv-cinder-819149-16-iscsi neutron-server[115576]: INFO neutron.notifiers.nova [-] Nova event matching ['req-2f253394-8230-4227-8935-736f33acd078'] response: {'server_uuid': 'ef6fb941-1056-4618-8fd5-22dd72cf944f', 'name': 'network-vif-plugged', 'status': 'completed', 'tag': '0d4aeb43-0283-4dc4-ac92-c1ff81c544b8', 'code': 200}
Jul 29 12:51:12.374634 dv-cinder-819149-16-iscsi neutron-server[115574]: DEBUG neutron.wsgi [-] (115574) accepted ('10.222.0.66', 53192) {{(pid=115574) server /usr/local/lib/python3.8/dist-packages/eventlet/wsgi.py:1004}}
Jul 29 12:51:12.374864 dv-cinder-819149-16-iscsi neutron-server[115575]: INFO neutron.wsgi [None req-7748e112-3e11-4acc-a4cd-063091014997 admin admin] 10.222.0.66 "GET /v2.0/security-groups?tenant_id=0ca2bad3de4e4e6f8e2a30053c3989b1&name=default HTTP/1.1" status: 200 len: 2996 time: 1.0026631
Jul 29 12:51:12.388023 dv-cinder-819149-16-iscsi neutron-server[115576]: DEBUG neutron.api.rpc.handlers.resources_rpc [None req-f6bafd5e-83ca-4e60-8b80-b111cfc5d03b None None] Pushing event updated for resources: {'Port': ['ID=269c47ed-537c-43df-bef9-71fb4c77fd27,revision_number=3']} {{(pid=115576) push /opt/stack/neutron/neutron/api/rpc/handlers/resources_rpc.py:237}}
Jul 29 12:51:12.412320 dv-cinder-819149-16-iscsi neutron-server[115575]: DEBUG neutron.api.rpc.handlers.resources_rpc [None req-7748e112-3e11-4acc-a4cd-063091014997 admin admin] Pushing event updated for resources: {'SecurityGroup': ['ID=23b70089-0607-4f13-b7e3-dbdcd7f85ac0,revision_number=1']} {{(pid=115575) push /opt/stack/neutron/neutron/api/rpc/handlers/resources_rpc.py:237}}
Jul 29 12:51:12.416074 dv-cinder-819149-16-iscsi neutron-server[115575]: DEBUG neutron.api.rpc.handlers.resources_rpc [None req-9cb373e8-abd1-4fd1-97e6-66b121ac85c2 admin admin] Pushing event updated for resources: {'Network': ['ID=baa4d5c9-c815-4684-a06f-a850579cd8b0,revision_number=1']} {{(pid=115575) push /opt/stack/neutron/neutron/api/rpc/handlers/resources_rpc.py:237}}
Jul 29 12:51:12.417285 dv-cinder-819149-16-iscsi neutron-server[115576]: DEBUG neutron.api.rpc.callbacks.version_manager [None req-f6bafd5e-83ca-4e60-8b80-b111cfc5d03b None None] Version for resource type AddressGroup changed None to 1.2 on consumer Open vSwitch agent@dv-cinder-819149-16-iscsi {{(pid=115576) _set_version /opt/stack/neutron/neutron/api/rpc/callbacks/version_manager.py:113}}
Jul 29 12:51:12.417471 dv-cinder-819149-16-iscsi neutron-server[115576]: DEBUG neutron.api.rpc.callbacks.version_manager [None req-f6bafd5e-83ca-4e60-8b80-b111cfc5d03b None None] Version for resource type Agent changed None to 1.1 on consumer Open vSwitch agent@dv-cinder-819149-16-iscsi {{(pid=115576) _set_version /opt/stack/neutron/neutron/api/rpc/callbacks/version_manager.py:113}}
Jul 29 12:51:12.418013 dv-cinder-819149-16-iscsi neutron-server[115576]: DEBUG neutron.api.rpc.callbacks.version_manager [None req-f6bafd5e-83ca-4e60-8b80-b111cfc5d03b None None] Version for resource type ConntrackHelper changed None to 1.0 on consumer Open vSwitch agent@dv-cinder-819149-16-iscsi {{(pid=115576) _set_version /opt/stack/neutron/neutron/api/rpc/callbacks/version_manager.py:113}}
Jul 29 12:51:12.418370 dv-cinder-819149-16-iscsi neutron-server[115576]: DEBUG neutron.api.rpc.callbacks.version_manager [None req-f6bafd5e-83ca-4e60-8b80-b111cfc5d03b None None] Version for resource type LocalIPAssociation changed None to 1.0 on consumer Open vSwitch agent@dv-cinder-819149-16-iscsi {{(pid=115576) _set_version /opt/stack/neutron/neutron/api/rpc/callbacks/version_manager.py:113}}
Jul 29 12:51:12.418727 dv-cinder-819149-16-iscsi neutron-server[115576]: DEBUG neutron.api.rpc.callbacks.version_manager [None req-f6bafd5e-83ca-4e60-8b80-b111cfc5d03b None None] Version for resource type Log changed None to 1.0 on consumer Open vSwitch agent@dv-cinder-819149-16-iscsi {{(pid=115576) _set_version /opt/stack/neutron/neutron/api/rpc/callbacks/version_manager.py:113}}
Jul 29 12:51:12.419204 dv-cinder-819149-16-iscsi neutron-server[115576]: DEBUG neutron.api.rpc.callbacks.version_manager [None req-f6bafd5e-83ca-4e60-8b80-b111cfc5d03b None None] Version for resource type NDPProxy changed None to 1.0 on consumer Open vSwitch agent@dv-cinder-819149-16-iscsi {{(pid=115576) _set_version /opt/stack/neutron/neutron/api/rpc/callbacks/version_manager.py:113}}
Jul 29 12:51:12.419401 dv-cinder-819149-16-iscsi neutron-server[115576]: DEBUG neutron.api.rpc.callbacks.version_manager [None req-f6bafd5e-83ca-4e60-8b80-b111cfc5d03b None None] Version for resource type Network changed None to 1.1 on consumer Open vSwitch agent@dv-cinder-819149-16-iscsi {{(pid=115576) _set_version /opt/stack/neutron/neutron/api/rpc/callbacks/version_manager.py:113}}
Jul 29 12:51:12.419675 dv-cinder-819149-16-iscsi neutron-server[115576]: DEBUG neutron.api.rpc.callbacks.version_manager [None req-f6bafd5e-83ca-4e60-8b80-b111cfc5d03b None None] Version for resource type Port changed None to 1.7 on consumer Open vSwitch agent@dv-cinder-819149-16-iscsi {{(pid=115576) _set_version /opt/stack/neutron/neutron/api/rpc/callbacks/version_manager.py:113}}
Jul 29 12:51:12.420011 dv-cinder-819149-16-iscsi neutron-server[115576]: DEBUG neutron.api.rpc.callbacks.version_manager [None req-f6bafd5e-83ca-4e60-8b80-b111cfc5d03b None None] Version for resource type PortForwarding changed None to 1.3 on consumer Open vSwitch agent@dv-cinder-819149-16-iscsi {{(pid=115576) _set_version /opt/stack/neutron/neutron/api/rpc/callbacks/version_manager.py:113}}
Jul 29 12:51:12.420762 dv-cinder-819149-16-iscsi neutron-server[115576]: DEBUG neutron.api.rpc.callbacks.version_manager [None req-f6bafd5e-83ca-4e60-8b80-b111cfc5d03b None None] Version for resource type QosPolicy changed None to 1.10 on consumer Open vSwitch agent@dv-cinder-819149-16-iscsi {{(pid=115576) _set_version /opt/stack/neutron/neutron/api/rpc/callbacks/version_manager.py:113}}
Jul 29 12:51:12.420762 dv-cinder-819149-16-iscsi neutron-server[115576]: DEBUG neutron.api.rpc.callbacks.version_manager [None req-f6bafd5e-83ca-4e60-8b80-b111cfc5d03b None None] Version for resource type SecurityGroup changed None to 1.5 on consumer Open vSwitch agent@dv-cinder-819149-16-iscsi {{(pid=115576) _set_version /opt/stack/neutron/neutron/api/rpc/callbacks/version_manager.py:113}}
Jul 29 12:51:12.420968 dv-cinder-819149-16-iscsi neutron-server[115576]: DEBUG neutron.api.rpc.callbacks.version_manager [None req-f6bafd5e-83ca-4e60-8b80-b111cfc5d03b None None] Version for resource type SecurityGroupRule changed None to 1.2 on consumer Open vSwitch agent@dv-cinder-819149-16-iscsi {{(pid=115576) _set_version /opt/stack/neutron/neutron/api/rpc/callbacks/version_manager.py:113}}
Jul 29 12:51:12.421288 dv-cinder-819149-16-iscsi neutron-server[115576]: DEBUG neutron.api.rpc.callbacks.version_manager [None req-f6bafd5e-83ca-4e60-8b80-b111cfc5d03b None None] Version for resource type SubPort changed None to 1.0 on consumer Open vSwitch agent@dv-cinder-819149-16-iscsi {{(pid=115576) _set_version /opt/stack/neutron/neutron/api/rpc/callbacks/version_manager.py:113}}
Jul 29 12:51:12.421579 dv-cinder-819149-16-iscsi neutron-server[115576]: DEBUG neutron.api.rpc.callbacks.version_manager [None req-f6bafd5e-83ca-4e60-8b80-b111cfc5d03b None None] Version for resource type Subnet changed None to 1.1 on consumer Open vSwitch agent@dv-cinder-819149-16-iscsi {{(pid=115576) _set_version /opt/stack/neutron/neutron/api/rpc/callbacks/version_manager.py:113}}
Jul 29 12:51:12.421927 dv-cinder-819149-16-iscsi neutron-server[115576]: DEBUG neutron.api.rpc.callbacks.version_manager [None req-f6bafd5e-83ca-4e60-8b80-b111cfc5d03b None None] Version for resource type Trunk changed None to 1.1 on consumer Open vSwitch agent@dv-cinder-819149-16-iscsi {{(pid=115576) _set_version /opt/stack/neutron/neutron/api/rpc/callbacks/version_manager.py:113}}
Jul 29 12:51:12.429390 dv-cinder-819149-16-iscsi neutron-server[115576]: DEBUG neutron.plugins.ml2.managers [None req-51a846a0-f6d5-42d1-9cbc-bca0c882bd3d None None] Attempting to bind port 269c47ed-537c-43df-bef9-71fb4c77fd27 on host dv-cinder-819149-16-iscsi for vnic_type normal with profile {{(pid=115576) bind_port /opt/stack/neutron/neutron/plugins/ml2/managers.py:810}}
Jul 29 12:51:12.429760 dv-cinder-819149-16-iscsi neutron-server[115576]: DEBUG neutron.plugins.ml2.managers [None req-51a846a0-f6d5-42d1-9cbc-bca0c882bd3d None None] Attempting to bind port 269c47ed-537c-43df-bef9-71fb4c77fd27 by drivers openvswitch,hyperv on host dv-cinder-819149-16-iscsi at level 0 using segments [{'id': 'ef966616-ee7b-439f-b145-232857d1ec55', 'network_type': 'vlan', 'physical_network': 'physnet1', 'segmentation_id': 675, 'network_id': '0b270de4-4c73-44c1-a0b7-4465b60cd8a1'}] {{(pid=115576) _bind_port_level /opt/stack/neutron/neutron/plugins/ml2/managers.py:835}}
Jul 29 12:51:12.430170 dv-cinder-819149-16-iscsi neutron-server[115576]: DEBUG neutron.plugins.ml2.drivers.mech_agent [None req-51a846a0-f6d5-42d1-9cbc-bca0c882bd3d None None] Attempting to bind port 269c47ed-537c-43df-bef9-71fb4c77fd27 on network 0b270de4-4c73-44c1-a0b7-4465b60cd8a1 {{(pid=115576) bind_port /opt/stack/neutron/neutron/plugins/ml2/drivers/mech_agent.py:91}}
Jul 29 12:51:12.438005 dv-cinder-819149-16-iscsi neutron-server[115576]: DEBUG neutron.plugins.ml2.drivers.mech_agent [None req-51a846a0-f6d5-42d1-9cbc-bca0c882bd3d None None] Checking agent: {'id': 'b044af92-f6e1-492d-96d9-187e6d08a56b', 'agent_type': 'Open vSwitch agent', 'binary': 'neutron-openvswitch-agent', 'topic': 'N/A', 'host': 'dv-cinder-819149-16-iscsi', 'admin_state_up': True, 'created_at': datetime.datetime(2022, 7, 29, 12, 42, 2), 'started_at': datetime.datetime(2022, 7, 29, 12, 42, 32), 'heartbeat_timestamp': datetime.datetime(2022, 7, 29, 12, 51, 2), 'description': None, 'resources_synced': None, 'availability_zone': None, 'alive': True, 'configurations': {'arp_responder_enabled': False, 'baremetal_smartnic': False, 'bridge_mappings': {'physnet1': 'br-data'}, 'datapath_type': 'system', 'devices': 0, 'enable_distributed_routing': False, 'extensions': [], 'in_distributed_mode': False, 'integration_bridge': 'br-int', 'l2_population': False, 'log_agent_heartbeats': False, 'ovs_capabilities': {'datapath_types': ['netdev', 'system'], 'iface_types': ['erspan', 'geneve', 'gre', 'internal', 'ip6erspan', 'ip6gre', 'lisp', 'patch', 'stt', 'system', 'tap', 'vxlan']}, 'ovs_hybrid_plug': False, 'resource_provider_bandwidths': {}, 'resource_provider_hypervisors': {'br-data': 'dv-cinder-819149-16-iscsi'}, 'resource_provider_inventory_defaults': {'allocation_ratio': 1.0, 'min_unit': 1, 'step_size': 1, 'reserved': 0}, 'resource_provider_packet_processing_inventory_defaults': {'allocation_ratio': 1.0, 'min_unit': 1, 'step_size': 1, 'reserved': 0}, 'resource_provider_packet_processing_with_direction': {}, 'resource_provider_packet_processing_without_direction': {}, 'tunnel_types': [], 'tunneling_ip': None, 'vhostuser_socket_dir': '/var/run/openvswitch'}, 'resource_versions': {'AddressGroup': '1.2', 'Agent': '1.1', 'ConntrackHelper': '1.0', 'LocalIPAssociation': '1.0', 'Log': '1.0', 'NDPProxy': '1.0', 'Network': '1.1', 'Port': '1.7', 'PortForwarding': '1.3', 'QosPolicy': '1.10', 'SecurityGroup': '1.5', 'SecurityGroupRule': '1.2', 'SubPort': '1.0', 'Subnet': '1.1', 'Trunk': '1.1'}} {{(pid=115576) bind_port /opt/stack/neutron/neutron/plugins/ml2/drivers/mech_agent.py:110}}
Jul 29 12:51:12.438769 dv-cinder-819149-16-iscsi neutron-server[115576]: DEBUG neutron.plugins.ml2.drivers.mech_agent [None req-51a846a0-f6d5-42d1-9cbc-bca0c882bd3d None None] Checking segment: {'id': 'ef966616-ee7b-439f-b145-232857d1ec55', 'network_type': 'vlan', 'physical_network': 'physnet1', 'segmentation_id': 675, 'network_id': '0b270de4-4c73-44c1-a0b7-4465b60cd8a1'} for mappings: {'physnet1': 'br-data'} with network types: ['local', 'flat', 'vlan'] {{(pid=115576) check_segment_for_agent /opt/stack/neutron/neutron/plugins/ml2/drivers/mech_agent.py:373}}
Jul 29 12:51:12.439248 dv-cinder-819149-16-iscsi neutron-server[115576]: DEBUG neutron_lib.callbacks.manager [None req-51a846a0-f6d5-42d1-9cbc-bca0c882bd3d None None] Publish callbacks [] for ovs_bridge_name (None), before_read {{(pid=115576) _notify_loop /usr/local/lib/python3.8/dist-packages/neutron_lib/callbacks/manager.py:176}}
Jul 29 12:51:12.439975 dv-cinder-819149-16-iscsi neutron-server[115576]: DEBUG neutron.plugins.ml2.drivers.mech_agent [None req-51a846a0-f6d5-42d1-9cbc-bca0c882bd3d None None] Bound using segment: {'id': 'ef966616-ee7b-439f-b145-232857d1ec55', 'network_type': 'vlan', 'physical_network': 'physnet1', 'segmentation_id': 675, 'network_id': '0b270de4-4c73-44c1-a0b7-4465b60cd8a1'} {{(pid=115576) bind_port /opt/stack/neutron/neutron/plugins/ml2/drivers/mech_agent.py:120}}
Jul 29 12:51:12.441740 dv-cinder-819149-16-iscsi neutron-server[115576]: DEBUG neutron.plugins.ml2.managers [None req-51a846a0-f6d5-42d1-9cbc-bca0c882bd3d None None] Bound port: 269c47ed-537c-43df-bef9-71fb4c77fd27, host: dv-cinder-819149-16-iscsi, vif_type: ovs, vif_details: {"connectivity": "l2", "port_filter": true, "ovs_hybrid_plug": false, "datapath_type": "system", "bridge_name": "br-int"}, binding_levels: [{'bound_driver': 'openvswitch', 'bound_segment': {'id': 'ef966616-ee7b-439f-b145-232857d1ec55', 'network_type': 'vlan', 'physical_network': 'physnet1', 'segmentation_id': 675, 'network_id': '0b270de4-4c73-44c1-a0b7-4465b60cd8a1'}}] {{(pid=115576) _bind_port_level /opt/stack/neutron/neutron/plugins/ml2/managers.py:947}}
Jul 29 12:51:12.441740 dv-cinder-819149-16-iscsi neutron-server[115576]: DEBUG neutron_lib.callbacks.manager [None req-51a846a0-f6d5-42d1-9cbc-bca0c882bd3d None None] Publish callbacks ['neutron.plugins.ml2.plugin.SecurityGroupDbMixin._ensure_default_security_group_handler-1331651'] for port (269c47ed-537c-43df-bef9-71fb4c77fd27), before_update {{(pid=115576) _notify_loop /usr/local/lib/python3.8/dist-packages/neutron_lib/callbacks/manager.py:176}}
Jul 29 12:51:12.537799 dv-cinder-819149-16-iscsi neutron-server[115576]: DEBUG neutron.plugins.ml2.rpc [None req-0398c17f-8283-41f1-9738-fa72b593e908 None None] Network baa4d5c9-c815-4684-a06f-a850579cd8b0 details requested by agent ovs-agent-dv-cinder-819149-16-iscsi with host dv-cinder-819149-16-iscsi {{(pid=115576) get_network_details /opt/stack/neutron/neutron/plugins/ml2/rpc.py:248}}
Jul 29 12:51:12.643207 dv-cinder-819149-16-iscsi neutron-server[115574]: DEBUG neutron_lib.callbacks.manager [None req-9ed1dc92-03ab-4d05-8c1f-661e0042771e admin admin] Publish callbacks [] for security_group (23b70089-0607-4f13-b7e3-dbdcd7f85ac0), before_delete {{(pid=115574) _notify_loop /usr/local/lib/python3.8/dist-packages/neutron_lib/callbacks/manager.py:176}}
Jul 29 12:51:12.648925 dv-cinder-819149-16-iscsi neutron-server[115576]: DEBUG neutron.plugins.ml2.db [None req-51a846a0-f6d5-42d1-9cbc-bca0c882bd3d None None] For port 269c47ed-537c-43df-bef9-71fb4c77fd27, host dv-cinder-819149-16-iscsi, cleared binding levels {{(pid=115576) clear_binding_levels /opt/stack/neutron/neutron/plugins/ml2/db.py:87}}
Jul 29 12:51:12.677905 dv-cinder-819149-16-iscsi neutron-server[115576]: DEBUG neutron.plugins.ml2.db [None req-51a846a0-f6d5-42d1-9cbc-bca0c882bd3d None None] For port 269c47ed-537c-43df-bef9-71fb4c77fd27, host dv-cinder-819149-16-iscsi, set binding levels [PortBindingLevel(driver='openvswitch',host='dv-cinder-819149-16-iscsi',level=0,port_id=269c47ed-537c-43df-bef9-71fb4c77fd27,segment=NetworkSegment(ef966616-ee7b-439f-b145-232857d1ec55),segment_id=ef966616-ee7b-439f-b145-232857d1ec55)] {{(pid=115576) set_binding_levels /opt/stack/neutron/neutron/plugins/ml2/db.py:59}}
Jul 29 12:51:12.702678 dv-cinder-819149-16-iscsi neutron-server[115576]: DEBUG neutron_lib.callbacks.manager [None req-51a846a0-f6d5-42d1-9cbc-bca0c882bd3d None None] Publish callbacks ['neutron.plugins.ml2.plugin.SecurityGroupServerNotifierRpcMixin._notify_sg_on_port_change-1332238', 'neutron.plugins.ml2.ovo_rpc._ObjectChangeHandler.handle_event-246775', 'neutron.api.rpc.agentnotifiers.dhcp_rpc_agent_api.DhcpAgentNotifyAPI._native_event_send_dhcp_notification-3670435', 'neutron.db.l3_db.L3RpcNotifierMixin._notify_gateway_port_ip_changed-8757981668316', 'neutron.db.l3_dvrscheduler_db._notify_l3_agent_port_update-8757981288533', 'neutron.db.l3_hascheduler_db._notify_l3_agent_ha_port_update-8757981288551'] for port (269c47ed-537c-43df-bef9-71fb4c77fd27), after_update {{(pid=115576) _notify_loop /usr/local/lib/python3.8/dist-packages/neutron_lib/callbacks/manager.py:176}}
Jul 29 12:51:12.813231 dv-cinder-819149-16-iscsi neutron-server[115574]: DEBUG neutron.pecan_wsgi.hooks.policy_enforcement [req-dcb6345e-735d-4f1d-8974-6f740279c832 req-11f75179-9d55-40b7-a6eb-e732c729a258 tempest-ServerRescueNegativeTestJSON-1143452488 tempest-ServerRescueNegativeTestJSON-1143452488-project] Attributes excluded by policy engine: ['standard_attr_id', 'binding:profile', 'binding:host_id', 'binding:vif_type', 'binding:vif_details'] {{(pid=115574) _exclude_attributes_by_policy /opt/stack/neutron/neutron/pecan_wsgi/hooks/policy_enforcement.py:259}}
Jul 29 12:51:12.814783 dv-cinder-819149-16-iscsi neutron-server[115574]: INFO neutron.wsgi [req-dcb6345e-735d-4f1d-8974-6f740279c832 req-11f75179-9d55-40b7-a6eb-e732c729a258 tempest-ServerRescueNegativeTestJSON-1143452488 tempest-ServerRescueNegativeTestJSON-1143452488-project] 10.222.0.66 "GET /v2.0/ports?device_id=ef193532-ce6d-490e-934b-900337d13fd7 HTTP/1.1" status: 200 len: 946 time: 0.1042805
Jul 29 12:51:12.826763 dv-cinder-819149-16-iscsi neutron-server[115574]: DEBUG neutron_lib.callbacks.manager [None req-9ed1dc92-03ab-4d05-8c1f-661e0042771e admin admin] Publish callbacks [] for security_group (23b70089-0607-4f13-b7e3-dbdcd7f85ac0), precommit_delete {{(pid=115574) _notify_loop /usr/local/lib/python3.8/dist-packages/neutron_lib/callbacks/manager.py:176}}
Jul 29 12:51:12.836674 dv-cinder-819149-16-iscsi neutron-server[115576]: DEBUG neutron.db.provisioning_blocks [None req-cdd56ca7-406a-411e-85c1-d9a7355864dd None None] Provisioning complete for port 269c47ed-537c-43df-bef9-71fb4c77fd27 triggered by entity DHCP. {{(pid=115576) provisioning_complete /opt/stack/neutron/neutron/db/provisioning_blocks.py:145}}
Jul 29 12:51:12.837050 dv-cinder-819149-16-iscsi neutron-server[115576]: DEBUG neutron_lib.callbacks.manager [None req-cdd56ca7-406a-411e-85c1-d9a7355864dd None None] Publish callbacks ['neutron.plugins.ml2.plugin.Ml2Plugin._port_provisioned-1286816'] for port (269c47ed-537c-43df-bef9-71fb4c77fd27), provisioning_complete {{(pid=115576) _notify_loop /usr/local/lib/python3.8/dist-packages/neutron_lib/callbacks/manager.py:176}}
Jul 29 12:51:12.865965 dv-cinder-819149-16-iscsi neutron-server[115576]: DEBUG neutron.db.l3_dvrscheduler_db [None req-51a846a0-f6d5-42d1-9cbc-bca0c882bd3d None None] Routers {'417ed640-3021-44bf-a7bf-8e287eec3eb2'} bound to L3 agent in host dv-cinder-819149-16-iscsi {{(pid=115576) _get_router_ids_for_agent /opt/stack/neutron/neutron/db/l3_dvrscheduler_db.py:426}}
Jul 29 12:51:12.866696 dv-cinder-819149-16-iscsi neutron-server[115576]: DEBUG neutron.db.l3_hamode_db [None req-51a846a0-f6d5-42d1-9cbc-bca0c882bd3d None None] neutron.services.l3_router.l3_router_plugin.L3RouterPlugin method get_ha_sync_data_for_host called with arguments (, 'dv-cinder-819149-16-iscsi', Agent(admin_state_up=True,agent_type='L3 agent',availability_zone='nova',binary='neutron-l3-agent',configurations={"agent_mode": "legacy", "ex_gw_ports": 5, "extensions": [], "floating_ips": 0, "handle_internal_only_routers": true, "interface_driver": "openvswitch", "interfaces": 5, "log_agent_heartbeats": false, "routers": 5},created_at=2022-07-29T12:41:59Z,description=,heartbeat_timestamp=2022-07-29T12:51:00Z,host='dv-cinder-819149-16-iscsi',id=ae433db1-46d0-4817-8212-387287a73a48,load=0,resource_versions=,resources_synced=,started_at=2022-07-29T12:41:59Z,topic='l3_agent')) {'router_ids': ['417ed640-3021-44bf-a7bf-8e287eec3eb2'], 'active': True} {{(pid=115576) wrapper /usr/local/lib/python3.8/dist-packages/oslo_log/helpers.py:65}}
Jul 29 12:51:12.939086 dv-cinder-819149-16-iscsi neutron-server[115575]: DEBUG neutron.pecan_wsgi.hooks.policy_enforcement [req-71276040-2c17-4ba2-8fb4-9cecaf65f0ca req-b088b0b5-5a0f-43bf-8cd1-4bd3b04995dc service neutron] Attributes excluded by policy engine: ['standard_attr_id'] {{(pid=115575) _exclude_attributes_by_policy /opt/stack/neutron/neutron/pecan_wsgi/hooks/policy_enforcement.py:259}}
Jul 29 12:51:12.943261 dv-cinder-819149-16-iscsi neutron-server[115575]: INFO neutron.wsgi [req-71276040-2c17-4ba2-8fb4-9cecaf65f0ca req-b088b0b5-5a0f-43bf-8cd1-4bd3b04995dc service neutron] 10.222.0.45 "GET /v2.0/ports?tenant_id=9cdcbcec39334733a5fa29ddc40c7a2d&device_id=ef193532-ce6d-490e-934b-900337d13fd7 HTTP/1.1" status: 200 len: 1130 time: 0.3097856
Jul 29 12:51:12.978559 dv-cinder-819149-16-iscsi neutron-server[115574]: INFO neutron.wsgi [req-dcb6345e-735d-4f1d-8974-6f740279c832 req-5ec00a4e-3485-48bd-911d-e552e88e14f0 tempest-ServerRescueNegativeTestJSON-1143452488 tempest-ServerRescueNegativeTestJSON-1143452488-project] 10.222.0.66 "GET /v2.0/security-groups?id=e0dc246d-c69b-4e28-955f-4b9008236de9&fields=id&fields=name HTTP/1.1" status: 200 len: 286 time: 0.1552019
Jul 29 12:51:13.040214 dv-cinder-819149-16-iscsi neutron-server[115574]: DEBUG neutron_lib.callbacks.manager [None req-9ed1dc92-03ab-4d05-8c1f-661e0042771e admin admin] Publish callbacks ['neutron.plugins.ml2.ovo_rpc._ObjectChangeHandler.handle_event-3980956'] for security_group (23b70089-0607-4f13-b7e3-dbdcd7f85ac0), after_delete {{(pid=115574) _notify_loop /usr/local/lib/python3.8/dist-packages/neutron_lib/callbacks/manager.py:176}}
Jul 29 12:51:13.042909 dv-cinder-819149-16-iscsi neutron-server[115574]: DEBUG neutron_lib.callbacks.manager [None req-9ed1dc92-03ab-4d05-8c1f-661e0042771e admin admin] Publish callbacks [] for security_group (None), before_response {{(pid=115574) _notify_loop /usr/local/lib/python3.8/dist-packages/neutron_lib/callbacks/manager.py:176}}
