Jul 29 08:33:22.613791 dv-cinder-819149-15-smb devstack@c-api.service[110973]: INFO cinder.api.openstack.wsgi [None req-bbece96e-ceb1-4f30-bddd-a2cf382c3c10 tempest-SnapshotsActionsTest-1986415738 tempest-SnapshotsActionsTest-1986415738-project-admin] http://10.222.0.46/volume/v3/08e205c8ad2047fdb4e0a4843f4a54f6/snapshots/f32c03a0-9fee-4774-bec4-446d47c4c594/action returned with HTTP 202
Jul 29 08:33:22.613907 dv-cinder-819149-15-smb devstack@c-api.service[110974]: DEBUG cinder.api.openstack.wsgi [None req-d7e90d5e-44fa-47c3-be6e-e5540fe03308 tempest-GroupSnapshotsTest-1786574204 tempest-GroupSnapshotsTest-1786574204-project] Empty body provided in request {{(pid=110974) get_body /opt/stack/cinder/cinder/api/openstack/wsgi.py:715}}
Jul 29 08:33:22.614320 dv-cinder-819149-15-smb devstack@c-api.service[110974]: DEBUG cinder.api.openstack.wsgi [None req-d7e90d5e-44fa-47c3-be6e-e5540fe03308 tempest-GroupSnapshotsTest-1786574204 tempest-GroupSnapshotsTest-1786574204-project] Calling method 'show' {{(pid=110974) _process_stack /opt/stack/cinder/cinder/api/openstack/wsgi.py:868}}
Jul 29 08:33:22.615258 dv-cinder-819149-15-smb devstack@c-api.service[110973]: [pid: 110973|app: 0|req: 119/252] 10.222.0.46 () {60 vars in 1373 bytes} [Fri Jul 29 08:33:22 2022] POST /volume/v3/08e205c8ad2047fdb4e0a4843f4a54f6/snapshots/f32c03a0-9fee-4774-bec4-446d47c4c594/action => generated 0 bytes in 160 msecs (HTTP/1.1 202) 7 headers in 289 bytes (1 switches on core 0)
Jul 29 08:33:22.627485 dv-cinder-819149-15-smb devstack@c-api.service[110973]: DEBUG cinder.api.middleware.request_id [None req-ac918ec1-437a-4058-a4d5-a5322c07784e None None] RequestId filter calling following filter/app {{(pid=110973) _context_setter /opt/stack/cinder/cinder/api/middleware/request_id.py:62}}
Jul 29 08:33:22.633789 dv-cinder-819149-15-smb devstack@c-api.service[110973]: INFO cinder.api.openstack.wsgi [None req-ac918ec1-437a-4058-a4d5-a5322c07784e tempest-SnapshotsActionsTest-918862686 tempest-SnapshotsActionsTest-918862686-project] GET http://10.222.0.46/volume/v3/8168bed1a8774d158f8ea8e12778c025/snapshots/f32c03a0-9fee-4774-bec4-446d47c4c594
Jul 29 08:33:22.634601 dv-cinder-819149-15-smb devstack@c-api.service[110973]: DEBUG cinder.api.openstack.wsgi [None req-ac918ec1-437a-4058-a4d5-a5322c07784e tempest-SnapshotsActionsTest-918862686 tempest-SnapshotsActionsTest-918862686-project] Empty body provided in request {{(pid=110973) get_body /opt/stack/cinder/cinder/api/openstack/wsgi.py:715}}
Jul 29 08:33:22.635074 dv-cinder-819149-15-smb devstack@c-api.service[110973]: DEBUG cinder.api.openstack.wsgi [None req-ac918ec1-437a-4058-a4d5-a5322c07784e tempest-SnapshotsActionsTest-918862686 tempest-SnapshotsActionsTest-918862686-project] Calling method 'show' {{(pid=110973) _process_stack /opt/stack/cinder/cinder/api/openstack/wsgi.py:868}}
Jul 29 08:33:22.649791 dv-cinder-819149-15-smb devstack@c-api.service[110974]: /usr/local/lib/python3.8/dist-packages/oslo_context/context.py:100: DeprecationWarning: Policy enforcement is depending on the value of is_admin. This key is deprecated. Please update your policy file to use the standard policy values.
Jul 29 08:33:22.649791 dv-cinder-819149-15-smb devstack@c-api.service[110974]: warnings.warn('Policy enforcement is depending on the value of '
Jul 29 08:33:22.650168 dv-cinder-819149-15-smb devstack@c-api.service[110973]: /usr/local/lib/python3.8/dist-packages/oslo_context/context.py:100: DeprecationWarning: Policy enforcement is depending on the value of is_admin. This key is deprecated. Please update your policy file to use the standard policy values.
Jul 29 08:33:22.650168 dv-cinder-819149-15-smb devstack@c-api.service[110973]: warnings.warn('Policy enforcement is depending on the value of '
Jul 29 08:33:22.650970 dv-cinder-819149-15-smb devstack@c-api.service[110973]: INFO cinder.volume.api [None req-ac918ec1-437a-4058-a4d5-a5322c07784e tempest-SnapshotsActionsTest-918862686 tempest-SnapshotsActionsTest-918862686-project] Snapshot retrieved successfully.
Jul 29 08:33:22.651143 dv-cinder-819149-15-smb devstack@c-api.service[110974]: INFO cinder.volume.api [None req-d7e90d5e-44fa-47c3-be6e-e5540fe03308 tempest-GroupSnapshotsTest-1786574204 tempest-GroupSnapshotsTest-1786574204-project] Snapshot retrieved successfully.
Jul 29 08:33:22.653591 dv-cinder-819149-15-smb devstack@c-api.service[110974]: INFO cinder.api.openstack.wsgi [None req-d7e90d5e-44fa-47c3-be6e-e5540fe03308 tempest-GroupSnapshotsTest-1786574204 tempest-GroupSnapshotsTest-1786574204-project] http://10.222.0.46/volume/v3/372c975f67b0427689ec0dbcc589a647/snapshots/a146cedf-6b82-4bf6-9b56-d5d5af3cf1cd returned with HTTP 200
Jul 29 08:33:22.661587 dv-cinder-819149-15-smb devstack@c-api.service[110973]: INFO cinder.api.openstack.wsgi [None req-ac918ec1-437a-4058-a4d5-a5322c07784e tempest-SnapshotsActionsTest-918862686 tempest-SnapshotsActionsTest-918862686-project] http://10.222.0.46/volume/v3/8168bed1a8774d158f8ea8e12778c025/snapshots/f32c03a0-9fee-4774-bec4-446d47c4c594 returned with HTTP 200
Jul 29 08:33:22.662234 dv-cinder-819149-15-smb devstack@c-api.service[110974]: [pid: 110974|app: 0|req: 134/253] 10.222.0.46 () {58 vars in 1331 bytes} [Fri Jul 29 08:33:22 2022] GET /volume/v3/372c975f67b0427689ec0dbcc589a647/snapshots/a146cedf-6b82-4bf6-9b56-d5d5af3cf1cd => generated 517 bytes in 57 msecs (HTTP/1.1 200) 7 headers in 285 bytes (1 switches on core 0)
Jul 29 08:33:22.662956 dv-cinder-819149-15-smb devstack@c-api.service[110973]: [pid: 110973|app: 0|req: 120/254] 10.222.0.46 () {58 vars in 1331 bytes} [Fri Jul 29 08:33:22 2022] GET /volume/v3/8168bed1a8774d158f8ea8e12778c025/snapshots/f32c03a0-9fee-4774-bec4-446d47c4c594 => generated 574 bytes in 41 msecs (HTTP/1.1 200) 7 headers in 285 bytes (1 switches on core 0)
Jul 29 08:33:22.665296 dv-cinder-819149-15-smb devstack@c-api.service[110974]: DEBUG cinder.api.middleware.request_id [None req-7af9f596-cbcb-4696-bddb-40c7d24a3abe None None] RequestId filter calling following filter/app {{(pid=110974) _context_setter /opt/stack/cinder/cinder/api/middleware/request_id.py:62}}
Jul 29 08:33:22.673059 dv-cinder-819149-15-smb devstack@c-api.service[110973]: DEBUG cinder.api.middleware.request_id [None req-510f355a-3911-4a76-a481-5570376c6705 None None] RequestId filter calling following filter/app {{(pid=110973) _context_setter /opt/stack/cinder/cinder/api/middleware/request_id.py:62}}
Jul 29 08:33:22.677721 dv-cinder-819149-15-smb devstack@c-api.service[110973]: INFO cinder.api.openstack.wsgi [None req-510f355a-3911-4a76-a481-5570376c6705 tempest-SnapshotsActionsTest-1986415738 tempest-SnapshotsActionsTest-1986415738-project-admin] POST http://10.222.0.46/volume/v3/08e205c8ad2047fdb4e0a4843f4a54f6/snapshots/f32c03a0-9fee-4774-bec4-446d47c4c594/action
Jul 29 08:33:22.678442 dv-cinder-819149-15-smb devstack@c-api.service[110973]: DEBUG cinder.api.openstack.wsgi [None req-510f355a-3911-4a76-a481-5570376c6705 tempest-SnapshotsActionsTest-1986415738 tempest-SnapshotsActionsTest-1986415738-project-admin] Action body: b'{"os-force_delete": {}}' {{(pid=110973) get_method /opt/stack/cinder/cinder/api/openstack/wsgi.py:983}}
Jul 29 08:33:22.678770 dv-cinder-819149-15-smb devstack@c-api.service[110973]: DEBUG cinder.api.openstack.wsgi [None req-510f355a-3911-4a76-a481-5570376c6705 tempest-SnapshotsActionsTest-1986415738 tempest-SnapshotsActionsTest-1986415738-project-admin] Action: 'action', calling method: _force_delete, body: {"os-force_delete": {}} {{(pid=110973) _process_stack /opt/stack/cinder/cinder/api/openstack/wsgi.py:866}}
Jul 29 08:33:22.679530 dv-cinder-819149-15-smb devstack@c-api.service[110974]: INFO cinder.api.openstack.wsgi [None req-7af9f596-cbcb-4696-bddb-40c7d24a3abe tempest-GroupSnapshotsTest-1786574204 tempest-GroupSnapshotsTest-1786574204-project] GET http://10.222.0.46/volume/v3/372c975f67b0427689ec0dbcc589a647/group_snapshots/64bb162f-811c-476a-a71b-154cccd62e63
Jul 29 08:33:22.680094 dv-cinder-819149-15-smb devstack@c-api.service[110974]: DEBUG cinder.api.openstack.wsgi [None req-7af9f596-cbcb-4696-bddb-40c7d24a3abe tempest-GroupSnapshotsTest-1786574204 tempest-GroupSnapshotsTest-1786574204-project] Empty body provided in request {{(pid=110974) get_body /opt/stack/cinder/cinder/api/openstack/wsgi.py:715}}
Jul 29 08:33:22.680560 dv-cinder-819149-15-smb devstack@c-api.service[110974]: DEBUG cinder.api.openstack.wsgi [None req-7af9f596-cbcb-4696-bddb-40c7d24a3abe tempest-GroupSnapshotsTest-1786574204 tempest-GroupSnapshotsTest-1786574204-project] Calling method 'version_select' {{(pid=110974) _process_stack /opt/stack/cinder/cinder/api/openstack/wsgi.py:868}}
Jul 29 08:33:22.680953 dv-cinder-819149-15-smb devstack@c-api.service[110974]: DEBUG cinder.api.v3.group_snapshots [None req-7af9f596-cbcb-4696-bddb-40c7d24a3abe tempest-GroupSnapshotsTest-1786574204 tempest-GroupSnapshotsTest-1786574204-project] show called for member 64bb162f-811c-476a-a71b-154cccd62e63 {{(pid=110974) show /opt/stack/cinder/cinder/api/v3/group_snapshots.py:58}}
Jul 29 08:33:22.694978 dv-cinder-819149-15-smb devstack@c-api.service[110973]: /usr/local/lib/python3.8/dist-packages/oslo_context/context.py:100: DeprecationWarning: Policy enforcement is depending on the value of is_admin. This key is deprecated. Please update your policy file to use the standard policy values.
Jul 29 08:33:22.694978 dv-cinder-819149-15-smb devstack@c-api.service[110973]: warnings.warn('Policy enforcement is depending on the value of '
Jul 29 08:33:22.695726 dv-cinder-819149-15-smb devstack@c-api.service[110973]: INFO cinder.volume.api [None req-510f355a-3911-4a76-a481-5570376c6705 tempest-SnapshotsActionsTest-1986415738 tempest-SnapshotsActionsTest-1986415738-project-admin] Snapshot retrieved successfully.
Jul 29 08:33:22.696496 dv-cinder-819149-15-smb devstack@c-api.service[110974]: /usr/local/lib/python3.8/dist-packages/oslo_context/context.py:100: DeprecationWarning: Policy enforcement is depending on the value of is_admin. This key is deprecated. Please update your policy file to use the standard policy values.
Jul 29 08:33:22.696496 dv-cinder-819149-15-smb devstack@c-api.service[110974]: warnings.warn('Policy enforcement is depending on the value of '
Jul 29 08:33:22.706451 dv-cinder-819149-15-smb devstack@c-api.service[110974]: INFO cinder.api.openstack.wsgi [None req-7af9f596-cbcb-4696-bddb-40c7d24a3abe tempest-GroupSnapshotsTest-1786574204 tempest-GroupSnapshotsTest-1786574204-project] http://10.222.0.46/volume/v3/372c975f67b0427689ec0dbcc589a647/group_snapshots/64bb162f-811c-476a-a71b-154cccd62e63 returned with HTTP 200
Jul 29 08:33:22.713311 dv-cinder-819149-15-smb devstack@c-api.service[110974]: [pid: 110974|app: 0|req: 135/255] 10.222.0.46 () {60 vars in 1390 bytes} [Fri Jul 29 08:33:22 2022] GET /volume/v3/372c975f67b0427689ec0dbcc589a647/group_snapshots/64bb162f-811c-476a-a71b-154cccd62e63 => generated 308 bytes in 50 msecs (HTTP/1.1 200) 7 headers in 286 bytes (1 switches on core 0)
Jul 29 08:33:22.715502 dv-cinder-819149-15-smb devstack@c-api.service[110974]: DEBUG cinder.api.middleware.request_id [None req-5bc18590-5efe-463e-a51c-696f7d129821 None None] RequestId filter calling following filter/app {{(pid=110974) _context_setter /opt/stack/cinder/cinder/api/middleware/request_id.py:62}}
Jul 29 08:33:22.731349 dv-cinder-819149-15-smb devstack@c-api.service[110974]: INFO cinder.api.openstack.wsgi [None req-5bc18590-5efe-463e-a51c-696f7d129821 tempest-GroupSnapshotsTest-1786574204 tempest-GroupSnapshotsTest-1786574204-project] GET http://10.222.0.46/volume/v3/372c975f67b0427689ec0dbcc589a647/group_snapshots/detail
Jul 29 08:33:22.731893 dv-cinder-819149-15-smb devstack@c-api.service[110974]: DEBUG cinder.api.openstack.wsgi [None req-5bc18590-5efe-463e-a51c-696f7d129821 tempest-GroupSnapshotsTest-1786574204 tempest-GroupSnapshotsTest-1786574204-project] Empty body provided in request {{(pid=110974) get_body /opt/stack/cinder/cinder/api/openstack/wsgi.py:715}}
Jul 29 08:33:22.732513 dv-cinder-819149-15-smb devstack@c-api.service[110974]: DEBUG cinder.api.openstack.wsgi [None req-5bc18590-5efe-463e-a51c-696f7d129821 tempest-GroupSnapshotsTest-1786574204 tempest-GroupSnapshotsTest-1786574204-project] Calling method 'version_select' {{(pid=110974) _process_stack /opt/stack/cinder/cinder/api/openstack/wsgi.py:868}}
Jul 29 08:33:22.751737 dv-cinder-819149-15-smb devstack@c-api.service[110973]: INFO cinder.volume.api [None req-510f355a-3911-4a76-a481-5570376c6705 tempest-SnapshotsActionsTest-1986415738 tempest-SnapshotsActionsTest-1986415738-project-admin] Snapshot delete request issued successfully.
Jul 29 08:33:22.754221 dv-cinder-819149-15-smb devstack@c-api.service[110973]: INFO cinder.api.openstack.wsgi [None req-510f355a-3911-4a76-a481-5570376c6705 tempest-SnapshotsActionsTest-1986415738 tempest-SnapshotsActionsTest-1986415738-project-admin] http://10.222.0.46/volume/v3/08e205c8ad2047fdb4e0a4843f4a54f6/snapshots/f32c03a0-9fee-4774-bec4-446d47c4c594/action returned with HTTP 202
Jul 29 08:33:22.758950 dv-cinder-819149-15-smb devstack@c-api.service[110973]: [pid: 110973|app: 0|req: 121/256] 10.222.0.46 () {60 vars in 1373 bytes} [Fri Jul 29 08:33:22 2022] POST /volume/v3/08e205c8ad2047fdb4e0a4843f4a54f6/snapshots/f32c03a0-9fee-4774-bec4-446d47c4c594/action => generated 0 bytes in 87 msecs (HTTP/1.1 202) 7 headers in 289 bytes (1 switches on core 0)
Jul 29 08:33:22.759766 dv-cinder-819149-15-smb devstack@c-api.service[110974]: INFO cinder.api.openstack.wsgi [None req-5bc18590-5efe-463e-a51c-696f7d129821 tempest-GroupSnapshotsTest-1786574204 tempest-GroupSnapshotsTest-1786574204-project] http://10.222.0.46/volume/v3/372c975f67b0427689ec0dbcc589a647/group_snapshots/detail returned with HTTP 200
Jul 29 08:33:22.760643 dv-cinder-819149-15-smb devstack@c-api.service[110973]: DEBUG cinder.api.middleware.request_id [None req-ea258dcc-a477-43ef-8b1c-6203fd49003e None None] RequestId filter calling following filter/app {{(pid=110973) _context_setter /opt/stack/cinder/cinder/api/middleware/request_id.py:62}}
Jul 29 08:33:22.761737 dv-cinder-819149-15-smb devstack@c-api.service[110974]: [pid: 110974|app: 0|req: 136/257] 10.222.0.46 () {60 vars in 1300 bytes} [Fri Jul 29 08:33:22 2022] GET /volume/v3/372c975f67b0427689ec0dbcc589a647/group_snapshots/detail => generated 311 bytes in 47 msecs (HTTP/1.1 200) 7 headers in 286 bytes (1 switches on core 0)
Jul 29 08:33:22.769477 dv-cinder-819149-15-smb devstack@c-api.service[110974]: DEBUG cinder.api.middleware.request_id [None req-c898ae05-d9ee-447d-b6d8-967660d11007 None None] RequestId filter calling following filter/app {{(pid=110974) _context_setter /opt/stack/cinder/cinder/api/middleware/request_id.py:62}}
Jul 29 08:33:22.773752 dv-cinder-819149-15-smb devstack@c-api.service[110974]: INFO cinder.api.openstack.wsgi [None req-c898ae05-d9ee-447d-b6d8-967660d11007 tempest-GroupSnapshotsTest-1786574204 tempest-GroupSnapshotsTest-1786574204-project] DELETE http://10.222.0.46/volume/v3/372c975f67b0427689ec0dbcc589a647/group_snapshots/64bb162f-811c-476a-a71b-154cccd62e63
Jul 29 08:33:22.774167 dv-cinder-819149-15-smb devstack@c-api.service[110974]: DEBUG cinder.api.openstack.wsgi [None req-c898ae05-d9ee-447d-b6d8-967660d11007 tempest-GroupSnapshotsTest-1786574204 tempest-GroupSnapshotsTest-1786574204-project] Empty body provided in request {{(pid=110974) get_body /opt/stack/cinder/cinder/api/openstack/wsgi.py:715}}
Jul 29 08:33:22.774693 dv-cinder-819149-15-smb devstack@c-api.service[110974]: DEBUG cinder.api.openstack.wsgi [None req-c898ae05-d9ee-447d-b6d8-967660d11007 tempest-GroupSnapshotsTest-1786574204 tempest-GroupSnapshotsTest-1786574204-project] Calling method 'version_select' {{(pid=110974) _process_stack /opt/stack/cinder/cinder/api/openstack/wsgi.py:868}}
Jul 29 08:33:22.775033 dv-cinder-819149-15-smb devstack@c-api.service[110974]: DEBUG cinder.api.v3.group_snapshots [None req-c898ae05-d9ee-447d-b6d8-967660d11007 tempest-GroupSnapshotsTest-1786574204 tempest-GroupSnapshotsTest-1786574204-project] delete called for member 64bb162f-811c-476a-a71b-154cccd62e63 {{(pid=110974) delete /opt/stack/cinder/cinder/api/v3/group_snapshots.py:72}}
Jul 29 08:33:22.775413 dv-cinder-819149-15-smb devstack@c-api.service[110974]: INFO cinder.api.v3.group_snapshots [None req-c898ae05-d9ee-447d-b6d8-967660d11007 tempest-GroupSnapshotsTest-1786574204 tempest-GroupSnapshotsTest-1786574204-project] Delete group_snapshot with id: 64bb162f-811c-476a-a71b-154cccd62e63
Jul 29 08:33:22.779109 dv-cinder-819149-15-smb devstack@c-api.service[110973]: INFO cinder.api.openstack.wsgi [None req-ea258dcc-a477-43ef-8b1c-6203fd49003e tempest-SnapshotsActionsTest-918862686 tempest-SnapshotsActionsTest-918862686-project] GET http://10.222.0.46/volume/v3/8168bed1a8774d158f8ea8e12778c025/snapshots/f32c03a0-9fee-4774-bec4-446d47c4c594
Jul 29 08:33:22.780952 dv-cinder-819149-15-smb devstack@c-api.service[110973]: DEBUG cinder.api.openstack.wsgi [None req-ea258dcc-a477-43ef-8b1c-6203fd49003e tempest-SnapshotsActionsTest-918862686 tempest-SnapshotsActionsTest-918862686-project] Empty body provided in request {{(pid=110973) get_body /opt/stack/cinder/cinder/api/openstack/wsgi.py:715}}
Jul 29 08:33:22.781927 dv-cinder-819149-15-smb devstack@c-api.service[110974]: /usr/local/lib/python3.8/dist-packages/oslo_context/context.py:100: DeprecationWarning: Policy enforcement is depending on the value of is_admin. This key is deprecated. Please update your policy file to use the standard policy values.
Jul 29 08:33:22.781927 dv-cinder-819149-15-smb devstack@c-api.service[110974]: warnings.warn('Policy enforcement is depending on the value of '
Jul 29 08:33:22.782252 dv-cinder-819149-15-smb devstack@c-api.service[110973]: DEBUG cinder.api.openstack.wsgi [None req-ea258dcc-a477-43ef-8b1c-6203fd49003e tempest-SnapshotsActionsTest-918862686 tempest-SnapshotsActionsTest-918862686-project] Calling method 'show' {{(pid=110973) _process_stack /opt/stack/cinder/cinder/api/openstack/wsgi.py:868}}
Jul 29 08:33:22.799907 dv-cinder-819149-15-smb devstack@c-api.service[110974]: DEBUG dbcounter [-] [110974] Writing DB stats cinder:SELECT=80,cinder:INSERT=8,cinder:UPDATE=12 {{(pid=110974) stat_writer /usr/local/lib/python3.8/dist-packages/dbcounter.py:114}}
Jul 29 08:33:22.813736 dv-cinder-819149-15-smb devstack@c-api.service[110973]: /usr/local/lib/python3.8/dist-packages/oslo_context/context.py:100: DeprecationWarning: Policy enforcement is depending on the value of is_admin. This key is deprecated. Please update your policy file to use the standard policy values.
Jul 29 08:33:22.813736 dv-cinder-819149-15-smb devstack@c-api.service[110973]: warnings.warn('Policy enforcement is depending on the value of '
Jul 29 08:33:22.815227 dv-cinder-819149-15-smb devstack@c-api.service[110973]: INFO cinder.volume.api [None req-ea258dcc-a477-43ef-8b1c-6203fd49003e tempest-SnapshotsActionsTest-918862686 tempest-SnapshotsActionsTest-918862686-project] Snapshot retrieved successfully.
Jul 29 08:33:22.818833 dv-cinder-819149-15-smb devstack@c-api.service[110973]: INFO cinder.api.openstack.wsgi [None req-ea258dcc-a477-43ef-8b1c-6203fd49003e tempest-SnapshotsActionsTest-918862686 tempest-SnapshotsActionsTest-918862686-project] http://10.222.0.46/volume/v3/8168bed1a8774d158f8ea8e12778c025/snapshots/f32c03a0-9fee-4774-bec4-446d47c4c594 returned with HTTP 200
Jul 29 08:33:22.820790 dv-cinder-819149-15-smb devstack@c-api.service[110973]: [pid: 110973|app: 0|req: 122/258] 10.222.0.46 () {58 vars in 1331 bytes} [Fri Jul 29 08:33:22 2022] GET /volume/v3/8168bed1a8774d158f8ea8e12778c025/snapshots/f32c03a0-9fee-4774-bec4-446d47c4c594 => generated 568 bytes in 61 msecs (HTTP/1.1 200) 7 headers in 285 bytes (1 switches on core 0)
Jul 29 08:33:22.872846 dv-cinder-819149-15-smb devstack@c-api.service[110974]: INFO cinder.api.openstack.wsgi [None req-c898ae05-d9ee-447d-b6d8-967660d11007 tempest-GroupSnapshotsTest-1786574204 tempest-GroupSnapshotsTest-1786574204-project] http://10.222.0.46/volume/v3/372c975f67b0427689ec0dbcc589a647/group_snapshots/64bb162f-811c-476a-a71b-154cccd62e63 returned with HTTP 202
Jul 29 08:33:22.877408 dv-cinder-819149-15-smb devstack@c-api.service[110974]: [pid: 110974|app: 0|req: 137/259] 10.222.0.46 () {60 vars in 1393 bytes} [Fri Jul 29 08:33:22 2022] DELETE /volume/v3/372c975f67b0427689ec0dbcc589a647/group_snapshots/64bb162f-811c-476a-a71b-154cccd62e63 => generated 0 bytes in 109 msecs (HTTP/1.1 202) 6 headers in 234 bytes (1 switches on core 0)
Jul 29 08:33:22.878711 dv-cinder-819149-15-smb devstack@c-api.service[110973]: DEBUG cinder.api.middleware.request_id [None req-3492a0ac-7fab-4a79-814d-560fce03c289 None None] RequestId filter calling following filter/app {{(pid=110973) _context_setter /opt/stack/cinder/cinder/api/middleware/request_id.py:62}}
Jul 29 08:33:22.883085 dv-cinder-819149-15-smb devstack@c-api.service[110973]: INFO cinder.api.openstack.wsgi [None req-3492a0ac-7fab-4a79-814d-560fce03c289 tempest-GroupSnapshotsTest-1786574204 tempest-GroupSnapshotsTest-1786574204-project] GET http://10.222.0.46/volume/v3/372c975f67b0427689ec0dbcc589a647/volumes/detail
Jul 29 08:33:22.883622 dv-cinder-819149-15-smb devstack@c-api.service[110973]: DEBUG cinder.api.openstack.wsgi [None req-3492a0ac-7fab-4a79-814d-560fce03c289 tempest-GroupSnapshotsTest-1786574204 tempest-GroupSnapshotsTest-1786574204-project] Empty body provided in request {{(pid=110973) get_body /opt/stack/cinder/cinder/api/openstack/wsgi.py:715}}
Jul 29 08:33:22.884136 dv-cinder-819149-15-smb devstack@c-api.service[110973]: DEBUG cinder.api.openstack.wsgi [None req-3492a0ac-7fab-4a79-814d-560fce03c289 tempest-GroupSnapshotsTest-1786574204 tempest-GroupSnapshotsTest-1786574204-project] Calling method 'detail' {{(pid=110973) _process_stack /opt/stack/cinder/cinder/api/openstack/wsgi.py:868}}
Jul 29 08:33:22.884859 dv-cinder-819149-15-smb devstack@c-api.service[110973]: DEBUG cinder.api.api_utils [None req-3492a0ac-7fab-4a79-814d-560fce03c289 tempest-GroupSnapshotsTest-1786574204 tempest-GroupSnapshotsTest-1786574204-project] Removing options '' from query. {{(pid=110973) remove_invalid_filter_options /opt/stack/cinder/cinder/api/api_utils.py:83}}
Jul 29 08:33:22.887210 dv-cinder-819149-15-smb devstack@c-api.service[110973]: DEBUG cinder.volume.api [None req-3492a0ac-7fab-4a79-814d-560fce03c289 tempest-GroupSnapshotsTest-1786574204 tempest-GroupSnapshotsTest-1786574204-project] Searching by: MultiDict([('no_migration_targets', True)]). {{(pid=110973) get_all /opt/stack/cinder/cinder/volume/api.py:664}}
Jul 29 08:33:23.008806 dv-cinder-819149-15-smb devstack@c-api.service[110973]: INFO cinder.volume.api [None req-3492a0ac-7fab-4a79-814d-560fce03c289 tempest-GroupSnapshotsTest-1786574204 tempest-GroupSnapshotsTest-1786574204-project] Get all volumes completed successfully.
Jul 29 08:33:23.010555 dv-cinder-819149-15-smb devstack@c-api.service[110973]: WARNING stevedore.named [None req-3492a0ac-7fab-4a79-814d-560fce03c289 tempest-GroupSnapshotsTest-1786574204 tempest-GroupSnapshotsTest-1786574204-project] Could not load cinder.keymgr.conf_key_mgr.ConfKeyManager
Jul 29 08:33:23.010908 dv-cinder-819149-15-smb devstack@c-api.service[110973]: WARNING castellan.key_manager [None req-3492a0ac-7fab-4a79-814d-560fce03c289 tempest-GroupSnapshotsTest-1786574204 tempest-GroupSnapshotsTest-1786574204-project] Deprecation Warning : cinder.keymgr.conf_key_mgr.ConfKeyManager is not a stevedore based driver, trying to load it as a class: stevedore.exception.NoMatches: No 'castellan.drivers' driver found, looking for 'cinder.keymgr.conf_key_mgr.ConfKeyManager'
Jul 29 08:33:23.029164 dv-cinder-819149-15-smb devstack@c-api.service[110973]: DEBUG oslo_db.sqlalchemy.engines [None req-3492a0ac-7fab-4a79-814d-560fce03c289 tempest-GroupSnapshotsTest-1786574204 tempest-GroupSnapshotsTest-1786574204-project] MySQL server mode set to STRICT_TRANS_TABLES,STRICT_ALL_TABLES,NO_ZERO_IN_DATE,NO_ZERO_DATE,ERROR_FOR_DIVISION_BY_ZERO,TRADITIONAL,NO_ENGINE_SUBSTITUTION {{(pid=110973) _check_effective_sql_mode /usr/local/lib/python3.8/dist-packages/oslo_db/sqlalchemy/engines.py:314}}
Jul 29 08:33:23.040937 dv-cinder-819149-15-smb devstack@c-api.service[110973]: /usr/local/lib/python3.8/dist-packages/oslo_context/context.py:100: DeprecationWarning: Policy enforcement is depending on the value of is_admin. This key is deprecated. Please update your policy file to use the standard policy values.
Jul 29 08:33:23.040937 dv-cinder-819149-15-smb devstack@c-api.service[110973]: warnings.warn('Policy enforcement is depending on the value of '
Jul 29 08:33:23.044275 dv-cinder-819149-15-smb devstack@c-api.service[110973]: DEBUG dbcounter [-] [110973] Writing DB stats cinder:SELECT=78,cinder:INSERT=5,cinder:UPDATE=16,cinder:DELETE=1 {{(pid=110973) stat_writer /usr/local/lib/python3.8/dist-packages/dbcounter.py:114}}
Jul 29 08:33:23.092951 dv-cinder-819149-15-smb devstack@c-api.service[110973]: INFO cinder.api.openstack.wsgi [None req-3492a0ac-7fab-4a79-814d-560fce03c289 tempest-GroupSnapshotsTest-1786574204 tempest-GroupSnapshotsTest-1786574204-project] http://10.222.0.46/volume/v3/372c975f67b0427689ec0dbcc589a647/volumes/detail returned with HTTP 200
Jul 29 08:33:23.096664 dv-cinder-819149-15-smb devstack@c-api.service[110973]: [pid: 110973|app: 0|req: 123/260] 10.222.0.46 () {60 vars in 1276 bytes} [Fri Jul 29 08:33:22 2022] GET /volume/v3/372c975f67b0427689ec0dbcc589a647/volumes/detail => generated 1004 bytes in 219 msecs (HTTP/1.1 200) 7 headers in 287 bytes (2 switches on core 0)
Jul 29 08:33:23.117446 dv-cinder-819149-15-smb devstack@c-api.service[110974]: DEBUG cinder.api.middleware.request_id [None req-ff240c2c-a43a-4d03-be5d-754061f7978e None None] RequestId filter calling following filter/app {{(pid=110974) _context_setter /opt/stack/cinder/cinder/api/middleware/request_id.py:62}}
Jul 29 08:33:23.127313 dv-cinder-819149-15-smb devstack@c-api.service[110974]: INFO cinder.api.openstack.wsgi [None req-ff240c2c-a43a-4d03-be5d-754061f7978e tempest-GroupSnapshotsTest-1786574204 tempest-GroupSnapshotsTest-1786574204-project] GET http://10.222.0.46/volume/v3/372c975f67b0427689ec0dbcc589a647/snapshots/detail
Jul 29 08:33:23.127313 dv-cinder-819149-15-smb devstack@c-api.service[110974]: DEBUG cinder.api.openstack.wsgi [None req-ff240c2c-a43a-4d03-be5d-754061f7978e tempest-GroupSnapshotsTest-1786574204 tempest-GroupSnapshotsTest-1786574204-project] Empty body provided in request {{(pid=110974) get_body /opt/stack/cinder/cinder/api/openstack/wsgi.py:715}}
Jul 29 08:33:23.127313 dv-cinder-819149-15-smb devstack@c-api.service[110974]: DEBUG cinder.api.openstack.wsgi [None req-ff240c2c-a43a-4d03-be5d-754061f7978e tempest-GroupSnapshotsTest-1786574204 tempest-GroupSnapshotsTest-1786574204-project] Calling method 'detail' {{(pid=110974) _process_stack /opt/stack/cinder/cinder/api/openstack/wsgi.py:868}}
Jul 29 08:33:23.127313 dv-cinder-819149-15-smb devstack@c-api.service[110974]: DEBUG cinder.api.api_utils [None req-ff240c2c-a43a-4d03-be5d-754061f7978e tempest-GroupSnapshotsTest-1786574204 tempest-GroupSnapshotsTest-1786574204-project] Removing options '' from query. {{(pid=110974) remove_invalid_filter_options /opt/stack/cinder/cinder/api/api_utils.py:83}}
Jul 29 08:33:23.127953 dv-cinder-819149-15-smb devstack@c-api.service[110974]: /usr/local/lib/python3.8/dist-packages/oslo_context/context.py:100: DeprecationWarning: Policy enforcement is depending on the value of is_admin. This key is deprecated. Please update your policy file to use the standard policy values.
Jul 29 08:33:23.127953 dv-cinder-819149-15-smb devstack@c-api.service[110974]: warnings.warn('Policy enforcement is depending on the value of '
Jul 29 08:33:23.132156 dv-cinder-819149-15-smb devstack@c-api.service[110974]: DEBUG cinder.db.sqlalchemy.api [None req-ff240c2c-a43a-4d03-be5d-754061f7978e tempest-GroupSnapshotsTest-1786574204 tempest-GroupSnapshotsTest-1786574204-project] Building query based on filter {{(pid=110974) _process_snaps_filters /opt/stack/cinder/cinder/db/sqlalchemy/api.py:3885}}
Jul 29 08:33:23.164352 dv-cinder-819149-15-smb devstack@c-api.service[110974]: INFO cinder.volume.api [None req-ff240c2c-a43a-4d03-be5d-754061f7978e tempest-GroupSnapshotsTest-1786574204 tempest-GroupSnapshotsTest-1786574204-project] Get all snapshots completed successfully.
Jul 29 08:33:23.166295 dv-cinder-819149-15-smb devstack@c-api.service[110974]: INFO cinder.api.openstack.wsgi [None req-ff240c2c-a43a-4d03-be5d-754061f7978e tempest-GroupSnapshotsTest-1786574204 tempest-GroupSnapshotsTest-1786574204-project] http://10.222.0.46/volume/v3/372c975f67b0427689ec0dbcc589a647/snapshots/detail returned with HTTP 200
Jul 29 08:33:23.174842 dv-cinder-819149-15-smb devstack@c-api.service[110974]: [pid: 110974|app: 0|req: 138/261] 10.222.0.46 () {58 vars in 1241 bytes} [Fri Jul 29 08:33:23 2022] GET /volume/v3/372c975f67b0427689ec0dbcc589a647/snapshots/detail => generated 17 bytes in 51 msecs (HTTP/1.1 200) 7 headers in 284 bytes (1 switches on core 0)
Jul 29 08:33:23.179656 dv-cinder-819149-15-smb devstack@c-api.service[110973]: DEBUG cinder.api.middleware.request_id [None req-c96914eb-4d53-412c-912f-5e77c9c86bc2 None None] RequestId filter calling following filter/app {{(pid=110973) _context_setter /opt/stack/cinder/cinder/api/middleware/request_id.py:62}}
Jul 29 08:33:23.193867 dv-cinder-819149-15-smb devstack@c-api.service[110973]: INFO cinder.api.openstack.wsgi [None req-c96914eb-4d53-412c-912f-5e77c9c86bc2 tempest-GroupSnapshotsTest-1786574204 tempest-GroupSnapshotsTest-1786574204-project] GET http://10.222.0.46/volume/v3/372c975f67b0427689ec0dbcc589a647/group_snapshots/64bb162f-811c-476a-a71b-154cccd62e63
Jul 29 08:33:23.195049 dv-cinder-819149-15-smb devstack@c-api.service[110973]: DEBUG cinder.api.openstack.wsgi [None req-c96914eb-4d53-412c-912f-5e77c9c86bc2 tempest-GroupSnapshotsTest-1786574204 tempest-GroupSnapshotsTest-1786574204-project] Empty body provided in request {{(pid=110973) get_body /opt/stack/cinder/cinder/api/openstack/wsgi.py:715}}
Jul 29 08:33:23.195847 dv-cinder-819149-15-smb devstack@c-api.service[110973]: DEBUG cinder.api.openstack.wsgi [None req-c96914eb-4d53-412c-912f-5e77c9c86bc2 tempest-GroupSnapshotsTest-1786574204 tempest-GroupSnapshotsTest-1786574204-project] Calling method 'version_select' {{(pid=110973) _process_stack /opt/stack/cinder/cinder/api/openstack/wsgi.py:868}}
Jul 29 08:33:23.196686 dv-cinder-819149-15-smb devstack@c-api.service[110973]: DEBUG cinder.api.v3.group_snapshots [None req-c96914eb-4d53-412c-912f-5e77c9c86bc2 tempest-GroupSnapshotsTest-1786574204 tempest-GroupSnapshotsTest-1786574204-project] show called for member 64bb162f-811c-476a-a71b-154cccd62e63 {{(pid=110973) show /opt/stack/cinder/cinder/api/v3/group_snapshots.py:58}}
Jul 29 08:33:23.223719 dv-cinder-819149-15-smb devstack@c-api.service[110973]: INFO cinder.api.openstack.wsgi [None req-c96914eb-4d53-412c-912f-5e77c9c86bc2 tempest-GroupSnapshotsTest-1786574204 tempest-GroupSnapshotsTest-1786574204-project] http://10.222.0.46/volume/v3/372c975f67b0427689ec0dbcc589a647/group_snapshots/64bb162f-811c-476a-a71b-154cccd62e63 returned with HTTP 404
Jul 29 08:33:23.224887 dv-cinder-819149-15-smb devstack@c-api.service[110973]: [pid: 110973|app: 0|req: 124/262] 10.222.0.46 () {60 vars in 1390 bytes} [Fri Jul 29 08:33:23 2022] GET /volume/v3/372c975f67b0427689ec0dbcc589a647/group_snapshots/64bb162f-811c-476a-a71b-154cccd62e63 => generated 116 bytes in 48 msecs (HTTP/1.1 404) 7 headers in 293 bytes (1 switches on core 0)
Jul 29 08:33:23.229528 dv-cinder-819149-15-smb devstack@c-api.service[110974]: DEBUG cinder.api.middleware.request_id [None req-8246999f-5d28-4463-9104-7cfe7d1940f2 None None] RequestId filter calling following filter/app {{(pid=110974) _context_setter /opt/stack/cinder/cinder/api/middleware/request_id.py:62}}
Jul 29 08:33:23.236006 dv-cinder-819149-15-smb devstack@c-api.service[110974]: INFO cinder.api.openstack.wsgi [None req-8246999f-5d28-4463-9104-7cfe7d1940f2 tempest-GroupSnapshotsTest-1786574204 tempest-GroupSnapshotsTest-1786574204-project] GET http://10.222.0.46/volume/v3/372c975f67b0427689ec0dbcc589a647/group_snapshots
Jul 29 08:33:23.241502 dv-cinder-819149-15-smb devstack@c-api.service[110974]: DEBUG cinder.api.openstack.wsgi [None req-8246999f-5d28-4463-9104-7cfe7d1940f2 tempest-GroupSnapshotsTest-1786574204 tempest-GroupSnapshotsTest-1786574204-project] Empty body provided in request {{(pid=110974) get_body /opt/stack/cinder/cinder/api/openstack/wsgi.py:715}}
Jul 29 08:33:23.242143 dv-cinder-819149-15-smb devstack@c-api.service[110974]: DEBUG cinder.api.openstack.wsgi [None req-8246999f-5d28-4463-9104-7cfe7d1940f2 tempest-GroupSnapshotsTest-1786574204 tempest-GroupSnapshotsTest-1786574204-project] Calling method 'version_select' {{(pid=110974) _process_stack /opt/stack/cinder/cinder/api/openstack/wsgi.py:868}}
Jul 29 08:33:23.251050 dv-cinder-819149-15-smb devstack@c-api.service[110974]: INFO cinder.api.openstack.wsgi [None req-8246999f-5d28-4463-9104-7cfe7d1940f2 tempest-GroupSnapshotsTest-1786574204 tempest-GroupSnapshotsTest-1786574204-project] http://10.222.0.46/volume/v3/372c975f67b0427689ec0dbcc589a647/group_snapshots returned with HTTP 200
Jul 29 08:33:23.252297 dv-cinder-819149-15-smb devstack@c-api.service[110974]: [pid: 110974|app: 0|req: 139/263] 10.222.0.46 () {60 vars in 1279 bytes} [Fri Jul 29 08:33:23 2022] GET /volume/v3/372c975f67b0427689ec0dbcc589a647/group_snapshots => generated 23 bytes in 24 msecs (HTTP/1.1 200) 7 headers in 285 bytes (1 switches on core 0)
Jul 29 08:33:23.260004 dv-cinder-819149-15-smb devstack@c-api.service[110973]: DEBUG cinder.api.middleware.request_id [None req-1da186b2-824c-4e63-9890-43f19f6cefb7 None None] RequestId filter calling following filter/app {{(pid=110973) _context_setter /opt/stack/cinder/cinder/api/middleware/request_id.py:62}}
Jul 29 08:33:23.273826 dv-cinder-819149-15-smb devstack@c-api.service[110973]: INFO cinder.api.openstack.wsgi [None req-1da186b2-824c-4e63-9890-43f19f6cefb7 tempest-GroupSnapshotsTest-1786574204 tempest-GroupSnapshotsTest-1786574204-project] DELETE http://10.222.0.46/volume/v3/372c975f67b0427689ec0dbcc589a647/group_snapshots/64bb162f-811c-476a-a71b-154cccd62e63
Jul 29 08:33:23.280825 dv-cinder-819149-15-smb devstack@c-api.service[110973]: DEBUG cinder.api.openstack.wsgi [None req-1da186b2-824c-4e63-9890-43f19f6cefb7 tempest-GroupSnapshotsTest-1786574204 tempest-GroupSnapshotsTest-1786574204-project] Empty body provided in request {{(pid=110973) get_body /opt/stack/cinder/cinder/api/openstack/wsgi.py:715}}
Jul 29 08:33:23.282153 dv-cinder-819149-15-smb devstack@c-api.service[110973]: DEBUG cinder.api.openstack.wsgi [None req-1da186b2-824c-4e63-9890-43f19f6cefb7 tempest-GroupSnapshotsTest-1786574204 tempest-GroupSnapshotsTest-1786574204-project] Calling method 'version_select' {{(pid=110973) _process_stack /opt/stack/cinder/cinder/api/openstack/wsgi.py:868}}
Jul 29 08:33:23.283159 dv-cinder-819149-15-smb devstack@c-api.service[110973]: DEBUG cinder.api.v3.group_snapshots [None req-1da186b2-824c-4e63-9890-43f19f6cefb7 tempest-GroupSnapshotsTest-1786574204 tempest-GroupSnapshotsTest-1786574204-project] delete called for member 64bb162f-811c-476a-a71b-154cccd62e63 {{(pid=110973) delete /opt/stack/cinder/cinder/api/v3/group_snapshots.py:72}}
Jul 29 08:33:23.285154 dv-cinder-819149-15-smb devstack@c-api.service[110973]: INFO cinder.api.v3.group_snapshots [None req-1da186b2-824c-4e63-9890-43f19f6cefb7 tempest-GroupSnapshotsTest-1786574204 tempest-GroupSnapshotsTest-1786574204-project] Delete group_snapshot with id: 64bb162f-811c-476a-a71b-154cccd62e63
Jul 29 08:33:23.299379 dv-cinder-819149-15-smb devstack@c-api.service[110973]: INFO cinder.api.openstack.wsgi [None req-1da186b2-824c-4e63-9890-43f19f6cefb7 tempest-GroupSnapshotsTest-1786574204 tempest-GroupSnapshotsTest-1786574204-project] http://10.222.0.46/volume/v3/372c975f67b0427689ec0dbcc589a647/group_snapshots/64bb162f-811c-476a-a71b-154cccd62e63 returned with HTTP 404
Jul 29 08:33:23.300619 dv-cinder-819149-15-smb devstack@c-api.service[110973]: [pid: 110973|app: 0|req: 125/264] 10.222.0.46 () {60 vars in 1393 bytes} [Fri Jul 29 08:33:23 2022] DELETE /volume/v3/372c975f67b0427689ec0dbcc589a647/group_snapshots/64bb162f-811c-476a-a71b-154cccd62e63 => generated 116 bytes in 42 msecs (HTTP/1.1 404) 7 headers in 293 bytes (1 switches on core 0)
Jul 29 08:33:23.305635 dv-cinder-819149-15-smb devstack@c-api.service[110974]: DEBUG cinder.api.middleware.request_id [None req-92aa3da1-569e-4fbd-b36a-7f9924b6fcdc None None] RequestId filter calling following filter/app {{(pid=110974) _context_setter /opt/stack/cinder/cinder/api/middleware/request_id.py:62}}
Jul 29 08:33:23.309642 dv-cinder-819149-15-smb devstack@c-api.service[110974]: INFO cinder.api.openstack.wsgi [None req-92aa3da1-569e-4fbd-b36a-7f9924b6fcdc tempest-GroupSnapshotsTest-1786574204 tempest-GroupSnapshotsTest-1786574204-project] GET http://10.222.0.46/volume/v3/372c975f67b0427689ec0dbcc589a647/volumes/detail
Jul 29 08:33:23.311729 dv-cinder-819149-15-smb devstack@c-api.service[110974]: DEBUG cinder.api.openstack.wsgi [None req-92aa3da1-569e-4fbd-b36a-7f9924b6fcdc tempest-GroupSnapshotsTest-1786574204 tempest-GroupSnapshotsTest-1786574204-project] Empty body provided in request {{(pid=110974) get_body /opt/stack/cinder/cinder/api/openstack/wsgi.py:715}}
Jul 29 08:33:23.312490 dv-cinder-819149-15-smb devstack@c-api.service[110974]: DEBUG cinder.api.openstack.wsgi [None req-92aa3da1-569e-4fbd-b36a-7f9924b6fcdc tempest-GroupSnapshotsTest-1786574204 tempest-GroupSnapshotsTest-1786574204-project] Calling method 'detail' {{(pid=110974) _process_stack /opt/stack/cinder/cinder/api/openstack/wsgi.py:868}}
Jul 29 08:33:23.313218 dv-cinder-819149-15-smb devstack@c-api.service[110974]: DEBUG cinder.api.api_utils [None req-92aa3da1-569e-4fbd-b36a-7f9924b6fcdc tempest-GroupSnapshotsTest-1786574204 tempest-GroupSnapshotsTest-1786574204-project] Removing options '' from query. {{(pid=110974) remove_invalid_filter_options /opt/stack/cinder/cinder/api/api_utils.py:83}}
Jul 29 08:33:23.315315 dv-cinder-819149-15-smb devstack@c-api.service[110974]: DEBUG cinder.volume.api [None req-92aa3da1-569e-4fbd-b36a-7f9924b6fcdc tempest-GroupSnapshotsTest-1786574204 tempest-GroupSnapshotsTest-1786574204-project] Searching by: MultiDict([('no_migration_targets', True)]). {{(pid=110974) get_all /opt/stack/cinder/cinder/volume/api.py:664}}
Jul 29 08:33:23.424154 dv-cinder-819149-15-smb devstack@c-api.service[110974]: INFO cinder.volume.api [None req-92aa3da1-569e-4fbd-b36a-7f9924b6fcdc tempest-GroupSnapshotsTest-1786574204 tempest-GroupSnapshotsTest-1786574204-project] Get all volumes completed successfully.
Jul 29 08:33:23.430356 dv-cinder-819149-15-smb devstack@c-api.service[110974]: WARNING stevedore.named [None req-92aa3da1-569e-4fbd-b36a-7f9924b6fcdc tempest-GroupSnapshotsTest-1786574204 tempest-GroupSnapshotsTest-1786574204-project] Could not load cinder.keymgr.conf_key_mgr.ConfKeyManager
Jul 29 08:33:23.430356 dv-cinder-819149-15-smb devstack@c-api.service[110974]: WARNING castellan.key_manager [None req-92aa3da1-569e-4fbd-b36a-7f9924b6fcdc tempest-GroupSnapshotsTest-1786574204 tempest-GroupSnapshotsTest-1786574204-project] Deprecation Warning : cinder.keymgr.conf_key_mgr.ConfKeyManager is not a stevedore based driver, trying to load it as a class: stevedore.exception.NoMatches: No 'castellan.drivers' driver found, looking for 'cinder.keymgr.conf_key_mgr.ConfKeyManager'
Jul 29 08:33:23.439947 dv-cinder-819149-15-smb devstack@c-api.service[110974]: DEBUG oslo_db.sqlalchemy.engines [None req-92aa3da1-569e-4fbd-b36a-7f9924b6fcdc tempest-GroupSnapshotsTest-1786574204 tempest-GroupSnapshotsTest-1786574204-project] MySQL server mode set to STRICT_TRANS_TABLES,STRICT_ALL_TABLES,NO_ZERO_IN_DATE,NO_ZERO_DATE,ERROR_FOR_DIVISION_BY_ZERO,TRADITIONAL,NO_ENGINE_SUBSTITUTION {{(pid=110974) _check_effective_sql_mode /usr/local/lib/python3.8/dist-packages/oslo_db/sqlalchemy/engines.py:314}}
Jul 29 08:33:23.473351 dv-cinder-819149-15-smb devstack@c-api.service[110974]: /usr/local/lib/python3.8/dist-packages/oslo_context/context.py:100: DeprecationWarning: Policy enforcement is depending on the value of is_admin. This key is deprecated. Please update your policy file to use the standard policy values.
Jul 29 08:33:23.473351 dv-cinder-819149-15-smb devstack@c-api.service[110974]: warnings.warn('Policy enforcement is depending on the value of '
Jul 29 08:33:23.487365 dv-cinder-819149-15-smb devstack@c-api.service[110973]: DEBUG cinder.api.middleware.request_id [None req-0d2371e2-be9a-4966-819a-ff5836f91c30 None None] RequestId filter calling following filter/app {{(pid=110973) _context_setter /opt/stack/cinder/cinder/api/middleware/request_id.py:62}}
Jul 29 08:33:23.500335 dv-cinder-819149-15-smb devstack@c-api.service[110973]: INFO cinder.api.openstack.wsgi [None req-0d2371e2-be9a-4966-819a-ff5836f91c30 tempest-GroupsTest-825080840 tempest-GroupsTest-825080840-project] GET http://10.222.0.46/volume/v3/194a20a9aad14b918ae6dd6216c6f552/volumes/68d108aa-37c6-4508-8987-cd59ddee5827
Jul 29 08:33:23.501069 dv-cinder-819149-15-smb devstack@c-api.service[110974]: INFO cinder.api.openstack.wsgi [None req-92aa3da1-569e-4fbd-b36a-7f9924b6fcdc tempest-GroupSnapshotsTest-1786574204 tempest-GroupSnapshotsTest-1786574204-project] http://10.222.0.46/volume/v3/372c975f67b0427689ec0dbcc589a647/volumes/detail returned with HTTP 200
Jul 29 08:33:23.501297 dv-cinder-819149-15-smb devstack@c-api.service[110973]: DEBUG cinder.api.openstack.wsgi [None req-0d2371e2-be9a-4966-819a-ff5836f91c30 tempest-GroupsTest-825080840 tempest-GroupsTest-825080840-project] Empty body provided in request {{(pid=110973) get_body /opt/stack/cinder/cinder/api/openstack/wsgi.py:715}}
Jul 29 08:33:23.517166 dv-cinder-819149-15-smb devstack@c-api.service[110974]: [pid: 110974|app: 0|req: 140/265] 10.222.0.46 () {60 vars in 1276 bytes} [Fri Jul 29 08:33:23 2022] GET /volume/v3/372c975f67b0427689ec0dbcc589a647/volumes/detail => generated 1004 bytes in 198 msecs (HTTP/1.1 200) 7 headers in 287 bytes (1 switches on core 0)
Jul 29 08:33:23.517687 dv-cinder-819149-15-smb devstack@c-api.service[110973]: DEBUG cinder.api.openstack.wsgi [None req-0d2371e2-be9a-4966-819a-ff5836f91c30 tempest-GroupsTest-825080840 tempest-GroupsTest-825080840-project] Calling method 'show' {{(pid=110973) _process_stack /opt/stack/cinder/cinder/api/openstack/wsgi.py:868}}
Jul 29 08:33:23.521278 dv-cinder-819149-15-smb devstack@c-api.service[110974]: DEBUG cinder.api.middleware.request_id [None req-ff00f5e7-68e5-40e8-bd69-a3bc531ebc3e None None] RequestId filter calling following filter/app {{(pid=110974) _context_setter /opt/stack/cinder/cinder/api/middleware/request_id.py:62}}
Jul 29 08:33:23.529330 dv-cinder-819149-15-smb devstack@c-api.service[110974]: INFO cinder.api.openstack.wsgi [None req-ff00f5e7-68e5-40e8-bd69-a3bc531ebc3e tempest-GroupSnapshotsTest-1786574204 tempest-GroupSnapshotsTest-1786574204-project] POST http://10.222.0.46/volume/v3/372c975f67b0427689ec0dbcc589a647/groups/2b2f054f-0ceb-488b-8e5b-0c95ee7af792/action
Jul 29 08:33:23.530115 dv-cinder-819149-15-smb devstack@c-api.service[110974]: DEBUG cinder.api.openstack.wsgi [None req-ff00f5e7-68e5-40e8-bd69-a3bc531ebc3e tempest-GroupSnapshotsTest-1786574204 tempest-GroupSnapshotsTest-1786574204-project] Action body: b'{"delete": {"delete-volumes": true}}' {{(pid=110974) get_method /opt/stack/cinder/cinder/api/openstack/wsgi.py:983}}
Jul 29 08:33:23.530439 dv-cinder-819149-15-smb devstack@c-api.service[110974]: DEBUG cinder.api.openstack.wsgi [None req-ff00f5e7-68e5-40e8-bd69-a3bc531ebc3e tempest-GroupSnapshotsTest-1786574204 tempest-GroupSnapshotsTest-1786574204-project] Action: 'action', calling method: delete_group, body: {"delete": {"delete-volumes": true}} {{(pid=110974) _process_stack /opt/stack/cinder/cinder/api/openstack/wsgi.py:866}}
Jul 29 08:33:23.532544 dv-cinder-819149-15-smb devstack@c-api.service[110974]: DEBUG cinder.api.v3.groups [None req-ff00f5e7-68e5-40e8-bd69-a3bc531ebc3e tempest-GroupSnapshotsTest-1786574204 tempest-GroupSnapshotsTest-1786574204-project] delete called for group 2b2f054f-0ceb-488b-8e5b-0c95ee7af792 {{(pid=110974) _delete /opt/stack/cinder/cinder/api/v3/groups.py:117}}
Jul 29 08:33:23.532836 dv-cinder-819149-15-smb devstack@c-api.service[110974]: INFO cinder.api.v3.groups [None req-ff00f5e7-68e5-40e8-bd69-a3bc531ebc3e tempest-GroupSnapshotsTest-1786574204 tempest-GroupSnapshotsTest-1786574204-project] Delete group with id: 2b2f054f-0ceb-488b-8e5b-0c95ee7af792
Jul 29 08:33:23.533580 dv-cinder-819149-15-smb devstack@c-api.service[110973]: /usr/local/lib/python3.8/dist-packages/oslo_context/context.py:100: DeprecationWarning: Policy enforcement is depending on the value of is_admin. This key is deprecated. Please update your policy file to use the standard policy values.
Jul 29 08:33:23.533580 dv-cinder-819149-15-smb devstack@c-api.service[110973]: warnings.warn('Policy enforcement is depending on the value of '
Jul 29 08:33:23.544734 dv-cinder-819149-15-smb devstack@c-api.service[110973]: INFO cinder.volume.api [None req-0d2371e2-be9a-4966-819a-ff5836f91c30 tempest-GroupsTest-825080840 tempest-GroupsTest-825080840-project] Volume info retrieved successfully.
Jul 29 08:33:23.547523 dv-cinder-819149-15-smb devstack@c-api.service[110973]: WARNING stevedore.named [None req-0d2371e2-be9a-4966-819a-ff5836f91c30 tempest-GroupsTest-825080840 tempest-GroupsTest-825080840-project] Could not load cinder.keymgr.conf_key_mgr.ConfKeyManager
Jul 29 08:33:23.548262 dv-cinder-819149-15-smb devstack@c-api.service[110973]: WARNING castellan.key_manager [None req-0d2371e2-be9a-4966-819a-ff5836f91c30 tempest-GroupsTest-825080840 tempest-GroupsTest-825080840-project] Deprecation Warning : cinder.keymgr.conf_key_mgr.ConfKeyManager is not a stevedore based driver, trying to load it as a class: stevedore.exception.NoMatches: No 'castellan.drivers' driver found, looking for 'cinder.keymgr.conf_key_mgr.ConfKeyManager'
Jul 29 08:33:23.559589 dv-cinder-819149-15-smb devstack@c-api.service[110973]: DEBUG oslo_db.sqlalchemy.engines [None req-0d2371e2-be9a-4966-819a-ff5836f91c30 tempest-GroupsTest-825080840 tempest-GroupsTest-825080840-project] MySQL server mode set to STRICT_TRANS_TABLES,STRICT_ALL_TABLES,NO_ZERO_IN_DATE,NO_ZERO_DATE,ERROR_FOR_DIVISION_BY_ZERO,TRADITIONAL,NO_ENGINE_SUBSTITUTION {{(pid=110973) _check_effective_sql_mode /usr/local/lib/python3.8/dist-packages/oslo_db/sqlalchemy/engines.py:314}}
Jul 29 08:33:23.561954 dv-cinder-819149-15-smb devstack@c-api.service[110974]: /usr/local/lib/python3.8/dist-packages/oslo_context/context.py:100: DeprecationWarning: Policy enforcement is depending on the value of is_admin. This key is deprecated. Please update your policy file to use the standard policy values.
Jul 29 08:33:23.561954 dv-cinder-819149-15-smb devstack@c-api.service[110974]: warnings.warn('Policy enforcement is depending on the value of '
Jul 29 08:33:23.566915 dv-cinder-819149-15-smb devstack@c-api.service[110973]: /usr/local/lib/python3.8/dist-packages/oslo_context/context.py:100: DeprecationWarning: Policy enforcement is depending on the value of is_admin. This key is deprecated. Please update your policy file to use the standard policy values.
Jul 29 08:33:23.566915 dv-cinder-819149-15-smb devstack@c-api.service[110973]: warnings.warn('Policy enforcement is depending on the value of '
Jul 29 08:33:23.587597 dv-cinder-819149-15-smb devstack@c-api.service[110973]: INFO cinder.api.openstack.wsgi [None req-0d2371e2-be9a-4966-819a-ff5836f91c30 tempest-GroupsTest-825080840 tempest-GroupsTest-825080840-project] http://10.222.0.46/volume/v3/194a20a9aad14b918ae6dd6216c6f552/volumes/68d108aa-37c6-4508-8987-cd59ddee5827 returned with HTTP 200
Jul 29 08:33:23.606903 dv-cinder-819149-15-smb devstack@c-api.service[110973]: [pid: 110973|app: 0|req: 126/266] 10.222.0.46 () {60 vars in 1366 bytes} [Fri Jul 29 08:33:23 2022] GET /volume/v3/194a20a9aad14b918ae6dd6216c6f552/volumes/68d108aa-37c6-4508-8987-cd59ddee5827 => generated 985 bytes in 120 msecs (HTTP/1.1 200) 7 headers in 286 bytes (2 switches on core 0)
Jul 29 08:33:23.608883 dv-cinder-819149-15-smb devstack@c-api.service[110973]: DEBUG cinder.api.middleware.request_id [None req-037ba1db-3ff8-4bc1-9a5c-885c1e648df4 None None] RequestId filter calling following filter/app {{(pid=110973) _context_setter /opt/stack/cinder/cinder/api/middleware/request_id.py:62}}
Jul 29 08:33:23.614630 dv-cinder-819149-15-smb devstack@c-api.service[110973]: INFO cinder.api.openstack.wsgi [None req-037ba1db-3ff8-4bc1-9a5c-885c1e648df4 tempest-GroupsTest-825080840 tempest-GroupsTest-825080840-project] POST http://10.222.0.46/volume/v3/194a20a9aad14b918ae6dd6216c6f552/volumes
Jul 29 08:33:23.615830 dv-cinder-819149-15-smb devstack@c-api.service[110973]: DEBUG cinder.api.openstack.wsgi [None req-037ba1db-3ff8-4bc1-9a5c-885c1e648df4 tempest-GroupsTest-825080840 tempest-GroupsTest-825080840-project] Action: 'create', calling method: create, body: {"volume": {"volume_type": "b0aedfd5-9428-4a45-ad30-e22e2adda6ec", "group_id": "5ff94a9e-2771-4ebd-acd0-d1c9c6e88e08", "size": 1, "name": "tempest-GroupsTest-Volume-483370827"}} {{(pid=110973) _process_stack /opt/stack/cinder/cinder/api/openstack/wsgi.py:866}}
Jul 29 08:33:23.619047 dv-cinder-819149-15-smb devstack@c-api.service[110973]: DEBUG cinder.api.v3.volumes [None req-037ba1db-3ff8-4bc1-9a5c-885c1e648df4 tempest-GroupsTest-825080840 tempest-GroupsTest-825080840-project] Create volume request body: {'volume': {'volume_type': 'b0aedfd5-9428-4a45-ad30-e22e2adda6ec', 'group_id': '5ff94a9e-2771-4ebd-acd0-d1c9c6e88e08', 'size': 1, 'name': 'tempest-GroupsTest-Volume-483370827'}} {{(pid=110973) create /opt/stack/cinder/cinder/api/v3/volumes.py:298}}
