Jul 20 19:16:24.108098 dv-cinder-819149-14-iscsi devstack@c-api.service[110876]: /usr/local/lib/python3.8/dist-packages/oslo_policy/policy.py:809: UserWarning: Policy "volume_extension:default_get":"rule:system_or_domain_or_project_admin" was deprecated in X in favor of "volume_extension:default_get":"rule:admin_api". Reason: Default policies now support the three Keystone default roles, namely 'admin', 'member', and 'reader' to implement three Cinder "personas". See "Policy Personas and Permissions" in the "Cinder Service Configuration" documentation (Xena release) for details.. Either ensure your deployment is ready for the new default or copy/paste the deprecated policy into your policy file and maintain it manually.
Jul 20 19:16:24.108098 dv-cinder-819149-14-iscsi devstack@c-api.service[110876]: warnings.warn(deprecated_msg)
Jul 20 19:16:24.108098 dv-cinder-819149-14-iscsi devstack@c-api.service[110876]: /usr/local/lib/python3.8/dist-packages/oslo_policy/policy.py:809: UserWarning: Policy "volume_extension:default_get_all":"role:admin and system_scope:all" was deprecated in X in favor of "volume_extension:default_get_all":"rule:admin_api". Reason: Default policies now support the three Keystone default roles, namely 'admin', 'member', and 'reader' to implement three Cinder "personas". See "Policy Personas and Permissions" in the "Cinder Service Configuration" documentation (Xena release) for details.. Either ensure your deployment is ready for the new default or copy/paste the deprecated policy into your policy file and maintain it manually.
Jul 20 19:16:24.109285 dv-cinder-819149-14-iscsi devstack@c-api.service[110876]: warnings.warn(deprecated_msg)
Jul 20 19:16:24.109285 dv-cinder-819149-14-iscsi devstack@c-api.service[110876]: /usr/local/lib/python3.8/dist-packages/oslo_policy/policy.py:809: UserWarning: Policy "volume_extension:default_unset":"rule:system_or_domain_or_project_admin" was deprecated in X in favor of "volume_extension:default_unset":"rule:admin_api". Reason: Default policies now support the three Keystone default roles, namely 'admin', 'member', and 'reader' to implement three Cinder "personas". See "Policy Personas and Permissions" in the "Cinder Service Configuration" documentation (Xena release) for details.. Either ensure your deployment is ready for the new default or copy/paste the deprecated policy into your policy file and maintain it manually.
Jul 20 19:16:24.109285 dv-cinder-819149-14-iscsi devstack@c-api.service[110876]: warnings.warn(deprecated_msg)
Jul 20 19:16:24.109285 dv-cinder-819149-14-iscsi devstack@c-api.service[110876]: DEBUG cinder.api.middleware.request_id [None req-705b5117-4333-484e-ba3c-a23a7d81fa7b None None] RequestId filter calling following filter/app {{(pid=110876) _context_setter /opt/stack/cinder/cinder/api/middleware/request_id.py:62}}
Jul 20 19:16:25.309270 dv-cinder-819149-14-iscsi devstack@c-api.service[110876]: INFO cinder.api.openstack.wsgi [None req-705b5117-4333-484e-ba3c-a23a7d81fa7b admin admin] POST http://10.222.0.43/volume/v3/39f878600fda47389da52621d6e0947c/types
Jul 20 19:16:25.310454 dv-cinder-819149-14-iscsi devstack@c-api.service[110876]: DEBUG cinder.api.openstack.wsgi [None req-705b5117-4333-484e-ba3c-a23a7d81fa7b admin admin] Action: 'create', calling method: _create, body: {"volume_type": {"name": "lvmdriver-1", "description": null, "os-volume-type-access:is_public": true}} {{(pid=110876) _process_stack /opt/stack/cinder/cinder/api/openstack/wsgi.py:866}}
Jul 20 19:16:25.312365 dv-cinder-819149-14-iscsi devstack@c-api.service[110876]: /usr/local/lib/python3.8/dist-packages/oslo_context/context.py:100: DeprecationWarning: Policy enforcement is depending on the value of is_admin. This key is deprecated. Please update your policy file to use the standard policy values.
Jul 20 19:16:25.312365 dv-cinder-819149-14-iscsi devstack@c-api.service[110876]: warnings.warn('Policy enforcement is depending on the value of '
Jul 20 19:16:25.319701 dv-cinder-819149-14-iscsi devstack@c-api.service[110876]: DEBUG oslo_db.sqlalchemy.engines [None req-705b5117-4333-484e-ba3c-a23a7d81fa7b admin admin] MySQL server mode set to STRICT_TRANS_TABLES,STRICT_ALL_TABLES,NO_ZERO_IN_DATE,NO_ZERO_DATE,ERROR_FOR_DIVISION_BY_ZERO,TRADITIONAL,NO_ENGINE_SUBSTITUTION {{(pid=110876) _check_effective_sql_mode /usr/local/lib/python3.8/dist-packages/oslo_db/sqlalchemy/engines.py:314}}
Jul 20 19:16:25.361388 dv-cinder-819149-14-iscsi devstack@c-api.service[110876]: INFO cinder.api.openstack.wsgi [None req-705b5117-4333-484e-ba3c-a23a7d81fa7b admin admin] http://10.222.0.43/volume/v3/39f878600fda47389da52621d6e0947c/types returned with HTTP 200
Jul 20 19:16:25.362073 dv-cinder-819149-14-iscsi devstack@c-api.service[110876]: [pid: 110876|app: 0|req: 1/2] 10.222.0.43 () {60 vars in 1237 bytes} [Wed Jul 20 19:16:24 2022] POST /volume/v3/39f878600fda47389da52621d6e0947c/types => generated 186 bytes in 1302 msecs (HTTP/1.1 200) 7 headers in 285 bytes (1 switches on core 0)
Jul 20 19:16:25.368994 dv-cinder-819149-14-iscsi devstack@c-api.service[110877]: DEBUG cinder.api.middleware.request_id [req-705b5117-4333-484e-ba3c-a23a7d81fa7b req-31d4bc62-879b-48df-97f6-f8352852af86 None None] RequestId filter calling following filter/app {{(pid=110877) _context_setter /opt/stack/cinder/cinder/api/middleware/request_id.py:62}}
Jul 20 19:16:26.009322 dv-cinder-819149-14-iscsi devstack@c-api.service[110877]: INFO cinder.api.openstack.wsgi [req-705b5117-4333-484e-ba3c-a23a7d81fa7b req-31d4bc62-879b-48df-97f6-f8352852af86 admin admin] POST http://10.222.0.43/volume/v3/39f878600fda47389da52621d6e0947c/types/50ce95df-26bb-414b-9133-c38cd9cc9c92/extra_specs
Jul 20 19:16:26.010509 dv-cinder-819149-14-iscsi devstack@c-api.service[110877]: DEBUG cinder.api.openstack.wsgi [req-705b5117-4333-484e-ba3c-a23a7d81fa7b req-31d4bc62-879b-48df-97f6-f8352852af86 admin admin] Action: 'create', calling method: create, body: {"extra_specs": {"volume_backend_name": "lvmdriver-1"}} {{(pid=110877) _process_stack /opt/stack/cinder/cinder/api/openstack/wsgi.py:866}}
Jul 20 19:16:26.012573 dv-cinder-819149-14-iscsi devstack@c-api.service[110877]: /usr/local/lib/python3.8/dist-packages/oslo_context/context.py:100: DeprecationWarning: Policy enforcement is depending on the value of is_admin. This key is deprecated. Please update your policy file to use the standard policy values.
Jul 20 19:16:26.012573 dv-cinder-819149-14-iscsi devstack@c-api.service[110877]: warnings.warn('Policy enforcement is depending on the value of '
Jul 20 19:16:26.019632 dv-cinder-819149-14-iscsi devstack@c-api.service[110877]: DEBUG oslo_db.sqlalchemy.engines [req-705b5117-4333-484e-ba3c-a23a7d81fa7b req-31d4bc62-879b-48df-97f6-f8352852af86 admin admin] MySQL server mode set to STRICT_TRANS_TABLES,STRICT_ALL_TABLES,NO_ZERO_IN_DATE,NO_ZERO_DATE,ERROR_FOR_DIVISION_BY_ZERO,TRADITIONAL,NO_ENGINE_SUBSTITUTION {{(pid=110877) _check_effective_sql_mode /usr/local/lib/python3.8/dist-packages/oslo_db/sqlalchemy/engines.py:314}}
Jul 20 19:16:26.141235 dv-cinder-819149-14-iscsi devstack@c-api.service[110877]: INFO cinder.api.openstack.wsgi [req-705b5117-4333-484e-ba3c-a23a7d81fa7b req-31d4bc62-879b-48df-97f6-f8352852af86 admin admin] http://10.222.0.43/volume/v3/39f878600fda47389da52621d6e0947c/types/50ce95df-26bb-414b-9133-c38cd9cc9c92/extra_specs returned with HTTP 200
Jul 20 19:16:26.142309 dv-cinder-819149-14-iscsi devstack@c-api.service[110877]: [pid: 110877|app: 0|req: 2/3] 10.222.0.43 () {62 vars in 1454 bytes} [Wed Jul 20 19:16:25 2022] POST /volume/v3/39f878600fda47389da52621d6e0947c/types/50ce95df-26bb-414b-9133-c38cd9cc9c92/extra_specs => generated 55 bytes in 774 msecs (HTTP/1.1 200) 7 headers in 284 bytes (1 switches on core 0)
Jul 20 19:16:35.357343 dv-cinder-819149-14-iscsi devstack@c-api.service[110876]: DEBUG dbcounter [-] [110876] Writing DB stats cinder:SELECT=18,cinder:INSERT=1 {{(pid=110876) stat_writer /usr/local/lib/python3.8/dist-packages/dbcounter.py:114}}
Jul 20 19:16:36.138276 dv-cinder-819149-14-iscsi devstack@c-api.service[110877]: DEBUG dbcounter [-] [110877] Writing DB stats cinder:SELECT=25,cinder:INSERT=1 {{(pid=110877) stat_writer /usr/local/lib/python3.8/dist-packages/dbcounter.py:114}}
Jul 20 19:17:05.047932 dv-cinder-819149-14-iscsi devstack@c-api.service[110876]: DEBUG cinder.api.middleware.request_id [None req-6031a3e6-6c08-4630-a513-ad0d2331d550 None None] RequestId filter calling following filter/app {{(pid=110876) _context_setter /opt/stack/cinder/cinder/api/middleware/request_id.py:62}}
Jul 20 19:17:05.049152 dv-cinder-819149-14-iscsi devstack@c-api.service[110876]: INFO cinder.api.openstack.wsgi [None req-6031a3e6-6c08-4630-a513-ad0d2331d550 None None] GET http://10.222.0.43/volume//
Jul 20 19:17:05.049540 dv-cinder-819149-14-iscsi devstack@c-api.service[110876]: DEBUG cinder.api.openstack.wsgi [None req-6031a3e6-6c08-4630-a513-ad0d2331d550 None None] Empty body provided in request {{(pid=110876) get_body /opt/stack/cinder/cinder/api/openstack/wsgi.py:715}}
Jul 20 19:17:05.049990 dv-cinder-819149-14-iscsi devstack@c-api.service[110876]: DEBUG cinder.api.openstack.wsgi [None req-6031a3e6-6c08-4630-a513-ad0d2331d550 None None] Calling method 'all' {{(pid=110876) _process_stack /opt/stack/cinder/cinder/api/openstack/wsgi.py:868}}
Jul 20 19:17:05.051036 dv-cinder-819149-14-iscsi devstack@c-api.service[110876]: INFO cinder.api.openstack.wsgi [None req-6031a3e6-6c08-4630-a513-ad0d2331d550 None None] http://10.222.0.43/volume// returned with HTTP 300
Jul 20 19:17:05.052682 dv-cinder-819149-14-iscsi devstack@c-api.service[110876]: [pid: 110876|app: 0|req: 2/4] 10.222.0.43 () {56 vars in 1098 bytes} [Wed Jul 20 19:17:05 2022] GET /volume/ => generated 386 bytes in 6 msecs (HTTP/1.1 300) 7 headers in 299 bytes (1 switches on core 0)
Jul 20 19:19:51.350654 dv-cinder-819149-14-iscsi devstack@c-api.service[110877]: DEBUG cinder.api.middleware.request_id [None req-4ec4369f-e5c2-47a3-92b7-3ddb3f59542a None None] RequestId filter calling following filter/app {{(pid=110877) _context_setter /opt/stack/cinder/cinder/api/middleware/request_id.py:62}}
Jul 20 19:19:51.962185 dv-cinder-819149-14-iscsi devstack@c-api.service[110877]: INFO cinder.api.openstack.wsgi [None req-4ec4369f-e5c2-47a3-92b7-3ddb3f59542a tempest-verify_tempest_config-1634269339 tempest-verify_tempest_config-1634269339-project] GET http://10.222.0.43/volume/v3/bb2e42db20754da4b0fc4007e03f15e2/extensions
Jul 20 19:19:51.962897 dv-cinder-819149-14-iscsi devstack@c-api.service[110877]: DEBUG cinder.api.openstack.wsgi [None req-4ec4369f-e5c2-47a3-92b7-3ddb3f59542a tempest-verify_tempest_config-1634269339 tempest-verify_tempest_config-1634269339-project] Empty body provided in request {{(pid=110877) get_body /opt/stack/cinder/cinder/api/openstack/wsgi.py:715}}
Jul 20 19:19:51.963653 dv-cinder-819149-14-iscsi devstack@c-api.service[110877]: DEBUG cinder.api.openstack.wsgi [None req-4ec4369f-e5c2-47a3-92b7-3ddb3f59542a tempest-verify_tempest_config-1634269339 tempest-verify_tempest_config-1634269339-project] Calling method 'index' {{(pid=110877) _process_stack /opt/stack/cinder/cinder/api/openstack/wsgi.py:868}}
Jul 20 19:19:51.964850 dv-cinder-819149-14-iscsi devstack@c-api.service[110877]: INFO cinder.api.openstack.wsgi [None req-4ec4369f-e5c2-47a3-92b7-3ddb3f59542a tempest-verify_tempest_config-1634269339 tempest-verify_tempest_config-1634269339-project] http://10.222.0.43/volume/v3/bb2e42db20754da4b0fc4007e03f15e2/extensions returned with HTTP 200
Jul 20 19:19:51.966044 dv-cinder-819149-14-iscsi devstack@c-api.service[110877]: [pid: 110877|app: 0|req: 3/5] 10.222.0.43 () {58 vars in 1222 bytes} [Wed Jul 20 19:19:51 2022] GET /volume/v3/bb2e42db20754da4b0fc4007e03f15e2/extensions => generated 5245 bytes in 617 msecs (HTTP/1.1 200) 7 headers in 286 bytes (1 switches on core 0)
Jul 20 19:22:04.503443 dv-cinder-819149-14-iscsi devstack@c-api.service[110876]: DEBUG cinder.api.middleware.request_id [None req-f5c8b046-3d38-42c9-9b73-5cbd6639c8d0 None None] RequestId filter calling following filter/app {{(pid=110876) _context_setter /opt/stack/cinder/cinder/api/middleware/request_id.py:62}}
Jul 20 19:22:04.625695 dv-cinder-819149-14-iscsi devstack@c-api.service[110876]: INFO cinder.api.openstack.wsgi [None req-f5c8b046-3d38-42c9-9b73-5cbd6639c8d0 admin admin] GET http://10.222.0.43/volume/v3/39f878600fda47389da52621d6e0947c/os-services
Jul 20 19:22:04.626143 dv-cinder-819149-14-iscsi devstack@c-api.service[110876]: DEBUG cinder.api.openstack.wsgi [None req-f5c8b046-3d38-42c9-9b73-5cbd6639c8d0 admin admin] Empty body provided in request {{(pid=110876) get_body /opt/stack/cinder/cinder/api/openstack/wsgi.py:715}}
Jul 20 19:22:04.626584 dv-cinder-819149-14-iscsi devstack@c-api.service[110876]: DEBUG cinder.api.openstack.wsgi [None req-f5c8b046-3d38-42c9-9b73-5cbd6639c8d0 admin admin] Calling method 'index' {{(pid=110876) _process_stack /opt/stack/cinder/cinder/api/openstack/wsgi.py:868}}
Jul 20 19:22:04.635362 dv-cinder-819149-14-iscsi devstack@c-api.service[110876]: INFO cinder.api.openstack.wsgi [None req-f5c8b046-3d38-42c9-9b73-5cbd6639c8d0 admin admin] http://10.222.0.43/volume/v3/39f878600fda47389da52621d6e0947c/os-services returned with HTTP 200
Jul 20 19:22:04.636059 dv-cinder-819149-14-iscsi devstack@c-api.service[110876]: [pid: 110876|app: 0|req: 3/6] 10.222.0.43 () {56 vars in 1201 bytes} [Wed Jul 20 19:22:04 2022] GET /volume/v3/39f878600fda47389da52621d6e0947c/os-services => generated 643 bytes in 134 msecs (HTTP/1.1 200) 7 headers in 285 bytes (1 switches on core 0)
Jul 20 19:22:07.008824 dv-cinder-819149-14-iscsi devstack@c-api.service[110877]: DEBUG cinder.api.middleware.request_id [None req-b6805d44-a0e5-458c-9ff0-a1de8f0ab618 None None] RequestId filter calling following filter/app {{(pid=110877) _context_setter /opt/stack/cinder/cinder/api/middleware/request_id.py:62}}
Jul 20 19:22:07.059866 dv-cinder-819149-14-iscsi devstack@c-api.service[110877]: INFO cinder.api.openstack.wsgi [None req-b6805d44-a0e5-458c-9ff0-a1de8f0ab618 admin admin] GET http://10.222.0.43/volume/v3/39f878600fda47389da52621d6e0947c/os-services
Jul 20 19:22:07.060336 dv-cinder-819149-14-iscsi devstack@c-api.service[110877]: DEBUG cinder.api.openstack.wsgi [None req-b6805d44-a0e5-458c-9ff0-a1de8f0ab618 admin admin] Empty body provided in request {{(pid=110877) get_body /opt/stack/cinder/cinder/api/openstack/wsgi.py:715}}
Jul 20 19:22:07.061037 dv-cinder-819149-14-iscsi devstack@c-api.service[110877]: DEBUG cinder.api.openstack.wsgi [None req-b6805d44-a0e5-458c-9ff0-a1de8f0ab618 admin admin] Calling method 'index' {{(pid=110877) _process_stack /opt/stack/cinder/cinder/api/openstack/wsgi.py:868}}
Jul 20 19:22:07.070714 dv-cinder-819149-14-iscsi devstack@c-api.service[110877]: INFO cinder.api.openstack.wsgi [None req-b6805d44-a0e5-458c-9ff0-a1de8f0ab618 admin admin] http://10.222.0.43/volume/v3/39f878600fda47389da52621d6e0947c/os-services returned with HTTP 200
Jul 20 19:22:07.071420 dv-cinder-819149-14-iscsi devstack@c-api.service[110877]: [pid: 110877|app: 0|req: 4/7] 10.222.0.43 () {56 vars in 1201 bytes} [Wed Jul 20 19:22:07 2022] GET /volume/v3/39f878600fda47389da52621d6e0947c/os-services => generated 643 bytes in 64 msecs (HTTP/1.1 200) 7 headers in 285 bytes (1 switches on core 0)
Jul 20 19:22:14.631625 dv-cinder-819149-14-iscsi devstack@c-api.service[110876]: DEBUG dbcounter [-] [110876] Writing DB stats cinder:SELECT=2 {{(pid=110876) stat_writer /usr/local/lib/python3.8/dist-packages/dbcounter.py:114}}
Jul 20 19:22:17.065944 dv-cinder-819149-14-iscsi devstack@c-api.service[110877]: DEBUG dbcounter [-] [110877] Writing DB stats cinder:SELECT=2 {{(pid=110877) stat_writer /usr/local/lib/python3.8/dist-packages/dbcounter.py:114}}
Jul 20 19:23:46.499671 dv-cinder-819149-14-iscsi devstack@c-api.service[110876]: DEBUG cinder.api.middleware.request_id [None req-59938f4f-d8ba-48a2-824b-81ff12130984 None None] RequestId filter calling following filter/app {{(pid=110876) _context_setter /opt/stack/cinder/cinder/api/middleware/request_id.py:62}}
Jul 20 19:23:46.753014 dv-cinder-819149-14-iscsi devstack@c-api.service[110877]: DEBUG cinder.api.middleware.request_id [None req-0336eab4-b5d8-44e8-b591-0abbffbaa578 None None] RequestId filter calling following filter/app {{(pid=110877) _context_setter /opt/stack/cinder/cinder/api/middleware/request_id.py:62}}
Jul 20 19:23:47.001840 dv-cinder-819149-14-iscsi devstack@c-api.service[110877]: INFO cinder.api.openstack.wsgi [None req-0336eab4-b5d8-44e8-b591-0abbffbaa578 tempest-GroupTypesTest-52100127 tempest-GroupTypesTest-52100127-project-admin] POST http://10.222.0.43/volume/v3/39dd51065ee3444fb808ac75eac7973a/group_types
Jul 20 19:23:47.003968 dv-cinder-819149-14-iscsi devstack@c-api.service[110877]: DEBUG cinder.api.openstack.wsgi [None req-0336eab4-b5d8-44e8-b591-0abbffbaa578 tempest-GroupTypesTest-52100127 tempest-GroupTypesTest-52100127-project-admin] Action: 'create', calling method: version_select, body: {"group_type": {"name": "tempest-GroupTypesTest-group-type-634801721", "description": "tempest-group-type-description-635021724", "group_specs": {"consistent_group_snapshot_enabled": " False"}, "is_public": true}} {{(pid=110877) _process_stack /opt/stack/cinder/cinder/api/openstack/wsgi.py:866}}
Jul 20 19:23:47.081962 dv-cinder-819149-14-iscsi devstack@c-api.service[110876]: INFO cinder.api.openstack.wsgi [None req-59938f4f-d8ba-48a2-824b-81ff12130984 tempest-GroupsV320Test-1076402336 tempest-GroupsV320Test-1076402336-project-admin] POST http://10.222.0.43/volume/v3/e6a6f6eb1aa84ffab9ec5117df9e0f5b/types
Jul 20 19:23:47.083829 dv-cinder-819149-14-iscsi devstack@c-api.service[110876]: DEBUG cinder.api.openstack.wsgi [None req-59938f4f-d8ba-48a2-824b-81ff12130984 tempest-GroupsV320Test-1076402336 tempest-GroupsV320Test-1076402336-project-admin] Action: 'create', calling method: _create, body: {"volume_type": {"name": "tempest-GroupsV320Test-volume-type-31542991"}} {{(pid=110876) _process_stack /opt/stack/cinder/cinder/api/openstack/wsgi.py:866}}
Jul 20 19:23:47.105727 dv-cinder-819149-14-iscsi devstack@c-api.service[110877]: INFO cinder.api.openstack.wsgi [None req-0336eab4-b5d8-44e8-b591-0abbffbaa578 tempest-GroupTypesTest-52100127 tempest-GroupTypesTest-52100127-project-admin] http://10.222.0.43/volume/v3/39dd51065ee3444fb808ac75eac7973a/group_types returned with HTTP 202
Jul 20 19:23:47.107430 dv-cinder-819149-14-iscsi devstack@c-api.service[110877]: [pid: 110877|app: 0|req: 5/8] 10.222.0.43 () {62 vars in 1288 bytes} [Wed Jul 20 19:23:46 2022] POST /volume/v3/39dd51065ee3444fb808ac75eac7973a/group_types => generated 263 bytes in 356 msecs (HTTP/1.1 202) 7 headers in 292 bytes (2 switches on core 0)
Jul 20 19:23:47.109189 dv-cinder-819149-14-iscsi devstack@c-api.service[110877]: DEBUG cinder.api.middleware.request_id [None req-46646756-d53e-4c27-835a-1efa4bbe6e43 None None] RequestId filter calling following filter/app {{(pid=110877) _context_setter /opt/stack/cinder/cinder/api/middleware/request_id.py:62}}
Jul 20 19:23:47.133829 dv-cinder-819149-14-iscsi devstack@c-api.service[110876]: INFO cinder.api.openstack.wsgi [None req-59938f4f-d8ba-48a2-824b-81ff12130984 tempest-GroupsV320Test-1076402336 tempest-GroupsV320Test-1076402336-project-admin] http://10.222.0.43/volume/v3/e6a6f6eb1aa84ffab9ec5117df9e0f5b/types returned with HTTP 200
Jul 20 19:23:47.135839 dv-cinder-819149-14-iscsi devstack@c-api.service[110876]: [pid: 110876|app: 0|req: 4/9] 10.222.0.43 () {60 vars in 1228 bytes} [Wed Jul 20 19:23:46 2022] POST /volume/v3/e6a6f6eb1aa84ffab9ec5117df9e0f5b/types => generated 218 bytes in 637 msecs (HTTP/1.1 200) 7 headers in 285 bytes (1 switches on core 0)
Jul 20 19:23:47.138586 dv-cinder-819149-14-iscsi devstack@c-api.service[110876]: DEBUG cinder.api.middleware.request_id [None req-de0b86b1-1d59-42fb-b093-c8d0a8b17627 None None] RequestId filter calling following filter/app {{(pid=110876) _context_setter /opt/stack/cinder/cinder/api/middleware/request_id.py:62}}
Jul 20 19:23:47.150445 dv-cinder-819149-14-iscsi devstack@c-api.service[110876]: INFO cinder.api.openstack.wsgi [None req-de0b86b1-1d59-42fb-b093-c8d0a8b17627 tempest-GroupTypesTest-52100127 tempest-GroupTypesTest-52100127-project-admin] GET http://10.222.0.43/volume/v3/39dd51065ee3444fb808ac75eac7973a/group_types
Jul 20 19:23:47.151183 dv-cinder-819149-14-iscsi devstack@c-api.service[110876]: DEBUG cinder.api.openstack.wsgi [None req-de0b86b1-1d59-42fb-b093-c8d0a8b17627 tempest-GroupTypesTest-52100127 tempest-GroupTypesTest-52100127-project-admin] Empty body provided in request {{(pid=110876) get_body /opt/stack/cinder/cinder/api/openstack/wsgi.py:715}}
Jul 20 19:23:47.152495 dv-cinder-819149-14-iscsi devstack@c-api.service[110876]: DEBUG cinder.api.openstack.wsgi [None req-de0b86b1-1d59-42fb-b093-c8d0a8b17627 tempest-GroupTypesTest-52100127 tempest-GroupTypesTest-52100127-project-admin] Calling method 'version_select' {{(pid=110876) _process_stack /opt/stack/cinder/cinder/api/openstack/wsgi.py:868}}
Jul 20 19:23:47.206315 dv-cinder-819149-14-iscsi devstack@c-api.service[110877]: INFO cinder.api.openstack.wsgi [None req-46646756-d53e-4c27-835a-1efa4bbe6e43 tempest-GroupsTest-91304990 tempest-GroupsTest-91304990-project-admin] POST http://10.222.0.43/volume/v3/f537f6c99e3b495a829fe6f82150c8d0/types
Jul 20 19:23:47.207122 dv-cinder-819149-14-iscsi devstack@c-api.service[110877]: DEBUG cinder.api.openstack.wsgi [None req-46646756-d53e-4c27-835a-1efa4bbe6e43 tempest-GroupsTest-91304990 tempest-GroupsTest-91304990-project-admin] Action: 'create', calling method: _create, body: {"volume_type": {"name": "tempest-GroupsTest-volume-type-591236417"}} {{(pid=110877) _process_stack /opt/stack/cinder/cinder/api/openstack/wsgi.py:866}}
Jul 20 19:23:47.223700 dv-cinder-819149-14-iscsi devstack@c-api.service[110876]: INFO cinder.api.openstack.wsgi [None req-de0b86b1-1d59-42fb-b093-c8d0a8b17627 tempest-GroupTypesTest-52100127 tempest-GroupTypesTest-52100127-project-admin] http://10.222.0.43/volume/v3/39dd51065ee3444fb808ac75eac7973a/group_types returned with HTTP 200
Jul 20 19:23:47.244735 dv-cinder-819149-14-iscsi devstack@c-api.service[110876]: [pid: 110876|app: 0|req: 5/10] 10.222.0.43 () {60 vars in 1266 bytes} [Wed Jul 20 19:23:47 2022] GET /volume/v3/39dd51065ee3444fb808ac75eac7973a/group_types => generated 497 bytes in 108 msecs (HTTP/1.1 200) 7 headers in 286 bytes (1 switches on core 0)
Jul 20 19:23:47.246731 dv-cinder-819149-14-iscsi devstack@c-api.service[110876]: DEBUG cinder.api.middleware.request_id [None req-1504799f-1714-4e40-9590-2b3b2acdccdf None None] RequestId filter calling following filter/app {{(pid=110876) _context_setter /opt/stack/cinder/cinder/api/middleware/request_id.py:62}}
Jul 20 19:23:47.251159 dv-cinder-819149-14-iscsi devstack@c-api.service[110876]: INFO cinder.api.openstack.wsgi [None req-1504799f-1714-4e40-9590-2b3b2acdccdf tempest-GroupsV320Test-1076402336 tempest-GroupsV320Test-1076402336-project-admin] POST http://10.222.0.43/volume/v3/e6a6f6eb1aa84ffab9ec5117df9e0f5b/group_types
Jul 20 19:23:47.252081 dv-cinder-819149-14-iscsi devstack@c-api.service[110876]: DEBUG cinder.api.openstack.wsgi [None req-1504799f-1714-4e40-9590-2b3b2acdccdf tempest-GroupsV320Test-1076402336 tempest-GroupsV320Test-1076402336-project-admin] Action: 'create', calling method: version_select, body: {"group_type": {"name": "tempest-GroupsV320Test-group-type-1880662980"}} {{(pid=110876) _process_stack /opt/stack/cinder/cinder/api/openstack/wsgi.py:866}}
Jul 20 19:23:47.252724 dv-cinder-819149-14-iscsi devstack@c-api.service[110877]: INFO cinder.api.openstack.wsgi [None req-46646756-d53e-4c27-835a-1efa4bbe6e43 tempest-GroupsTest-91304990 tempest-GroupsTest-91304990-project-admin] http://10.222.0.43/volume/v3/f537f6c99e3b495a829fe6f82150c8d0/types returned with HTTP 200
Jul 20 19:23:47.256868 dv-cinder-819149-14-iscsi devstack@c-api.service[110877]: [pid: 110877|app: 0|req: 6/11] 10.222.0.43 () {60 vars in 1228 bytes} [Wed Jul 20 19:23:47 2022] POST /volume/v3/f537f6c99e3b495a829fe6f82150c8d0/types => generated 215 bytes in 149 msecs (HTTP/1.1 200) 7 headers in 285 bytes (1 switches on core 0)
Jul 20 19:23:47.260005 dv-cinder-819149-14-iscsi devstack@c-api.service[110877]: DEBUG cinder.api.middleware.request_id [None req-d458c730-e1c7-46e5-b96a-ad96429f970e None None] RequestId filter calling following filter/app {{(pid=110877) _context_setter /opt/stack/cinder/cinder/api/middleware/request_id.py:62}}
Jul 20 19:23:47.276756 dv-cinder-819149-14-iscsi devstack@c-api.service[110877]: INFO cinder.api.openstack.wsgi [None req-d458c730-e1c7-46e5-b96a-ad96429f970e tempest-GroupTypesTest-52100127 tempest-GroupTypesTest-52100127-project-admin] PUT http://10.222.0.43/volume/v3/39dd51065ee3444fb808ac75eac7973a/group_types/3e1d8496-c3de-428b-b82a-a3c0e634cc1f
Jul 20 19:23:47.277612 dv-cinder-819149-14-iscsi devstack@c-api.service[110877]: DEBUG cinder.api.openstack.wsgi [None req-d458c730-e1c7-46e5-b96a-ad96429f970e tempest-GroupTypesTest-52100127 tempest-GroupTypesTest-52100127-project-admin] Action: 'update', calling method: version_select, body: {"group_type": {"name": "tempest-GroupTypesTest-updated-group-type-1577006358", "description": "updated-group-type-desc"}} {{(pid=110877) _process_stack /opt/stack/cinder/cinder/api/openstack/wsgi.py:866}}
Jul 20 19:23:47.309687 dv-cinder-819149-14-iscsi devstack@c-api.service[110876]: INFO cinder.api.openstack.wsgi [None req-1504799f-1714-4e40-9590-2b3b2acdccdf tempest-GroupsV320Test-1076402336 tempest-GroupsV320Test-1076402336-project-admin] http://10.222.0.43/volume/v3/e6a6f6eb1aa84ffab9ec5117df9e0f5b/group_types returned with HTTP 202
Jul 20 19:23:47.318980 dv-cinder-819149-14-iscsi devstack@c-api.service[110876]: [pid: 110876|app: 0|req: 6/12] 10.222.0.43 () {62 vars in 1287 bytes} [Wed Jul 20 19:23:47 2022] POST /volume/v3/e6a6f6eb1aa84ffab9ec5117df9e0f5b/group_types => generated 177 bytes in 73 msecs (HTTP/1.1 202) 7 headers in 292 bytes (1 switches on core 0)
Jul 20 19:23:47.321254 dv-cinder-819149-14-iscsi devstack@c-api.service[110876]: DEBUG cinder.api.middleware.request_id [None req-7621aa9f-e182-4542-9ec9-ae531adac5a4 None None] RequestId filter calling following filter/app {{(pid=110876) _context_setter /opt/stack/cinder/cinder/api/middleware/request_id.py:62}}
Jul 20 19:23:47.322956 dv-cinder-819149-14-iscsi devstack@c-api.service[110877]: INFO cinder.api.openstack.wsgi [None req-d458c730-e1c7-46e5-b96a-ad96429f970e tempest-GroupTypesTest-52100127 tempest-GroupTypesTest-52100127-project-admin] http://10.222.0.43/volume/v3/39dd51065ee3444fb808ac75eac7973a/group_types/3e1d8496-c3de-428b-b82a-a3c0e634cc1f returned with HTTP 200
Jul 20 19:23:47.328656 dv-cinder-819149-14-iscsi devstack@c-api.service[110876]: INFO cinder.api.openstack.wsgi [None req-7621aa9f-e182-4542-9ec9-ae531adac5a4 tempest-GroupsTest-91304990 tempest-GroupsTest-91304990-project-admin] POST http://10.222.0.43/volume/v3/f537f6c99e3b495a829fe6f82150c8d0/group_types
Jul 20 19:23:47.329460 dv-cinder-819149-14-iscsi devstack@c-api.service[110876]: DEBUG cinder.api.openstack.wsgi [None req-7621aa9f-e182-4542-9ec9-ae531adac5a4 tempest-GroupsTest-91304990 tempest-GroupsTest-91304990-project-admin] Action: 'create', calling method: version_select, body: {"group_type": {"name": "tempest-GroupsTest-group-type-110658185"}} {{(pid=110876) _process_stack /opt/stack/cinder/cinder/api/openstack/wsgi.py:866}}
Jul 20 19:23:47.355918 dv-cinder-819149-14-iscsi devstack@c-api.service[110877]: [pid: 110877|app: 0|req: 7/13] 10.222.0.43 () {62 vars in 1398 bytes} [Wed Jul 20 19:23:47 2022] PUT /volume/v3/39dd51065ee3444fb808ac75eac7973a/group_types/3e1d8496-c3de-428b-b82a-a3c0e634cc1f => generated 255 bytes in 98 msecs (HTTP/1.1 200) 7 headers in 286 bytes (1 switches on core 0)
Jul 20 19:23:47.358936 dv-cinder-819149-14-iscsi devstack@c-api.service[110877]: DEBUG cinder.api.middleware.request_id [None req-4f4299c0-0de0-4de0-b174-f7cc47911414 None None] RequestId filter calling following filter/app {{(pid=110877) _context_setter /opt/stack/cinder/cinder/api/middleware/request_id.py:62}}
Jul 20 19:23:47.379025 dv-cinder-819149-14-iscsi devstack@c-api.service[110876]: INFO cinder.api.openstack.wsgi [None req-7621aa9f-e182-4542-9ec9-ae531adac5a4 tempest-GroupsTest-91304990 tempest-GroupsTest-91304990-project-admin] http://10.222.0.43/volume/v3/f537f6c99e3b495a829fe6f82150c8d0/group_types returned with HTTP 202
Jul 20 19:23:47.379559 dv-cinder-819149-14-iscsi devstack@c-api.service[110876]: [pid: 110876|app: 0|req: 7/14] 10.222.0.43 () {62 vars in 1287 bytes} [Wed Jul 20 19:23:47 2022] POST /volume/v3/f537f6c99e3b495a829fe6f82150c8d0/group_types => generated 172 bytes in 60 msecs (HTTP/1.1 202) 7 headers in 292 bytes (1 switches on core 0)
Jul 20 19:23:47.402845 dv-cinder-819149-14-iscsi devstack@c-api.service[110876]: DEBUG cinder.api.middleware.request_id [None req-b37f7f7b-10e6-4761-b541-5dee97c88707 None None] RequestId filter calling following filter/app {{(pid=110876) _context_setter /opt/stack/cinder/cinder/api/middleware/request_id.py:62}}
Jul 20 19:23:47.425797 dv-cinder-819149-14-iscsi devstack@c-api.service[110876]: INFO cinder.api.openstack.wsgi [None req-b37f7f7b-10e6-4761-b541-5dee97c88707 tempest-GroupTypesTest-52100127 tempest-GroupTypesTest-52100127-project-admin] GET http://10.222.0.43/volume/v3/39dd51065ee3444fb808ac75eac7973a/group_types/3e1d8496-c3de-428b-b82a-a3c0e634cc1f
Jul 20 19:23:47.426322 dv-cinder-819149-14-iscsi devstack@c-api.service[110876]: DEBUG cinder.api.openstack.wsgi [None req-b37f7f7b-10e6-4761-b541-5dee97c88707 tempest-GroupTypesTest-52100127 tempest-GroupTypesTest-52100127-project-admin] Empty body provided in request {{(pid=110876) get_body /opt/stack/cinder/cinder/api/openstack/wsgi.py:715}}
Jul 20 19:23:47.426985 dv-cinder-819149-14-iscsi devstack@c-api.service[110876]: DEBUG cinder.api.openstack.wsgi [None req-b37f7f7b-10e6-4761-b541-5dee97c88707 tempest-GroupTypesTest-52100127 tempest-GroupTypesTest-52100127-project-admin] Calling method 'version_select' {{(pid=110876) _process_stack /opt/stack/cinder/cinder/api/openstack/wsgi.py:868}}
Jul 20 19:23:47.451544 dv-cinder-819149-14-iscsi devstack@c-api.service[110876]: INFO cinder.api.openstack.wsgi [None req-b37f7f7b-10e6-4761-b541-5dee97c88707 tempest-GroupTypesTest-52100127 tempest-GroupTypesTest-52100127-project-admin] http://10.222.0.43/volume/v3/39dd51065ee3444fb808ac75eac7973a/group_types/3e1d8496-c3de-428b-b82a-a3c0e634cc1f returned with HTTP 200
Jul 20 19:23:47.454388 dv-cinder-819149-14-iscsi devstack@c-api.service[110876]: [pid: 110876|app: 0|req: 8/15] 10.222.0.43 () {60 vars in 1377 bytes} [Wed Jul 20 19:23:47 2022] GET /volume/v3/39dd51065ee3444fb808ac75eac7973a/group_types/3e1d8496-c3de-428b-b82a-a3c0e634cc1f => generated 255 bytes in 59 msecs (HTTP/1.1 200) 7 headers in 286 bytes (1 switches on core 0)
Jul 20 19:23:47.462774 dv-cinder-819149-14-iscsi devstack@c-api.service[110876]: DEBUG cinder.api.middleware.request_id [None req-3b24c4df-b4c4-4127-b4fe-bf9452df0255 None None] RequestId filter calling following filter/app {{(pid=110876) _context_setter /opt/stack/cinder/cinder/api/middleware/request_id.py:62}}
Jul 20 19:23:47.671120 dv-cinder-819149-14-iscsi devstack@c-api.service[110877]: INFO cinder.api.openstack.wsgi [None req-4f4299c0-0de0-4de0-b174-f7cc47911414 tempest-GroupsV320Test-988679275 tempest-GroupsV320Test-988679275-project] POST http://10.222.0.43/volume/v3/4e6e5965bb1e4d8c8577134ce542a311/groups
Jul 20 19:23:47.671791 dv-cinder-819149-14-iscsi devstack@c-api.service[110877]: DEBUG cinder.api.openstack.wsgi [None req-4f4299c0-0de0-4de0-b174-f7cc47911414 tempest-GroupsV320Test-988679275 tempest-GroupsV320Test-988679275-project] Action: 'create', calling method: version_select, body: {"group": {"group_type": "f58ffd95-4c0f-49d7-b1c1-801a11ec0579", "volume_types": ["ef99172a-9563-4b57-b4b8-9342468a08f6"], "name": "tempest-GroupsV320Test-Group-232787577"}} {{(pid=110877) _process_stack /opt/stack/cinder/cinder/api/openstack/wsgi.py:866}}
Jul 20 19:23:47.672903 dv-cinder-819149-14-iscsi devstack@c-api.service[110877]: DEBUG cinder.api.v3.groups [None req-4f4299c0-0de0-4de0-b174-f7cc47911414 tempest-GroupsV320Test-988679275 tempest-GroupsV320Test-988679275-project] Creating new group {'group': {'group_type': 'f58ffd95-4c0f-49d7-b1c1-801a11ec0579', 'volume_types': ['ef99172a-9563-4b57-b4b8-9342468a08f6'], 'name': 'tempest-GroupsV320Test-Group-232787577'}} {{(pid=110877) create /opt/stack/cinder/cinder/api/v3/groups.py:190}}
Jul 20 19:23:47.696078 dv-cinder-819149-14-iscsi devstack@c-api.service[110877]: INFO cinder.api.v3.groups [None req-4f4299c0-0de0-4de0-b174-f7cc47911414 tempest-GroupsV320Test-988679275 tempest-GroupsV320Test-988679275-project] Creating group tempest-GroupsV320Test-Group-232787577.
Jul 20 19:23:47.745831 dv-cinder-819149-14-iscsi devstack@c-api.service[110877]: DEBUG cinder.volume.api [None req-4f4299c0-0de0-4de0-b174-f7cc47911414 tempest-GroupsV320Test-988679275 tempest-GroupsV320Test-988679275-project] Availability zone cache updated, next update will occur around 2022-07-20 20:23:47.744944. {{(pid=110877) list_availability_zones /opt/stack/cinder/cinder/volume/api.py:153}}
Jul 20 19:23:47.746385 dv-cinder-819149-14-iscsi devstack@c-api.service[110877]: INFO cinder.volume.api [None req-4f4299c0-0de0-4de0-b174-f7cc47911414 tempest-GroupsV320Test-988679275 tempest-GroupsV320Test-988679275-project] Availability Zones retrieved successfully.
Jul 20 19:23:47.769913 dv-cinder-819149-14-iscsi devstack@c-api.service[110876]: INFO cinder.api.openstack.wsgi [None req-3b24c4df-b4c4-4127-b4fe-bf9452df0255 tempest-GroupsTest-1498449574 tempest-GroupsTest-1498449574-project] POST http://10.222.0.43/volume/v3/b93ce1e7a02a4f8bb16d03d8c32c17bb/groups
Jul 20 19:23:47.770697 dv-cinder-819149-14-iscsi devstack@c-api.service[110876]: DEBUG cinder.api.openstack.wsgi [None req-3b24c4df-b4c4-4127-b4fe-bf9452df0255 tempest-GroupsTest-1498449574 tempest-GroupsTest-1498449574-project] Action: 'create', calling method: version_select, body: {"group": {"group_type": "0b698bd9-6572-4af0-a07b-97206f963591", "volume_types": ["664fc5ad-c583-45c0-9754-7c0fcf66ca7a"], "name": "tempest-Group1-638022176"}} {{(pid=110876) _process_stack /opt/stack/cinder/cinder/api/openstack/wsgi.py:866}}
Jul 20 19:23:47.771628 dv-cinder-819149-14-iscsi devstack@c-api.service[110876]: DEBUG cinder.api.v3.groups [None req-3b24c4df-b4c4-4127-b4fe-bf9452df0255 tempest-GroupsTest-1498449574 tempest-GroupsTest-1498449574-project] Creating new group {'group': {'group_type': '0b698bd9-6572-4af0-a07b-97206f963591', 'volume_types': ['664fc5ad-c583-45c0-9754-7c0fcf66ca7a'], 'name': 'tempest-Group1-638022176'}} {{(pid=110876) create /opt/stack/cinder/cinder/api/v3/groups.py:190}}
Jul 20 19:23:47.790022 dv-cinder-819149-14-iscsi devstack@c-api.service[110876]: INFO cinder.api.v3.groups [None req-3b24c4df-b4c4-4127-b4fe-bf9452df0255 tempest-GroupsTest-1498449574 tempest-GroupsTest-1498449574-project] Creating group tempest-Group1-638022176.
Jul 20 19:23:47.836107 dv-cinder-819149-14-iscsi devstack@c-api.service[110877]: DEBUG cinder.quota [None req-4f4299c0-0de0-4de0-b174-f7cc47911414 tempest-GroupsV320Test-988679275 tempest-GroupsV320Test-988679275-project] Created reservations ['352a32e3-da43-41f4-b274-0f8030a0333d'] {{(pid=110877) reserve /opt/stack/cinder/cinder/quota.py:755}}
Jul 20 19:23:47.843364 dv-cinder-819149-14-iscsi devstack@c-api.service[110876]: DEBUG cinder.volume.api [None req-3b24c4df-b4c4-4127-b4fe-bf9452df0255 tempest-GroupsTest-1498449574 tempest-GroupsTest-1498449574-project] Availability zone cache updated, next update will occur around 2022-07-20 20:23:47.842186. {{(pid=110876) list_availability_zones /opt/stack/cinder/cinder/volume/api.py:153}}
Jul 20 19:23:47.844070 dv-cinder-819149-14-iscsi devstack@c-api.service[110876]: INFO cinder.volume.api [None req-3b24c4df-b4c4-4127-b4fe-bf9452df0255 tempest-GroupsTest-1498449574 tempest-GroupsTest-1498449574-project] Availability Zones retrieved successfully.
Jul 20 19:23:47.961962 dv-cinder-819149-14-iscsi devstack@c-api.service[110876]: DEBUG cinder.quota [None req-3b24c4df-b4c4-4127-b4fe-bf9452df0255 tempest-GroupsTest-1498449574 tempest-GroupsTest-1498449574-project] Created reservations ['40e68fde-554f-4d56-a15c-6a5b9cd6fe15'] {{(pid=110876) reserve /opt/stack/cinder/cinder/quota.py:755}}
Jul 20 19:23:48.090944 dv-cinder-819149-14-iscsi devstack@c-api.service[110877]: INFO cinder.api.openstack.wsgi [None req-4f4299c0-0de0-4de0-b174-f7cc47911414 tempest-GroupsV320Test-988679275 tempest-GroupsV320Test-988679275-project] http://10.222.0.43/volume/v3/4e6e5965bb1e4d8c8577134ce542a311/groups returned with HTTP 202
Jul 20 19:23:48.099753 dv-cinder-819149-14-iscsi devstack@c-api.service[110877]: [pid: 110877|app: 0|req: 8/16] 10.222.0.43 () {62 vars in 1273 bytes} [Wed Jul 20 19:23:47 2022] POST /volume/v3/4e6e5965bb1e4d8c8577134ce542a311/groups => generated 107 bytes in 743 msecs (HTTP/1.1 202) 7 headers in 292 bytes (1 switches on core 0)
Jul 20 19:23:48.101516 dv-cinder-819149-14-iscsi devstack@c-api.service[110877]: DEBUG cinder.api.middleware.request_id [None req-6187d72a-9d94-4669-ae56-f3a9a1dd0f4d None None] RequestId filter calling following filter/app {{(pid=110877) _context_setter /opt/stack/cinder/cinder/api/middleware/request_id.py:62}}
Jul 20 19:23:48.105787 dv-cinder-819149-14-iscsi devstack@c-api.service[110877]: INFO cinder.api.openstack.wsgi [None req-6187d72a-9d94-4669-ae56-f3a9a1dd0f4d tempest-GroupTypesTest-52100127 tempest-GroupTypesTest-52100127-project-admin] DELETE http://10.222.0.43/volume/v3/39dd51065ee3444fb808ac75eac7973a/group_types/3e1d8496-c3de-428b-b82a-a3c0e634cc1f
Jul 20 19:23:48.106502 dv-cinder-819149-14-iscsi devstack@c-api.service[110877]: DEBUG cinder.api.openstack.wsgi [None req-6187d72a-9d94-4669-ae56-f3a9a1dd0f4d tempest-GroupTypesTest-52100127 tempest-GroupTypesTest-52100127-project-admin] Empty body provided in request {{(pid=110877) get_body /opt/stack/cinder/cinder/api/openstack/wsgi.py:715}}
Jul 20 19:23:48.107120 dv-cinder-819149-14-iscsi devstack@c-api.service[110877]: DEBUG cinder.api.openstack.wsgi [None req-6187d72a-9d94-4669-ae56-f3a9a1dd0f4d tempest-GroupTypesTest-52100127 tempest-GroupTypesTest-52100127-project-admin] Calling method 'version_select' {{(pid=110877) _process_stack /opt/stack/cinder/cinder/api/openstack/wsgi.py:868}}
Jul 20 19:23:48.107974 dv-cinder-819149-14-iscsi devstack@c-api.service[110877]: /usr/local/lib/python3.8/dist-packages/oslo_context/context.py:100: DeprecationWarning: Policy enforcement is depending on the value of is_admin. This key is deprecated. Please update your policy file to use the standard policy values.
Jul 20 19:23:48.107974 dv-cinder-819149-14-iscsi devstack@c-api.service[110877]: warnings.warn('Policy enforcement is depending on the value of '
Jul 20 19:23:48.175541 dv-cinder-819149-14-iscsi devstack@c-api.service[110877]: INFO cinder.api.openstack.wsgi [None req-6187d72a-9d94-4669-ae56-f3a9a1dd0f4d tempest-GroupTypesTest-52100127 tempest-GroupTypesTest-52100127-project-admin] http://10.222.0.43/volume/v3/39dd51065ee3444fb808ac75eac7973a/group_types/3e1d8496-c3de-428b-b82a-a3c0e634cc1f returned with HTTP 202
Jul 20 19:23:48.177001 dv-cinder-819149-14-iscsi devstack@c-api.service[110877]: [pid: 110877|app: 0|req: 9/17] 10.222.0.43 () {60 vars in 1380 bytes} [Wed Jul 20 19:23:48 2022] DELETE /volume/v3/39dd51065ee3444fb808ac75eac7973a/group_types/3e1d8496-c3de-428b-b82a-a3c0e634cc1f => generated 0 bytes in 76 msecs (HTTP/1.1 202) 6 headers in 234 bytes (1 switches on core 0)
Jul 20 19:23:48.178989 dv-cinder-819149-14-iscsi devstack@c-api.service[110877]: DEBUG cinder.api.middleware.request_id [None req-cef26900-0db2-40d8-af2e-5bce98e2653e None None] RequestId filter calling following filter/app {{(pid=110877) _context_setter /opt/stack/cinder/cinder/api/middleware/request_id.py:62}}
Jul 20 19:23:48.183437 dv-cinder-819149-14-iscsi devstack@c-api.service[110877]: INFO cinder.api.openstack.wsgi [None req-cef26900-0db2-40d8-af2e-5bce98e2653e tempest-GroupsV320Test-988679275 tempest-GroupsV320Test-988679275-project] GET http://10.222.0.43/volume/v3/4e6e5965bb1e4d8c8577134ce542a311/groups/8eced7a1-8770-49f5-a20f-cf1e8594e1cf
Jul 20 19:23:48.183956 dv-cinder-819149-14-iscsi devstack@c-api.service[110877]: DEBUG cinder.api.openstack.wsgi [None req-cef26900-0db2-40d8-af2e-5bce98e2653e tempest-GroupsV320Test-988679275 tempest-GroupsV320Test-988679275-project] Empty body provided in request {{(pid=110877) get_body /opt/stack/cinder/cinder/api/openstack/wsgi.py:715}}
Jul 20 19:23:48.184520 dv-cinder-819149-14-iscsi devstack@c-api.service[110877]: DEBUG cinder.api.openstack.wsgi [None req-cef26900-0db2-40d8-af2e-5bce98e2653e tempest-GroupsV320Test-988679275 tempest-GroupsV320Test-988679275-project] Calling method 'version_select' {{(pid=110877) _process_stack /opt/stack/cinder/cinder/api/openstack/wsgi.py:868}}
Jul 20 19:23:48.184868 dv-cinder-819149-14-iscsi devstack@c-api.service[110877]: DEBUG cinder.api.v3.groups [None req-cef26900-0db2-40d8-af2e-5bce98e2653e tempest-GroupsV320Test-988679275 tempest-GroupsV320Test-988679275-project] show called for member 8eced7a1-8770-49f5-a20f-cf1e8594e1cf {{(pid=110877) show /opt/stack/cinder/cinder/api/v3/groups.py:58}}
Jul 20 19:23:48.201772 dv-cinder-819149-14-iscsi devstack@c-api.service[110877]: /usr/local/lib/python3.8/dist-packages/oslo_context/context.py:100: DeprecationWarning: Policy enforcement is depending on the value of is_admin. This key is deprecated. Please update your policy file to use the standard policy values.
Jul 20 19:23:48.201772 dv-cinder-819149-14-iscsi devstack@c-api.service[110877]: warnings.warn('Policy enforcement is depending on the value of '
Jul 20 19:23:48.206585 dv-cinder-819149-14-iscsi devstack@c-api.service[110876]: INFO cinder.api.openstack.wsgi [None req-3b24c4df-b4c4-4127-b4fe-bf9452df0255 tempest-GroupsTest-1498449574 tempest-GroupsTest-1498449574-project] http://10.222.0.43/volume/v3/b93ce1e7a02a4f8bb16d03d8c32c17bb/groups returned with HTTP 202
Jul 20 19:23:48.213135 dv-cinder-819149-14-iscsi devstack@c-api.service[110876]: [pid: 110876|app: 0|req: 9/18] 10.222.0.43 () {62 vars in 1273 bytes} [Wed Jul 20 19:23:47 2022] POST /volume/v3/b93ce1e7a02a4f8bb16d03d8c32c17bb/groups => generated 93 bytes in 757 msecs (HTTP/1.1 202) 7 headers in 291 bytes (1 switches on core 0)
Jul 20 19:23:48.217901 dv-cinder-819149-14-iscsi devstack@c-api.service[110876]: DEBUG cinder.api.middleware.request_id [None req-cc421992-57dd-45ed-8ace-f181e9397a6a None None] RequestId filter calling following filter/app {{(pid=110876) _context_setter /opt/stack/cinder/cinder/api/middleware/request_id.py:62}}
Jul 20 19:23:48.224894 dv-cinder-819149-14-iscsi devstack@c-api.service[110876]: INFO cinder.api.openstack.wsgi [None req-cc421992-57dd-45ed-8ace-f181e9397a6a tempest-GroupTypesTest-52100127 tempest-GroupTypesTest-52100127-project-admin] GET http://10.222.0.43/volume/v3/39dd51065ee3444fb808ac75eac7973a/group_types
Jul 20 19:23:48.225711 dv-cinder-819149-14-iscsi devstack@c-api.service[110876]: DEBUG cinder.api.openstack.wsgi [None req-cc421992-57dd-45ed-8ace-f181e9397a6a tempest-GroupTypesTest-52100127 tempest-GroupTypesTest-52100127-project-admin] Empty body provided in request {{(pid=110876) get_body /opt/stack/cinder/cinder/api/openstack/wsgi.py:715}}
Jul 20 19:23:48.227768 dv-cinder-819149-14-iscsi devstack@c-api.service[110876]: DEBUG cinder.api.openstack.wsgi [None req-cc421992-57dd-45ed-8ace-f181e9397a6a tempest-GroupTypesTest-52100127 tempest-GroupTypesTest-52100127-project-admin] Calling method 'version_select' {{(pid=110876) _process_stack /opt/stack/cinder/cinder/api/openstack/wsgi.py:868}}
Jul 20 19:23:48.244664 dv-cinder-819149-14-iscsi devstack@c-api.service[110876]: /usr/local/lib/python3.8/dist-packages/oslo_context/context.py:100: DeprecationWarning: Policy enforcement is depending on the value of is_admin. This key is deprecated. Please update your policy file to use the standard policy values.
Jul 20 19:23:48.244664 dv-cinder-819149-14-iscsi devstack@c-api.service[110876]: warnings.warn('Policy enforcement is depending on the value of '
Jul 20 19:23:48.251336 dv-cinder-819149-14-iscsi devstack@c-api.service[110876]: INFO cinder.api.openstack.wsgi [None req-cc421992-57dd-45ed-8ace-f181e9397a6a tempest-GroupTypesTest-52100127 tempest-GroupTypesTest-52100127-project-admin] http://10.222.0.43/volume/v3/39dd51065ee3444fb808ac75eac7973a/group_types returned with HTTP 200
Jul 20 19:23:48.255962 dv-cinder-819149-14-iscsi devstack@c-api.service[110877]: INFO cinder.api.openstack.wsgi [None req-cef26900-0db2-40d8-af2e-5bce98e2653e tempest-GroupsV320Test-988679275 tempest-GroupsV320Test-988679275-project] http://10.222.0.43/volume/v3/4e6e5965bb1e4d8c8577134ce542a311/groups/8eced7a1-8770-49f5-a20f-cf1e8594e1cf returned with HTTP 200
Jul 20 19:23:48.256916 dv-cinder-819149-14-iscsi devstack@c-api.service[110877]: [pid: 110877|app: 0|req: 10/19] 10.222.0.43 () {60 vars in 1362 bytes} [Wed Jul 20 19:23:48 2022] GET /volume/v3/4e6e5965bb1e4d8c8577134ce542a311/groups/8eced7a1-8770-49f5-a20f-cf1e8594e1cf => generated 387 bytes in 79 msecs (HTTP/1.1 200) 7 headers in 286 bytes (1 switches on core 0)
Jul 20 19:23:48.257064 dv-cinder-819149-14-iscsi devstack@c-api.service[110876]: [pid: 110876|app: 0|req: 10/20] 10.222.0.43 () {60 vars in 1266 bytes} [Wed Jul 20 19:23:48 2022] GET /volume/v3/39dd51065ee3444fb808ac75eac7973a/group_types => generated 569 bytes in 42 msecs (HTTP/1.1 200) 7 headers in 286 bytes (1 switches on core 0)
Jul 20 19:23:48.265767 dv-cinder-819149-14-iscsi devstack@c-api.service[110876]: DEBUG cinder.api.middleware.request_id [None req-1c15c2ed-2b98-4350-9724-8255d627ce19 None None] RequestId filter calling following filter/app {{(pid=110876) _context_setter /opt/stack/cinder/cinder/api/middleware/request_id.py:62}}
Jul 20 19:23:48.273922 dv-cinder-819149-14-iscsi devstack@c-api.service[110877]: DEBUG cinder.api.middleware.request_id [None req-513b61d4-afab-47bb-82a0-5e8ed3a28525 None None] RequestId filter calling following filter/app {{(pid=110877) _context_setter /opt/stack/cinder/cinder/api/middleware/request_id.py:62}}
Jul 20 19:23:48.277587 dv-cinder-819149-14-iscsi devstack@c-api.service[110876]: INFO cinder.api.openstack.wsgi [None req-1c15c2ed-2b98-4350-9724-8255d627ce19 tempest-GroupTypesTest-52100127 tempest-GroupTypesTest-52100127-project-admin] POST http://10.222.0.43/volume/v3/39dd51065ee3444fb808ac75eac7973a/group_types
Jul 20 19:23:48.279287 dv-cinder-819149-14-iscsi devstack@c-api.service[110877]: INFO cinder.api.openstack.wsgi [None req-513b61d4-afab-47bb-82a0-5e8ed3a28525 tempest-GroupsTest-1498449574 tempest-GroupsTest-1498449574-project] GET http://10.222.0.43/volume/v3/b93ce1e7a02a4f8bb16d03d8c32c17bb/groups/7f769694-0eb6-4a6c-bc27-79864257d57c
Jul 20 19:23:48.279727 dv-cinder-819149-14-iscsi devstack@c-api.service[110877]: DEBUG cinder.api.openstack.wsgi [None req-513b61d4-afab-47bb-82a0-5e8ed3a28525 tempest-GroupsTest-1498449574 tempest-GroupsTest-1498449574-project] Empty body provided in request {{(pid=110877) get_body /opt/stack/cinder/cinder/api/openstack/wsgi.py:715}}
Jul 20 19:23:48.280493 dv-cinder-819149-14-iscsi devstack@c-api.service[110877]: DEBUG cinder.api.openstack.wsgi [None req-513b61d4-afab-47bb-82a0-5e8ed3a28525 tempest-GroupsTest-1498449574 tempest-GroupsTest-1498449574-project] Calling method 'version_select' {{(pid=110877) _process_stack /opt/stack/cinder/cinder/api/openstack/wsgi.py:868}}
Jul 20 19:23:48.280608 dv-cinder-819149-14-iscsi devstack@c-api.service[110877]: DEBUG cinder.api.v3.groups [None req-513b61d4-afab-47bb-82a0-5e8ed3a28525 tempest-GroupsTest-1498449574 tempest-GroupsTest-1498449574-project] show called for member 7f769694-0eb6-4a6c-bc27-79864257d57c {{(pid=110877) show /opt/stack/cinder/cinder/api/v3/groups.py:58}}
Jul 20 19:23:48.280889 dv-cinder-819149-14-iscsi devstack@c-api.service[110876]: DEBUG cinder.api.openstack.wsgi [None req-1c15c2ed-2b98-4350-9724-8255d627ce19 tempest-GroupTypesTest-52100127 tempest-GroupTypesTest-52100127-project-admin] Action: 'create', calling method: version_select, body: {"group_type": {"name": "a_tempest-group-type-2102607973", "is_public": true}} {{(pid=110876) _process_stack /opt/stack/cinder/cinder/api/openstack/wsgi.py:866}}
Jul 20 19:23:48.293058 dv-cinder-819149-14-iscsi devstack@c-api.service[110877]: /usr/local/lib/python3.8/dist-packages/oslo_context/context.py:100: DeprecationWarning: Policy enforcement is depending on the value of is_admin. This key is deprecated. Please update your policy file to use the standard policy values.
Jul 20 19:23:48.293058 dv-cinder-819149-14-iscsi devstack@c-api.service[110877]: warnings.warn('Policy enforcement is depending on the value of '
Jul 20 19:23:48.333524 dv-cinder-819149-14-iscsi devstack@c-api.service[110876]: INFO cinder.api.openstack.wsgi [None req-1c15c2ed-2b98-4350-9724-8255d627ce19 tempest-GroupTypesTest-52100127 tempest-GroupTypesTest-52100127-project-admin] http://10.222.0.43/volume/v3/39dd51065ee3444fb808ac75eac7973a/group_types returned with HTTP 202
Jul 20 19:23:48.338129 dv-cinder-819149-14-iscsi devstack@c-api.service[110877]: INFO cinder.api.openstack.wsgi [None req-513b61d4-afab-47bb-82a0-5e8ed3a28525 tempest-GroupsTest-1498449574 tempest-GroupsTest-1498449574-project] http://10.222.0.43/volume/v3/b93ce1e7a02a4f8bb16d03d8c32c17bb/groups/7f769694-0eb6-4a6c-bc27-79864257d57c returned with HTTP 200
Jul 20 19:23:48.339742 dv-cinder-819149-14-iscsi devstack@c-api.service[110876]: [pid: 110876|app: 0|req: 11/21] 10.222.0.43 () {62 vars in 1287 bytes} [Wed Jul 20 19:23:48 2022] POST /volume/v3/39dd51065ee3444fb808ac75eac7973a/group_types => generated 164 bytes in 75 msecs (HTTP/1.1 202) 7 headers in 292 bytes (1 switches on core 0)
