Jul 20 15:11:15.962515 dv-cinder-819149-12-smb devstack@keystone.service[80452]: DEBUG keystone.server.flask.request_processing.middleware.auth_context [None req-8acedc93-7005-478f-a027-b20067048332 None None] Authenticating user token {{(pid=80452) process_request /usr/local/lib/python3.8/dist-packages/keystonemiddleware/auth_token/__init__.py:407}}
Jul 20 15:11:15.963220 dv-cinder-819149-12-smb devstack@keystone.service[80451]: DEBUG keystone.server.flask.request_processing.middleware.auth_context [None req-e7453ae4-a4b3-4f37-a0b4-40b02b73692b None admin] Validating token access rules against request {{(pid=80451) validate_allowed_request /usr/local/lib/python3.8/dist-packages/keystonemiddleware/auth_token/__init__.py:545}}
Jul 20 15:11:16.012796 dv-cinder-819149-12-smb devstack@keystone.service[80451]: DEBUG keystone.server.flask.request_processing.middleware.auth_context [None req-1f525ff5-7e04-4a86-bca3-8e49abbc2e88 None admin] RBAC: auth_context: {'token': , 'domain_id': None, 'trust_id': None, 'trustor_id': None, 'trustee_id': None, 'domain_name': None, 'group_ids': [], 'user_id': '45390c2d5e85402a95796746fd244a1c', 'user_domain_id': 'default', 'system_scope': 'all', 'project_id': None, 'project_domain_id': None, 'roles': ['admin', 'member', 'reader'], 'is_admin_project': True, 'service_user_id': None, 'service_user_domain_id': None, 'service_project_id': None, 'service_project_domain_id': None, 'service_roles': []} {{(pid=80451) fill_context /opt/stack/keystone/keystone/server/flask/request_processing/middleware/auth_context.py:478}}
Jul 20 15:11:16.013766 dv-cinder-819149-12-smb devstack@keystone.service[80451]: DEBUG keystone.server.flask.request_processing.req_logging [None req-1f525ff5-7e04-4a86-bca3-8e49abbc2e88 None admin] REQUEST_METHOD: `GET` {{(pid=80451) log_request_info /opt/stack/keystone/keystone/server/flask/request_processing/req_logging.py:27}}
Jul 20 15:11:16.014229 dv-cinder-819149-12-smb devstack@keystone.service[80451]: DEBUG keystone.server.flask.request_processing.req_logging [None req-1f525ff5-7e04-4a86-bca3-8e49abbc2e88 None admin] SCRIPT_NAME: `/identity` {{(pid=80451) log_request_info /opt/stack/keystone/keystone/server/flask/request_processing/req_logging.py:28}}
Jul 20 15:11:16.014712 dv-cinder-819149-12-smb devstack@keystone.service[80451]: DEBUG keystone.server.flask.request_processing.req_logging [None req-1f525ff5-7e04-4a86-bca3-8e49abbc2e88 None admin] PATH_INFO: `/v3/role_assignments` {{(pid=80451) log_request_info /opt/stack/keystone/keystone/server/flask/request_processing/req_logging.py:29}}
Jul 20 15:11:16.016323 dv-cinder-819149-12-smb devstack@keystone.service[80451]: DEBUG keystone.common.rbac_enforcer.enforcer [None req-1f525ff5-7e04-4a86-bca3-8e49abbc2e88 None admin] RBAC: Adding query filter params (role.id=07579953b0b047439d17ec419622f802, scope.project.id=849a77e1da2d492b8607d4299a26579d, user.id=0b9212c71b04412099025338ef0121a8) {{(pid=80451) _extract_filter_values /opt/stack/keystone/keystone/common/rbac_enforcer/enforcer.py:167}}
Jul 20 15:11:16.016821 dv-cinder-819149-12-smb devstack@keystone.service[80451]: DEBUG keystone.common.rbac_enforcer.enforcer [None req-1f525ff5-7e04-4a86-bca3-8e49abbc2e88 None admin] RBAC: Authorizing `identity:list_role_assignments()` {{(pid=80451) enforce_call /opt/stack/keystone/keystone/common/rbac_enforcer/enforcer.py:449}}
Jul 20 15:11:16.019095 dv-cinder-819149-12-smb devstack@keystone.service[80451]: DEBUG keystone.common.rbac_enforcer.enforcer [None req-1f525ff5-7e04-4a86-bca3-8e49abbc2e88 None admin] RBAC: Authorization granted {{(pid=80451) enforce_call /opt/stack/keystone/keystone/common/rbac_enforcer/enforcer.py:457}}
Jul 20 15:11:16.027390 dv-cinder-819149-12-smb devstack@keystone.service[80451]: [pid: 80451|app: 0|req: 120/250] 10.222.0.87 () {56 vars in 1374 bytes} [Wed Jul 20 15:11:15 2022] GET /identity/v3/role_assignments?user.id=0b9212c71b04412099025338ef0121a8&scope.project.id=849a77e1da2d492b8607d4299a26579d&role.id=07579953b0b047439d17ec419622f802 => generated 259 bytes in 204 msecs (HTTP/1.1 200) 5 headers in 177 bytes (1 switches on core 0)
Jul 20 15:11:16.029186 dv-cinder-819149-12-smb devstack@keystone.service[80451]: DEBUG keystone.server.flask.request_processing.req_logging [None req-542c9253-2a98-4128-8f95-12ae9c50e04a None None] REQUEST_METHOD: `POST` {{(pid=80451) log_request_info /opt/stack/keystone/keystone/server/flask/request_processing/req_logging.py:27}}
Jul 20 15:11:16.029672 dv-cinder-819149-12-smb devstack@keystone.service[80451]: DEBUG keystone.server.flask.request_processing.req_logging [None req-542c9253-2a98-4128-8f95-12ae9c50e04a None None] SCRIPT_NAME: `/identity` {{(pid=80451) log_request_info /opt/stack/keystone/keystone/server/flask/request_processing/req_logging.py:28}}
Jul 20 15:11:16.030115 dv-cinder-819149-12-smb devstack@keystone.service[80451]: DEBUG keystone.server.flask.request_processing.req_logging [None req-542c9253-2a98-4128-8f95-12ae9c50e04a None None] PATH_INFO: `/v3/auth/tokens` {{(pid=80451) log_request_info /opt/stack/keystone/keystone/server/flask/request_processing/req_logging.py:29}}
Jul 20 15:11:16.051066 dv-cinder-819149-12-smb devstack@keystone.service[80451]: DEBUG keystone.auth.core [None req-542c9253-2a98-4128-8f95-12ae9c50e04a None None] MFA Rules not processed for user `45390c2d5e85402a95796746fd244a1c`. Rule list: `[]` (Enabled: `True`). {{(pid=80451) check_auth_methods_against_rules /opt/stack/keystone/keystone/auth/core.py:438}}
Jul 20 15:11:16.053344 dv-cinder-819149-12-smb devstack@keystone.service[80451]: DEBUG keystone.common.fernet_utils [None req-542c9253-2a98-4128-8f95-12ae9c50e04a None None] Loaded 2 Fernet keys from /etc/keystone/fernet-keys/, but `[fernet_tokens] max_active_keys = 3`; perhaps there have not been enough key rotations to reach `max_active_keys` yet? {{(pid=80451) load_keys /opt/stack/keystone/keystone/common/fernet_utils.py:286}}
Jul 20 15:11:16.078875 dv-cinder-819149-12-smb devstack@keystone.service[80452]: DEBUG dbcounter [-] [80452] Writing DB stats keystone:SELECT=100 {{(pid=80452) stat_writer /usr/local/lib/python3.8/dist-packages/dbcounter.py:114}}
Jul 20 15:11:16.084740 dv-cinder-819149-12-smb devstack@keystone.service[80451]: DEBUG dbcounter [-] [80451] Writing DB stats keystone:SELECT=100 {{(pid=80451) stat_writer /usr/local/lib/python3.8/dist-packages/dbcounter.py:114}}
Jul 20 15:11:16.149232 dv-cinder-819149-12-smb devstack@keystone.service[80452]: DEBUG keystone.server.flask.request_processing.middleware.auth_context [None req-8acedc93-7005-478f-a027-b20067048332 None None] Validating token access rules against request {{(pid=80452) validate_allowed_request /usr/local/lib/python3.8/dist-packages/keystonemiddleware/auth_token/__init__.py:545}}
Jul 20 15:11:16.151643 dv-cinder-819149-12-smb devstack@keystone.service[80451]: [pid: 80451|app: 0|req: 121/251] 10.222.0.87 () {58 vars in 1023 bytes} [Wed Jul 20 15:11:16 2022] POST /identity/v3/auth/tokens => generated 799 bytes in 123 msecs (HTTP/1.1 201) 6 headers in 363 bytes (1 switches on core 0)
Jul 20 15:11:16.209039 dv-cinder-819149-12-smb devstack@keystone.service[80452]: DEBUG keystone.server.flask.request_processing.middleware.auth_context [None req-2264ba12-1061-4445-ac5d-8292cb5eb24e None admin] RBAC: auth_context: {'token': , 'domain_id': None, 'trust_id': None, 'trustor_id': None, 'trustee_id': None, 'domain_name': None, 'group_ids': [], 'user_id': '45390c2d5e85402a95796746fd244a1c', 'user_domain_id': 'default', 'system_scope': 'all', 'project_id': None, 'project_domain_id': None, 'roles': ['admin', 'member', 'reader'], 'is_admin_project': True, 'service_user_id': None, 'service_user_domain_id': None, 'service_project_id': None, 'service_project_domain_id': None, 'service_roles': []} {{(pid=80452) fill_context /opt/stack/keystone/keystone/server/flask/request_processing/middleware/auth_context.py:478}}
Jul 20 15:11:16.209802 dv-cinder-819149-12-smb devstack@keystone.service[80452]: DEBUG keystone.server.flask.request_processing.req_logging [None req-2264ba12-1061-4445-ac5d-8292cb5eb24e None admin] REQUEST_METHOD: `GET` {{(pid=80452) log_request_info /opt/stack/keystone/keystone/server/flask/request_processing/req_logging.py:27}}
Jul 20 15:11:16.210109 dv-cinder-819149-12-smb devstack@keystone.service[80452]: DEBUG keystone.server.flask.request_processing.req_logging [None req-2264ba12-1061-4445-ac5d-8292cb5eb24e None admin] SCRIPT_NAME: `/identity` {{(pid=80452) log_request_info /opt/stack/keystone/keystone/server/flask/request_processing/req_logging.py:28}}
Jul 20 15:11:16.210376 dv-cinder-819149-12-smb devstack@keystone.service[80452]: DEBUG keystone.server.flask.request_processing.req_logging [None req-2264ba12-1061-4445-ac5d-8292cb5eb24e None admin] PATH_INFO: `/v3/roles` {{(pid=80452) log_request_info /opt/stack/keystone/keystone/server/flask/request_processing/req_logging.py:29}}
Jul 20 15:11:16.211171 dv-cinder-819149-12-smb devstack@keystone.service[80452]: DEBUG keystone.common.rbac_enforcer.enforcer [None req-2264ba12-1061-4445-ac5d-8292cb5eb24e None admin] RBAC: Adding query filter params (name=member) {{(pid=80452) _extract_filter_values /opt/stack/keystone/keystone/common/rbac_enforcer/enforcer.py:167}}
Jul 20 15:11:16.211484 dv-cinder-819149-12-smb devstack@keystone.service[80452]: DEBUG keystone.common.rbac_enforcer.enforcer [None req-2264ba12-1061-4445-ac5d-8292cb5eb24e None admin] RBAC: Authorizing `identity:list_roles()` {{(pid=80452) enforce_call /opt/stack/keystone/keystone/common/rbac_enforcer/enforcer.py:449}}
Jul 20 15:11:16.213102 dv-cinder-819149-12-smb devstack@keystone.service[80452]: DEBUG keystone.common.rbac_enforcer.enforcer [None req-2264ba12-1061-4445-ac5d-8292cb5eb24e None admin] RBAC: Authorization granted {{(pid=80452) enforce_call /opt/stack/keystone/keystone/common/rbac_enforcer/enforcer.py:457}}
Jul 20 15:11:16.229997 dv-cinder-819149-12-smb devstack@keystone.service[80452]: [pid: 80452|app: 0|req: 131/252] 10.222.0.87 () {56 vars in 1101 bytes} [Wed Jul 20 15:11:15 2022] GET /identity/v3/roles?name=member => generated 341 bytes in 268 msecs (HTTP/1.1 200) 5 headers in 177 bytes (1 switches on core 0)
Jul 20 15:11:16.235954 dv-cinder-819149-12-smb devstack@keystone.service[80451]: DEBUG keystone.server.flask.request_processing.middleware.auth_context [None req-542c9253-2a98-4128-8f95-12ae9c50e04a None None] Authenticating user token {{(pid=80451) process_request /usr/local/lib/python3.8/dist-packages/keystonemiddleware/auth_token/__init__.py:407}}
Jul 20 15:11:16.236497 dv-cinder-819149-12-smb devstack@keystone.service[80452]: DEBUG keystone.server.flask.request_processing.middleware.auth_context [None req-2264ba12-1061-4445-ac5d-8292cb5eb24e None admin] Authenticating user token {{(pid=80452) process_request /usr/local/lib/python3.8/dist-packages/keystonemiddleware/auth_token/__init__.py:407}}
Jul 20 15:11:16.430180 dv-cinder-819149-12-smb devstack@keystone.service[80452]: DEBUG keystone.server.flask.request_processing.middleware.auth_context [None req-2264ba12-1061-4445-ac5d-8292cb5eb24e None admin] Validating token access rules against request {{(pid=80452) validate_allowed_request /usr/local/lib/python3.8/dist-packages/keystonemiddleware/auth_token/__init__.py:545}}
Jul 20 15:11:16.430627 dv-cinder-819149-12-smb devstack@keystone.service[80451]: DEBUG keystone.server.flask.request_processing.middleware.auth_context [None req-542c9253-2a98-4128-8f95-12ae9c50e04a None None] Validating token access rules against request {{(pid=80451) validate_allowed_request /usr/local/lib/python3.8/dist-packages/keystonemiddleware/auth_token/__init__.py:545}}
Jul 20 15:11:16.475357 dv-cinder-819149-12-smb devstack@keystone.service[80452]: DEBUG keystone.server.flask.request_processing.middleware.auth_context [None req-d64e8fde-3d15-4e72-b43f-a55b44545511 None admin] RBAC: auth_context: {'token': , 'domain_id': None, 'trust_id': None, 'trustor_id': None, 'trustee_id': None, 'domain_name': None, 'group_ids': [], 'user_id': '45390c2d5e85402a95796746fd244a1c', 'user_domain_id': 'default', 'system_scope': 'all', 'project_id': None, 'project_domain_id': None, 'roles': ['admin', 'member', 'reader'], 'is_admin_project': True, 'service_user_id': None, 'service_user_domain_id': None, 'service_project_id': None, 'service_project_domain_id': None, 'service_roles': []} {{(pid=80452) fill_context /opt/stack/keystone/keystone/server/flask/request_processing/middleware/auth_context.py:478}}
Jul 20 15:11:16.476086 dv-cinder-819149-12-smb devstack@keystone.service[80452]: DEBUG keystone.server.flask.request_processing.req_logging [None req-d64e8fde-3d15-4e72-b43f-a55b44545511 None admin] REQUEST_METHOD: `GET` {{(pid=80452) log_request_info /opt/stack/keystone/keystone/server/flask/request_processing/req_logging.py:27}}
Jul 20 15:11:16.476373 dv-cinder-819149-12-smb devstack@keystone.service[80452]: DEBUG keystone.server.flask.request_processing.req_logging [None req-d64e8fde-3d15-4e72-b43f-a55b44545511 None admin] SCRIPT_NAME: `/identity` {{(pid=80452) log_request_info /opt/stack/keystone/keystone/server/flask/request_processing/req_logging.py:28}}
Jul 20 15:11:16.476649 dv-cinder-819149-12-smb devstack@keystone.service[80452]: DEBUG keystone.server.flask.request_processing.req_logging [None req-d64e8fde-3d15-4e72-b43f-a55b44545511 None admin] PATH_INFO: `/v3/roles/admin` {{(pid=80452) log_request_info /opt/stack/keystone/keystone/server/flask/request_processing/req_logging.py:29}}
Jul 20 15:11:16.479444 dv-cinder-819149-12-smb devstack@keystone.service[80452]: DEBUG dbcounter [-] [80452] Writing DB stats keystone:SELECT=100 {{(pid=80452) stat_writer /usr/local/lib/python3.8/dist-packages/dbcounter.py:114}}
Jul 20 15:11:16.480997 dv-cinder-819149-12-smb devstack@keystone.service[80451]: DEBUG keystone.server.flask.request_processing.middleware.auth_context [None req-ff2c28e3-af10-4b6b-b340-941700f8f540 None admin] RBAC: auth_context: {'token': , 'domain_id': None, 'trust_id': None, 'trustor_id': None, 'trustee_id': None, 'domain_name': None, 'group_ids': [], 'user_id': '45390c2d5e85402a95796746fd244a1c', 'user_domain_id': 'default', 'system_scope': 'all', 'project_id': None, 'project_domain_id': None, 'roles': ['admin', 'member', 'reader'], 'is_admin_project': True, 'service_user_id': None, 'service_user_domain_id': None, 'service_project_id': None, 'service_project_domain_id': None, 'service_roles': []} {{(pid=80451) fill_context /opt/stack/keystone/keystone/server/flask/request_processing/middleware/auth_context.py:478}}
Jul 20 15:11:16.481979 dv-cinder-819149-12-smb devstack@keystone.service[80451]: DEBUG keystone.server.flask.request_processing.req_logging [None req-ff2c28e3-af10-4b6b-b340-941700f8f540 None admin] REQUEST_METHOD: `GET` {{(pid=80451) log_request_info /opt/stack/keystone/keystone/server/flask/request_processing/req_logging.py:27}}
Jul 20 15:11:16.482264 dv-cinder-819149-12-smb devstack@keystone.service[80451]: DEBUG keystone.server.flask.request_processing.req_logging [None req-ff2c28e3-af10-4b6b-b340-941700f8f540 None admin] SCRIPT_NAME: `/identity` {{(pid=80451) log_request_info /opt/stack/keystone/keystone/server/flask/request_processing/req_logging.py:28}}
Jul 20 15:11:16.482544 dv-cinder-819149-12-smb devstack@keystone.service[80451]: DEBUG keystone.server.flask.request_processing.req_logging [None req-ff2c28e3-af10-4b6b-b340-941700f8f540 None admin] PATH_INFO: `/v3/users/1b27c6f8df6040cca881c0a4d5b1cf5c` {{(pid=80451) log_request_info /opt/stack/keystone/keystone/server/flask/request_processing/req_logging.py:29}}
Jul 20 15:11:16.488098 dv-cinder-819149-12-smb devstack@keystone.service[80451]: DEBUG keystone.common.rbac_enforcer.enforcer [None req-ff2c28e3-af10-4b6b-b340-941700f8f540 None admin] RBAC: Authorizing `identity:get_user(user_id=1b27c6f8df6040cca881c0a4d5b1cf5c)` {{(pid=80451) enforce_call /opt/stack/keystone/keystone/common/rbac_enforcer/enforcer.py:449}}
Jul 20 15:11:16.489462 dv-cinder-819149-12-smb devstack@keystone.service[80452]: DEBUG keystone.common.rbac_enforcer.enforcer [None req-d64e8fde-3d15-4e72-b43f-a55b44545511 None admin] Extracting inferred target data resulted in "NOT FOUND (404)". {{(pid=80452) enforce_call /opt/stack/keystone/keystone/common/rbac_enforcer/enforcer.py:409}}
Jul 20 15:11:16.509243 dv-cinder-819149-12-smb devstack@keystone.service[80451]: DEBUG keystone.common.rbac_enforcer.enforcer [None req-ff2c28e3-af10-4b6b-b340-941700f8f540 None admin] RBAC: Authorization granted {{(pid=80451) enforce_call /opt/stack/keystone/keystone/common/rbac_enforcer/enforcer.py:457}}
Jul 20 15:11:16.509243 dv-cinder-819149-12-smb devstack@keystone.service[80451]: [pid: 80451|app: 0|req: 122/253] 10.222.0.87 () {56 vars in 1177 bytes} [Wed Jul 20 15:11:16 2022] GET /identity/v3/users/1b27c6f8df6040cca881c0a4d5b1cf5c => generated 297 bytes in 261 msecs (HTTP/1.1 200) 5 headers in 177 bytes (1 switches on core 0)
Jul 20 15:11:16.509428 dv-cinder-819149-12-smb devstack@keystone.service[80452]: ERROR keystone.server.flask.application [None req-d64e8fde-3d15-4e72-b43f-a55b44545511 None admin] Could not find role: admin.: keystone.exception.RoleNotFound: Could not find role: admin.
Jul 20 15:11:16.509428 dv-cinder-819149-12-smb devstack@keystone.service[80452]: ERROR keystone.server.flask.application
Traceback (most recent call last):
Jul 20 15:11:16.509428 dv-cinder-819149-12-smb devstack@keystone.service[80452]: ERROR keystone.server.flask.application
File "/usr/local/lib/python3.8/dist-packages/flask/app.py", line 1523, in full_dispatch_request
Jul 20 15:11:16.509428 dv-cinder-819149-12-smb devstack@keystone.service[80452]: ERROR keystone.server.flask.application rv = self.dispatch_request()
Jul 20 15:11:16.509428 dv-cinder-819149-12-smb devstack@keystone.service[80452]: ERROR keystone.server.flask.application
File "/usr/local/lib/python3.8/dist-packages/flask/app.py", line 1509, in dispatch_request
Jul 20 15:11:16.509428 dv-cinder-819149-12-smb devstack@keystone.service[80452]: ERROR keystone.server.flask.application return self.ensure_sync(self.view_functions[rule.endpoint])(**req.view_args)
Jul 20 15:11:16.509428 dv-cinder-819149-12-smb devstack@keystone.service[80452]: ERROR keystone.server.flask.application
File "/usr/local/lib/python3.8/dist-packages/flask_restful/__init__.py", line 467, in wrapper
Jul 20 15:11:16.509428 dv-cinder-819149-12-smb devstack@keystone.service[80452]: ERROR keystone.server.flask.application resp = resource(*args, **kwargs)
Jul 20 15:11:16.509428 dv-cinder-819149-12-smb devstack@keystone.service[80452]: ERROR keystone.server.flask.application
File "/usr/local/lib/python3.8/dist-packages/flask/views.py", line 84, in view
Jul 20 15:11:16.509428 dv-cinder-819149-12-smb devstack@keystone.service[80452]: ERROR keystone.server.flask.application return current_app.ensure_sync(self.dispatch_request)(*args, **kwargs)
Jul 20 15:11:16.509428 dv-cinder-819149-12-smb devstack@keystone.service[80452]: ERROR keystone.server.flask.application
File "/usr/local/lib/python3.8/dist-packages/flask_restful/__init__.py", line 582, in dispatch_request
Jul 20 15:11:16.509428 dv-cinder-819149-12-smb devstack@keystone.service[80452]: ERROR keystone.server.flask.application resp = meth(*args, **kwargs)
Jul 20 15:11:16.509428 dv-cinder-819149-12-smb devstack@keystone.service[80452]: ERROR keystone.server.flask.application
File "/opt/stack/keystone/keystone/api/roles.py", line 50, in get
Jul 20 15:11:16.509428 dv-cinder-819149-12-smb devstack@keystone.service[80452]: ERROR keystone.server.flask.application return self._get_role(role_id)
Jul 20 15:11:16.509428 dv-cinder-819149-12-smb devstack@keystone.service[80452]: ERROR keystone.server.flask.application
File "/opt/stack/keystone/keystone/api/roles.py", line 70, in _get_role
Jul 20 15:11:16.509428 dv-cinder-819149-12-smb devstack@keystone.service[80452]: ERROR keystone.server.flask.application ENFORCER.enforce_call(action='identity:get_role')
Jul 20 15:11:16.510508 dv-cinder-819149-12-smb devstack@keystone.service[80452]: ERROR keystone.server.flask.application
File "/opt/stack/keystone/keystone/common/rbac_enforcer/enforcer.py", line 402, in enforce_call
Jul 20 15:11:16.510508 dv-cinder-819149-12-smb devstack@keystone.service[80452]: ERROR keystone.server.flask.application policy_dict.update(cls._extract_member_target_data(
Jul 20 15:11:16.510508 dv-cinder-819149-12-smb devstack@keystone.service[80452]: ERROR keystone.server.flask.application
File "/opt/stack/keystone/keystone/common/rbac_enforcer/enforcer.py", line 234, in _extract_member_target_data
Jul 20 15:11:16.510508 dv-cinder-819149-12-smb devstack@keystone.service[80452]: ERROR keystone.server.flask.application member_name: func(flask.request.view_args[key])
Jul 20 15:11:16.510508 dv-cinder-819149-12-smb devstack@keystone.service[80452]: ERROR keystone.server.flask.application
File "/opt/stack/keystone/keystone/common/manager.py", line 115, in wrapped
Jul 20 15:11:16.510508 dv-cinder-819149-12-smb devstack@keystone.service[80452]: ERROR keystone.server.flask.application __ret_val = __f(*args, **kwargs)
Jul 20 15:11:16.510508 dv-cinder-819149-12-smb devstack@keystone.service[80452]: ERROR keystone.server.flask.application
File "/usr/local/lib/python3.8/dist-packages/decorator.py", line 232, in fun
Jul 20 15:11:16.510508 dv-cinder-819149-12-smb devstack@keystone.service[80452]: ERROR keystone.server.flask.application return caller(func, *(extras + args), **kw)
Jul 20 15:11:16.510508 dv-cinder-819149-12-smb devstack@keystone.service[80452]: ERROR keystone.server.flask.application
File "/usr/local/lib/python3.8/dist-packages/dogpile/cache/region.py", line 1577, in get_or_create_for_user_func
Jul 20 15:11:16.510508 dv-cinder-819149-12-smb devstack@keystone.service[80452]: ERROR keystone.server.flask.application return self.get_or_create(
Jul 20 15:11:16.510508 dv-cinder-819149-12-smb devstack@keystone.service[80452]: ERROR keystone.server.flask.application
File "/usr/local/lib/python3.8/dist-packages/dogpile/cache/region.py", line 1042, in get_or_create
Jul 20 15:11:16.510508 dv-cinder-819149-12-smb devstack@keystone.service[80452]: ERROR keystone.server.flask.application with Lock(
Jul 20 15:11:16.510508 dv-cinder-819149-12-smb devstack@keystone.service[80452]: ERROR keystone.server.flask.application
File "/usr/local/lib/python3.8/dist-packages/dogpile/lock.py", line 185, in __enter__
Jul 20 15:11:16.510508 dv-cinder-819149-12-smb devstack@keystone.service[80452]: ERROR keystone.server.flask.application return self._enter()
Jul 20 15:11:16.510508 dv-cinder-819149-12-smb devstack@keystone.service[80452]: ERROR keystone.server.flask.application
File "/usr/local/lib/python3.8/dist-packages/dogpile/lock.py", line 94, in _enter
Jul 20 15:11:16.510508 dv-cinder-819149-12-smb devstack@keystone.service[80452]: ERROR keystone.server.flask.application generated = self._enter_create(value, createdtime)
Jul 20 15:11:16.511344 dv-cinder-819149-12-smb devstack@keystone.service[80452]: ERROR keystone.server.flask.application
File "/usr/local/lib/python3.8/dist-packages/dogpile/lock.py", line 178, in _enter_create
Jul 20 15:11:16.511344 dv-cinder-819149-12-smb devstack@keystone.service[80452]: ERROR keystone.server.flask.application return self.creator()
Jul 20 15:11:16.511344 dv-cinder-819149-12-smb devstack@keystone.service[80452]: ERROR keystone.server.flask.application
File "/usr/local/lib/python3.8/dist-packages/dogpile/cache/region.py", line 995, in gen_value
Jul 20 15:11:16.511344 dv-cinder-819149-12-smb devstack@keystone.service[80452]: ERROR keystone.server.flask.application created_value = creator(
Jul 20 15:11:16.511344 dv-cinder-819149-12-smb devstack@keystone.service[80452]: ERROR keystone.server.flask.application
File "/opt/stack/keystone/keystone/assignment/core.py", line 1276, in get_role
Jul 20 15:11:16.511344 dv-cinder-819149-12-smb devstack@keystone.service[80452]: ERROR keystone.server.flask.application return self.driver.get_role(role_id)
Jul 20 15:11:16.511344 dv-cinder-819149-12-smb devstack@keystone.service[80452]: ERROR keystone.server.flask.application
File "/opt/stack/keystone/keystone/assignment/role_backends/sql.py", line 70, in get_role
Jul 20 15:11:16.511344 dv-cinder-819149-12-smb devstack@keystone.service[80452]: ERROR keystone.server.flask.application return self._get_role(session, role_id).to_dict()
Jul 20 15:11:16.511344 dv-cinder-819149-12-smb devstack@keystone.service[80452]: ERROR keystone.server.flask.application
File "/opt/stack/keystone/keystone/assignment/role_backends/sql.py", line 65, in _get_role
Jul 20 15:11:16.511344 dv-cinder-819149-12-smb devstack@keystone.service[80452]: ERROR keystone.server.flask.application raise exception.RoleNotFound(role_id=role_id)
Jul 20 15:11:16.511344 dv-cinder-819149-12-smb devstack@keystone.service[80452]: ERROR keystone.server.flask.application keystone.exception.RoleNotFound: Could not find role: admin.
Jul 20 15:11:16.511344 dv-cinder-819149-12-smb devstack@keystone.service[80452]: ERROR keystone.server.flask.application
Jul 20 15:11:16.511945 dv-cinder-819149-12-smb devstack@keystone.service[80451]: DEBUG keystone.server.flask.request_processing.req_logging [None req-0ad24a93-3466-4509-92d3-fa37243e33cb None None] REQUEST_METHOD: `GET` {{(pid=80451) log_request_info /opt/stack/keystone/keystone/server/flask/request_processing/req_logging.py:27}}
Jul 20 15:11:16.511945 dv-cinder-819149-12-smb devstack@keystone.service[80451]: DEBUG keystone.server.flask.request_processing.req_logging [None req-0ad24a93-3466-4509-92d3-fa37243e33cb None None] SCRIPT_NAME: `/identity` {{(pid=80451) log_request_info /opt/stack/keystone/keystone/server/flask/request_processing/req_logging.py:28}}
Jul 20 15:11:16.511945 dv-cinder-819149-12-smb devstack@keystone.service[80451]: DEBUG keystone.server.flask.request_processing.req_logging [None req-0ad24a93-3466-4509-92d3-fa37243e33cb None None] PATH_INFO: `/` {{(pid=80451) log_request_info /opt/stack/keystone/keystone/server/flask/request_processing/req_logging.py:29}}
Jul 20 15:11:16.512126 dv-cinder-819149-12-smb devstack@keystone.service[80452]: [pid: 80452|app: 0|req: 132/254] 10.222.0.87 () {56 vars in 1096 bytes} [Wed Jul 20 15:11:16 2022] GET /identity/v3/roles/admin => generated 83 bytes in 263 msecs (HTTP/1.1 404) 5 headers in 183 bytes (2 switches on core 0)
Jul 20 15:11:16.512265 dv-cinder-819149-12-smb devstack@keystone.service[80451]: [pid: 80451|app: 0|req: 123/255] 10.222.0.87 () {54 vars in 926 bytes} [Wed Jul 20 15:11:16 2022] GET /identity => generated 270 bytes in 7 msecs (HTTP/1.1 300) 6 headers in 234 bytes (1 switches on core 0)
Jul 20 15:11:16.512339 dv-cinder-819149-12-smb devstack@keystone.service[80452]: DEBUG keystone.server.flask.request_processing.middleware.auth_context [None req-d64e8fde-3d15-4e72-b43f-a55b44545511 None admin] Authenticating user token {{(pid=80452) process_request /usr/local/lib/python3.8/dist-packages/keystonemiddleware/auth_token/__init__.py:407}}
Jul 20 15:11:16.512414 dv-cinder-819149-12-smb devstack@keystone.service[80451]: DEBUG keystone.server.flask.request_processing.middleware.auth_context [None req-0ad24a93-3466-4509-92d3-fa37243e33cb None None] Authenticating user token {{(pid=80451) process_request /usr/local/lib/python3.8/dist-packages/keystonemiddleware/auth_token/__init__.py:407}}
Jul 20 15:11:16.559931 dv-cinder-819149-12-smb devstack@keystone.service[80451]: DEBUG dbcounter [-] [80451] Writing DB stats keystone:SELECT=100 {{(pid=80451) stat_writer /usr/local/lib/python3.8/dist-packages/dbcounter.py:114}}
Jul 20 15:11:16.689169 dv-cinder-819149-12-smb devstack@keystone.service[80452]: DEBUG keystone.server.flask.request_processing.middleware.auth_context [None req-d64e8fde-3d15-4e72-b43f-a55b44545511 None admin] Validating token access rules against request {{(pid=80452) validate_allowed_request /usr/local/lib/python3.8/dist-packages/keystonemiddleware/auth_token/__init__.py:545}}
Jul 20 15:11:16.699973 dv-cinder-819149-12-smb devstack@keystone.service[80451]: DEBUG keystone.server.flask.request_processing.middleware.auth_context [None req-0ad24a93-3466-4509-92d3-fa37243e33cb None None] Validating token access rules against request {{(pid=80451) validate_allowed_request /usr/local/lib/python3.8/dist-packages/keystonemiddleware/auth_token/__init__.py:545}}
Jul 20 15:11:16.749056 dv-cinder-819149-12-smb devstack@keystone.service[80452]: DEBUG keystone.server.flask.request_processing.middleware.auth_context [None req-78dbdc34-dfc2-4081-b449-49bf260e3c9c None admin] RBAC: auth_context: {'token': , 'domain_id': None, 'trust_id': None, 'trustor_id': None, 'trustee_id': None, 'domain_name': None, 'group_ids': [], 'user_id': '45390c2d5e85402a95796746fd244a1c', 'user_domain_id': 'default', 'system_scope': 'all', 'project_id': None, 'project_domain_id': None, 'roles': ['admin', 'member', 'reader'], 'is_admin_project': True, 'service_user_id': None, 'service_user_domain_id': None, 'service_project_id': None, 'service_project_domain_id': None, 'service_roles': []} {{(pid=80452) fill_context /opt/stack/keystone/keystone/server/flask/request_processing/middleware/auth_context.py:478}}
Jul 20 15:11:16.750982 dv-cinder-819149-12-smb devstack@keystone.service[80452]: DEBUG keystone.server.flask.request_processing.req_logging [None req-78dbdc34-dfc2-4081-b449-49bf260e3c9c None admin] REQUEST_METHOD: `GET` {{(pid=80452) log_request_info /opt/stack/keystone/keystone/server/flask/request_processing/req_logging.py:27}}
Jul 20 15:11:16.751420 dv-cinder-819149-12-smb devstack@keystone.service[80452]: DEBUG keystone.server.flask.request_processing.req_logging [None req-78dbdc34-dfc2-4081-b449-49bf260e3c9c None admin] SCRIPT_NAME: `/identity` {{(pid=80452) log_request_info /opt/stack/keystone/keystone/server/flask/request_processing/req_logging.py:28}}
Jul 20 15:11:16.751844 dv-cinder-819149-12-smb devstack@keystone.service[80452]: DEBUG keystone.server.flask.request_processing.req_logging [None req-78dbdc34-dfc2-4081-b449-49bf260e3c9c None admin] PATH_INFO: `/v3/projects/849a77e1da2d492b8607d4299a26579d` {{(pid=80452) log_request_info /opt/stack/keystone/keystone/server/flask/request_processing/req_logging.py:29}}
Jul 20 15:11:16.753777 dv-cinder-819149-12-smb devstack@keystone.service[80452]: DEBUG keystone.common.rbac_enforcer.enforcer [None req-78dbdc34-dfc2-4081-b449-49bf260e3c9c None admin] RBAC: Authorizing `identity:get_project(project_id=849a77e1da2d492b8607d4299a26579d)` {{(pid=80452) enforce_call /opt/stack/keystone/keystone/common/rbac_enforcer/enforcer.py:449}}
Jul 20 15:11:16.755590 dv-cinder-819149-12-smb devstack@keystone.service[80452]: DEBUG keystone.common.rbac_enforcer.enforcer [None req-78dbdc34-dfc2-4081-b449-49bf260e3c9c None admin] RBAC: Authorization granted {{(pid=80452) enforce_call /opt/stack/keystone/keystone/common/rbac_enforcer/enforcer.py:457}}
Jul 20 15:11:16.757481 dv-cinder-819149-12-smb devstack@keystone.service[80452]: [pid: 80452|app: 0|req: 133/256] 10.222.0.87 () {56 vars in 1186 bytes} [Wed Jul 20 15:11:16 2022] GET /identity/v3/projects/849a77e1da2d492b8607d4299a26579d => generated 302 bytes in 254 msecs (HTTP/1.1 200) 5 headers in 177 bytes (1 switches on core 0)
Jul 20 15:11:16.758801 dv-cinder-819149-12-smb devstack@keystone.service[80452]: DEBUG keystone.server.flask.request_processing.req_logging [None req-7dc7cca9-429f-428d-9e67-62f7b747f550 None None] REQUEST_METHOD: `POST` {{(pid=80452) log_request_info /opt/stack/keystone/keystone/server/flask/request_processing/req_logging.py:27}}
Jul 20 15:11:16.759229 dv-cinder-819149-12-smb devstack@keystone.service[80452]: DEBUG keystone.server.flask.request_processing.req_logging [None req-7dc7cca9-429f-428d-9e67-62f7b747f550 None None] SCRIPT_NAME: `/identity` {{(pid=80452) log_request_info /opt/stack/keystone/keystone/server/flask/request_processing/req_logging.py:28}}
Jul 20 15:11:16.759740 dv-cinder-819149-12-smb devstack@keystone.service[80452]: DEBUG keystone.server.flask.request_processing.req_logging [None req-7dc7cca9-429f-428d-9e67-62f7b747f550 None None] PATH_INFO: `/v3/auth/tokens` {{(pid=80452) log_request_info /opt/stack/keystone/keystone/server/flask/request_processing/req_logging.py:29}}
Jul 20 15:11:16.762723 dv-cinder-819149-12-smb devstack@keystone.service[80451]: DEBUG keystone.server.flask.request_processing.middleware.auth_context [None req-cd25c120-6fa8-4f9e-8501-acadb64485e1 None admin] RBAC: auth_context: {'token': , 'domain_id': None, 'trust_id': None, 'trustor_id': None, 'trustee_id': None, 'domain_name': None, 'group_ids': [], 'user_id': '45390c2d5e85402a95796746fd244a1c', 'user_domain_id': 'default', 'system_scope': 'all', 'project_id': None, 'project_domain_id': None, 'roles': ['admin', 'member', 'reader'], 'is_admin_project': True, 'service_user_id': None, 'service_user_domain_id': None, 'service_project_id': None, 'service_project_domain_id': None, 'service_roles': []} {{(pid=80451) fill_context /opt/stack/keystone/keystone/server/flask/request_processing/middleware/auth_context.py:478}}
Jul 20 15:11:16.763673 dv-cinder-819149-12-smb devstack@keystone.service[80451]: DEBUG keystone.server.flask.request_processing.req_logging [None req-cd25c120-6fa8-4f9e-8501-acadb64485e1 None admin] REQUEST_METHOD: `GET` {{(pid=80451) log_request_info /opt/stack/keystone/keystone/server/flask/request_processing/req_logging.py:27}}
Jul 20 15:11:16.764157 dv-cinder-819149-12-smb devstack@keystone.service[80451]: DEBUG keystone.server.flask.request_processing.req_logging [None req-cd25c120-6fa8-4f9e-8501-acadb64485e1 None admin] SCRIPT_NAME: `/identity` {{(pid=80451) log_request_info /opt/stack/keystone/keystone/server/flask/request_processing/req_logging.py:28}}
Jul 20 15:11:16.764643 dv-cinder-819149-12-smb devstack@keystone.service[80451]: DEBUG keystone.server.flask.request_processing.req_logging [None req-cd25c120-6fa8-4f9e-8501-acadb64485e1 None admin] PATH_INFO: `/v3/roles` {{(pid=80451) log_request_info /opt/stack/keystone/keystone/server/flask/request_processing/req_logging.py:29}}
Jul 20 15:11:16.765703 dv-cinder-819149-12-smb devstack@keystone.service[80451]: DEBUG keystone.common.rbac_enforcer.enforcer [None req-cd25c120-6fa8-4f9e-8501-acadb64485e1 None admin] RBAC: Adding query filter params (name=admin) {{(pid=80451) _extract_filter_values /opt/stack/keystone/keystone/common/rbac_enforcer/enforcer.py:167}}
Jul 20 15:11:16.766211 dv-cinder-819149-12-smb devstack@keystone.service[80451]: DEBUG keystone.common.rbac_enforcer.enforcer [None req-cd25c120-6fa8-4f9e-8501-acadb64485e1 None admin] RBAC: Authorizing `identity:list_roles()` {{(pid=80451) enforce_call /opt/stack/keystone/keystone/common/rbac_enforcer/enforcer.py:449}}
Jul 20 15:11:16.767860 dv-cinder-819149-12-smb devstack@keystone.service[80451]: DEBUG keystone.common.rbac_enforcer.enforcer [None req-cd25c120-6fa8-4f9e-8501-acadb64485e1 None admin] RBAC: Authorization granted {{(pid=80451) enforce_call /opt/stack/keystone/keystone/common/rbac_enforcer/enforcer.py:457}}
Jul 20 15:11:16.783451 dv-cinder-819149-12-smb devstack@keystone.service[80451]: [pid: 80451|app: 0|req: 124/257] 10.222.0.87 () {56 vars in 1099 bytes} [Wed Jul 20 15:11:16 2022] GET /identity/v3/roles?name=admin => generated 339 bytes in 276 msecs (HTTP/1.1 200) 5 headers in 177 bytes (2 switches on core 0)
Jul 20 15:11:16.785330 dv-cinder-819149-12-smb devstack@keystone.service[80451]: DEBUG keystone.server.flask.request_processing.middleware.auth_context [None req-cd25c120-6fa8-4f9e-8501-acadb64485e1 None admin] Authenticating user token {{(pid=80451) process_request /usr/local/lib/python3.8/dist-packages/keystonemiddleware/auth_token/__init__.py:407}}
Jul 20 15:11:16.801766 dv-cinder-819149-12-smb devstack@keystone.service[80452]: DEBUG keystone.auth.core [None req-7dc7cca9-429f-428d-9e67-62f7b747f550 None None] MFA Rules not processed for user `45390c2d5e85402a95796746fd244a1c`. Rule list: `[]` (Enabled: `True`). {{(pid=80452) check_auth_methods_against_rules /opt/stack/keystone/keystone/auth/core.py:438}}
Jul 20 15:11:16.803301 dv-cinder-819149-12-smb devstack@keystone.service[80452]: DEBUG keystone.common.fernet_utils [None req-7dc7cca9-429f-428d-9e67-62f7b747f550 None None] Loaded 2 Fernet keys from /etc/keystone/fernet-keys/, but `[fernet_tokens] max_active_keys = 3`; perhaps there have not been enough key rotations to reach `max_active_keys` yet? {{(pid=80452) load_keys /opt/stack/keystone/keystone/common/fernet_utils.py:286}}
Jul 20 15:11:16.901681 dv-cinder-819149-12-smb devstack@keystone.service[80452]: DEBUG dbcounter [-] [80452] Writing DB stats keystone:SELECT=100 {{(pid=80452) stat_writer /usr/local/lib/python3.8/dist-packages/dbcounter.py:114}}
Jul 20 15:11:16.916948 dv-cinder-819149-12-smb devstack@keystone.service[80452]: [pid: 80452|app: 0|req: 134/258] 10.222.0.87 () {58 vars in 1023 bytes} [Wed Jul 20 15:11:16 2022] POST /identity/v3/auth/tokens => generated 799 bytes in 159 msecs (HTTP/1.1 201) 6 headers in 363 bytes (1 switches on core 0)
Jul 20 15:11:16.917795 dv-cinder-819149-12-smb devstack@keystone.service[80452]: DEBUG keystone.server.flask.request_processing.middleware.auth_context [None req-7dc7cca9-429f-428d-9e67-62f7b747f550 None None] Authenticating user token {{(pid=80452) process_request /usr/local/lib/python3.8/dist-packages/keystonemiddleware/auth_token/__init__.py:407}}
Jul 20 15:11:16.992711 dv-cinder-819149-12-smb devstack@keystone.service[80451]: DEBUG dbcounter [-] [80451] Writing DB stats keystone:SELECT=100 {{(pid=80451) stat_writer /usr/local/lib/python3.8/dist-packages/dbcounter.py:114}}
Jul 20 15:11:17.011409 dv-cinder-819149-12-smb devstack@keystone.service[80451]: DEBUG keystone.server.flask.request_processing.middleware.auth_context [None req-cd25c120-6fa8-4f9e-8501-acadb64485e1 None admin] Validating token access rules against request {{(pid=80451) validate_allowed_request /usr/local/lib/python3.8/dist-packages/keystonemiddleware/auth_token/__init__.py:545}}
Jul 20 15:11:17.052850 dv-cinder-819149-12-smb devstack@keystone.service[80451]: DEBUG keystone.server.flask.request_processing.middleware.auth_context [None req-e0296f76-0f3d-4a1c-aea6-244ee9b3ce35 None admin] RBAC: auth_context: {'token': , 'domain_id': None, 'trust_id': None, 'trustor_id': None, 'trustee_id': None, 'domain_name': None, 'group_ids': [], 'user_id': '45390c2d5e85402a95796746fd244a1c', 'user_domain_id': 'default', 'system_scope': 'all', 'project_id': None, 'project_domain_id': None, 'roles': ['admin', 'member', 'reader'], 'is_admin_project': True, 'service_user_id': None, 'service_user_domain_id': None, 'service_project_id': None, 'service_project_domain_id': None, 'service_roles': []} {{(pid=80451) fill_context /opt/stack/keystone/keystone/server/flask/request_processing/middleware/auth_context.py:478}}
Jul 20 15:11:17.054144 dv-cinder-819149-12-smb devstack@keystone.service[80451]: DEBUG keystone.server.flask.request_processing.req_logging [None req-e0296f76-0f3d-4a1c-aea6-244ee9b3ce35 None admin] REQUEST_METHOD: `PUT` {{(pid=80451) log_request_info /opt/stack/keystone/keystone/server/flask/request_processing/req_logging.py:27}}
Jul 20 15:11:17.054843 dv-cinder-819149-12-smb devstack@keystone.service[80451]: DEBUG keystone.server.flask.request_processing.req_logging [None req-e0296f76-0f3d-4a1c-aea6-244ee9b3ce35 None admin] SCRIPT_NAME: `/identity` {{(pid=80451) log_request_info /opt/stack/keystone/keystone/server/flask/request_processing/req_logging.py:28}}
Jul 20 15:11:17.056129 dv-cinder-819149-12-smb devstack@keystone.service[80451]: DEBUG keystone.server.flask.request_processing.req_logging [None req-e0296f76-0f3d-4a1c-aea6-244ee9b3ce35 None admin] PATH_INFO: `/v3/projects/849a77e1da2d492b8607d4299a26579d/users/1b27c6f8df6040cca881c0a4d5b1cf5c/roles/6ad1c431efee442b8f305d707b3adc85` {{(pid=80451) log_request_info /opt/stack/keystone/keystone/server/flask/request_processing/req_logging.py:29}}
Jul 20 15:11:17.062562 dv-cinder-819149-12-smb devstack@keystone.service[80451]: DEBUG keystone.common.rbac_enforcer.enforcer [None req-e0296f76-0f3d-4a1c-aea6-244ee9b3ce35 None admin] RBAC: Authorizing `identity:create_grant(project_id=849a77e1da2d492b8607d4299a26579d, user_id=1b27c6f8df6040cca881c0a4d5b1cf5c, role_id=6ad1c431efee442b8f305d707b3adc85)` {{(pid=80451) enforce_call /opt/stack/keystone/keystone/common/rbac_enforcer/enforcer.py:449}}
Jul 20 15:11:17.064285 dv-cinder-819149-12-smb devstack@keystone.service[80451]: DEBUG keystone.common.rbac_enforcer.enforcer [None req-e0296f76-0f3d-4a1c-aea6-244ee9b3ce35 None admin] RBAC: Authorization granted {{(pid=80451) enforce_call /opt/stack/keystone/keystone/common/rbac_enforcer/enforcer.py:457}}
Jul 20 15:11:17.095348 dv-cinder-819149-12-smb devstack@keystone.service[80452]: DEBUG keystone.server.flask.request_processing.middleware.auth_context [None req-7dc7cca9-429f-428d-9e67-62f7b747f550 None None] Validating token access rules against request {{(pid=80452) validate_allowed_request /usr/local/lib/python3.8/dist-packages/keystonemiddleware/auth_token/__init__.py:545}}
Jul 20 15:11:17.136648 dv-cinder-819149-12-smb devstack@keystone.service[80451]: [pid: 80451|app: 0|req: 125/259] 10.222.0.87 () {58 vars in 1439 bytes} [Wed Jul 20 15:11:16 2022] PUT /identity/v3/projects/849a77e1da2d492b8607d4299a26579d/users/1b27c6f8df6040cca881c0a4d5b1cf5c/roles/6ad1c431efee442b8f305d707b3adc85 => generated 0 bytes in 352 msecs (HTTP/1.1 204) 3 headers in 132 bytes (0 switches on core 0)
Jul 20 15:11:17.143967 dv-cinder-819149-12-smb devstack@keystone.service[80451]: DEBUG keystone.server.flask.request_processing.middleware.auth_context [None req-e0296f76-0f3d-4a1c-aea6-244ee9b3ce35 None admin] Authenticating user token {{(pid=80451) process_request /usr/local/lib/python3.8/dist-packages/keystonemiddleware/auth_token/__init__.py:407}}
Jul 20 15:11:17.157737 dv-cinder-819149-12-smb devstack@keystone.service[80452]: DEBUG keystone.server.flask.request_processing.middleware.auth_context [None req-be232135-77a5-4337-819e-92ffecfee1d3 None admin] RBAC: auth_context: {'token': , 'domain_id': None, 'trust_id': None, 'trustor_id': None, 'trustee_id': None, 'domain_name': None, 'group_ids': [], 'user_id': '45390c2d5e85402a95796746fd244a1c', 'user_domain_id': 'default', 'system_scope': 'all', 'project_id': None, 'project_domain_id': None, 'roles': ['admin', 'member', 'reader'], 'is_admin_project': True, 'service_user_id': None, 'service_user_domain_id': None, 'service_project_id': None, 'service_project_domain_id': None, 'service_roles': []} {{(pid=80452) fill_context /opt/stack/keystone/keystone/server/flask/request_processing/middleware/auth_context.py:478}}
Jul 20 15:11:17.163434 dv-cinder-819149-12-smb devstack@keystone.service[80452]: DEBUG keystone.server.flask.request_processing.req_logging [None req-be232135-77a5-4337-819e-92ffecfee1d3 None admin] REQUEST_METHOD: `GET` {{(pid=80452) log_request_info /opt/stack/keystone/keystone/server/flask/request_processing/req_logging.py:27}}
Jul 20 15:11:17.164134 dv-cinder-819149-12-smb devstack@keystone.service[80452]: DEBUG keystone.server.flask.request_processing.req_logging [None req-be232135-77a5-4337-819e-92ffecfee1d3 None admin] SCRIPT_NAME: `/identity` {{(pid=80452) log_request_info /opt/stack/keystone/keystone/server/flask/request_processing/req_logging.py:28}}
Jul 20 15:11:17.164866 dv-cinder-819149-12-smb devstack@keystone.service[80452]: DEBUG keystone.server.flask.request_processing.req_logging [None req-be232135-77a5-4337-819e-92ffecfee1d3 None admin] PATH_INFO: `/v3/users/fead379928ec48bd8668a1285a3dd831` {{(pid=80452) log_request_info /opt/stack/keystone/keystone/server/flask/request_processing/req_logging.py:29}}
Jul 20 15:11:17.168934 dv-cinder-819149-12-smb devstack@keystone.service[80452]: DEBUG keystone.common.rbac_enforcer.enforcer [None req-be232135-77a5-4337-819e-92ffecfee1d3 None admin] RBAC: Authorizing `identity:get_user(user_id=fead379928ec48bd8668a1285a3dd831)` {{(pid=80452) enforce_call /opt/stack/keystone/keystone/common/rbac_enforcer/enforcer.py:449}}
Jul 20 15:11:17.174672 dv-cinder-819149-12-smb devstack@keystone.service[80452]: DEBUG keystone.common.rbac_enforcer.enforcer [None req-be232135-77a5-4337-819e-92ffecfee1d3 None admin] RBAC: Authorization granted {{(pid=80452) enforce_call /opt/stack/keystone/keystone/common/rbac_enforcer/enforcer.py:457}}
Jul 20 15:11:17.183034 dv-cinder-819149-12-smb devstack@keystone.service[80452]: [pid: 80452|app: 0|req: 135/260] 10.222.0.87 () {56 vars in 1177 bytes} [Wed Jul 20 15:11:16 2022] GET /identity/v3/users/fead379928ec48bd8668a1285a3dd831 => generated 283 bytes in 261 msecs (HTTP/1.1 200) 5 headers in 177 bytes (1 switches on core 0)
Jul 20 15:11:17.184505 dv-cinder-819149-12-smb devstack@keystone.service[80452]: DEBUG keystone.server.flask.request_processing.middleware.auth_context [None req-be232135-77a5-4337-819e-92ffecfee1d3 None admin] Authenticating user token {{(pid=80452) process_request /usr/local/lib/python3.8/dist-packages/keystonemiddleware/auth_token/__init__.py:407}}
Jul 20 15:11:17.315792 dv-cinder-819149-12-smb devstack@keystone.service[80452]: DEBUG dbcounter [-] [80452] Writing DB stats keystone:SELECT=100 {{(pid=80452) stat_writer /usr/local/lib/python3.8/dist-packages/dbcounter.py:114}}
Jul 20 15:11:17.360753 dv-cinder-819149-12-smb devstack@keystone.service[80451]: DEBUG keystone.server.flask.request_processing.middleware.auth_context [None req-e0296f76-0f3d-4a1c-aea6-244ee9b3ce35 None admin] Validating token access rules against request {{(pid=80451) validate_allowed_request /usr/local/lib/python3.8/dist-packages/keystonemiddleware/auth_token/__init__.py:545}}
Jul 20 15:11:17.388957 dv-cinder-819149-12-smb devstack@keystone.service[80452]: DEBUG keystone.server.flask.request_processing.middleware.auth_context [None req-be232135-77a5-4337-819e-92ffecfee1d3 None admin] Validating token access rules against request {{(pid=80452) validate_allowed_request /usr/local/lib/python3.8/dist-packages/keystonemiddleware/auth_token/__init__.py:545}}
Jul 20 15:11:17.431918 dv-cinder-819149-12-smb devstack@keystone.service[80451]: DEBUG keystone.server.flask.request_processing.middleware.auth_context [None req-d4fce32d-2a23-4402-9c9c-74aa0746c4ab None admin] RBAC: auth_context: {'token': , 'domain_id': None, 'trust_id': None, 'trustor_id': None, 'trustee_id': None, 'domain_name': None, 'group_ids': [], 'user_id': '45390c2d5e85402a95796746fd244a1c', 'user_domain_id': 'default', 'system_scope': 'all', 'project_id': None, 'project_domain_id': None, 'roles': ['admin', 'member', 'reader'], 'is_admin_project': True, 'service_user_id': None, 'service_user_domain_id': None, 'service_project_id': None, 'service_project_domain_id': None, 'service_roles': []} {{(pid=80451) fill_context /opt/stack/keystone/keystone/server/flask/request_processing/middleware/auth_context.py:478}}
Jul 20 15:11:17.433550 dv-cinder-819149-12-smb devstack@keystone.service[80451]: DEBUG keystone.server.flask.request_processing.req_logging [None req-d4fce32d-2a23-4402-9c9c-74aa0746c4ab None admin] REQUEST_METHOD: `GET` {{(pid=80451) log_request_info /opt/stack/keystone/keystone/server/flask/request_processing/req_logging.py:27}}
Jul 20 15:11:17.434044 dv-cinder-819149-12-smb devstack@keystone.service[80451]: DEBUG keystone.server.flask.request_processing.req_logging [None req-d4fce32d-2a23-4402-9c9c-74aa0746c4ab None admin] SCRIPT_NAME: `/identity` {{(pid=80451) log_request_info /opt/stack/keystone/keystone/server/flask/request_processing/req_logging.py:28}}
Jul 20 15:11:17.434519 dv-cinder-819149-12-smb devstack@keystone.service[80451]: DEBUG keystone.server.flask.request_processing.req_logging [None req-d4fce32d-2a23-4402-9c9c-74aa0746c4ab None admin] PATH_INFO: `/v3/roles/anotherrole` {{(pid=80451) log_request_info /opt/stack/keystone/keystone/server/flask/request_processing/req_logging.py:29}}
Jul 20 15:11:17.452613 dv-cinder-819149-12-smb devstack@keystone.service[80452]: DEBUG keystone.server.flask.request_processing.middleware.auth_context [None req-71e9f26e-3b4c-4378-881e-cc6c32db1c4f None admin] RBAC: auth_context: {'token': , 'domain_id': None, 'trust_id': None, 'trustor_id': None, 'trustee_id': None, 'domain_name': None, 'group_ids': [], 'user_id': '45390c2d5e85402a95796746fd244a1c', 'user_domain_id': 'default', 'system_scope': 'all', 'project_id': None, 'project_domain_id': None, 'roles': ['admin', 'member', 'reader'], 'is_admin_project': True, 'service_user_id': None, 'service_user_domain_id': None, 'service_project_id': None, 'service_project_domain_id': None, 'service_roles': []} {{(pid=80452) fill_context /opt/stack/keystone/keystone/server/flask/request_processing/middleware/auth_context.py:478}}
Jul 20 15:11:17.455763 dv-cinder-819149-12-smb devstack@keystone.service[80452]: DEBUG keystone.server.flask.request_processing.req_logging [None req-71e9f26e-3b4c-4378-881e-cc6c32db1c4f None admin] REQUEST_METHOD: `GET` {{(pid=80452) log_request_info /opt/stack/keystone/keystone/server/flask/request_processing/req_logging.py:27}}
Jul 20 15:11:17.456824 dv-cinder-819149-12-smb devstack@keystone.service[80452]: DEBUG keystone.server.flask.request_processing.req_logging [None req-71e9f26e-3b4c-4378-881e-cc6c32db1c4f None admin] SCRIPT_NAME: `/identity` {{(pid=80452) log_request_info /opt/stack/keystone/keystone/server/flask/request_processing/req_logging.py:28}}
Jul 20 15:11:17.457556 dv-cinder-819149-12-smb devstack@keystone.service[80452]: DEBUG keystone.server.flask.request_processing.req_logging [None req-71e9f26e-3b4c-4378-881e-cc6c32db1c4f None admin] PATH_INFO: `/v3/auth/tokens` {{(pid=80452) log_request_info /opt/stack/keystone/keystone/server/flask/request_processing/req_logging.py:29}}
