Jul 20 13:33:19.568902 dv-cinder-819149-11-iscsi devstack@keystone.service[86829]: [pid: 86829|app: 0|req: 150/294] 10.222.0.17 () {56 vars in 1374 bytes} [Wed Jul 20 13:33:19 2022] GET /identity/v3/role_assignments?user.id=2889735d96ba4ce394e483ef80d6160e&scope.project.id=92f3e1feec5443f3b44652af1386f05d&role.id=eb9da8ce88ff4b8880fa8fb43b026333 => generated 608 bytes in 212 msecs (HTTP/1.1 200) 5 headers in 177 bytes (1 switches on core 0)
Jul 20 13:33:20.130827 dv-cinder-819149-11-iscsi devstack@keystone.service[86830]: DEBUG keystone.server.flask.request_processing.req_logging [None req-d209abcc-61f4-48c0-8282-33834e5835b6 None None] REQUEST_METHOD: `GET` {{(pid=86830) log_request_info /opt/stack/keystone/keystone/server/flask/request_processing/req_logging.py:27}}
Jul 20 13:33:20.131335 dv-cinder-819149-11-iscsi devstack@keystone.service[86830]: DEBUG keystone.server.flask.request_processing.req_logging [None req-d209abcc-61f4-48c0-8282-33834e5835b6 None None] SCRIPT_NAME: `/identity` {{(pid=86830) log_request_info /opt/stack/keystone/keystone/server/flask/request_processing/req_logging.py:28}}
Jul 20 13:33:20.131442 dv-cinder-819149-11-iscsi devstack@keystone.service[86830]: DEBUG keystone.server.flask.request_processing.req_logging [None req-d209abcc-61f4-48c0-8282-33834e5835b6 None None] PATH_INFO: `/` {{(pid=86830) log_request_info /opt/stack/keystone/keystone/server/flask/request_processing/req_logging.py:29}}
Jul 20 13:33:20.133046 dv-cinder-819149-11-iscsi devstack@keystone.service[86830]: [pid: 86830|app: 0|req: 145/295] 10.222.0.17 () {54 vars in 926 bytes} [Wed Jul 20 13:33:20 2022] GET /identity => generated 270 bytes in 3 msecs (HTTP/1.1 300) 6 headers in 234 bytes (1 switches on core 0)
Jul 20 13:33:20.138423 dv-cinder-819149-11-iscsi devstack@keystone.service[86829]: DEBUG keystone.server.flask.request_processing.req_logging [None req-4c7dfca8-158b-4814-a199-7501da27d43d None None] REQUEST_METHOD: `POST` {{(pid=86829) log_request_info /opt/stack/keystone/keystone/server/flask/request_processing/req_logging.py:27}}
Jul 20 13:33:20.139294 dv-cinder-819149-11-iscsi devstack@keystone.service[86829]: DEBUG keystone.server.flask.request_processing.req_logging [None req-4c7dfca8-158b-4814-a199-7501da27d43d None None] SCRIPT_NAME: `/identity` {{(pid=86829) log_request_info /opt/stack/keystone/keystone/server/flask/request_processing/req_logging.py:28}}
Jul 20 13:33:20.139770 dv-cinder-819149-11-iscsi devstack@keystone.service[86829]: DEBUG keystone.server.flask.request_processing.req_logging [None req-4c7dfca8-158b-4814-a199-7501da27d43d None None] PATH_INFO: `/v3/auth/tokens` {{(pid=86829) log_request_info /opt/stack/keystone/keystone/server/flask/request_processing/req_logging.py:29}}
Jul 20 13:33:20.160123 dv-cinder-819149-11-iscsi devstack@keystone.service[86829]: DEBUG keystone.auth.core [None req-4c7dfca8-158b-4814-a199-7501da27d43d None None] MFA Rules not processed for user `96c7a0c328d14b7db355b2f838b651cd`. Rule list: `[]` (Enabled: `True`). {{(pid=86829) check_auth_methods_against_rules /opt/stack/keystone/keystone/auth/core.py:438}}
Jul 20 13:33:20.161956 dv-cinder-819149-11-iscsi devstack@keystone.service[86829]: DEBUG keystone.common.fernet_utils [None req-4c7dfca8-158b-4814-a199-7501da27d43d None None] Loaded 2 Fernet keys from /etc/keystone/fernet-keys/, but `[fernet_tokens] max_active_keys = 3`; perhaps there have not been enough key rotations to reach `max_active_keys` yet? {{(pid=86829) load_keys /opt/stack/keystone/keystone/common/fernet_utils.py:286}}
Jul 20 13:33:20.193237 dv-cinder-819149-11-iscsi devstack@keystone.service[86829]: DEBUG dbcounter [-] [86829] Writing DB stats keystone:SELECT=100 {{(pid=86829) stat_writer /usr/local/lib/python3.8/dist-packages/dbcounter.py:114}}
Jul 20 13:33:20.253140 dv-cinder-819149-11-iscsi devstack@keystone.service[86830]: DEBUG keystone.server.flask.request_processing.req_logging [None req-a2c267ed-92d6-40de-9f02-3c1421e0845e None None] REQUEST_METHOD: `GET` {{(pid=86830) log_request_info /opt/stack/keystone/keystone/server/flask/request_processing/req_logging.py:27}}
Jul 20 13:33:20.253778 dv-cinder-819149-11-iscsi devstack@keystone.service[86830]: DEBUG keystone.server.flask.request_processing.req_logging [None req-a2c267ed-92d6-40de-9f02-3c1421e0845e None None] SCRIPT_NAME: `/identity` {{(pid=86830) log_request_info /opt/stack/keystone/keystone/server/flask/request_processing/req_logging.py:28}}
Jul 20 13:33:20.254257 dv-cinder-819149-11-iscsi devstack@keystone.service[86830]: DEBUG keystone.server.flask.request_processing.req_logging [None req-a2c267ed-92d6-40de-9f02-3c1421e0845e None None] PATH_INFO: `/` {{(pid=86830) log_request_info /opt/stack/keystone/keystone/server/flask/request_processing/req_logging.py:29}}
Jul 20 13:33:20.255959 dv-cinder-819149-11-iscsi devstack@keystone.service[86829]: [pid: 86829|app: 0|req: 151/296] 10.222.0.17 () {58 vars in 1023 bytes} [Wed Jul 20 13:33:20 2022] POST /identity/v3/auth/tokens => generated 799 bytes in 117 msecs (HTTP/1.1 201) 6 headers in 363 bytes (1 switches on core 0)
Jul 20 13:33:20.257371 dv-cinder-819149-11-iscsi devstack@keystone.service[86830]: [pid: 86830|app: 0|req: 146/297] 10.222.0.17 () {54 vars in 926 bytes} [Wed Jul 20 13:33:20 2022] GET /identity => generated 270 bytes in 5 msecs (HTTP/1.1 300) 6 headers in 234 bytes (1 switches on core 0)
Jul 20 13:33:20.262620 dv-cinder-819149-11-iscsi devstack@keystone.service[86829]: DEBUG keystone.server.flask.request_processing.req_logging [None req-86e70570-7508-4490-9069-1fc40e80c781 None None] REQUEST_METHOD: `POST` {{(pid=86829) log_request_info /opt/stack/keystone/keystone/server/flask/request_processing/req_logging.py:27}}
Jul 20 13:33:20.262917 dv-cinder-819149-11-iscsi devstack@keystone.service[86829]: DEBUG keystone.server.flask.request_processing.req_logging [None req-86e70570-7508-4490-9069-1fc40e80c781 None None] SCRIPT_NAME: `/identity` {{(pid=86829) log_request_info /opt/stack/keystone/keystone/server/flask/request_processing/req_logging.py:28}}
Jul 20 13:33:20.263200 dv-cinder-819149-11-iscsi devstack@keystone.service[86829]: DEBUG keystone.server.flask.request_processing.req_logging [None req-86e70570-7508-4490-9069-1fc40e80c781 None None] PATH_INFO: `/v3/auth/tokens` {{(pid=86829) log_request_info /opt/stack/keystone/keystone/server/flask/request_processing/req_logging.py:29}}
Jul 20 13:33:20.264097 dv-cinder-819149-11-iscsi devstack@keystone.service[86830]: DEBUG keystone.server.flask.request_processing.req_logging [None req-421d0919-7c98-4bde-bbe0-4ba6c4274146 None None] REQUEST_METHOD: `GET` {{(pid=86830) log_request_info /opt/stack/keystone/keystone/server/flask/request_processing/req_logging.py:27}}
Jul 20 13:33:20.264625 dv-cinder-819149-11-iscsi devstack@keystone.service[86830]: DEBUG keystone.server.flask.request_processing.req_logging [None req-421d0919-7c98-4bde-bbe0-4ba6c4274146 None None] SCRIPT_NAME: `/identity` {{(pid=86830) log_request_info /opt/stack/keystone/keystone/server/flask/request_processing/req_logging.py:28}}
Jul 20 13:33:20.265110 dv-cinder-819149-11-iscsi devstack@keystone.service[86830]: DEBUG keystone.server.flask.request_processing.req_logging [None req-421d0919-7c98-4bde-bbe0-4ba6c4274146 None None] PATH_INFO: `/` {{(pid=86830) log_request_info /opt/stack/keystone/keystone/server/flask/request_processing/req_logging.py:29}}
Jul 20 13:33:20.269731 dv-cinder-819149-11-iscsi devstack@keystone.service[86830]: [pid: 86830|app: 0|req: 147/298] 10.222.0.17 () {54 vars in 926 bytes} [Wed Jul 20 13:33:20 2022] GET /identity => generated 270 bytes in 4 msecs (HTTP/1.1 300) 6 headers in 234 bytes (1 switches on core 0)
Jul 20 13:33:20.271643 dv-cinder-819149-11-iscsi devstack@keystone.service[86830]: DEBUG keystone.server.flask.request_processing.req_logging [None req-7766a004-c4ed-4e91-b02d-ab6ad2d932e2 None None] REQUEST_METHOD: `POST` {{(pid=86830) log_request_info /opt/stack/keystone/keystone/server/flask/request_processing/req_logging.py:27}}
Jul 20 13:33:20.272127 dv-cinder-819149-11-iscsi devstack@keystone.service[86830]: DEBUG keystone.server.flask.request_processing.req_logging [None req-7766a004-c4ed-4e91-b02d-ab6ad2d932e2 None None] SCRIPT_NAME: `/identity` {{(pid=86830) log_request_info /opt/stack/keystone/keystone/server/flask/request_processing/req_logging.py:28}}
Jul 20 13:33:20.272601 dv-cinder-819149-11-iscsi devstack@keystone.service[86830]: DEBUG keystone.server.flask.request_processing.req_logging [None req-7766a004-c4ed-4e91-b02d-ab6ad2d932e2 None None] PATH_INFO: `/v3/auth/tokens` {{(pid=86830) log_request_info /opt/stack/keystone/keystone/server/flask/request_processing/req_logging.py:29}}
Jul 20 13:33:20.282690 dv-cinder-819149-11-iscsi devstack@keystone.service[86829]: DEBUG keystone.auth.core [None req-86e70570-7508-4490-9069-1fc40e80c781 None None] MFA Rules not processed for user `96c7a0c328d14b7db355b2f838b651cd`. Rule list: `[]` (Enabled: `True`). {{(pid=86829) check_auth_methods_against_rules /opt/stack/keystone/keystone/auth/core.py:438}}
Jul 20 13:33:20.283888 dv-cinder-819149-11-iscsi devstack@keystone.service[86829]: DEBUG keystone.common.fernet_utils [None req-86e70570-7508-4490-9069-1fc40e80c781 None None] Loaded 2 Fernet keys from /etc/keystone/fernet-keys/, but `[fernet_tokens] max_active_keys = 3`; perhaps there have not been enough key rotations to reach `max_active_keys` yet? {{(pid=86829) load_keys /opt/stack/keystone/keystone/common/fernet_utils.py:286}}
Jul 20 13:33:20.296473 dv-cinder-819149-11-iscsi devstack@keystone.service[86830]: DEBUG keystone.auth.core [None req-7766a004-c4ed-4e91-b02d-ab6ad2d932e2 None None] MFA Rules not processed for user `96c7a0c328d14b7db355b2f838b651cd`. Rule list: `[]` (Enabled: `True`). {{(pid=86830) check_auth_methods_against_rules /opt/stack/keystone/keystone/auth/core.py:438}}
Jul 20 13:33:20.297814 dv-cinder-819149-11-iscsi devstack@keystone.service[86830]: DEBUG keystone.common.fernet_utils [None req-7766a004-c4ed-4e91-b02d-ab6ad2d932e2 None None] Loaded 2 Fernet keys from /etc/keystone/fernet-keys/, but `[fernet_tokens] max_active_keys = 3`; perhaps there have not been enough key rotations to reach `max_active_keys` yet? {{(pid=86830) load_keys /opt/stack/keystone/keystone/common/fernet_utils.py:286}}
Jul 20 13:33:20.360353 dv-cinder-819149-11-iscsi devstack@keystone.service[86829]: [pid: 86829|app: 0|req: 152/299] 10.222.0.17 () {58 vars in 1023 bytes} [Wed Jul 20 13:33:20 2022] POST /identity/v3/auth/tokens => generated 799 bytes in 99 msecs (HTTP/1.1 201) 6 headers in 363 bytes (1 switches on core 0)
Jul 20 13:33:20.360753 dv-cinder-819149-11-iscsi devstack@keystone.service[86830]: DEBUG dbcounter [-] [86830] Writing DB stats keystone:INSERT=1,keystone:SELECT=99 {{(pid=86830) stat_writer /usr/local/lib/python3.8/dist-packages/dbcounter.py:114}}
Jul 20 13:33:20.361533 dv-cinder-819149-11-iscsi devstack@keystone.service[86829]: DEBUG keystone.server.flask.request_processing.middleware.auth_context [None req-86e70570-7508-4490-9069-1fc40e80c781 None None] Authenticating user token {{(pid=86829) process_request /usr/local/lib/python3.8/dist-packages/keystonemiddleware/auth_token/__init__.py:407}}
Jul 20 13:33:20.379436 dv-cinder-819149-11-iscsi devstack@keystone.service[86830]: [pid: 86830|app: 0|req: 148/300] 10.222.0.17 () {58 vars in 1023 bytes} [Wed Jul 20 13:33:20 2022] POST /identity/v3/auth/tokens => generated 799 bytes in 108 msecs (HTTP/1.1 201) 6 headers in 363 bytes (1 switches on core 0)
Jul 20 13:33:20.381175 dv-cinder-819149-11-iscsi devstack@keystone.service[86830]: DEBUG keystone.server.flask.request_processing.middleware.auth_context [None req-7766a004-c4ed-4e91-b02d-ab6ad2d932e2 None None] Authenticating user token {{(pid=86830) process_request /usr/local/lib/python3.8/dist-packages/keystonemiddleware/auth_token/__init__.py:407}}
Jul 20 13:33:20.462176 dv-cinder-819149-11-iscsi devstack@keystone.service[86829]: DEBUG dbcounter [-] [86829] Writing DB stats keystone:SELECT=100 {{(pid=86829) stat_writer /usr/local/lib/python3.8/dist-packages/dbcounter.py:114}}
Jul 20 13:33:20.473546 dv-cinder-819149-11-iscsi devstack@keystone.service[86829]: DEBUG keystone.server.flask.request_processing.middleware.auth_context [None req-86e70570-7508-4490-9069-1fc40e80c781 None None] Validating token access rules against request {{(pid=86829) validate_allowed_request /usr/local/lib/python3.8/dist-packages/keystonemiddleware/auth_token/__init__.py:545}}
Jul 20 13:33:20.507528 dv-cinder-819149-11-iscsi devstack@keystone.service[86830]: DEBUG keystone.server.flask.request_processing.middleware.auth_context [None req-7766a004-c4ed-4e91-b02d-ab6ad2d932e2 None None] Validating token access rules against request {{(pid=86830) validate_allowed_request /usr/local/lib/python3.8/dist-packages/keystonemiddleware/auth_token/__init__.py:545}}
Jul 20 13:33:20.509738 dv-cinder-819149-11-iscsi devstack@keystone.service[86829]: DEBUG keystone.server.flask.request_processing.middleware.auth_context [None req-5e022820-90a2-4e35-bb35-8f75e5e6e26c None admin] RBAC: auth_context: {'token': , 'domain_id': None, 'trust_id': None, 'trustor_id': None, 'trustee_id': None, 'domain_name': None, 'group_ids': [], 'user_id': '96c7a0c328d14b7db355b2f838b651cd', 'user_domain_id': 'default', 'system_scope': 'all', 'project_id': None, 'project_domain_id': None, 'roles': ['admin', 'member', 'reader'], 'is_admin_project': True, 'service_user_id': None, 'service_user_domain_id': None, 'service_project_id': None, 'service_project_domain_id': None, 'service_roles': []} {{(pid=86829) fill_context /opt/stack/keystone/keystone/server/flask/request_processing/middleware/auth_context.py:478}}
Jul 20 13:33:20.510679 dv-cinder-819149-11-iscsi devstack@keystone.service[86829]: DEBUG keystone.server.flask.request_processing.req_logging [None req-5e022820-90a2-4e35-bb35-8f75e5e6e26c None admin] REQUEST_METHOD: `GET` {{(pid=86829) log_request_info /opt/stack/keystone/keystone/server/flask/request_processing/req_logging.py:27}}
Jul 20 13:33:20.517368 dv-cinder-819149-11-iscsi devstack@keystone.service[86829]: DEBUG keystone.server.flask.request_processing.req_logging [None req-5e022820-90a2-4e35-bb35-8f75e5e6e26c None admin] SCRIPT_NAME: `/identity` {{(pid=86829) log_request_info /opt/stack/keystone/keystone/server/flask/request_processing/req_logging.py:28}}
Jul 20 13:33:20.517704 dv-cinder-819149-11-iscsi devstack@keystone.service[86829]: DEBUG keystone.server.flask.request_processing.req_logging [None req-5e022820-90a2-4e35-bb35-8f75e5e6e26c None admin] PATH_INFO: `/v3/roles/member` {{(pid=86829) log_request_info /opt/stack/keystone/keystone/server/flask/request_processing/req_logging.py:29}}
Jul 20 13:33:20.528904 dv-cinder-819149-11-iscsi devstack@keystone.service[86829]: DEBUG keystone.common.rbac_enforcer.enforcer [None req-5e022820-90a2-4e35-bb35-8f75e5e6e26c None admin] Extracting inferred target data resulted in "NOT FOUND (404)". {{(pid=86829) enforce_call /opt/stack/keystone/keystone/common/rbac_enforcer/enforcer.py:409}}
Jul 20 13:33:20.536793 dv-cinder-819149-11-iscsi devstack@keystone.service[86829]: ERROR keystone.server.flask.application [None req-5e022820-90a2-4e35-bb35-8f75e5e6e26c None admin] Could not find role: member.: keystone.exception.RoleNotFound: Could not find role: member.
Jul 20 13:33:20.536793 dv-cinder-819149-11-iscsi devstack@keystone.service[86829]: ERROR keystone.server.flask.application
Traceback (most recent call last):
Jul 20 13:33:20.536793 dv-cinder-819149-11-iscsi devstack@keystone.service[86829]: ERROR keystone.server.flask.application
File "/usr/local/lib/python3.8/dist-packages/flask/app.py", line 1523, in full_dispatch_request
Jul 20 13:33:20.536793 dv-cinder-819149-11-iscsi devstack@keystone.service[86829]: ERROR keystone.server.flask.application rv = self.dispatch_request()
Jul 20 13:33:20.536793 dv-cinder-819149-11-iscsi devstack@keystone.service[86829]: ERROR keystone.server.flask.application
File "/usr/local/lib/python3.8/dist-packages/flask/app.py", line 1509, in dispatch_request
Jul 20 13:33:20.536793 dv-cinder-819149-11-iscsi devstack@keystone.service[86829]: ERROR keystone.server.flask.application return self.ensure_sync(self.view_functions[rule.endpoint])(**req.view_args)
Jul 20 13:33:20.536793 dv-cinder-819149-11-iscsi devstack@keystone.service[86829]: ERROR keystone.server.flask.application
File "/usr/local/lib/python3.8/dist-packages/flask_restful/__init__.py", line 467, in wrapper
Jul 20 13:33:20.536793 dv-cinder-819149-11-iscsi devstack@keystone.service[86829]: ERROR keystone.server.flask.application resp = resource(*args, **kwargs)
Jul 20 13:33:20.536793 dv-cinder-819149-11-iscsi devstack@keystone.service[86829]: ERROR keystone.server.flask.application
File "/usr/local/lib/python3.8/dist-packages/flask/views.py", line 84, in view
Jul 20 13:33:20.536793 dv-cinder-819149-11-iscsi devstack@keystone.service[86829]: ERROR keystone.server.flask.application return current_app.ensure_sync(self.dispatch_request)(*args, **kwargs)
Jul 20 13:33:20.536793 dv-cinder-819149-11-iscsi devstack@keystone.service[86829]: ERROR keystone.server.flask.application
File "/usr/local/lib/python3.8/dist-packages/flask_restful/__init__.py", line 582, in dispatch_request
Jul 20 13:33:20.536793 dv-cinder-819149-11-iscsi devstack@keystone.service[86829]: ERROR keystone.server.flask.application resp = meth(*args, **kwargs)
Jul 20 13:33:20.536793 dv-cinder-819149-11-iscsi devstack@keystone.service[86829]: ERROR keystone.server.flask.application
File "/opt/stack/keystone/keystone/api/roles.py", line 50, in get
Jul 20 13:33:20.536793 dv-cinder-819149-11-iscsi devstack@keystone.service[86829]: ERROR keystone.server.flask.application return self._get_role(role_id)
Jul 20 13:33:20.536793 dv-cinder-819149-11-iscsi devstack@keystone.service[86829]: ERROR keystone.server.flask.application
File "/opt/stack/keystone/keystone/api/roles.py", line 70, in _get_role
Jul 20 13:33:20.536793 dv-cinder-819149-11-iscsi devstack@keystone.service[86829]: ERROR keystone.server.flask.application ENFORCER.enforce_call(action='identity:get_role')
Jul 20 13:33:20.537707 dv-cinder-819149-11-iscsi devstack@keystone.service[86829]: ERROR keystone.server.flask.application
File "/opt/stack/keystone/keystone/common/rbac_enforcer/enforcer.py", line 402, in enforce_call
Jul 20 13:33:20.537707 dv-cinder-819149-11-iscsi devstack@keystone.service[86829]: ERROR keystone.server.flask.application policy_dict.update(cls._extract_member_target_data(
Jul 20 13:33:20.537707 dv-cinder-819149-11-iscsi devstack@keystone.service[86829]: ERROR keystone.server.flask.application
File "/opt/stack/keystone/keystone/common/rbac_enforcer/enforcer.py", line 234, in _extract_member_target_data
Jul 20 13:33:20.537707 dv-cinder-819149-11-iscsi devstack@keystone.service[86829]: ERROR keystone.server.flask.application member_name: func(flask.request.view_args[key])
Jul 20 13:33:20.537707 dv-cinder-819149-11-iscsi devstack@keystone.service[86829]: ERROR keystone.server.flask.application
File "/opt/stack/keystone/keystone/common/manager.py", line 115, in wrapped
Jul 20 13:33:20.537707 dv-cinder-819149-11-iscsi devstack@keystone.service[86829]: ERROR keystone.server.flask.application __ret_val = __f(*args, **kwargs)
Jul 20 13:33:20.537707 dv-cinder-819149-11-iscsi devstack@keystone.service[86829]: ERROR keystone.server.flask.application
File "/usr/local/lib/python3.8/dist-packages/decorator.py", line 232, in fun
Jul 20 13:33:20.537707 dv-cinder-819149-11-iscsi devstack@keystone.service[86829]: ERROR keystone.server.flask.application return caller(func, *(extras + args), **kw)
Jul 20 13:33:20.537707 dv-cinder-819149-11-iscsi devstack@keystone.service[86829]: ERROR keystone.server.flask.application
File "/usr/local/lib/python3.8/dist-packages/dogpile/cache/region.py", line 1577, in get_or_create_for_user_func
Jul 20 13:33:20.537707 dv-cinder-819149-11-iscsi devstack@keystone.service[86829]: ERROR keystone.server.flask.application return self.get_or_create(
Jul 20 13:33:20.537707 dv-cinder-819149-11-iscsi devstack@keystone.service[86829]: ERROR keystone.server.flask.application
File "/usr/local/lib/python3.8/dist-packages/dogpile/cache/region.py", line 1042, in get_or_create
Jul 20 13:33:20.537707 dv-cinder-819149-11-iscsi devstack@keystone.service[86829]: ERROR keystone.server.flask.application with Lock(
Jul 20 13:33:20.537707 dv-cinder-819149-11-iscsi devstack@keystone.service[86829]: ERROR keystone.server.flask.application
File "/usr/local/lib/python3.8/dist-packages/dogpile/lock.py", line 185, in __enter__
Jul 20 13:33:20.537707 dv-cinder-819149-11-iscsi devstack@keystone.service[86829]: ERROR keystone.server.flask.application return self._enter()
Jul 20 13:33:20.537707 dv-cinder-819149-11-iscsi devstack@keystone.service[86829]: ERROR keystone.server.flask.application
File "/usr/local/lib/python3.8/dist-packages/dogpile/lock.py", line 94, in _enter
Jul 20 13:33:20.537707 dv-cinder-819149-11-iscsi devstack@keystone.service[86829]: ERROR keystone.server.flask.application generated = self._enter_create(value, createdtime)
Jul 20 13:33:20.538480 dv-cinder-819149-11-iscsi devstack@keystone.service[86829]: ERROR keystone.server.flask.application
File "/usr/local/lib/python3.8/dist-packages/dogpile/lock.py", line 178, in _enter_create
Jul 20 13:33:20.538480 dv-cinder-819149-11-iscsi devstack@keystone.service[86829]: ERROR keystone.server.flask.application return self.creator()
Jul 20 13:33:20.538480 dv-cinder-819149-11-iscsi devstack@keystone.service[86829]: ERROR keystone.server.flask.application
File "/usr/local/lib/python3.8/dist-packages/dogpile/cache/region.py", line 995, in gen_value
Jul 20 13:33:20.538480 dv-cinder-819149-11-iscsi devstack@keystone.service[86829]: ERROR keystone.server.flask.application created_value = creator(
Jul 20 13:33:20.538480 dv-cinder-819149-11-iscsi devstack@keystone.service[86829]: ERROR keystone.server.flask.application
File "/opt/stack/keystone/keystone/assignment/core.py", line 1276, in get_role
Jul 20 13:33:20.538480 dv-cinder-819149-11-iscsi devstack@keystone.service[86829]: ERROR keystone.server.flask.application return self.driver.get_role(role_id)
Jul 20 13:33:20.538480 dv-cinder-819149-11-iscsi devstack@keystone.service[86829]: ERROR keystone.server.flask.application
File "/opt/stack/keystone/keystone/assignment/role_backends/sql.py", line 70, in get_role
Jul 20 13:33:20.538480 dv-cinder-819149-11-iscsi devstack@keystone.service[86829]: ERROR keystone.server.flask.application return self._get_role(session, role_id).to_dict()
Jul 20 13:33:20.538480 dv-cinder-819149-11-iscsi devstack@keystone.service[86829]: ERROR keystone.server.flask.application
File "/opt/stack/keystone/keystone/assignment/role_backends/sql.py", line 65, in _get_role
Jul 20 13:33:20.538480 dv-cinder-819149-11-iscsi devstack@keystone.service[86829]: ERROR keystone.server.flask.application raise exception.RoleNotFound(role_id=role_id)
Jul 20 13:33:20.538480 dv-cinder-819149-11-iscsi devstack@keystone.service[86829]: ERROR keystone.server.flask.application keystone.exception.RoleNotFound: Could not find role: member.
Jul 20 13:33:20.538480 dv-cinder-819149-11-iscsi devstack@keystone.service[86829]: ERROR keystone.server.flask.application
Jul 20 13:33:20.538480 dv-cinder-819149-11-iscsi devstack@keystone.service[86829]: [pid: 86829|app: 0|req: 153/301] 10.222.0.17 () {56 vars in 1099 bytes} [Wed Jul 20 13:33:20 2022] GET /identity/v3/roles/member => generated 84 bytes in 177 msecs (HTTP/1.1 404) 5 headers in 183 bytes (1 switches on core 0)
Jul 20 13:33:20.539130 dv-cinder-819149-11-iscsi devstack@keystone.service[86829]: DEBUG keystone.server.flask.request_processing.middleware.auth_context [None req-5e022820-90a2-4e35-bb35-8f75e5e6e26c None admin] Authenticating user token {{(pid=86829) process_request /usr/local/lib/python3.8/dist-packages/keystonemiddleware/auth_token/__init__.py:407}}
Jul 20 13:33:20.555948 dv-cinder-819149-11-iscsi devstack@keystone.service[86830]: DEBUG keystone.server.flask.request_processing.middleware.auth_context [None req-c7ef3189-0ad0-4bf0-a496-aaacc516a276 None admin] RBAC: auth_context: {'token': , 'domain_id': None, 'trust_id': None, 'trustor_id': None, 'trustee_id': None, 'domain_name': None, 'group_ids': [], 'user_id': '96c7a0c328d14b7db355b2f838b651cd', 'user_domain_id': 'default', 'system_scope': 'all', 'project_id': None, 'project_domain_id': None, 'roles': ['admin', 'member', 'reader'], 'is_admin_project': True, 'service_user_id': None, 'service_user_domain_id': None, 'service_project_id': None, 'service_project_domain_id': None, 'service_roles': []} {{(pid=86830) fill_context /opt/stack/keystone/keystone/server/flask/request_processing/middleware/auth_context.py:478}}
Jul 20 13:33:20.557521 dv-cinder-819149-11-iscsi devstack@keystone.service[86830]: DEBUG keystone.server.flask.request_processing.req_logging [None req-c7ef3189-0ad0-4bf0-a496-aaacc516a276 None admin] REQUEST_METHOD: `GET` {{(pid=86830) log_request_info /opt/stack/keystone/keystone/server/flask/request_processing/req_logging.py:27}}
Jul 20 13:33:20.557866 dv-cinder-819149-11-iscsi devstack@keystone.service[86830]: DEBUG keystone.server.flask.request_processing.req_logging [None req-c7ef3189-0ad0-4bf0-a496-aaacc516a276 None admin] SCRIPT_NAME: `/identity` {{(pid=86830) log_request_info /opt/stack/keystone/keystone/server/flask/request_processing/req_logging.py:28}}
Jul 20 13:33:20.558201 dv-cinder-819149-11-iscsi devstack@keystone.service[86830]: DEBUG keystone.server.flask.request_processing.req_logging [None req-c7ef3189-0ad0-4bf0-a496-aaacc516a276 None admin] PATH_INFO: `/v3/domains/default` {{(pid=86830) log_request_info /opt/stack/keystone/keystone/server/flask/request_processing/req_logging.py:29}}
Jul 20 13:33:20.559531 dv-cinder-819149-11-iscsi devstack@keystone.service[86830]: DEBUG keystone.common.rbac_enforcer.enforcer [None req-c7ef3189-0ad0-4bf0-a496-aaacc516a276 None admin] RBAC: Authorizing `identity:get_domain(domain_id=default)` {{(pid=86830) enforce_call /opt/stack/keystone/keystone/common/rbac_enforcer/enforcer.py:449}}
Jul 20 13:33:20.561537 dv-cinder-819149-11-iscsi devstack@keystone.service[86830]: DEBUG keystone.common.rbac_enforcer.enforcer [None req-c7ef3189-0ad0-4bf0-a496-aaacc516a276 None admin] RBAC: Authorization granted {{(pid=86830) enforce_call /opt/stack/keystone/keystone/common/rbac_enforcer/enforcer.py:457}}
Jul 20 13:33:20.563457 dv-cinder-819149-11-iscsi devstack@keystone.service[86830]: [pid: 86830|app: 0|req: 149/302] 10.222.0.17 () {56 vars in 1108 bytes} [Wed Jul 20 13:33:20 2022] GET /identity/v3/domains/default => generated 199 bytes in 183 msecs (HTTP/1.1 200) 5 headers in 177 bytes (2 switches on core 0)
Jul 20 13:33:20.564774 dv-cinder-819149-11-iscsi devstack@keystone.service[86830]: DEBUG keystone.server.flask.request_processing.middleware.auth_context [None req-c7ef3189-0ad0-4bf0-a496-aaacc516a276 None admin] Authenticating user token {{(pid=86830) process_request /usr/local/lib/python3.8/dist-packages/keystonemiddleware/auth_token/__init__.py:407}}
Jul 20 13:33:20.629983 dv-cinder-819149-11-iscsi devstack@keystone.service[86830]: DEBUG dbcounter [-] [86830] Writing DB stats keystone:SELECT=100 {{(pid=86830) stat_writer /usr/local/lib/python3.8/dist-packages/dbcounter.py:114}}
Jul 20 13:33:20.663339 dv-cinder-819149-11-iscsi devstack@keystone.service[86829]: DEBUG keystone.server.flask.request_processing.middleware.auth_context [None req-5e022820-90a2-4e35-bb35-8f75e5e6e26c None admin] Validating token access rules against request {{(pid=86829) validate_allowed_request /usr/local/lib/python3.8/dist-packages/keystonemiddleware/auth_token/__init__.py:545}}
Jul 20 13:33:20.682900 dv-cinder-819149-11-iscsi devstack@keystone.service[86830]: DEBUG keystone.server.flask.request_processing.middleware.auth_context [None req-c7ef3189-0ad0-4bf0-a496-aaacc516a276 None admin] Validating token access rules against request {{(pid=86830) validate_allowed_request /usr/local/lib/python3.8/dist-packages/keystonemiddleware/auth_token/__init__.py:545}}
Jul 20 13:33:20.699894 dv-cinder-819149-11-iscsi devstack@keystone.service[86829]: DEBUG keystone.server.flask.request_processing.middleware.auth_context [None req-2de5365b-d92b-4a87-9ffb-351dd4467431 None admin] RBAC: auth_context: {'token': , 'domain_id': None, 'trust_id': None, 'trustor_id': None, 'trustee_id': None, 'domain_name': None, 'group_ids': [], 'user_id': '96c7a0c328d14b7db355b2f838b651cd', 'user_domain_id': 'default', 'system_scope': 'all', 'project_id': None, 'project_domain_id': None, 'roles': ['admin', 'member', 'reader'], 'is_admin_project': True, 'service_user_id': None, 'service_user_domain_id': None, 'service_project_id': None, 'service_project_domain_id': None, 'service_roles': []} {{(pid=86829) fill_context /opt/stack/keystone/keystone/server/flask/request_processing/middleware/auth_context.py:478}}
Jul 20 13:33:20.700981 dv-cinder-819149-11-iscsi devstack@keystone.service[86829]: DEBUG keystone.server.flask.request_processing.req_logging [None req-2de5365b-d92b-4a87-9ffb-351dd4467431 None admin] REQUEST_METHOD: `GET` {{(pid=86829) log_request_info /opt/stack/keystone/keystone/server/flask/request_processing/req_logging.py:27}}
Jul 20 13:33:20.701272 dv-cinder-819149-11-iscsi devstack@keystone.service[86829]: DEBUG keystone.server.flask.request_processing.req_logging [None req-2de5365b-d92b-4a87-9ffb-351dd4467431 None admin] SCRIPT_NAME: `/identity` {{(pid=86829) log_request_info /opt/stack/keystone/keystone/server/flask/request_processing/req_logging.py:28}}
Jul 20 13:33:20.701550 dv-cinder-819149-11-iscsi devstack@keystone.service[86829]: DEBUG keystone.server.flask.request_processing.req_logging [None req-2de5365b-d92b-4a87-9ffb-351dd4467431 None admin] PATH_INFO: `/v3/roles/reader` {{(pid=86829) log_request_info /opt/stack/keystone/keystone/server/flask/request_processing/req_logging.py:29}}
Jul 20 13:33:20.711968 dv-cinder-819149-11-iscsi devstack@keystone.service[86829]: DEBUG keystone.common.rbac_enforcer.enforcer [None req-2de5365b-d92b-4a87-9ffb-351dd4467431 None admin] Extracting inferred target data resulted in "NOT FOUND (404)". {{(pid=86829) enforce_call /opt/stack/keystone/keystone/common/rbac_enforcer/enforcer.py:409}}
Jul 20 13:33:20.718902 dv-cinder-819149-11-iscsi devstack@keystone.service[86830]: DEBUG keystone.server.flask.request_processing.middleware.auth_context [None req-3a014cb8-8cb2-4aee-9c93-24187300fbf2 None admin] RBAC: auth_context: {'token': , 'domain_id': None, 'trust_id': None, 'trustor_id': None, 'trustee_id': None, 'domain_name': None, 'group_ids': [], 'user_id': '96c7a0c328d14b7db355b2f838b651cd', 'user_domain_id': 'default', 'system_scope': 'all', 'project_id': None, 'project_domain_id': None, 'roles': ['admin', 'member', 'reader'], 'is_admin_project': True, 'service_user_id': None, 'service_user_domain_id': None, 'service_project_id': None, 'service_project_domain_id': None, 'service_roles': []} {{(pid=86830) fill_context /opt/stack/keystone/keystone/server/flask/request_processing/middleware/auth_context.py:478}}
Jul 20 13:33:20.719568 dv-cinder-819149-11-iscsi devstack@keystone.service[86830]: DEBUG keystone.server.flask.request_processing.req_logging [None req-3a014cb8-8cb2-4aee-9c93-24187300fbf2 None admin] REQUEST_METHOD: `GET` {{(pid=86830) log_request_info /opt/stack/keystone/keystone/server/flask/request_processing/req_logging.py:27}}
Jul 20 13:33:20.719853 dv-cinder-819149-11-iscsi devstack@keystone.service[86830]: DEBUG keystone.server.flask.request_processing.req_logging [None req-3a014cb8-8cb2-4aee-9c93-24187300fbf2 None admin] SCRIPT_NAME: `/identity` {{(pid=86830) log_request_info /opt/stack/keystone/keystone/server/flask/request_processing/req_logging.py:28}}
Jul 20 13:33:20.720129 dv-cinder-819149-11-iscsi devstack@keystone.service[86830]: DEBUG keystone.server.flask.request_processing.req_logging [None req-3a014cb8-8cb2-4aee-9c93-24187300fbf2 None admin] PATH_INFO: `/v3/roles` {{(pid=86830) log_request_info /opt/stack/keystone/keystone/server/flask/request_processing/req_logging.py:29}}
Jul 20 13:33:20.720305 dv-cinder-819149-11-iscsi devstack@keystone.service[86829]: ERROR keystone.server.flask.application [None req-2de5365b-d92b-4a87-9ffb-351dd4467431 None admin] Could not find role: reader.: keystone.exception.RoleNotFound: Could not find role: reader.
Jul 20 13:33:20.720305 dv-cinder-819149-11-iscsi devstack@keystone.service[86829]: ERROR keystone.server.flask.application
Traceback (most recent call last):
Jul 20 13:33:20.720305 dv-cinder-819149-11-iscsi devstack@keystone.service[86829]: ERROR keystone.server.flask.application
File "/usr/local/lib/python3.8/dist-packages/flask/app.py", line 1523, in full_dispatch_request
Jul 20 13:33:20.720305 dv-cinder-819149-11-iscsi devstack@keystone.service[86829]: ERROR keystone.server.flask.application rv = self.dispatch_request()
Jul 20 13:33:20.720305 dv-cinder-819149-11-iscsi devstack@keystone.service[86829]: ERROR keystone.server.flask.application
File "/usr/local/lib/python3.8/dist-packages/flask/app.py", line 1509, in dispatch_request
Jul 20 13:33:20.720305 dv-cinder-819149-11-iscsi devstack@keystone.service[86829]: ERROR keystone.server.flask.application return self.ensure_sync(self.view_functions[rule.endpoint])(**req.view_args)
Jul 20 13:33:20.720305 dv-cinder-819149-11-iscsi devstack@keystone.service[86829]: ERROR keystone.server.flask.application
File "/usr/local/lib/python3.8/dist-packages/flask_restful/__init__.py", line 467, in wrapper
Jul 20 13:33:20.720305 dv-cinder-819149-11-iscsi devstack@keystone.service[86829]: ERROR keystone.server.flask.application resp = resource(*args, **kwargs)
Jul 20 13:33:20.720305 dv-cinder-819149-11-iscsi devstack@keystone.service[86829]: ERROR keystone.server.flask.application
File "/usr/local/lib/python3.8/dist-packages/flask/views.py", line 84, in view
Jul 20 13:33:20.720305 dv-cinder-819149-11-iscsi devstack@keystone.service[86829]: ERROR keystone.server.flask.application return current_app.ensure_sync(self.dispatch_request)(*args, **kwargs)
Jul 20 13:33:20.720305 dv-cinder-819149-11-iscsi devstack@keystone.service[86829]: ERROR keystone.server.flask.application
File "/usr/local/lib/python3.8/dist-packages/flask_restful/__init__.py", line 582, in dispatch_request
Jul 20 13:33:20.720305 dv-cinder-819149-11-iscsi devstack@keystone.service[86829]: ERROR keystone.server.flask.application resp = meth(*args, **kwargs)
Jul 20 13:33:20.720305 dv-cinder-819149-11-iscsi devstack@keystone.service[86829]: ERROR keystone.server.flask.application
File "/opt/stack/keystone/keystone/api/roles.py", line 50, in get
Jul 20 13:33:20.720305 dv-cinder-819149-11-iscsi devstack@keystone.service[86829]: ERROR keystone.server.flask.application return self._get_role(role_id)
Jul 20 13:33:20.720305 dv-cinder-819149-11-iscsi devstack@keystone.service[86829]: ERROR keystone.server.flask.application
File "/opt/stack/keystone/keystone/api/roles.py", line 70, in _get_role
Jul 20 13:33:20.720305 dv-cinder-819149-11-iscsi devstack@keystone.service[86829]: ERROR keystone.server.flask.application ENFORCER.enforce_call(action='identity:get_role')
Jul 20 13:33:20.721138 dv-cinder-819149-11-iscsi devstack@keystone.service[86829]: ERROR keystone.server.flask.application
File "/opt/stack/keystone/keystone/common/rbac_enforcer/enforcer.py", line 402, in enforce_call
Jul 20 13:33:20.721138 dv-cinder-819149-11-iscsi devstack@keystone.service[86829]: ERROR keystone.server.flask.application policy_dict.update(cls._extract_member_target_data(
Jul 20 13:33:20.721138 dv-cinder-819149-11-iscsi devstack@keystone.service[86829]: ERROR keystone.server.flask.application
File "/opt/stack/keystone/keystone/common/rbac_enforcer/enforcer.py", line 234, in _extract_member_target_data
Jul 20 13:33:20.721138 dv-cinder-819149-11-iscsi devstack@keystone.service[86829]: ERROR keystone.server.flask.application member_name: func(flask.request.view_args[key])
Jul 20 13:33:20.721138 dv-cinder-819149-11-iscsi devstack@keystone.service[86829]: ERROR keystone.server.flask.application
File "/opt/stack/keystone/keystone/common/manager.py", line 115, in wrapped
Jul 20 13:33:20.721138 dv-cinder-819149-11-iscsi devstack@keystone.service[86829]: ERROR keystone.server.flask.application __ret_val = __f(*args, **kwargs)
Jul 20 13:33:20.721138 dv-cinder-819149-11-iscsi devstack@keystone.service[86829]: ERROR keystone.server.flask.application
File "/usr/local/lib/python3.8/dist-packages/decorator.py", line 232, in fun
Jul 20 13:33:20.721138 dv-cinder-819149-11-iscsi devstack@keystone.service[86829]: ERROR keystone.server.flask.application return caller(func, *(extras + args), **kw)
Jul 20 13:33:20.721138 dv-cinder-819149-11-iscsi devstack@keystone.service[86829]: ERROR keystone.server.flask.application
File "/usr/local/lib/python3.8/dist-packages/dogpile/cache/region.py", line 1577, in get_or_create_for_user_func
Jul 20 13:33:20.721138 dv-cinder-819149-11-iscsi devstack@keystone.service[86829]: ERROR keystone.server.flask.application return self.get_or_create(
Jul 20 13:33:20.721138 dv-cinder-819149-11-iscsi devstack@keystone.service[86829]: ERROR keystone.server.flask.application
File "/usr/local/lib/python3.8/dist-packages/dogpile/cache/region.py", line 1042, in get_or_create
Jul 20 13:33:20.721138 dv-cinder-819149-11-iscsi devstack@keystone.service[86829]: ERROR keystone.server.flask.application with Lock(
Jul 20 13:33:20.721138 dv-cinder-819149-11-iscsi devstack@keystone.service[86829]: ERROR keystone.server.flask.application
File "/usr/local/lib/python3.8/dist-packages/dogpile/lock.py", line 185, in __enter__
Jul 20 13:33:20.721138 dv-cinder-819149-11-iscsi devstack@keystone.service[86829]: ERROR keystone.server.flask.application return self._enter()
Jul 20 13:33:20.721138 dv-cinder-819149-11-iscsi devstack@keystone.service[86829]: ERROR keystone.server.flask.application
File "/usr/local/lib/python3.8/dist-packages/dogpile/lock.py", line 94, in _enter
Jul 20 13:33:20.721138 dv-cinder-819149-11-iscsi devstack@keystone.service[86829]: ERROR keystone.server.flask.application generated = self._enter_create(value, createdtime)
Jul 20 13:33:20.721894 dv-cinder-819149-11-iscsi devstack@keystone.service[86829]: ERROR keystone.server.flask.application
File "/usr/local/lib/python3.8/dist-packages/dogpile/lock.py", line 178, in _enter_create
Jul 20 13:33:20.721894 dv-cinder-819149-11-iscsi devstack@keystone.service[86829]: ERROR keystone.server.flask.application return self.creator()
Jul 20 13:33:20.721894 dv-cinder-819149-11-iscsi devstack@keystone.service[86829]: ERROR keystone.server.flask.application
File "/usr/local/lib/python3.8/dist-packages/dogpile/cache/region.py", line 995, in gen_value
Jul 20 13:33:20.721894 dv-cinder-819149-11-iscsi devstack@keystone.service[86829]: ERROR keystone.server.flask.application created_value = creator(
Jul 20 13:33:20.721894 dv-cinder-819149-11-iscsi devstack@keystone.service[86829]: ERROR keystone.server.flask.application
File "/opt/stack/keystone/keystone/assignment/core.py", line 1276, in get_role
Jul 20 13:33:20.721894 dv-cinder-819149-11-iscsi devstack@keystone.service[86829]: ERROR keystone.server.flask.application return self.driver.get_role(role_id)
Jul 20 13:33:20.721894 dv-cinder-819149-11-iscsi devstack@keystone.service[86829]: ERROR keystone.server.flask.application
File "/opt/stack/keystone/keystone/assignment/role_backends/sql.py", line 70, in get_role
Jul 20 13:33:20.721894 dv-cinder-819149-11-iscsi devstack@keystone.service[86829]: ERROR keystone.server.flask.application return self._get_role(session, role_id).to_dict()
Jul 20 13:33:20.721894 dv-cinder-819149-11-iscsi devstack@keystone.service[86829]: ERROR keystone.server.flask.application
File "/opt/stack/keystone/keystone/assignment/role_backends/sql.py", line 65, in _get_role
Jul 20 13:33:20.721894 dv-cinder-819149-11-iscsi devstack@keystone.service[86829]: ERROR keystone.server.flask.application raise exception.RoleNotFound(role_id=role_id)
Jul 20 13:33:20.721894 dv-cinder-819149-11-iscsi devstack@keystone.service[86829]: ERROR keystone.server.flask.application keystone.exception.RoleNotFound: Could not find role: reader.
Jul 20 13:33:20.721894 dv-cinder-819149-11-iscsi devstack@keystone.service[86829]: ERROR keystone.server.flask.application
Jul 20 13:33:20.722491 dv-cinder-819149-11-iscsi devstack@keystone.service[86830]: DEBUG keystone.common.rbac_enforcer.enforcer [None req-3a014cb8-8cb2-4aee-9c93-24187300fbf2 None admin] RBAC: Adding query filter params (name=member) {{(pid=86830) _extract_filter_values /opt/stack/keystone/keystone/common/rbac_enforcer/enforcer.py:167}}
Jul 20 13:33:20.722491 dv-cinder-819149-11-iscsi devstack@keystone.service[86830]: DEBUG keystone.common.rbac_enforcer.enforcer [None req-3a014cb8-8cb2-4aee-9c93-24187300fbf2 None admin] RBAC: Authorizing `identity:list_roles()` {{(pid=86830) enforce_call /opt/stack/keystone/keystone/common/rbac_enforcer/enforcer.py:449}}
Jul 20 13:33:20.722611 dv-cinder-819149-11-iscsi devstack@keystone.service[86829]: [pid: 86829|app: 0|req: 154/303] 10.222.0.17 () {56 vars in 1099 bytes} [Wed Jul 20 13:33:20 2022] GET /identity/v3/roles/reader => generated 84 bytes in 183 msecs (HTTP/1.1 404) 5 headers in 183 bytes (1 switches on core 0)
Jul 20 13:33:20.723239 dv-cinder-819149-11-iscsi devstack@keystone.service[86829]: DEBUG keystone.server.flask.request_processing.middleware.auth_context [None req-2de5365b-d92b-4a87-9ffb-351dd4467431 None admin] Authenticating user token {{(pid=86829) process_request /usr/local/lib/python3.8/dist-packages/keystonemiddleware/auth_token/__init__.py:407}}
Jul 20 13:33:20.727244 dv-cinder-819149-11-iscsi devstack@keystone.service[86830]: DEBUG keystone.common.rbac_enforcer.enforcer [None req-3a014cb8-8cb2-4aee-9c93-24187300fbf2 None admin] RBAC: Authorization granted {{(pid=86830) enforce_call /opt/stack/keystone/keystone/common/rbac_enforcer/enforcer.py:457}}
Jul 20 13:33:20.741009 dv-cinder-819149-11-iscsi devstack@keystone.service[86830]: [pid: 86830|app: 0|req: 150/304] 10.222.0.17 () {56 vars in 1101 bytes} [Wed Jul 20 13:33:20 2022] GET /identity/v3/roles?name=member => generated 341 bytes in 173 msecs (HTTP/1.1 200) 5 headers in 177 bytes (1 switches on core 0)
Jul 20 13:33:20.741009 dv-cinder-819149-11-iscsi devstack@keystone.service[86830]: DEBUG keystone.server.flask.request_processing.middleware.auth_context [None req-3a014cb8-8cb2-4aee-9c93-24187300fbf2 None admin] Authenticating user token {{(pid=86830) process_request /usr/local/lib/python3.8/dist-packages/keystonemiddleware/auth_token/__init__.py:407}}
Jul 20 13:33:20.742276 dv-cinder-819149-11-iscsi devstack@keystone.service[86829]: DEBUG dbcounter [-] [86829] Writing DB stats keystone:SELECT=100 {{(pid=86829) stat_writer /usr/local/lib/python3.8/dist-packages/dbcounter.py:114}}
Jul 20 13:33:20.837755 dv-cinder-819149-11-iscsi devstack@keystone.service[86829]: DEBUG keystone.server.flask.request_processing.middleware.auth_context [None req-2de5365b-d92b-4a87-9ffb-351dd4467431 None admin] Validating token access rules against request {{(pid=86829) validate_allowed_request /usr/local/lib/python3.8/dist-packages/keystonemiddleware/auth_token/__init__.py:545}}
Jul 20 13:33:20.840992 dv-cinder-819149-11-iscsi devstack@keystone.service[86830]: DEBUG keystone.server.flask.request_processing.middleware.auth_context [None req-3a014cb8-8cb2-4aee-9c93-24187300fbf2 None admin] Validating token access rules against request {{(pid=86830) validate_allowed_request /usr/local/lib/python3.8/dist-packages/keystonemiddleware/auth_token/__init__.py:545}}
Jul 20 13:33:20.863722 dv-cinder-819149-11-iscsi devstack@keystone.service[86830]: DEBUG dbcounter [-] [86830] Writing DB stats keystone:SELECT=100 {{(pid=86830) stat_writer /usr/local/lib/python3.8/dist-packages/dbcounter.py:114}}
Jul 20 13:33:20.877030 dv-cinder-819149-11-iscsi devstack@keystone.service[86829]: DEBUG keystone.server.flask.request_processing.middleware.auth_context [None req-f18888f9-3260-4498-b593-ac8d2536fc58 None admin] RBAC: auth_context: {'token': , 'domain_id': None, 'trust_id': None, 'trustor_id': None, 'trustee_id': None, 'domain_name': None, 'group_ids': [], 'user_id': '96c7a0c328d14b7db355b2f838b651cd', 'user_domain_id': 'default', 'system_scope': 'all', 'project_id': None, 'project_domain_id': None, 'roles': ['admin', 'member', 'reader'], 'is_admin_project': True, 'service_user_id': None, 'service_user_domain_id': None, 'service_project_id': None, 'service_project_domain_id': None, 'service_roles': []} {{(pid=86829) fill_context /opt/stack/keystone/keystone/server/flask/request_processing/middleware/auth_context.py:478}}
Jul 20 13:33:20.877584 dv-cinder-819149-11-iscsi devstack@keystone.service[86830]: DEBUG keystone.server.flask.request_processing.middleware.auth_context [None req-02cde0f7-7643-44d1-a977-9a1259312d71 None admin] RBAC: auth_context: {'token': , 'domain_id': None, 'trust_id': None, 'trustor_id': None, 'trustee_id': None, 'domain_name': None, 'group_ids': [], 'user_id': '96c7a0c328d14b7db355b2f838b651cd', 'user_domain_id': 'default', 'system_scope': 'all', 'project_id': None, 'project_domain_id': None, 'roles': ['admin', 'member', 'reader'], 'is_admin_project': True, 'service_user_id': None, 'service_user_domain_id': None, 'service_project_id': None, 'service_project_domain_id': None, 'service_roles': []} {{(pid=86830) fill_context /opt/stack/keystone/keystone/server/flask/request_processing/middleware/auth_context.py:478}}
Jul 20 13:33:20.877698 dv-cinder-819149-11-iscsi devstack@keystone.service[86829]: DEBUG keystone.server.flask.request_processing.req_logging [None req-f18888f9-3260-4498-b593-ac8d2536fc58 None admin] REQUEST_METHOD: `POST` {{(pid=86829) log_request_info /opt/stack/keystone/keystone/server/flask/request_processing/req_logging.py:27}}
Jul 20 13:33:20.877977 dv-cinder-819149-11-iscsi devstack@keystone.service[86829]: DEBUG keystone.server.flask.request_processing.req_logging [None req-f18888f9-3260-4498-b593-ac8d2536fc58 None admin] SCRIPT_NAME: `/identity` {{(pid=86829) log_request_info /opt/stack/keystone/keystone/server/flask/request_processing/req_logging.py:28}}
Jul 20 13:33:20.878255 dv-cinder-819149-11-iscsi devstack@keystone.service[86830]: DEBUG keystone.server.flask.request_processing.req_logging [None req-02cde0f7-7643-44d1-a977-9a1259312d71 None admin] REQUEST_METHOD: `GET` {{(pid=86830) log_request_info /opt/stack/keystone/keystone/server/flask/request_processing/req_logging.py:27}}
Jul 20 13:33:20.878440 dv-cinder-819149-11-iscsi devstack@keystone.service[86829]: DEBUG keystone.server.flask.request_processing.req_logging [None req-f18888f9-3260-4498-b593-ac8d2536fc58 None admin] PATH_INFO: `/v3/groups` {{(pid=86829) log_request_info /opt/stack/keystone/keystone/server/flask/request_processing/req_logging.py:29}}
Jul 20 13:33:20.878590 dv-cinder-819149-11-iscsi devstack@keystone.service[86830]: DEBUG keystone.server.flask.request_processing.req_logging [None req-02cde0f7-7643-44d1-a977-9a1259312d71 None admin] SCRIPT_NAME: `/identity` {{(pid=86830) log_request_info /opt/stack/keystone/keystone/server/flask/request_processing/req_logging.py:28}}
Jul 20 13:33:20.878820 dv-cinder-819149-11-iscsi devstack@keystone.service[86830]: DEBUG keystone.server.flask.request_processing.req_logging [None req-02cde0f7-7643-44d1-a977-9a1259312d71 None admin] PATH_INFO: `/v3/roles` {{(pid=86830) log_request_info /opt/stack/keystone/keystone/server/flask/request_processing/req_logging.py:29}}
Jul 20 13:33:20.878968 dv-cinder-819149-11-iscsi devstack@keystone.service[86829]: DEBUG keystone.common.rbac_enforcer.enforcer [None req-f18888f9-3260-4498-b593-ac8d2536fc58 None admin] RBAC: Authorizing `identity:create_group()` {{(pid=86829) enforce_call /opt/stack/keystone/keystone/common/rbac_enforcer/enforcer.py:449}}
Jul 20 13:33:20.879568 dv-cinder-819149-11-iscsi devstack@keystone.service[86830]: DEBUG keystone.common.rbac_enforcer.enforcer [None req-02cde0f7-7643-44d1-a977-9a1259312d71 None admin] RBAC: Adding query filter params (name=reader) {{(pid=86830) _extract_filter_values /opt/stack/keystone/keystone/common/rbac_enforcer/enforcer.py:167}}
Jul 20 13:33:20.879879 dv-cinder-819149-11-iscsi devstack@keystone.service[86830]: DEBUG keystone.common.rbac_enforcer.enforcer [None req-02cde0f7-7643-44d1-a977-9a1259312d71 None admin] RBAC: Authorizing `identity:list_roles()` {{(pid=86830) enforce_call /opt/stack/keystone/keystone/common/rbac_enforcer/enforcer.py:449}}
Jul 20 13:33:20.880446 dv-cinder-819149-11-iscsi devstack@keystone.service[86829]: DEBUG keystone.common.rbac_enforcer.enforcer [None req-f18888f9-3260-4498-b593-ac8d2536fc58 None admin] RBAC: Authorization granted {{(pid=86829) enforce_call /opt/stack/keystone/keystone/common/rbac_enforcer/enforcer.py:457}}
Jul 20 13:33:20.881292 dv-cinder-819149-11-iscsi devstack@keystone.service[86830]: DEBUG keystone.common.rbac_enforcer.enforcer [None req-02cde0f7-7643-44d1-a977-9a1259312d71 None admin] RBAC: Authorization granted {{(pid=86830) enforce_call /opt/stack/keystone/keystone/common/rbac_enforcer/enforcer.py:457}}
Jul 20 13:33:20.895425 dv-cinder-819149-11-iscsi devstack@keystone.service[86830]: [pid: 86830|app: 0|req: 151/305] 10.222.0.17 () {56 vars in 1101 bytes} [Wed Jul 20 13:33:20 2022] GET /identity/v3/roles?name=reader => generated 341 bytes in 154 msecs (HTTP/1.1 200) 5 headers in 177 bytes (1 switches on core 0)
Jul 20 13:33:20.895425 dv-cinder-819149-11-iscsi devstack@keystone.service[86830]: DEBUG keystone.server.flask.request_processing.middleware.auth_context [None req-02cde0f7-7643-44d1-a977-9a1259312d71 None admin] Authenticating user token {{(pid=86830) process_request /usr/local/lib/python3.8/dist-packages/keystonemiddleware/auth_token/__init__.py:407}}
