Nov 24 11:26:31.344740 dv-cinder-819089-1-smb neutron-server[102515]: INFO neutron.wsgi [req-b4ab4403-6496-4ccc-bcef-c6aef6eab878 req-7b987e06-379c-479c-8e4b-fcb1c8868331 service neutron] 10.222.0.11 "GET /v2.0/ports?network_id=4d569335-1743-4188-af8a-ae73beab6510&device_owner=network%3Adhcp HTTP/1.1" status: 200 len: 1176 time: 0.0534768
Nov 24 11:26:31.399985 dv-cinder-819089-1-smb neutron-server[102514]: DEBUG neutron_lib.callbacks.manager [None req-7dbbffca-38e6-4e80-8388-c7e4140b9c44 tempest-AttachVolumeTestJSON-1935088445 tempest-AttachVolumeTestJSON-1935088445-project] Publish callbacks [] for security_group, precommit_create {{(pid=102514) _notify_loop /usr/local/lib/python3.8/dist-packages/neutron_lib/callbacks/manager.py:175}}
Nov 24 11:26:31.424684 dv-cinder-819089-1-smb neutron-server[102514]: DEBUG neutron_lib.callbacks.manager [None req-7dbbffca-38e6-4e80-8388-c7e4140b9c44 tempest-AttachVolumeTestJSON-1935088445 tempest-AttachVolumeTestJSON-1935088445-project] Publish callbacks ['neutron.plugins.ml2.ovo_rpc._ObjectChangeHandler.handle_event-3869986'] for security_group, after_create {{(pid=102514) _notify_loop /usr/local/lib/python3.8/dist-packages/neutron_lib/callbacks/manager.py:175}}
Nov 24 11:26:31.485989 dv-cinder-819089-1-smb neutron-server[102514]: DEBUG neutron.api.rpc.handlers.resources_rpc [None req-7dbbffca-38e6-4e80-8388-c7e4140b9c44 tempest-AttachVolumeTestJSON-1935088445 tempest-AttachVolumeTestJSON-1935088445-project] Pushing event updated for resources: {'SecurityGroup': ['ID=9c143fcf-bd6d-4afd-907a-d3f64ddd3667,revision_number=1']} {{(pid=102514) push /opt/stack/neutron/neutron/api/rpc/handlers/resources_rpc.py:237}}
Nov 24 11:26:31.493380 dv-cinder-819089-1-smb neutron-server[102514]: DEBUG neutron_lib.callbacks.manager [None req-7dbbffca-38e6-4e80-8388-c7e4140b9c44 tempest-AttachVolumeTestJSON-1935088445 tempest-AttachVolumeTestJSON-1935088445-project] Publish callbacks [] for security_group, before_response {{(pid=102514) _notify_loop /usr/local/lib/python3.8/dist-packages/neutron_lib/callbacks/manager.py:175}}
Nov 24 11:26:31.500993 dv-cinder-819089-1-smb neutron-server[102514]: INFO neutron.wsgi [None req-7dbbffca-38e6-4e80-8388-c7e4140b9c44 tempest-AttachVolumeTestJSON-1935088445 tempest-AttachVolumeTestJSON-1935088445-project] 10.222.0.52 "POST /v2.0/security-groups HTTP/1.1" status: 201 len: 1797 time: 0.6436324
Nov 24 11:26:31.503098 dv-cinder-819089-1-smb neutron-server[102514]: DEBUG neutron.wsgi [-] (102514) accepted ('10.222.0.52', 49306) {{(pid=102514) server /usr/local/lib/python3.8/dist-packages/eventlet/wsgi.py:1004}}
Nov 24 11:26:31.508728 dv-cinder-819089-1-smb neutron-server[102515]: INFO neutron.wsgi [req-b4ab4403-6496-4ccc-bcef-c6aef6eab878 req-8524a757-9a31-4030-92d9-9128c4276c3c service neutron] 10.222.0.11 "GET /v2.0/networks/4d569335-1743-4188-af8a-ae73beab6510?fields=segments HTTP/1.1" status: 200 len: 212 time: 0.1590741
Nov 24 11:26:31.509785 dv-cinder-819089-1-smb neutron-server[102514]: DEBUG neutron.api.v2.base [None req-f212480b-e463-4452-8575-e79d64ca6b55 tempest-AttachVolumeTestJSON-1935088445 tempest-AttachVolumeTestJSON-1935088445-project] Request body: {'security_group_rule': {'security_group_id': '9c143fcf-bd6d-4afd-907a-d3f64ddd3667', 'protocol': 'tcp', 'ethertype': 'IPv4', 'port_range_min': 22, 'port_range_max': 22, 'direction': 'ingress'}} {{(pid=102514) prepare_request_body /opt/stack/neutron/neutron/api/v2/base.py:729}}
Nov 24 11:26:31.525336 dv-cinder-819089-1-smb neutron-server[102516]: DEBUG neutron_lib.callbacks.manager [None req-77d0db11-27f2-41ea-bdc9-ca95f0ed56cf None None] Publish callbacks ['neutron.plugins.ml2.plugin.SecurityGroupDbMixin._ensure_default_security_group_handler-543373'] for port, before_update {{(pid=102516) _notify_loop /usr/local/lib/python3.8/dist-packages/neutron_lib/callbacks/manager.py:175}}
Nov 24 11:26:31.558172 dv-cinder-819089-1-smb neutron-server[102514]: DEBUG neutron_lib.callbacks.manager [None req-f212480b-e463-4452-8575-e79d64ca6b55 tempest-AttachVolumeTestJSON-1935088445 tempest-AttachVolumeTestJSON-1935088445-project] Publish callbacks [] for security_group_rule, before_create {{(pid=102514) _notify_loop /usr/local/lib/python3.8/dist-packages/neutron_lib/callbacks/manager.py:175}}
Nov 24 11:26:31.642394 dv-cinder-819089-1-smb neutron-server[102516]: DEBUG neutron.plugins.ml2.db [None req-407ab217-e330-493d-bbb3-ff952a09229d None None] For port 0b22b25c-3886-4450-b131-d6ad92269657, host hv-cinder-81908, got binding levels [PortBindingLevel(driver='hyperv',host='hv-cinder-81908',level=0,port_id=0b22b25c-3886-4450-b131-d6ad92269657,segment=NetworkSegment(703a7994-9865-4817-9f6e-a31f05f25b67),segment_id=703a7994-9865-4817-9f6e-a31f05f25b67)] {{(pid=102516) get_binding_level_objs /opt/stack/neutron/neutron/plugins/ml2/db.py:74}}
Nov 24 11:26:31.656199 dv-cinder-819089-1-smb neutron-server[102515]: INFO neutron.wsgi [req-b4ab4403-6496-4ccc-bcef-c6aef6eab878 req-ccdc23b0-eb82-4ac5-aa6f-2c778865eaef service neutron] 10.222.0.11 "GET /v2.0/networks/4d569335-1743-4188-af8a-ae73beab6510?fields=provider%3Aphysical_network&fields=provider%3Anetwork_type HTTP/1.1" status: 200 len: 281 time: 0.1370840
Nov 24 11:26:31.660034 dv-cinder-819089-1-smb neutron-server[102514]: DEBUG neutron_lib.callbacks.manager [None req-f212480b-e463-4452-8575-e79d64ca6b55 tempest-AttachVolumeTestJSON-1935088445 tempest-AttachVolumeTestJSON-1935088445-project] Publish callbacks [] for security_group_rule, precommit_create {{(pid=102514) _notify_loop /usr/local/lib/python3.8/dist-packages/neutron_lib/callbacks/manager.py:175}}
Nov 24 11:26:31.665070 dv-cinder-819089-1-smb neutron-server[102514]: DEBUG neutron_lib.callbacks.manager [None req-f212480b-e463-4452-8575-e79d64ca6b55 tempest-AttachVolumeTestJSON-1935088445 tempest-AttachVolumeTestJSON-1935088445-project] Publish callbacks ['neutron.plugins.ml2.ovo_rpc._ObjectChangeHandler.handle_event-3853195'] for security_group_rule, after_create {{(pid=102514) _notify_loop /usr/local/lib/python3.8/dist-packages/neutron_lib/callbacks/manager.py:175}}
Nov 24 11:26:31.674930 dv-cinder-819089-1-smb neutron-server[102516]: DEBUG neutron.plugins.ml2.rpc [None req-407ab217-e330-493d-bbb3-ff952a09229d None None] Returning: {'device': '0b22b25c-3886-4450-b131-d6ad92269657', 'network_id': 'd11a999b-7b88-4651-9094-d77659c4ebc8', 'port_id': '0b22b25c-3886-4450-b131-d6ad92269657', 'mac_address': 'fa:16:3e:78:ab:65', 'admin_state_up': True, 'network_type': 'vlan', 'segmentation_id': 621, 'physical_network': 'physnet1', 'mtu': 1500, 'fixed_ips': [{'subnet_id': '1885fb5d-af84-407b-9f27-1fe652450f0d', 'ip_address': '172.20.0.4'}], 'device_owner': 'compute:nova', 'allowed_address_pairs': [], 'port_security_enabled': True, 'qos_policy_id': None, 'network_qos_policy_id': None, 'profile': {}, 'propagate_uplink_status': False} {{(pid=102516) _get_device_details /opt/stack/neutron/neutron/plugins/ml2/rpc.py:184}}
Nov 24 11:26:31.687880 dv-cinder-819089-1-smb neutron-server[102516]: DEBUG neutron.plugins.ml2.db [None req-77d0db11-27f2-41ea-bdc9-ca95f0ed56cf None None] For port df5dd90c-8eb3-4108-8df7-db1c510eee6a, host dv-cinder-819089-1-smb, got binding levels [PortBindingLevel(driver='openvswitch',host='dv-cinder-819089-1-smb',level=0,port_id=df5dd90c-8eb3-4108-8df7-db1c510eee6a,segment=NetworkSegment(4eada96e-fef2-4df4-a0b3-a60a86837a6e),segment_id=4eada96e-fef2-4df4-a0b3-a60a86837a6e)] {{(pid=102516) get_binding_level_objs /opt/stack/neutron/neutron/plugins/ml2/db.py:74}}
Nov 24 11:26:31.693822 dv-cinder-819089-1-smb neutron-server[102514]: DEBUG neutron.api.rpc.handlers.resources_rpc [None req-f212480b-e463-4452-8575-e79d64ca6b55 tempest-AttachVolumeTestJSON-1935088445 tempest-AttachVolumeTestJSON-1935088445-project] Pushing event updated for resources: {'SecurityGroupRule': ['ID=24edb124-c94f-4f2e-b23b-a8791ed61ecd,revision_number=0']} {{(pid=102514) push /opt/stack/neutron/neutron/api/rpc/handlers/resources_rpc.py:237}}
Nov 24 11:26:31.702621 dv-cinder-819089-1-smb neutron-server[102514]: DEBUG neutron_lib.callbacks.manager [None req-f212480b-e463-4452-8575-e79d64ca6b55 tempest-AttachVolumeTestJSON-1935088445 tempest-AttachVolumeTestJSON-1935088445-project] Publish callbacks [] for security_group_rule, before_response {{(pid=102514) _notify_loop /usr/local/lib/python3.8/dist-packages/neutron_lib/callbacks/manager.py:175}}
Nov 24 11:26:31.703884 dv-cinder-819089-1-smb neutron-server[102514]: INFO neutron.wsgi [None req-f212480b-e463-4452-8575-e79d64ca6b55 tempest-AttachVolumeTestJSON-1935088445 tempest-AttachVolumeTestJSON-1935088445-project] 10.222.0.52 "POST /v2.0/security-group-rules HTTP/1.1" status: 201 len: 764 time: 0.1990683
Nov 24 11:26:31.706539 dv-cinder-819089-1-smb neutron-server[102514]: DEBUG neutron.wsgi [-] (102514) accepted ('10.222.0.52', 49310) {{(pid=102514) server /usr/local/lib/python3.8/dist-packages/eventlet/wsgi.py:1004}}
Nov 24 11:26:31.711016 dv-cinder-819089-1-smb neutron-server[102514]: DEBUG neutron.api.v2.base [None req-c499aa35-4501-480a-adb0-f3ca659a07fa tempest-AttachVolumeTestJSON-1935088445 tempest-AttachVolumeTestJSON-1935088445-project] Request body: {'security_group_rule': {'security_group_id': '9c143fcf-bd6d-4afd-907a-d3f64ddd3667', 'protocol': 'icmp', 'ethertype': 'IPv4', 'direction': 'ingress'}} {{(pid=102514) prepare_request_body /opt/stack/neutron/neutron/api/v2/base.py:729}}
Nov 24 11:26:31.713780 dv-cinder-819089-1-smb neutron-server[102516]: DEBUG neutron_lib.callbacks.manager [None req-77d0db11-27f2-41ea-bdc9-ca95f0ed56cf None None] Publish callbacks ['neutron.plugins.ml2.plugin.SecurityGroupServerNotifierRpcMixin._notify_sg_on_port_change-544072', 'neutron.plugins.ml2.ovo_rpc._ObjectChangeHandler.handle_event-227008', 'neutron.api.rpc.agentnotifiers.dhcp_rpc_agent_api.DhcpAgentNotifyAPI._native_event_send_dhcp_notification-3781692', 'neutron.db.l3_db.L3RpcNotifierMixin._notify_gateway_port_ip_changed-8746640142538', 'neutron.db.l3_dvrscheduler_db._notify_l3_agent_port_update-8746639708910', 'neutron.db.l3_hascheduler_db._notify_l3_agent_ha_port_update-8746639710724'] for port, after_update {{(pid=102516) _notify_loop /usr/local/lib/python3.8/dist-packages/neutron_lib/callbacks/manager.py:175}}
Nov 24 11:26:31.756058 dv-cinder-819089-1-smb neutron-server[102514]: DEBUG neutron_lib.callbacks.manager [None req-c499aa35-4501-480a-adb0-f3ca659a07fa tempest-AttachVolumeTestJSON-1935088445 tempest-AttachVolumeTestJSON-1935088445-project] Publish callbacks [] for security_group_rule, before_create {{(pid=102514) _notify_loop /usr/local/lib/python3.8/dist-packages/neutron_lib/callbacks/manager.py:175}}
Nov 24 11:26:31.785134 dv-cinder-819089-1-smb neutron-server[102516]: DEBUG neutron_lib.callbacks.manager [None req-407ab217-e330-493d-bbb3-ff952a09229d None None] Publish callbacks ['neutron.plugins.ml2.plugin.SecurityGroupDbMixin._ensure_default_security_group_handler-543373'] for port, before_update {{(pid=102516) _notify_loop /usr/local/lib/python3.8/dist-packages/neutron_lib/callbacks/manager.py:175}}
Nov 24 11:26:31.812365 dv-cinder-819089-1-smb neutron-server[102516]: DEBUG neutron.notifiers.nova [None req-407ab217-e330-493d-bbb3-ff952a09229d None None] Ignoring state change previous_port_status: DOWN current_port_status: BUILD port_id 0b22b25c-3886-4450-b131-d6ad92269657 {{(pid=102516) record_port_status_changed /opt/stack/neutron/neutron/notifiers/nova.py:224}}
Nov 24 11:26:31.842383 dv-cinder-819089-1-smb neutron-server[102516]: DEBUG neutron.api.rpc.handlers.resources_rpc [None req-77d0db11-27f2-41ea-bdc9-ca95f0ed56cf None None] Pushing event updated for resources: {'Port': ['ID=df5dd90c-8eb3-4108-8df7-db1c510eee6a,revision_number=5']} {{(pid=102516) push /opt/stack/neutron/neutron/api/rpc/handlers/resources_rpc.py:237}}
Nov 24 11:26:31.853659 dv-cinder-819089-1-smb neutron-server[102514]: DEBUG neutron_lib.callbacks.manager [None req-c499aa35-4501-480a-adb0-f3ca659a07fa tempest-AttachVolumeTestJSON-1935088445 tempest-AttachVolumeTestJSON-1935088445-project] Publish callbacks [] for security_group_rule, precommit_create {{(pid=102514) _notify_loop /usr/local/lib/python3.8/dist-packages/neutron_lib/callbacks/manager.py:175}}
Nov 24 11:26:31.861651 dv-cinder-819089-1-smb neutron-server[102516]: DEBUG neutron.plugins.ml2.db [None req-407ab217-e330-493d-bbb3-ff952a09229d None None] For port 0b22b25c-3886-4450-b131-d6ad92269657, host hv-cinder-81908, got binding levels [PortBindingLevel(driver='hyperv',host='hv-cinder-81908',level=0,port_id=0b22b25c-3886-4450-b131-d6ad92269657,segment=NetworkSegment(703a7994-9865-4817-9f6e-a31f05f25b67),segment_id=703a7994-9865-4817-9f6e-a31f05f25b67)] {{(pid=102516) get_binding_level_objs /opt/stack/neutron/neutron/plugins/ml2/db.py:74}}
Nov 24 11:26:31.867147 dv-cinder-819089-1-smb neutron-server[102514]: DEBUG neutron.pecan_wsgi.hooks.policy_enforcement [req-e8aac496-108b-4677-8583-9aa07c25ce5b req-403e241f-5bb7-4013-b1f1-b3b40ce06a42 tempest-ServerRescueNegativeTestJSON-30440138 tempest-ServerRescueNegativeTestJSON-30440138-project] Attributes excluded by policy engine: ['standard_attr_id', 'binding:profile', 'binding:host_id', 'binding:vif_type', 'binding:vif_details'] {{(pid=102514) _exclude_attributes_by_policy /opt/stack/neutron/neutron/pecan_wsgi/hooks/policy_enforcement.py:255}}
Nov 24 11:26:31.867936 dv-cinder-819089-1-smb neutron-server[102516]: DEBUG neutron_lib.callbacks.manager [None req-407ab217-e330-493d-bbb3-ff952a09229d None None] Publish callbacks ['neutron.plugins.ml2.plugin.SecurityGroupServerNotifierRpcMixin._notify_sg_on_port_change-544072', 'neutron.plugins.ml2.ovo_rpc._ObjectChangeHandler.handle_event-227008', 'neutron.api.rpc.agentnotifiers.dhcp_rpc_agent_api.DhcpAgentNotifyAPI._native_event_send_dhcp_notification-3781692', 'neutron.db.l3_db.L3RpcNotifierMixin._notify_gateway_port_ip_changed-8746640142538', 'neutron.db.l3_dvrscheduler_db._notify_l3_agent_port_update-8746639708910', 'neutron.db.l3_hascheduler_db._notify_l3_agent_ha_port_update-8746639710724'] for port, after_update {{(pid=102516) _notify_loop /usr/local/lib/python3.8/dist-packages/neutron_lib/callbacks/manager.py:175}}
Nov 24 11:26:31.869582 dv-cinder-819089-1-smb neutron-server[102514]: INFO neutron.wsgi [req-e8aac496-108b-4677-8583-9aa07c25ce5b req-403e241f-5bb7-4013-b1f1-b3b40ce06a42 tempest-ServerRescueNegativeTestJSON-30440138 tempest-ServerRescueNegativeTestJSON-30440138-project] 10.222.0.52 "GET /v2.0/ports?device_id=44644a52-107d-42e6-8ad1-0f5c63a54cf3 HTTP/1.1" status: 200 len: 946 time: 0.1015656
Nov 24 11:26:31.870735 dv-cinder-819089-1-smb neutron-server[102514]: DEBUG neutron_lib.callbacks.manager [None req-c499aa35-4501-480a-adb0-f3ca659a07fa tempest-AttachVolumeTestJSON-1935088445 tempest-AttachVolumeTestJSON-1935088445-project] Publish callbacks ['neutron.plugins.ml2.ovo_rpc._ObjectChangeHandler.handle_event-3853195'] for security_group_rule, after_create {{(pid=102514) _notify_loop /usr/local/lib/python3.8/dist-packages/neutron_lib/callbacks/manager.py:175}}
Nov 24 11:26:31.877230 dv-cinder-819089-1-smb neutron-server[102516]: DEBUG neutron.db.l3_hamode_db [None req-7c23508b-0663-4ced-b42a-d01036674983 None None] neutron.services.l3_router.l3_router_plugin.L3RouterPlugin method _process_sync_ha_data called with arguments (, [{'id': 'fd59748e-f252-456f-b101-e23d709bb551', 'name': 'tempest-AttachVolumeTestJSON-1576979789-router', 'tenant_id': '334c0265c5b54a8bb48163bf12c7728b', 'admin_state_up': True, 'status': 'ACTIVE', 'external_gateway_info': {'network_id': 'e6fd5b44-c000-41bd-9e19-02ed8c2310f3', 'external_fixed_ips': [{'subnet_id': 'b89a9792-2b92-4327-a604-3f9b7d981b98', 'ip_address': '172.28.3.191'}], 'enable_snat': True}, 'gw_port_id': '76ebd79a-5461-4148-9172-d2b3714f70a1', 'description': '', 'availability_zones': ['nova'], 'distributed': False, 'ha': False, 'ha_vr_id': 0, 'availability_zone_hints': [], 'routes': [], 'flavor_id': None, 'tags': [], 'created_at': '2021-11-24T11:26:19Z', 'updated_at': '2021-11-24T11:26:27Z', 'revision_number': 4, 'project_id': '334c0265c5b54a8bb48163bf12c7728b', 'gw_port': {'id': '76ebd79a-5461-4148-9172-d2b3714f70a1', 'name': '', 'network_id': 'e6fd5b44-c000-41bd-9e19-02ed8c2310f3', 'tenant_id': '', 'mac_address': 'fa:16:3e:dc:d7:c7', 'admin_state_up': True, 'status': 'ACTIVE', 'device_id': 'fd59748e-f252-456f-b101-e23d709bb551', 'device_owner': 'network:router_gateway', 'standard_attr_id': 252, 'fixed_ips': [{'subnet_id': 'b89a9792-2b92-4327-a604-3f9b7d981b98', 'ip_address': '172.28.3.191', 'prefixlen': 24}], 'allowed_address_pairs': [], 'extra_dhcp_opts': [], 'security_groups': [], 'description': '', 'binding:vnic_type': 'normal', 'binding:profile': {}, 'binding:host_id': 'dv-cinder-819089-1-smb', 'binding:vif_type': 'ovs', 'binding:vif_details': {'connectivity': 'l2', 'port_filter': True, 'ovs_hybrid_plug': False, 'datapath_type': 'system', 'bridge_name': 'br-int'}, 'port_security_enabled': False, 'tags': [], 'created_at': '2021-11-24T11:26:21Z', 'updated_at': '2021-11-24T11:26:28Z', 'revision_number': 4, 'project_id': '', 'subnets': [{'id': 'b89a9792-2b92-4327-a604-3f9b7d981b98', 'cidr': '172.28.3.0/24', 'gateway_ip': '172.28.3.1', 'dns_nameservers': [], 'ipv6_ra_mode': None, 'subnetpool_id': None}], 'extra_subnets': [], 'address_scopes': {4: None, 6: None}, 'mtu': 1500}, 'enable_snat': True, 'gw_port_host': 'dv-cinder-819089-1-smb', '_interfaces': [{'id': 'df5dd90c-8eb3-4108-8df7-db1c510eee6a', 'name': '', 'network_id': '5a41161d-85b2-4efb-b50a-3ebe6fe82fa4', 'tenant_id': '334c0265c5b54a8bb48163bf12c7728b', 'mac_address': 'fa:16:3e:3c:67:6d', 'admin_state_up': True, 'status': 'DOWN', 'device_id': 'fd59748e-f252-456f-b101-e23d709bb551', 'device_owner': 'network:router_interface', 'standard_attr_id': 260, 'fixed_ips': [{'subnet_id': '4170e96f-8a84-45d2-9c58-0b7c0b670ed4', 'ip_address': '172.20.0.1', 'prefixlen': 28}], 'allowed_address_pairs': [], 'extra_dhcp_opts': [], 'security_groups': [], 'description': '', 'binding:vnic_type': 'normal', 'binding:profile': {}, 'binding:host_id': 'dv-cinder-819089-1-smb', 'binding:vif_type': 'ovs', 'binding:vif_details': {'connectivity': 'l2', 'port_filter': True, 'ovs_hybrid_plug': False, 'datapath_type': 'system', 'bridge_name': 'br-int'}, 'port_security_enabled': False, 'tags': [], 'created_at': '2021-11-24T11:26:25Z', 'updated_at': '2021-11-24T11:26:30Z', 'revision_number': 4, 'project_id': '334c0265c5b54a8bb48163bf12c7728b', 'subnets': [{'id': '4170e96f-8a84-45d2-9c58-0b7c0b670ed4', 'cidr': '172.20.0.0/28', 'gateway_ip': '172.20.0.1', 'dns_nameservers': [], 'ipv6_ra_mode': None, 'subnetpool_id': None}], 'extra_subnets': [], 'address_scopes': {4: None, 6: None}, 'mtu': 1500}]}], 'dv-cinder-819089-1-smb', False) {} {{(pid=102516) wrapper /usr/local/lib/python3.8/dist-packages/oslo_log/helpers.py:65}}
Nov 24 11:26:31.904336 dv-cinder-819089-1-smb neutron-server[102514]: DEBUG neutron.api.rpc.handlers.resources_rpc [None req-c499aa35-4501-480a-adb0-f3ca659a07fa tempest-AttachVolumeTestJSON-1935088445 tempest-AttachVolumeTestJSON-1935088445-project] Pushing event updated for resources: {'SecurityGroupRule': ['ID=32c58a57-258e-4b1d-914c-49aeb8de7bda,revision_number=0']} {{(pid=102514) push /opt/stack/neutron/neutron/api/rpc/handlers/resources_rpc.py:237}}
Nov 24 11:26:31.914685 dv-cinder-819089-1-smb neutron-server[102514]: DEBUG neutron_lib.callbacks.manager [None req-c499aa35-4501-480a-adb0-f3ca659a07fa tempest-AttachVolumeTestJSON-1935088445 tempest-AttachVolumeTestJSON-1935088445-project] Publish callbacks [] for security_group_rule, before_response {{(pid=102514) _notify_loop /usr/local/lib/python3.8/dist-packages/neutron_lib/callbacks/manager.py:175}}
Nov 24 11:26:31.919456 dv-cinder-819089-1-smb neutron-server[102514]: INFO neutron.wsgi [None req-c499aa35-4501-480a-adb0-f3ca659a07fa tempest-AttachVolumeTestJSON-1935088445 tempest-AttachVolumeTestJSON-1935088445-project] 10.222.0.52 "POST /v2.0/security-group-rules HTTP/1.1" status: 201 len: 769 time: 0.2083726
Nov 24 11:26:31.920326 dv-cinder-819089-1-smb neutron-server[102515]: DEBUG neutron.wsgi [-] (102515) accepted ('10.222.0.52', 49318) {{(pid=102515) server /usr/local/lib/python3.8/dist-packages/eventlet/wsgi.py:1004}}
Nov 24 11:26:31.924274 dv-cinder-819089-1-smb neutron-server[102515]: DEBUG neutron.api.v2.base [None req-04ae7e89-1a8a-4734-b35a-e781cb2d3dfe tempest-AttachVolumeTestJSON-1935088445 tempest-AttachVolumeTestJSON-1935088445-project] Request body: {'floatingip': {'floating_network_id': 'e6fd5b44-c000-41bd-9e19-02ed8c2310f3'}} {{(pid=102515) prepare_request_body /opt/stack/neutron/neutron/api/v2/base.py:729}}
Nov 24 11:26:31.928601 dv-cinder-819089-1-smb neutron-server[102516]: DEBUG neutron.db.provisioning_blocks [None req-7dd0333c-9e37-42e1-a189-ddf1ebe7fe6c None None] Provisioning complete for port df5dd90c-8eb3-4108-8df7-db1c510eee6a triggered by entity DHCP. {{(pid=102516) provisioning_complete /opt/stack/neutron/neutron/db/provisioning_blocks.py:139}}
Nov 24 11:26:31.928980 dv-cinder-819089-1-smb neutron-server[102516]: DEBUG neutron_lib.callbacks.manager [None req-7dd0333c-9e37-42e1-a189-ddf1ebe7fe6c None None] Publish callbacks ['neutron.plugins.ml2.plugin.Ml2Plugin._port_provisioned-763021'] for port, provisioning_complete {{(pid=102516) _notify_loop /usr/local/lib/python3.8/dist-packages/neutron_lib/callbacks/manager.py:175}}
Nov 24 11:26:31.933654 dv-cinder-819089-1-smb neutron-server[102516]: DEBUG neutron.api.rpc.handlers.l3_rpc [None req-7c23508b-0663-4ced-b42a-d01036674983 None None] The sync data for ids ['fd59748e-f252-456f-b101-e23d709bb551'] in dv-cinder-819089-1-smb is: [{'id': 'fd59748e-f252-456f-b101-e23d709bb551', 'name': 'tempest-AttachVolumeTestJSON-1576979789-router', 'tenant_id': '334c0265c5b54a8bb48163bf12c7728b', 'admin_state_up': True, 'status': 'ACTIVE', 'external_gateway_info': {'network_id': 'e6fd5b44-c000-41bd-9e19-02ed8c2310f3', 'external_fixed_ips': [{'subnet_id': 'b89a9792-2b92-4327-a604-3f9b7d981b98', 'ip_address': '172.28.3.191'}], 'enable_snat': True}, 'gw_port_id': '76ebd79a-5461-4148-9172-d2b3714f70a1', 'description': '', 'availability_zones': ['nova'], 'distributed': False, 'ha': False, 'ha_vr_id': 0, 'availability_zone_hints': [], 'routes': [], 'flavor_id': None, 'tags': [], 'created_at': '2021-11-24T11:26:19Z', 'updated_at': '2021-11-24T11:26:27Z', 'revision_number': 4, 'project_id': '334c0265c5b54a8bb48163bf12c7728b', 'gw_port': {'id': '76ebd79a-5461-4148-9172-d2b3714f70a1', 'name': '', 'network_id': 'e6fd5b44-c000-41bd-9e19-02ed8c2310f3', 'tenant_id': '', 'mac_address': 'fa:16:3e:dc:d7:c7', 'admin_state_up': True, 'status': 'ACTIVE', 'device_id': 'fd59748e-f252-456f-b101-e23d709bb551', 'device_owner': 'network:router_gateway', 'standard_attr_id': 252, 'fixed_ips': [{'subnet_id': 'b89a9792-2b92-4327-a604-3f9b7d981b98', 'ip_address': '172.28.3.191', 'prefixlen': 24}], 'allowed_address_pairs': [], 'extra_dhcp_opts': [], 'security_groups': [], 'description': '', 'binding:vnic_type': 'normal', 'binding:profile': {}, 'binding:host_id': 'dv-cinder-819089-1-smb', 'binding:vif_type': 'ovs', 'binding:vif_details': {'connectivity': 'l2', 'port_filter': True, 'ovs_hybrid_plug': False, 'datapath_type': 'system', 'bridge_name': 'br-int'}, 'port_security_enabled': False, 'tags': [], 'created_at': '2021-11-24T11:26:21Z', 'updated_at': '2021-11-24T11:26:28Z', 'revision_number': 4, 'project_id': '', 'subnets': [{'id': 'b89a9792-2b92-4327-a604-3f9b7d981b98', 'cidr': '172.28.3.0/24', 'gateway_ip': '172.28.3.1', 'dns_nameservers': [], 'ipv6_ra_mode': None, 'subnetpool_id': None}], 'extra_subnets': [], 'address_scopes': {4: None, 6: None}, 'mtu': 1500}, 'enable_snat': True, 'gw_port_host': 'dv-cinder-819089-1-smb', '_interfaces': [{'id': 'df5dd90c-8eb3-4108-8df7-db1c510eee6a', 'name': '', 'network_id': '5a41161d-85b2-4efb-b50a-3ebe6fe82fa4', 'tenant_id': '334c0265c5b54a8bb48163bf12c7728b', 'mac_address': 'fa:16:3e:3c:67:6d', 'admin_state_up': True, 'status': 'DOWN', 'device_id': 'fd59748e-f252-456f-b101-e23d709bb551', 'device_owner': 'network:router_interface', 'standard_attr_id': 260, 'fixed_ips': [{'subnet_id': '4170e96f-8a84-45d2-9c58-0b7c0b670ed4', 'ip_address': '172.20.0.1', 'prefixlen': 28}], 'allowed_address_pairs': [], 'extra_dhcp_opts': [], 'security_groups': [], 'description': '', 'binding:vnic_type': 'normal', 'binding:profile': {}, 'binding:host_id': 'dv-cinder-819089-1-smb', 'binding:vif_type': 'ovs', 'binding:vif_details': {'connectivity': 'l2', 'port_filter': True, 'ovs_hybrid_plug': False, 'datapath_type': 'system', 'bridge_name': 'br-int'}, 'port_security_enabled': False, 'tags': [], 'created_at': '2021-11-24T11:26:25Z', 'updated_at': '2021-11-24T11:26:30Z', 'revision_number': 4, 'project_id': '334c0265c5b54a8bb48163bf12c7728b', 'subnets': [{'id': '4170e96f-8a84-45d2-9c58-0b7c0b670ed4', 'cidr': '172.20.0.0/28', 'gateway_ip': '172.20.0.1', 'dns_nameservers': [], 'ipv6_ra_mode': None, 'subnetpool_id': None}], 'extra_subnets': [], 'address_scopes': {4: None, 6: None}, 'mtu': 1500}]}] {{(pid=102516) sync_routers /opt/stack/neutron/neutron/api/rpc/handlers/l3_rpc.py:137}}
Nov 24 11:26:31.959432 dv-cinder-819089-1-smb neutron-server[102515]: DEBUG neutron_lib.callbacks.manager [None req-04ae7e89-1a8a-4734-b35a-e781cb2d3dfe tempest-AttachVolumeTestJSON-1935088445 tempest-AttachVolumeTestJSON-1935088445-project] Publish callbacks [] for floatingip, before_create {{(pid=102515) _notify_loop /usr/local/lib/python3.8/dist-packages/neutron_lib/callbacks/manager.py:175}}
Nov 24 11:26:31.998491 dv-cinder-819089-1-smb neutron-server[102514]: INFO neutron.wsgi [req-e8aac496-108b-4677-8583-9aa07c25ce5b req-654a5940-852a-4a88-956a-cddb3d8a61a0 tempest-ServerRescueNegativeTestJSON-30440138 tempest-ServerRescueNegativeTestJSON-30440138-project] 10.222.0.52 "GET /v2.0/security-groups?id=f93f4c54-38d4-4f87-af2a-e607558e6c22&fields=id&fields=name HTTP/1.1" status: 200 len: 286 time: 0.1021681
Nov 24 11:26:31.999271 dv-cinder-819089-1-smb neutron-server[102516]: DEBUG neutron.api.rpc.handlers.resources_rpc [None req-407ab217-e330-493d-bbb3-ff952a09229d None None] Pushing event updated for resources: {'Port': ['ID=0b22b25c-3886-4450-b131-d6ad92269657,revision_number=4']} {{(pid=102516) push /opt/stack/neutron/neutron/api/rpc/handlers/resources_rpc.py:237}}
Nov 24 11:26:32.298156 dv-cinder-819089-1-smb neutron-server[102515]: DEBUG neutron.pecan_wsgi.hooks.policy_enforcement [req-bdfde207-29e0-4b12-aa51-e06b485be65d req-df70f451-9745-46ec-a656-5c98f58c3a10 tempest-AttachVolumeNegativeTest-1993006310 tempest-AttachVolumeNegativeTest-1993006310-project] Attributes excluded by policy engine: ['standard_attr_id', 'vlan_transparent', 'provider:network_type', 'provider:physical_network', 'provider:segmentation_id'] {{(pid=102515) _exclude_attributes_by_policy /opt/stack/neutron/neutron/pecan_wsgi/hooks/policy_enforcement.py:255}}
Nov 24 11:26:32.300351 dv-cinder-819089-1-smb neutron-server[102515]: INFO neutron.wsgi [req-bdfde207-29e0-4b12-aa51-e06b485be65d req-df70f451-9745-46ec-a656-5c98f58c3a10 tempest-AttachVolumeNegativeTest-1993006310 tempest-AttachVolumeNegativeTest-1993006310-project] 10.222.0.11 "GET /v2.0/networks?id=ee92d2b3-6c2b-4739-80e6-725801b3b9bb HTTP/1.1" status: 200 len: 815 time: 0.1538029
Nov 24 11:26:32.311411 dv-cinder-819089-1-smb neutron-server[102515]: DEBUG neutron_lib.callbacks.manager [None req-04ae7e89-1a8a-4734-b35a-e781cb2d3dfe tempest-AttachVolumeTestJSON-1935088445 tempest-AttachVolumeTestJSON-1935088445-project] Publish callbacks ['neutron.plugins.ml2.plugin.SecurityGroupDbMixin._ensure_default_security_group_handler-543373'] for port, before_create {{(pid=102515) _notify_loop /usr/local/lib/python3.8/dist-packages/neutron_lib/callbacks/manager.py:175}}
Nov 24 11:26:32.324464 dv-cinder-819089-1-smb neutron-server[102515]: DEBUG neutron.api.v2.base [req-bdfde207-29e0-4b12-aa51-e06b485be65d req-8c3b6d09-58db-414d-a2c9-a75ba19f6369 tempest-AttachVolumeNegativeTest-1993006310 tempest-AttachVolumeNegativeTest-1993006310-project] Request body: {'port': {'device_id': '6d10e727-31fa-46cf-96b1-04b2787203a3', 'network_id': 'ee92d2b3-6c2b-4739-80e6-725801b3b9bb', 'admin_state_up': True, 'tenant_id': '03e2db46c44c4929aa8d1d0d216503d9'}} {{(pid=102515) prepare_request_body /opt/stack/neutron/neutron/api/v2/base.py:729}}
Nov 24 11:26:32.449384 dv-cinder-819089-1-smb neutron-server[102516]: DEBUG neutron_lib.callbacks.manager [None req-5d97048f-31f2-47aa-88d0-ecdcdfc87f5c None None] Publish callbacks ['neutron.services.segments.db._update_segment_host_mapping_for_agent-8746640041921', 'neutron.plugins.ml2.plugin.Ml2Plugin._retry_binding_revived_agents-617306'] for agent, after_update {{(pid=102516) _notify_loop /usr/local/lib/python3.8/dist-packages/neutron_lib/callbacks/manager.py:175}}
Nov 24 11:26:32.461172 dv-cinder-819089-1-smb neutron-server[102514]: DEBUG neutron.pecan_wsgi.hooks.policy_enforcement [req-eadd5514-0d08-4fdd-8fca-c671092983cd req-92077914-50ee-4d3c-b817-a84b7d7ccfaa tempest-VolumesActionsTest-858633616 tempest-VolumesActionsTest-858633616-project] Attributes excluded by policy engine: ['standard_attr_id', 'binding:profile', 'binding:host_id', 'binding:vif_type', 'binding:vif_details'] {{(pid=102514) _exclude_attributes_by_policy /opt/stack/neutron/neutron/pecan_wsgi/hooks/policy_enforcement.py:255}}
Nov 24 11:26:32.470614 dv-cinder-819089-1-smb neutron-server[102514]: INFO neutron.wsgi [req-eadd5514-0d08-4fdd-8fca-c671092983cd req-92077914-50ee-4d3c-b817-a84b7d7ccfaa tempest-VolumesActionsTest-858633616 tempest-VolumesActionsTest-858633616-project] 10.222.0.52 "GET /v2.0/ports?device_id=28af0267-cfda-4844-b001-1027ed2c070c HTTP/1.1" status: 200 len: 944 time: 0.2174475
Nov 24 11:26:32.499576 dv-cinder-819089-1-smb neutron-server[102516]: DEBUG neutron.plugins.ml2.db [None req-407ab217-e330-493d-bbb3-ff952a09229d None None] get_ports_and_sgs() called for port_ids ['0b22b25c-3886-4450-b131-d6ad92269657'] {{(pid=102516) get_ports_and_sgs /opt/stack/neutron/neutron/plugins/ml2/db.py:156}}
Nov 24 11:26:32.515630 dv-cinder-819089-1-smb neutron-server[102514]: DEBUG neutron.pecan_wsgi.hooks.policy_enforcement [req-8327a57d-2117-4f5c-bfd6-a405751b1105 req-1ca2a469-3a80-4694-aaf3-6240efff7adb tempest-VolumesNegativeTest-836842137 tempest-VolumesNegativeTest-836842137-project] Attributes excluded by policy engine: ['standard_attr_id', 'binding:profile', 'binding:host_id', 'binding:vif_type', 'binding:vif_details'] {{(pid=102514) _exclude_attributes_by_policy /opt/stack/neutron/neutron/pecan_wsgi/hooks/policy_enforcement.py:255}}
Nov 24 11:26:32.517408 dv-cinder-819089-1-smb neutron-server[102514]: INFO neutron.wsgi [req-8327a57d-2117-4f5c-bfd6-a405751b1105 req-1ca2a469-3a80-4694-aaf3-6240efff7adb tempest-VolumesNegativeTest-836842137 tempest-VolumesNegativeTest-836842137-project] 10.222.0.52 "GET /v2.0/ports?device_id=d0fd8e12-fb66-4a66-9d0e-939917c3cde2 HTTP/1.1" status: 200 len: 948 time: 0.1819017
Nov 24 11:26:32.560952 dv-cinder-819089-1-smb neutron-server[102514]: INFO neutron.wsgi [req-eadd5514-0d08-4fdd-8fca-c671092983cd req-aac10db0-5cb8-4acc-bb49-de7239bc5370 tempest-VolumesActionsTest-858633616 tempest-VolumesActionsTest-858633616-project] 10.222.0.52 "GET /v2.0/security-groups?id=a827dcb5-3cc2-4984-ad51-75650631227e&fields=id&fields=name HTTP/1.1" status: 200 len: 286 time: 0.0894446
Nov 24 11:26:32.624478 dv-cinder-819089-1-smb neutron-server[102514]: INFO neutron.wsgi [req-8327a57d-2117-4f5c-bfd6-a405751b1105 req-36f5270c-ef8a-4e55-88b1-a2fbde820eac tempest-VolumesNegativeTest-836842137 tempest-VolumesNegativeTest-836842137-project] 10.222.0.52 "GET /v2.0/security-groups?id=93e96a76-290a-4b32-8a84-2feb9d3d4f00&fields=id&fields=name HTTP/1.1" status: 200 len: 286 time: 0.0944269
Nov 24 11:26:32.696122 dv-cinder-819089-1-smb neutron-server[102515]: DEBUG neutron.pecan_wsgi.hooks.quota_enforcement [req-bdfde207-29e0-4b12-aa51-e06b485be65d req-8c3b6d09-58db-414d-a2c9-a75ba19f6369 tempest-AttachVolumeNegativeTest-1993006310 tempest-AttachVolumeNegativeTest-1993006310-project] Made reservation on behalf of 03e2db46c44c4929aa8d1d0d216503d9 for: {'port': 1} {{(pid=102515) before /opt/stack/neutron/neutron/pecan_wsgi/hooks/quota_enforcement.py:53}}
Nov 24 11:26:32.700617 dv-cinder-819089-1-smb neutron-server[102515]: DEBUG neutron_lib.callbacks.manager [req-bdfde207-29e0-4b12-aa51-e06b485be65d req-8c3b6d09-58db-414d-a2c9-a75ba19f6369 tempest-AttachVolumeNegativeTest-1993006310 tempest-AttachVolumeNegativeTest-1993006310-project] Publish callbacks ['neutron.plugins.ml2.plugin.SecurityGroupDbMixin._ensure_default_security_group_handler-543373'] for port, before_create {{(pid=102515) _notify_loop /usr/local/lib/python3.8/dist-packages/neutron_lib/callbacks/manager.py:175}}
Nov 24 11:26:32.722121 dv-cinder-819089-1-smb neutron-server[102515]: DEBUG neutron.db.db_base_plugin_common [None req-04ae7e89-1a8a-4734-b35a-e781cb2d3dfe tempest-AttachVolumeTestJSON-1935088445 tempest-AttachVolumeTestJSON-1935088445-project] Allocated IP 172.28.3.81 (e6fd5b44-c000-41bd-9e19-02ed8c2310f3/b89a9792-2b92-4327-a604-3f9b7d981b98/e11727b7-608c-4b27-b92f-8bb639c7e4ba) {{(pid=102515) _store_ip_allocation /opt/stack/neutron/neutron/db/db_base_plugin_common.py:131}}
Nov 24 11:26:32.738167 dv-cinder-819089-1-smb neutron-server[102514]: INFO neutron.wsgi [req-19665fa1-c6bb-4e62-a230-935289b73d3a req-abb1930e-62a0-4c17-9f78-be2835721134 tempest-AttachVolumeNegativeTest-1993006310 tempest-AttachVolumeNegativeTest-1993006310-project] 10.222.0.52 "GET /v2.0/ports?device_id=6d10e727-31fa-46cf-96b1-04b2787203a3 HTTP/1.1" status: 200 len: 210 time: 0.0394609
Nov 24 11:26:33.114945 dv-cinder-819089-1-smb neutron-server[102514]: DEBUG neutron.pecan_wsgi.hooks.policy_enforcement [req-f79a79a8-d9e1-409a-b1e0-ac91b8942c1b req-bb0e8d6f-c3c0-4713-8eda-6c42a6210c4f tempest-ServerRescueNegativeTestJSON-30440138 tempest-ServerRescueNegativeTestJSON-30440138-project] Attributes excluded by policy engine: ['standard_attr_id', 'binding:profile', 'binding:host_id', 'binding:vif_type', 'binding:vif_details'] {{(pid=102514) _exclude_attributes_by_policy /opt/stack/neutron/neutron/pecan_wsgi/hooks/policy_enforcement.py:255}}
Nov 24 11:26:33.123040 dv-cinder-819089-1-smb neutron-server[102514]: INFO neutron.wsgi [req-f79a79a8-d9e1-409a-b1e0-ac91b8942c1b req-bb0e8d6f-c3c0-4713-8eda-6c42a6210c4f tempest-ServerRescueNegativeTestJSON-30440138 tempest-ServerRescueNegativeTestJSON-30440138-project] 10.222.0.52 "GET /v2.0/ports?device_id=44644a52-107d-42e6-8ad1-0f5c63a54cf3 HTTP/1.1" status: 200 len: 946 time: 0.0590057
Nov 24 11:26:33.171770 dv-cinder-819089-1-smb neutron-server[102514]: INFO neutron.wsgi [req-f79a79a8-d9e1-409a-b1e0-ac91b8942c1b req-f3697dff-1e5e-4832-a6cd-239ff03abeaf tempest-ServerRescueNegativeTestJSON-30440138 tempest-ServerRescueNegativeTestJSON-30440138-project] 10.222.0.52 "GET /v2.0/security-groups?id=f93f4c54-38d4-4f87-af2a-e607558e6c22&fields=id&fields=name HTTP/1.1" status: 200 len: 286 time: 0.0476956
Nov 24 11:26:33.181314 dv-cinder-819089-1-smb neutron-server[102515]: DEBUG neutron_lib.callbacks.manager [None req-04ae7e89-1a8a-4734-b35a-e781cb2d3dfe tempest-AttachVolumeTestJSON-1935088445 tempest-AttachVolumeTestJSON-1935088445-project] Publish callbacks [] for port, precommit_create {{(pid=102515) _notify_loop /usr/local/lib/python3.8/dist-packages/neutron_lib/callbacks/manager.py:175}}
Nov 24 11:26:33.197271 dv-cinder-819089-1-smb neutron-server[102515]: DEBUG neutron.db.db_base_plugin_common [req-bdfde207-29e0-4b12-aa51-e06b485be65d req-8c3b6d09-58db-414d-a2c9-a75ba19f6369 tempest-AttachVolumeNegativeTest-1993006310 tempest-AttachVolumeNegativeTest-1993006310-project] Allocated IP 172.20.0.14 (ee92d2b3-6c2b-4739-80e6-725801b3b9bb/38c9f0c2-d3e2-4a42-8d3c-8c1a31db5977/65f13dab-3ffb-4812-b429-9c5146b28274) {{(pid=102515) _store_ip_allocation /opt/stack/neutron/neutron/db/db_base_plugin_common.py:131}}
Nov 24 11:26:33.256995 dv-cinder-819089-1-smb neutron-server[102515]: DEBUG neutron_lib.callbacks.manager [None req-04ae7e89-1a8a-4734-b35a-e781cb2d3dfe tempest-AttachVolumeTestJSON-1935088445 tempest-AttachVolumeTestJSON-1935088445-project] Publish callbacks ['neutron.plugins.ml2.plugin.SecurityGroupServerNotifierRpcMixin._notify_sg_on_port_change-544072', 'neutron.plugins.ml2.ovo_rpc._ObjectChangeHandler.handle_event-227008', 'neutron.api.rpc.agentnotifiers.dhcp_rpc_agent_api.DhcpAgentNotifyAPI._native_event_send_dhcp_notification-3781692', 'neutron.db.l3_dvrscheduler_db._notify_l3_agent_new_port-8746639708892', 'neutron.services.segments.plugin.NovaSegmentNotifier._notify_port_created_or_deleted-126900853'] for port, after_create {{(pid=102515) _notify_loop /usr/local/lib/python3.8/dist-packages/neutron_lib/callbacks/manager.py:175}}
Nov 24 11:26:33.324275 dv-cinder-819089-1-smb neutron-server[102515]: DEBUG neutron.scheduler.dhcp_agent_scheduler [None req-04ae7e89-1a8a-4734-b35a-e781cb2d3dfe tempest-AttachVolumeTestJSON-1935088445 tempest-AttachVolumeTestJSON-1935088445-project] Network e6fd5b44-c000-41bd-9e19-02ed8c2310f3 is already hosted by enough agents. {{(pid=102515) _get_dhcp_agents_hosting_network /opt/stack/neutron/neutron/scheduler/dhcp_agent_scheduler.py:275}}
Nov 24 11:26:33.332712 dv-cinder-819089-1-smb neutron-server[102515]: DEBUG neutron.scheduler.base_scheduler [None req-04ae7e89-1a8a-4734-b35a-e781cb2d3dfe tempest-AttachVolumeTestJSON-1935088445 tempest-AttachVolumeTestJSON-1935088445-project] Resources bound (agent type, host, resource id): {{(pid=102515) schedule /opt/stack/neutron/neutron/scheduler/base_scheduler.py:57}}
Nov 24 11:26:33.338194 dv-cinder-819089-1-smb neutron-server[102515]: DEBUG neutron.db.l3_dvrscheduler_db [None req-04ae7e89-1a8a-4734-b35a-e781cb2d3dfe tempest-AttachVolumeTestJSON-1935088445 tempest-AttachVolumeTestJSON-1935088445-project] Received port after_create {{(pid=102515) _notify_l3_agent_new_port /opt/stack/neutron/neutron/db/l3_dvrscheduler_db.py:535}}
Nov 24 11:26:33.385047 dv-cinder-819089-1-smb neutron-server[102515]: DEBUG neutron.api.rpc.handlers.resources_rpc [None req-04ae7e89-1a8a-4734-b35a-e781cb2d3dfe tempest-AttachVolumeTestJSON-1935088445 tempest-AttachVolumeTestJSON-1935088445-project] Pushing event updated for resources: {'Port': ['ID=e11727b7-608c-4b27-b92f-8bb639c7e4ba,revision_number=1']} {{(pid=102515) push /opt/stack/neutron/neutron/api/rpc/handlers/resources_rpc.py:237}}
Nov 24 11:26:33.469311 dv-cinder-819089-1-smb neutron-server[102515]: DEBUG neutron_lib.callbacks.manager [req-bdfde207-29e0-4b12-aa51-e06b485be65d req-8c3b6d09-58db-414d-a2c9-a75ba19f6369 tempest-AttachVolumeNegativeTest-1993006310 tempest-AttachVolumeNegativeTest-1993006310-project] Publish callbacks [] for port, precommit_create {{(pid=102515) _notify_loop /usr/local/lib/python3.8/dist-packages/neutron_lib/callbacks/manager.py:175}}
Nov 24 11:26:33.494243 dv-cinder-819089-1-smb neutron-server[102515]: DEBUG neutron_lib.callbacks.manager [None req-04ae7e89-1a8a-4734-b35a-e781cb2d3dfe tempest-AttachVolumeTestJSON-1935088445 tempest-AttachVolumeTestJSON-1935088445-project] Publish callbacks [] for floatingip, precommit_create {{(pid=102515) _notify_loop /usr/local/lib/python3.8/dist-packages/neutron_lib/callbacks/manager.py:175}}
Nov 24 11:26:33.538594 dv-cinder-819089-1-smb neutron-server[102515]: DEBUG neutron_lib.callbacks.manager [None req-04ae7e89-1a8a-4734-b35a-e781cb2d3dfe tempest-AttachVolumeTestJSON-1935088445 tempest-AttachVolumeTestJSON-1935088445-project] Publish callbacks ['neutron.plugins.ml2.plugin.SecurityGroupDbMixin._ensure_default_security_group_handler-543373'] for port, before_update {{(pid=102515) _notify_loop /usr/local/lib/python3.8/dist-packages/neutron_lib/callbacks/manager.py:175}}
Nov 24 11:26:33.540564 dv-cinder-819089-1-smb neutron-server[102515]: DEBUG neutron_lib.callbacks.manager [req-bdfde207-29e0-4b12-aa51-e06b485be65d req-8c3b6d09-58db-414d-a2c9-a75ba19f6369 tempest-AttachVolumeNegativeTest-1993006310 tempest-AttachVolumeNegativeTest-1993006310-project] Publish callbacks ['neutron.plugins.ml2.plugin.SecurityGroupServerNotifierRpcMixin._notify_sg_on_port_change-544072', 'neutron.plugins.ml2.ovo_rpc._ObjectChangeHandler.handle_event-227008', 'neutron.api.rpc.agentnotifiers.dhcp_rpc_agent_api.DhcpAgentNotifyAPI._native_event_send_dhcp_notification-3781692', 'neutron.db.l3_dvrscheduler_db._notify_l3_agent_new_port-8746639708892', 'neutron.services.segments.plugin.NovaSegmentNotifier._notify_port_created_or_deleted-126900853'] for port, after_create {{(pid=102515) _notify_loop /usr/local/lib/python3.8/dist-packages/neutron_lib/callbacks/manager.py:175}}
Nov 24 11:26:33.617005 dv-cinder-819089-1-smb neutron-server[102515]: DEBUG neutron.scheduler.dhcp_agent_scheduler [req-bdfde207-29e0-4b12-aa51-e06b485be65d req-8c3b6d09-58db-414d-a2c9-a75ba19f6369 tempest-AttachVolumeNegativeTest-1993006310 tempest-AttachVolumeNegativeTest-1993006310-project] Network ee92d2b3-6c2b-4739-80e6-725801b3b9bb is already hosted by enough agents. {{(pid=102515) _get_dhcp_agents_hosting_network /opt/stack/neutron/neutron/scheduler/dhcp_agent_scheduler.py:275}}
Nov 24 11:26:33.627066 dv-cinder-819089-1-smb neutron-server[102515]: DEBUG neutron.scheduler.base_scheduler [req-bdfde207-29e0-4b12-aa51-e06b485be65d req-8c3b6d09-58db-414d-a2c9-a75ba19f6369 tempest-AttachVolumeNegativeTest-1993006310 tempest-AttachVolumeNegativeTest-1993006310-project] Resources bound (agent type, host, resource id): {{(pid=102515) schedule /opt/stack/neutron/neutron/scheduler/base_scheduler.py:57}}
Nov 24 11:26:33.630940 dv-cinder-819089-1-smb neutron-server[102515]: DEBUG neutron.api.rpc.handlers.resources_rpc [None req-8c3b6d09-58db-414d-a2c9-a75ba19f6369 tempest-AttachVolumeNegativeTest-1993006310 tempest-AttachVolumeNegativeTest-1993006310-project] Pushing event updated for resources: {'Port': ['ID=65f13dab-3ffb-4812-b429-9c5146b28274,revision_number=1']} {{(pid=102515) push /opt/stack/neutron/neutron/api/rpc/handlers/resources_rpc.py:237}}
Nov 24 11:26:33.636026 dv-cinder-819089-1-smb neutron-server[102515]: DEBUG neutron.db.l3_dvrscheduler_db [req-bdfde207-29e0-4b12-aa51-e06b485be65d req-8c3b6d09-58db-414d-a2c9-a75ba19f6369 tempest-AttachVolumeNegativeTest-1993006310 tempest-AttachVolumeNegativeTest-1993006310-project] Received port after_create {{(pid=102515) _notify_l3_agent_new_port /opt/stack/neutron/neutron/db/l3_dvrscheduler_db.py:535}}
Nov 24 11:26:33.747832 dv-cinder-819089-1-smb neutron-server[102515]: DEBUG neutron.pecan_wsgi.hooks.policy_enforcement [req-bdfde207-29e0-4b12-aa51-e06b485be65d req-8c3b6d09-58db-414d-a2c9-a75ba19f6369 tempest-AttachVolumeNegativeTest-1993006310 tempest-AttachVolumeNegativeTest-1993006310-project] Attributes excluded by policy engine: ['standard_attr_id', 'binding:profile', 'binding:host_id', 'binding:vif_type', 'binding:vif_details', 'network'] {{(pid=102515) _exclude_attributes_by_policy /opt/stack/neutron/neutron/pecan_wsgi/hooks/policy_enforcement.py:255}}
Nov 24 11:26:33.749161 dv-cinder-819089-1-smb neutron-server[102515]: DEBUG neutron_lib.callbacks.manager [req-bdfde207-29e0-4b12-aa51-e06b485be65d req-8c3b6d09-58db-414d-a2c9-a75ba19f6369 tempest-AttachVolumeNegativeTest-1993006310 tempest-AttachVolumeNegativeTest-1993006310-project] Publish callbacks ['neutron.notifiers.nova.Notifier._send_nova_notification-51556'] for port, before_response {{(pid=102515) _notify_loop /usr/local/lib/python3.8/dist-packages/neutron_lib/callbacks/manager.py:175}}
Nov 24 11:26:33.784847 dv-cinder-819089-1-smb neutron-server[102515]: INFO neutron.wsgi [req-bdfde207-29e0-4b12-aa51-e06b485be65d req-8c3b6d09-58db-414d-a2c9-a75ba19f6369 tempest-AttachVolumeNegativeTest-1993006310 tempest-AttachVolumeNegativeTest-1993006310-project] 10.222.0.11 "POST /v2.0/ports HTTP/1.1" status: 201 len: 934 time: 1.4702411
Nov 24 11:26:33.796828 dv-cinder-819089-1-smb neutron-server[102514]: DEBUG neutron.pecan_wsgi.hooks.policy_enforcement [req-225f2e61-09b6-4a57-8196-5e7bf271cdfb req-6f938733-713b-49c1-89e3-60061c925b91 tempest-VolumesActionsTest-858633616 tempest-VolumesActionsTest-858633616-project] Attributes excluded by policy engine: ['standard_attr_id', 'binding:profile', 'binding:host_id', 'binding:vif_type', 'binding:vif_details'] {{(pid=102514) _exclude_attributes_by_policy /opt/stack/neutron/neutron/pecan_wsgi/hooks/policy_enforcement.py:255}}
Nov 24 11:26:33.798111 dv-cinder-819089-1-smb neutron-server[102514]: INFO neutron.wsgi [req-225f2e61-09b6-4a57-8196-5e7bf271cdfb req-6f938733-713b-49c1-89e3-60061c925b91 tempest-VolumesActionsTest-858633616 tempest-VolumesActionsTest-858633616-project] 10.222.0.52 "GET /v2.0/ports?device_id=28af0267-cfda-4844-b001-1027ed2c070c HTTP/1.1" status: 200 len: 944 time: 0.1444926
Nov 24 11:26:33.807256 dv-cinder-819089-1-smb neutron-server[102516]: DEBUG neutron.plugins.ml2.db [None req-407ab217-e330-493d-bbb3-ff952a09229d None None] get_ports_and_sgs() called for port_ids ['f709a68f-314b-4886-9700-ffe9a735c1fa', 'b40208fb-0dfb-4281-bdcf-df9106249330'] {{(pid=102516) get_ports_and_sgs /opt/stack/neutron/neutron/plugins/ml2/db.py:156}}
Nov 24 11:26:33.811243 dv-cinder-819089-1-smb neutron-server[102514]: DEBUG neutron.pecan_wsgi.hooks.policy_enforcement [req-7ff1d1d0-f580-42b7-9139-8d74942312bc req-e9809737-523b-4940-9047-ac6b902baa51 tempest-VolumesNegativeTest-836842137 tempest-VolumesNegativeTest-836842137-project] Attributes excluded by policy engine: ['standard_attr_id', 'binding:profile', 'binding:host_id', 'binding:vif_type', 'binding:vif_details'] {{(pid=102514) _exclude_attributes_by_policy /opt/stack/neutron/neutron/pecan_wsgi/hooks/policy_enforcement.py:255}}
Nov 24 11:26:33.812865 dv-cinder-819089-1-smb neutron-server[102514]: INFO neutron.wsgi [req-7ff1d1d0-f580-42b7-9139-8d74942312bc req-e9809737-523b-4940-9047-ac6b902baa51 tempest-VolumesNegativeTest-836842137 tempest-VolumesNegativeTest-836842137-project] 10.222.0.52 "GET /v2.0/ports?device_id=d0fd8e12-fb66-4a66-9d0e-939917c3cde2 HTTP/1.1" status: 200 len: 948 time: 0.0855739
Nov 24 11:26:33.815593 dv-cinder-819089-1-smb neutron-server[102516]: DEBUG neutron.plugins.ml2.rpc [None req-cc88bed1-3b7d-4be3-b86c-7e7ac95c602d None None] Device df5dd90c-8eb3-4108-8df7-db1c510eee6a up at agent ovs-agent-dv-cinder-819089-1-smb {{(pid=102516) update_device_up /opt/stack/neutron/neutron/plugins/ml2/rpc.py:296}}
Nov 24 11:26:33.825272 dv-cinder-819089-1-smb neutron-server[102515]: DEBUG neutron.api.v2.base [req-bdfde207-29e0-4b12-aa51-e06b485be65d req-7cb5b009-9394-44f0-ac62-919202146890 service neutron] Request body: {'port': {'device_id': '6d10e727-31fa-46cf-96b1-04b2787203a3', 'device_owner': 'compute:nova', 'binding:host_id': 'hv-cinder-81908'}} {{(pid=102515) prepare_request_body /opt/stack/neutron/neutron/api/v2/base.py:729}}
Nov 24 11:26:33.883319 dv-cinder-819089-1-smb neutron-server[102514]: INFO neutron.wsgi [req-225f2e61-09b6-4a57-8196-5e7bf271cdfb req-de2bef9b-9cb1-4657-aa9c-1fffee88a213 tempest-VolumesActionsTest-858633616 tempest-VolumesActionsTest-858633616-project] 10.222.0.52 "GET /v2.0/security-groups?id=a827dcb5-3cc2-4984-ad51-75650631227e&fields=id&fields=name HTTP/1.1" status: 200 len: 286 time: 0.0692024
Nov 24 11:26:33.906558 dv-cinder-819089-1-smb neutron-server[102515]: DEBUG neutron_lib.callbacks.manager [req-bdfde207-29e0-4b12-aa51-e06b485be65d req-7cb5b009-9394-44f0-ac62-919202146890 service neutron] Publish callbacks ['neutron.plugins.ml2.plugin.SecurityGroupDbMixin._ensure_default_security_group_handler-543373'] for port, before_update {{(pid=102515) _notify_loop /usr/local/lib/python3.8/dist-packages/neutron_lib/callbacks/manager.py:175}}
Nov 24 11:26:33.923338 dv-cinder-819089-1-smb neutron-server[102515]: DEBUG neutron_lib.callbacks.manager [None req-04ae7e89-1a8a-4734-b35a-e781cb2d3dfe tempest-AttachVolumeTestJSON-1935088445 tempest-AttachVolumeTestJSON-1935088445-project] Publish callbacks [] for port, precommit_update {{(pid=102515) _notify_loop /usr/local/lib/python3.8/dist-packages/neutron_lib/callbacks/manager.py:175}}
Nov 24 11:26:33.923630 dv-cinder-819089-1-smb neutron-server[102514]: INFO neutron.wsgi [req-7ff1d1d0-f580-42b7-9139-8d74942312bc req-90530cb5-d3d6-417e-963d-595b4a2951d9 tempest-VolumesNegativeTest-836842137 tempest-VolumesNegativeTest-836842137-project] 10.222.0.52 "GET /v2.0/security-groups?id=93e96a76-290a-4b32-8a84-2feb9d3d4f00&fields=id&fields=name HTTP/1.1" status: 200 len: 286 time: 0.1027443
Nov 24 11:26:33.932850 dv-cinder-819089-1-smb neutron-server[102515]: DEBUG neutron_lib.callbacks.manager [None req-04ae7e89-1a8a-4734-b35a-e781cb2d3dfe tempest-AttachVolumeTestJSON-1935088445 tempest-AttachVolumeTestJSON-1935088445-project] Publish callbacks ['neutron.plugins.ml2.plugin.SecurityGroupServerNotifierRpcMixin._notify_sg_on_port_change-544072', 'neutron.plugins.ml2.ovo_rpc._ObjectChangeHandler.handle_event-227008', 'neutron.api.rpc.agentnotifiers.dhcp_rpc_agent_api.DhcpAgentNotifyAPI._native_event_send_dhcp_notification-3781692', 'neutron.db.l3_db.L3RpcNotifierMixin._notify_gateway_port_ip_changed-8746640142538', 'neutron.db.l3_dvrscheduler_db._notify_l3_agent_port_update-8746639708910', 'neutron.db.l3_hascheduler_db._notify_l3_agent_ha_port_update-8746639710724', 'neutron.services.segments.plugin.NovaSegmentNotifier._notify_port_updated-126900812'] for port, after_update {{(pid=102515) _notify_loop /usr/local/lib/python3.8/dist-packages/neutron_lib/callbacks/manager.py:175}}
Nov 24 11:26:34.038543 dv-cinder-819089-1-smb neutron-server[102515]: DEBUG neutron.api.rpc.handlers.resources_rpc [None req-04ae7e89-1a8a-4734-b35a-e781cb2d3dfe tempest-AttachVolumeTestJSON-1935088445 tempest-AttachVolumeTestJSON-1935088445-project] Pushing event updated for resources: {'Port': ['ID=e11727b7-608c-4b27-b92f-8bb639c7e4ba,revision_number=2']} {{(pid=102515) push /opt/stack/neutron/neutron/api/rpc/handlers/resources_rpc.py:237}}
